000
CDUS43 KGRB 012237
CLIGRB


CLIMATE REPORT
NATIONAL WEATHER SERVICE GREEN BAY
436 PM CST SUN FEB 1 2015


...................................

...THE GREEN BAY WI CLIMATE SUMMARY FOR FEBRUARY 1 2015...
VALID TODAY AS OF 0400 PM LOCAL TIME.

CLIMATE NORMAL PERIOD 1981 TO 2010
CLIMATE RECORD PERIOD 1886 TO 2015


WEATHER ITEM   OBSERVED TIME   RECORD YEAR NORMAL DEPARTURE LAST
                VALUE   (LST)  VALUE       VALUE  FROM      YEAR
                                                  NORMAL
..................................................................
TEMPERATURE (F)
 TODAY
  MAXIMUM         16   1234 AM  42    1922  25     -9       14
  MINIMUM          8    301 PM -24    1985   9     -1      -11
  AVERAGE         12                        17     -5        2

PRECIPITATION (IN)
  TODAY            T             0.35 1925   0.03  -0.03     0.02
  MONTH TO DATE    T                         0.03  -0.03     0.02
  SINCE DEC 1      2.24                      2.67  -0.43     3.24
  SINCE JAN 1      0.56                      1.16  -0.60     1.35

SNOWFALL (IN)
  TODAY            0.1           3.6  1908   0.4   -0.3      0.3
  MONTH TO DATE    0.1                       0.4   -0.3      0.3
  SINCE DEC 1     12.4                      26.5  -14.1     43.7
  SINCE JUL 1     20.6                      30.7  -10.1     44.9
  SNOW DEPTH       2

DEGREE DAYS
 HEATING
  TODAY           53                        48      5       63
  MONTH TO DATE   53                        48      5       63
  SINCE DEC 1   2723                      2897   -174     3345
  SINCE JUL 1   4560                      4637    -77     4956

 COOLING
  TODAY            0                         0      0        0
  MONTH TO DATE    0                         0      0        0
  SINCE DEC 1      0                         0      0        0
  SINCE JAN 1      0                         0      0        0
..................................................................


WIND (MPH)
  HIGHEST WIND SPEED    35   HIGHEST WIND DIRECTION    NE (30)
  HIGHEST GUST SPEED    43   HIGHEST GUST DIRECTION    NE (30)
  AVERAGE WIND SPEED    26.4


SKY COVER
  POSSIBLE SUNSHINE  MM
  AVERAGE SKY COVER 0.9


WEATHER CONDITIONS
 THE FOLLOWING WEATHER WAS RECORDED TODAY.
  LIGHT SNOW
  HAZE


RELATIVE HUMIDITY (PERCENT)
 HIGHEST    83           900 AM
 LOWEST     67           100 AM
 AVERAGE    75

..........................................................


THE GREEN BAY WI CLIMATE NORMALS FOR TOMORROW
                         NORMAL    RECORD    YEAR
 MAXIMUM TEMPERATURE (F)   25        45      1992
 MINIMUM TEMPERATURE (F)   10       -26      1996
                                             1971


SUNRISE AND SUNSET
FEBRUARY  1 2015......SUNRISE   711 AM CST   SUNSET   501 PM CST
FEBRUARY  2 2015......SUNRISE   710 AM CST   SUNSET   503 PM CST


-  INDICATES NEGATIVE NUMBERS.
R  INDICATES RECORD WAS SET OR TIED.
MM INDICATES DATA IS MISSING.
T  INDICATES TRACE AMOUNT.




$$
