000
CDUS43 KGID 310640
CLIGRI


CLIMATE REPORT
NATIONAL WEATHER SERVICE HASTINGS NE
140 AM CDT TUE MAY 31 2016


...................................

...THE GRAND ISLAND NE CLIMATE SUMMARY FOR MAY 30 2016...

CLIMATE NORMAL PERIOD 1981 TO 2010
CLIMATE RECORD PERIOD 1895 TO 2016


WEATHER ITEM   OBSERVED TIME   RECORD YEAR NORMAL DEPARTURE LAST
                VALUE   (LST)  VALUE       VALUE  FROM      YEAR
                                                  NORMAL
..................................................................
TEMPERATURE (F)
 YESTERDAY
  MAXIMUM         85    355 PM 103    1934  77      8       68
  MINIMUM         59    513 AM  36    1947  54      5       47
  AVERAGE         72                        66      6       58

PRECIPITATION (IN)
  YESTERDAY        0.15          2.97 1935   0.15   0.00     0.01
  MONTH TO DATE    6.78                      4.26   2.52     3.69
  SINCE MAR 1     12.44                      8.59   3.85     5.99
  SINCE JAN 1     14.62                      9.80   4.82     7.16

SNOWFALL (IN)
  YESTERDAY        0.0                       0.0    0.0      0.0
  MONTH TO DATE    0.0                       0.1   -0.1      0.0
  SINCE MAR 1      2.6                       7.0   -4.4      1.4
  SINCE JUL 1     33.8                      29.1    4.7     24.3
  SNOW DEPTH       0

DEGREE DAYS
 HEATING
  YESTERDAY        0                         3     -3        7
  MONTH TO DATE  176                       171      5      192
  SINCE MAR 1   1133                      1412   -279     1218
  SINCE JUL 1   5131                      6173  -1042     5955

 COOLING
  YESTERDAY        7                         3      4        0
  MONTH TO DATE   32                        51    -19       23
  SINCE MAR 1     32                        62    -30       27
  SINCE JAN 1     32                        62    -30       27
..................................................................


WIND (MPH)
  HIGHEST WIND SPEED    36   HIGHEST WIND DIRECTION     W (250)
  HIGHEST GUST SPEED    49   HIGHEST GUST DIRECTION     W (250)
  AVERAGE WIND SPEED    10.7


SKY COVER
  AVERAGE SKY COVER 0.1


WEATHER CONDITIONS
 THE FOLLOWING WEATHER WAS RECORDED YESTERDAY.
  THUNDERSTORM
  RAIN
  LIGHT RAIN
  FOG


RELATIVE HUMIDITY (PERCENT)
 HIGHEST    78           400 AM
 LOWEST     31           400 PM
 AVERAGE    55

..........................................................


THE GRAND ISLAND NE CLIMATE NORMALS FOR TODAY
                         NORMAL    RECORD    YEAR
 MAXIMUM TEMPERATURE (F)   78        99      1934
 MINIMUM TEMPERATURE (F)   55        36      1964


SUNRISE AND SUNSET
MAY 31 2016...........SUNRISE   604 AM CDT   SUNSET   859 PM CDT
JUNE  1 2016..........SUNRISE   603 AM CDT   SUNSET   859 PM CDT


-  INDICATES NEGATIVE NUMBERS.
R  INDICATES RECORD WAS SET OR TIED.
MM INDICATES DATA IS MISSING.
T  INDICATES TRACE AMOUNT.




$$
