000
CDUS43 KGID 230631
CLIGRI


CLIMATE REPORT
NATIONAL WEATHER SERVICE HASTINGS NE
130 AM CDT THU MAR 23 2017


...................................

...THE GRAND ISLAND NE CLIMATE SUMMARY FOR MARCH 22 2017...

CLIMATE NORMAL PERIOD 1981 TO 2010
CLIMATE RECORD PERIOD 1895 TO 2017


WEATHER ITEM   OBSERVED TIME   RECORD YEAR NORMAL DEPARTURE LAST
                VALUE   (LST)  VALUE       VALUE  FROM      YEAR
                                                  NORMAL
..................................................................
TEMPERATURE (F)
 YESTERDAY
  MAXIMUM         57    309 PM  90    1907  54      3       69
  MINIMUM         31    557 AM   2    1955  30      1       47
  AVERAGE         44                        42      2       58

PRECIPITATION (IN)
  YESTERDAY        T             1.35 1979   0.06  -0.06     0.00
  MONTH TO DATE    0.09                      1.16  -1.07     0.19
  SINCE MAR 1      0.09                      1.16  -1.07     0.19
  SINCE JAN 1      1.41                      2.37  -0.96     2.37

SNOWFALL (IN)
  YESTERDAY        0.0           4.5  1896   0.1   -0.1      0.0
  MONTH TO DATE    1.2                       4.0   -2.8       T
  SINCE MAR 1      1.2                       4.0   -2.8       T
  SINCE JUL 1      8.9                      26.1  -17.2     31.2
  SNOW DEPTH       0

DEGREE DAYS
 HEATING
  YESTERDAY       21                        23     -2        7
  MONTH TO DATE  518                       601    -83      398
  SINCE MAR 1    518                       601    -83      398
  SINCE JUL 1   4584                      5362   -778     4396

 COOLING
  YESTERDAY        0                         0      0        0
  MONTH TO DATE    0                         0      0        0
  SINCE MAR 1      0                         0      0        0
  SINCE JAN 1      0                         0      0        0
..................................................................


WIND (MPH)
  HIGHEST WIND SPEED    24   HIGHEST WIND DIRECTION     S (160)
  HIGHEST GUST SPEED    32   HIGHEST GUST DIRECTION     S (160)
  AVERAGE WIND SPEED    14.4


SKY COVER
  AVERAGE SKY COVER 0.8


WEATHER CONDITIONS
 THE FOLLOWING WEATHER WAS RECORDED YESTERDAY.
  LIGHT RAIN


RELATIVE HUMIDITY (PERCENT)
 HIGHEST    85           600 AM
 LOWEST     26           500 PM
 AVERAGE    56

..........................................................


THE GRAND ISLAND NE CLIMATE NORMALS FOR TODAY
                         NORMAL    RECORD    YEAR
 MAXIMUM TEMPERATURE (F)   54        90      1910
 MINIMUM TEMPERATURE (F)   30         0      1896


SUNRISE AND SUNSET
MARCH 23 2017.........SUNRISE   731 AM CDT   SUNSET   749 PM CDT
MARCH 24 2017.........SUNRISE   729 AM CDT   SUNSET   750 PM CDT


-  INDICATES NEGATIVE NUMBERS.
R  INDICATES RECORD WAS SET OR TIED.
MM INDICATES DATA IS MISSING.
T  INDICATES TRACE AMOUNT.




$$
