000
CDUS43 KGID 300637
CLIGRI


CLIMATE REPORT
NATIONAL WEATHER SERVICE HASTINGS NE
135 AM CDT SAT MAY 30 2015


...................................

...THE GRAND ISLAND NE CLIMATE SUMMARY FOR MAY 29 2015...

CLIMATE NORMAL PERIOD 1981 TO 2010
CLIMATE RECORD PERIOD 1895 TO 2015


WEATHER ITEM   OBSERVED TIME   RECORD YEAR NORMAL DEPARTURE LAST
                VALUE   (LST)  VALUE       VALUE  FROM      YEAR
                                                  NORMAL
..................................................................
TEMPERATURE (F)
 YESTERDAY
  MAXIMUM         78    127 PM 104    1934  77      1       89
  MINIMUM         49   1159 PM  26    1947  54     -5       63
  AVERAGE         64                        66     -2       76

PRECIPITATION (IN)
  YESTERDAY        0.02          3.29 2007   0.16  -0.14     0.00
  MONTH TO DATE    3.68                      4.11  -0.43     0.74
  SINCE MAR 1      5.98                      8.44  -2.46     3.84
  SINCE JAN 1      7.15                      9.65  -2.50     4.49

SNOWFALL (IN)
  YESTERDAY        0.0           T    1991   0.0    0.0      0.0
  MONTH TO DATE    0.0                       0.1   -0.1      0.0
  SINCE MAR 1      1.4                       7.0   -5.6      2.9
  SINCE JUL 1     24.3                      29.1   -4.8     16.4
  SNOW DEPTH       0

DEGREE DAYS
 HEATING
  YESTERDAY        1                         3     -2        0
  MONTH TO DATE  185                       168     17      171
  SINCE MAR 1   1211                      1409   -198     1421
  SINCE JUL 1   5948                      6170   -222     6256

 COOLING
  YESTERDAY        0                         3     -3       11
  MONTH TO DATE   23                        48    -25       91
  SINCE MAR 1     27                        59    -32       95
  SINCE JAN 1     27                        59    -32       95
..................................................................


WIND (MPH)
  HIGHEST WIND SPEED    30   HIGHEST WIND DIRECTION     N (350)
  HIGHEST GUST SPEED    37   HIGHEST GUST DIRECTION     N (340)
  AVERAGE WIND SPEED    15.1


SKY COVER
  AVERAGE SKY COVER 0.5


WEATHER CONDITIONS
 THE FOLLOWING WEATHER WAS RECORDED YESTERDAY.
  LIGHT RAIN


RELATIVE HUMIDITY (PERCENT)
 HIGHEST    93           400 AM
 LOWEST     50           100 PM
 AVERAGE    72

..........................................................


THE GRAND ISLAND NE CLIMATE NORMALS FOR TODAY
                         NORMAL    RECORD    YEAR
 MAXIMUM TEMPERATURE (F)   77       103      1934
 MINIMUM TEMPERATURE (F)   54        36      1947


SUNRISE AND SUNSET
MAY 30 2015...........SUNRISE   605 AM CDT   SUNSET   857 PM CDT
MAY 31 2015...........SUNRISE   604 AM CDT   SUNSET   858 PM CDT


-  INDICATES NEGATIVE NUMBERS.
R  INDICATES RECORD WAS SET OR TIED.
MM INDICATES DATA IS MISSING.
T  INDICATES TRACE AMOUNT.

$$

HALBLAUB
