000
CDUS43 KGID 030639
CLIGRI


CLIMATE REPORT
NATIONAL WEATHER SERVICE HASTINGS NE
137 AM CDT THU SEP 3 2015


...................................

...THE GRAND ISLAND NE CLIMATE SUMMARY FOR SEPTEMBER 2 2015...

CLIMATE NORMAL PERIOD 1981 TO 2010
CLIMATE RECORD PERIOD 1895 TO 2015


WEATHER ITEM   OBSERVED TIME   RECORD YEAR NORMAL DEPARTURE LAST
                VALUE   (LST)  VALUE       VALUE  FROM      YEAR
                                                  NORMAL
..................................................................
TEMPERATURE (F)
 YESTERDAY
  MAXIMUM         96    309 PM 101    2012  83     13       82
                                      1929
  MINIMUM         65    615 AM  40    1974  58      7       53
  AVERAGE         81                        71     10       68

PRECIPITATION (IN)
  YESTERDAY        0.00          2.23 1942   0.08  -0.08     0.00
  MONTH TO DATE    0.00                      0.17  -0.17      T
  SINCE SEP 1      0.00                      0.17  -0.17      T
  SINCE JAN 1     16.65                     20.94  -4.29    22.20

SNOWFALL (IN)
  YESTERDAY        0.0                       0.0    0.0      0.0
  MONTH TO DATE    0.0                       0.0    0.0      0.0
  SINCE SEP 1      0.0                       0.0    0.0      0.0
  SINCE JUL 1      0.0                       0.0    0.0      0.0
  6 AM SNOW DEPTH  0

DEGREE DAYS
 HEATING
  YESTERDAY        0                         1     -1        0
  MONTH TO DATE    0                         2     -2        0
  SINCE SEP 1      0                         2     -2        0
  SINCE JUL 1     13                        12      1        4

 COOLING
  YESTERDAY       16                         6     10        3
  MONTH TO DATE   31                        13     18        6
  SINCE SEP 1     31                        13     18        6
  SINCE JAN 1    853                       927    -74      936
..................................................................


WIND (MPH)
  HIGHEST WIND SPEED    18   HIGHEST WIND DIRECTION     S (160)
  HIGHEST GUST SPEED    24   HIGHEST GUST DIRECTION     S (160)
  AVERAGE WIND SPEED     9.9


SKY COVER
  AVERAGE SKY COVER 0.0


WEATHER CONDITIONS
 THE FOLLOWING WEATHER WAS RECORDED YESTERDAY.
  NO SIGNIFICANT WEATHER WAS OBSERVED.


RELATIVE HUMIDITY (PERCENT)
 HIGHEST    87           600 AM
 LOWEST     34           400 PM
 AVERAGE    61

..........................................................


THE GRAND ISLAND NE CLIMATE NORMALS FOR TODAY
                         NORMAL    RECORD    YEAR
 MAXIMUM TEMPERATURE (F)   83       101      1947
 MINIMUM TEMPERATURE (F)   58        34      1974


SUNRISE AND SUNSET
SEPTEMBER  3 2015.....SUNRISE   702 AM CDT   SUNSET   803 PM CDT
SEPTEMBER  4 2015.....SUNRISE   703 AM CDT   SUNSET   801 PM CDT


-  INDICATES NEGATIVE NUMBERS.
R  INDICATES RECORD WAS SET OR TIED.
MM INDICATES DATA IS MISSING.
T  INDICATES TRACE AMOUNT.




$$
