000
CDUS43 KGID 272327
CLIGRI


CLIMATE REPORT
NATIONAL WEATHER SERVICE HASTINGS NE
527 PM CST FRI FEB 27 2015


...................................

...THE GRAND ISLAND NE CLIMATE SUMMARY FOR FEBRUARY 27 2015...
VALID TODAY AS OF 0500 PM LOCAL TIME.

CLIMATE NORMAL PERIOD 1981 TO 2010
CLIMATE RECORD PERIOD 1895 TO 2015


WEATHER ITEM   OBSERVED TIME   RECORD YEAR NORMAL DEPARTURE LAST
                VALUE   (LST)  VALUE       VALUE  FROM      YEAR
                                                  NORMAL
..................................................................
TEMPERATURE (F)
 TODAY
  MAXIMUM         22    459 PM  75    2006  44    -22       29
  MINIMUM         -5    713 AM  -7    1962  22    -27        6
  AVERAGE          9                        33    -24       18

PRECIPITATION (IN)
  TODAY            0.00          1.05 1903   0.03  -0.03     0.00
  MONTH TO DATE    0.70                      0.65   0.05     0.33
  SINCE DEC 1      1.93                      1.81   0.12     0.76
  SINCE JAN 1      1.17                      1.18  -0.01     0.65

SNOWFALL (IN)
  TODAY            0.0          10.5  1903   0.2   -0.2      0.0
  MONTH TO DATE   11.1                       6.1    5.0      6.6
  SINCE DEC 1     20.7                      17.7    3.0     13.3
  SINCE JUL 1     22.9                      21.9    1.0     13.5
  SNOW DEPTH       0

DEGREE DAYS
 HEATING
  TODAY           56                        32     24       47
  MONTH TO DATE 1096                       974    122     1117
  SINCE DEC 1   3355                      3400    -45     3568
  SINCE JUL 1   4688                      4730    -42     4796

 COOLING
  TODAY            0                         0      0        0
  MONTH TO DATE    0                         0      0        0
  SINCE DEC 1      0                         0      0        0
  SINCE JAN 1      0                         0      0        0
..................................................................


WIND (MPH)
  HIGHEST WIND SPEED    14   HIGHEST WIND DIRECTION     S (180)
  HIGHEST GUST SPEED    17   HIGHEST GUST DIRECTION    SE (150)
  AVERAGE WIND SPEED     4.0


SKY COVER
  POSSIBLE SUNSHINE  MM
  AVERAGE SKY COVER 0.0


WEATHER CONDITIONS
 THE FOLLOWING WEATHER WAS RECORDED TODAY.
  NO SIGNIFICANT WEATHER WAS OBSERVED.


RELATIVE HUMIDITY (PERCENT)
 HIGHEST    82           700 AM
 LOWEST     36           300 PM
 AVERAGE    59

..........................................................


THE GRAND ISLAND NE CLIMATE NORMALS FOR TOMORROW
                         NORMAL    RECORD    YEAR
 MAXIMUM TEMPERATURE (F)   44        79      2006
 MINIMUM TEMPERATURE (F)   23       -17      1962


SUNRISE AND SUNSET
FEBRUARY 27 2015......SUNRISE   711 AM CST   SUNSET   622 PM CST
FEBRUARY 28 2015......SUNRISE   709 AM CST   SUNSET   623 PM CST


-  INDICATES NEGATIVE NUMBERS.
R  INDICATES RECORD WAS SET OR TIED.
MM INDICATES DATA IS MISSING.
T  INDICATES TRACE AMOUNT.




$$
