000
CDUS43 KGID 300706
CLIGRI


CLIMATE REPORT
NATIONAL WEATHER SERVICE HASTINGS NE
105 AM CST FRI JAN 30 2015


...................................

...THE GRAND ISLAND NE CLIMATE SUMMARY FOR JANUARY 29 2015...

CLIMATE NORMAL PERIOD 1981 TO 2010
CLIMATE RECORD PERIOD 1895 TO 2015


WEATHER ITEM   OBSERVED TIME   RECORD YEAR NORMAL DEPARTURE LAST
                VALUE   (LST)  VALUE       VALUE  FROM      YEAR
                                                  NORMAL
..................................................................
TEMPERATURE (F)
 YESTERDAY
  MAXIMUM         46    407 PM  64    1971  37      9       51
  MINIMUM         20   1158 PM -16    1966  15      5        6
  AVERAGE         33                        26      7       29

PRECIPITATION (IN)
  YESTERDAY        0.00          1.25 1947   0.02  -0.02     0.00
  MONTH TO DATE    0.03                      0.49  -0.46     0.14
  SINCE DEC 1      0.79                      1.12  -0.33     0.25
  SINCE JAN 1      0.03                      0.49  -0.46     0.14

SNOWFALL (IN)
  YESTERDAY        0.0           8.0  2001   0.2   -0.2      0.0
  MONTH TO DATE    0.9                       6.0   -5.1      2.4
  SINCE DEC 1      6.8                      11.1   -4.3      4.6
  SINCE JUL 1      9.0                      15.3   -6.3      4.8
  SNOW DEPTH       0

DEGREE DAYS
 HEATING
  YESTERDAY       32                        39     -7       36
  MONTH TO DATE 1090                      1158    -68     1136
  SINCE DEC 1   2195                      2347   -152     2372
  SINCE JUL 1   3528                      3677   -149     3600

 COOLING
  YESTERDAY        0                         0      0        0
  MONTH TO DATE    0                         0      0        0
  SINCE DEC 1      0                         0      0        0
  SINCE JAN 1      0                         0      0        0
..................................................................


WIND (MPH)
  HIGHEST WIND SPEED    39   HIGHEST WIND DIRECTION    NW (330)
  HIGHEST GUST SPEED    52   HIGHEST GUST DIRECTION     N (340)
  AVERAGE WIND SPEED    17.6


SKY COVER
  AVERAGE SKY COVER 0.5


WEATHER CONDITIONS
 THE FOLLOWING WEATHER WAS RECORDED YESTERDAY.
  NO SIGNIFICANT WEATHER WAS OBSERVED.


RELATIVE HUMIDITY (PERCENT)
 HIGHEST    76           100 AM
 LOWEST     40           400 PM
 AVERAGE    58

..........................................................


THE GRAND ISLAND NE CLIMATE NORMALS FOR TODAY
                         NORMAL    RECORD    YEAR
 MAXIMUM TEMPERATURE (F)   37        69      2012
                                             1920
 MINIMUM TEMPERATURE (F)   15       -18      1902


SUNRISE AND SUNSET
JANUARY 30 2015.......SUNRISE   746 AM CST   SUNSET   548 PM CST
JANUARY 31 2015.......SUNRISE   745 AM CST   SUNSET   549 PM CST


-  INDICATES NEGATIVE NUMBERS.
R  INDICATES RECORD WAS SET OR TIED.
MM INDICATES DATA IS MISSING.
T  INDICATES TRACE AMOUNT.




$$
