000
CDUS43 KGID 250636
CLIGRI


CLIMATE REPORT
NATIONAL WEATHER SERVICE HASTINGS NE
135 AM CDT FRI APR 25 2014


...................................

...THE GRAND ISLAND NE CLIMATE SUMMARY FOR APRIL 24 2014...

CLIMATE NORMAL PERIOD 1981 TO 2010
CLIMATE RECORD PERIOD 1895 TO 2014


WEATHER ITEM   OBSERVED TIME   RECORD YEAR NORMAL DEPARTURE LAST
                VALUE   (LST)  VALUE       VALUE  FROM      YEAR
                                                  NORMAL
..................................................................
TEMPERATURE (F)
 YESTERDAY
  MAXIMUM         71    414 PM  96    2012  66      5       59
  MINIMUM         48   1122 PM  22    1956  41      7       27
  AVERAGE         60                        54      6       43

PRECIPITATION (IN)
  YESTERDAY        0.65          2.67 2007   0.10   0.55      T
  MONTH TO DATE    2.65                      1.91   0.74     3.83
  SINCE MAR 1      2.84                      3.71  -0.87     5.47
  SINCE JAN 1      3.49                      4.92  -1.43     6.60

SNOWFALL (IN)
  YESTERDAY        0.0           2.8  1931   0.0    0.0      0.0
  MONTH TO DATE    1.7                       1.4    0.3      6.9
  SINCE MAR 1      2.9                       6.8   -3.9     13.1
  SINCE JUL 1     16.4                      28.9  -12.5     34.5
  SNOW DEPTH       0

DEGREE DAYS
 HEATING
  YESTERDAY        5                        12     -7       22
  MONTH TO DATE  327                       380    -53      541
  SINCE MAR 1   1181                      1176      5     1429
  SINCE JUL 1   6016                      5937     79     5898

 COOLING
  YESTERDAY        0                         1     -1        0
  MONTH TO DATE    4                         5     -1        0
  SINCE MAR 1      4                         5     -1        0
  SINCE JAN 1      4                         5     -1        0
..................................................................


WIND (MPH)
  HIGHEST WIND SPEED    29   HIGHEST WIND DIRECTION     N (340)
  HIGHEST GUST SPEED    36   HIGHEST GUST DIRECTION     N (10)
  AVERAGE WIND SPEED    13.4


SKY COVER
  AVERAGE SKY COVER 0.4


WEATHER CONDITIONS
 THE FOLLOWING WEATHER WAS RECORDED YESTERDAY.
  RAIN
  LIGHT RAIN
  FOG


RELATIVE HUMIDITY (PERCENT)
 HIGHEST    93          1200 AM
 LOWEST     18           400 PM
 AVERAGE    56

..........................................................


THE GRAND ISLAND NE CLIMATE NORMALS FOR TODAY
                         NORMAL    RECORD    YEAR
 MAXIMUM TEMPERATURE (F)   66        92      1981
 MINIMUM TEMPERATURE (F)   42        27      2002


SUNRISE AND SUNSET
APRIL 25 2014.........SUNRISE   639 AM CDT   SUNSET   824 PM CDT
APRIL 26 2014.........SUNRISE   638 AM CDT   SUNSET   825 PM CDT


-  INDICATES NEGATIVE NUMBERS.
R  INDICATES RECORD WAS SET OR TIED.
MM INDICATES DATA IS MISSING.
T  INDICATES TRACE AMOUNT.




$$
