000
CDUS43 KGID 240624
CLIGRI


CLIMATE REPORT
NATIONAL WEATHER SERVICE HASTINGS NE
123 AM CDT SAT JUN 24 2017


...................................

...THE GRAND ISLAND NE CLIMATE SUMMARY FOR JUNE 23 2017...

CLIMATE NORMAL PERIOD 1981 TO 2010
CLIMATE RECORD PERIOD 1895 TO 2017


WEATHER ITEM   OBSERVED TIME   RECORD YEAR NORMAL DEPARTURE LAST
                VALUE   (LST)  VALUE       VALUE  FROM      YEAR
                                                  NORMAL
..................................................................
TEMPERATURE (F)
 YESTERDAY
  MAXIMUM         77    354 PM 105    1937  86     -9       84
  MINIMUM         54   1132 PM  45    1920  62     -8       57
  AVERAGE         66                        74     -8       71

PRECIPITATION (IN)
  YESTERDAY        0.01          3.09 1968   0.13  -0.12     0.00
  MONTH TO DATE    1.64                      3.36  -1.72     0.01
  SINCE JUN 1      1.64                      3.36  -1.72     0.01
  SINCE JAN 1     11.69                     13.31  -1.62    14.69

SNOWFALL (IN)
  YESTERDAY        0.0                       0.0    0.0      0.0
  MONTH TO DATE    0.0                       0.0    0.0      0.0
  SINCE JUN 1      0.0                       0.0    0.0      0.0
  SINCE JUL 1      9.2                      29.0  -19.8     33.8
  SNOW DEPTH       0

DEGREE DAYS
 HEATING
  YESTERDAY        0                         0      0        0
  MONTH TO DATE    0                        21    -21        0
  SINCE JUN 1      0                        21    -21        0
  SINCE JUL 1   5357                      6196   -839     5131

 COOLING
  YESTERDAY        1                         9     -8        6
  MONTH TO DATE  258                       143    115      272
  SINCE JUN 1    258                       143    115      272
  SINCE JAN 1    308                       208    100      306
..................................................................


WIND (MPH)
  HIGHEST WIND SPEED    31   HIGHEST WIND DIRECTION     N (350)
  HIGHEST GUST SPEED    42   HIGHEST GUST DIRECTION    NW (330)
  AVERAGE WIND SPEED    13.8


SKY COVER
  AVERAGE SKY COVER 0.2


WEATHER CONDITIONS
 THE FOLLOWING WEATHER WAS RECORDED YESTERDAY.
  LIGHT RAIN


RELATIVE HUMIDITY (PERCENT)
 HIGHEST    90           400 AM
 LOWEST     33           300 PM
 AVERAGE    62

..........................................................


THE GRAND ISLAND NE CLIMATE NORMALS FOR TODAY
                         NORMAL    RECORD    YEAR
 MAXIMUM TEMPERATURE (F)   86       106      1973
 MINIMUM TEMPERATURE (F)   62        47      1951


SUNRISE AND SUNSET
JUNE 24 2017..........SUNRISE   602 AM CDT   SUNSET   909 PM CDT
JUNE 25 2017..........SUNRISE   603 AM CDT   SUNSET   909 PM CDT


-  INDICATES NEGATIVE NUMBERS.
R  INDICATES RECORD WAS SET OR TIED.
MM INDICATES DATA IS MISSING.
T  INDICATES TRACE AMOUNT.




$$
