000
CDUS43 KGID 292229
CLIGRI


CLIMATE REPORT
NATIONAL WEATHER SERVICE HASTINGS NE
529 PM CDT MON JUN 29 2015


...................................

...THE GRAND ISLAND NE CLIMATE SUMMARY FOR JUNE 29 2015...
VALID TODAY AS OF 0500 PM LOCAL TIME.

CLIMATE NORMAL PERIOD 1981 TO 2010
CLIMATE RECORD PERIOD 1895 TO 2015


WEATHER ITEM   OBSERVED TIME   RECORD YEAR NORMAL DEPARTURE LAST
                VALUE   (LST)  VALUE       VALUE  FROM      YEAR
                                                  NORMAL
..................................................................
TEMPERATURE (F)
 TODAY
  MAXIMUM         90    359 PM 105    1961  87      3       89
  MINIMUM         57    540 AM  45    1923  63     -6       68
  AVERAGE         74                        75     -1       79

PRECIPITATION (IN)
  TODAY            0.00          3.14 1971   0.13  -0.13     0.01
  MONTH TO DATE    5.67                      4.18   1.49     9.65
  SINCE JUN 1      5.67                      4.18   1.49     9.65
  SINCE JAN 1     12.83                     14.13  -1.30    14.14

SNOWFALL (IN)
  TODAY            0.0                       0.0    0.0      0.0
  MONTH TO DATE    0.0                       0.0    0.0      0.0
  SINCE JUN 1      0.0                       0.0    0.0      0.0
  SINCE JUL 1     24.3                      29.0   -4.7     16.4
  SNOW DEPTH       0

DEGREE DAYS
 HEATING
  TODAY            0                         0      0        0
  MONTH TO DATE    5                        21    -16       10
  SINCE JUN 1      5                        21    -16       10
  SINCE JUL 1   5966                      6196   -230     6266

 COOLING
  TODAY            9                        10     -1       14
  MONTH TO DATE  196                       201     -5      242
  SINCE JUN 1    196                       201     -5      242
  SINCE JAN 1    223                       266    -43      361
..................................................................


WIND (MPH)
  HIGHEST WIND SPEED    15   HIGHEST WIND DIRECTION    NW (320)
  HIGHEST GUST SPEED    21   HIGHEST GUST DIRECTION    NW (330)
  AVERAGE WIND SPEED     7.1


SKY COVER
  POSSIBLE SUNSHINE  MM
  AVERAGE SKY COVER 0.0


WEATHER CONDITIONS
 THE FOLLOWING WEATHER WAS RECORDED TODAY.
  HAZE


RELATIVE HUMIDITY (PERCENT)
 HIGHEST    86           300 AM
 LOWEST     34           400 PM
 AVERAGE    60

..........................................................


THE GRAND ISLAND NE CLIMATE NORMALS FOR TOMORROW
                         NORMAL    RECORD    YEAR
 MAXIMUM TEMPERATURE (F)   87       107      1933
 MINIMUM TEMPERATURE (F)   63        48      1951


SUNRISE AND SUNSET
JUNE 29 2015..........SUNRISE   604 AM CDT   SUNSET   909 PM CDT
JUNE 30 2015..........SUNRISE   604 AM CDT   SUNSET   909 PM CDT


-  INDICATES NEGATIVE NUMBERS.
R  INDICATES RECORD WAS SET OR TIED.
MM INDICATES DATA IS MISSING.
T  INDICATES TRACE AMOUNT.




$$
