000
CDUS43 KGID 292228
CLIGRI


CLIMATE REPORT
NATIONAL WEATHER SERVICE HASTINGS NE
528 PM CDT FRI AUG 29 2014


...................................

...THE GRAND ISLAND NE CLIMATE SUMMARY FOR AUGUST 29 2014...
VALID TODAY AS OF 0500 PM LOCAL TIME.

CLIMATE NORMAL PERIOD 1981 TO 2010
CLIMATE RECORD PERIOD 1895 TO 2014


WEATHER ITEM   OBSERVED TIME   RECORD YEAR NORMAL DEPARTURE LAST
                VALUE   (LST)  VALUE       VALUE  FROM      YEAR
                                                  NORMAL
..................................................................
TEMPERATURE (F)
 TODAY
  MAXIMUM         79    157 PM 102    1945  84     -5       96
  MINIMUM         65    554 AM  40    1946  60      5       71
  AVERAGE         72                        72      0       84

PRECIPITATION (IN)
  TODAY            0.02          2.28 1965   0.09  -0.07     0.00
  MONTH TO DATE    5.87                      2.95   2.92     2.99
  SINCE JUN 1     17.71                     10.65   7.06     6.01
  SINCE JAN 1     22.20                     20.60   1.60    19.38

SNOWFALL (IN)
  TODAY            0.0                       0.0    0.0      0.0
  MONTH TO DATE    0.0                       0.0    0.0      0.0
  SINCE JUN 1      0.0                       0.0    0.0      0.0
  SINCE JUL 1      0.0                       0.0    0.0      0.0
  SNOW DEPTH       0

DEGREE DAYS
 HEATING
  TODAY            0                         1     -1        0
  MONTH TO DATE    0                         2     -2        0
  SINCE JUN 1     14                        28    -14       24
  SINCE JUL 1      4                         4      0        3

 COOLING
  TODAY            7                         7      0       19
  MONTH TO DATE  274                       273      1      316
  SINCE JUN 1    796                       835    -39      936
  SINCE JAN 1    915                       900     15     1031
..................................................................


WIND (MPH)
  HIGHEST WIND SPEED    13   HIGHEST WIND DIRECTION    SW (240)
  HIGHEST GUST SPEED    15   HIGHEST GUST DIRECTION    SW (240)
  AVERAGE WIND SPEED     2.3


SKY COVER
  POSSIBLE SUNSHINE  MM
  AVERAGE SKY COVER 0.4


WEATHER CONDITIONS
 THE FOLLOWING WEATHER WAS RECORDED TODAY.
  THUNDERSTORM
  RAIN
  LIGHT RAIN
  FOG


RELATIVE HUMIDITY (PERCENT)
 HIGHEST    93           300 AM
 LOWEST     62           200 PM
 AVERAGE    78

..........................................................


THE GRAND ISLAND NE CLIMATE NORMALS FOR TOMORROW
                         NORMAL    RECORD    YEAR
 MAXIMUM TEMPERATURE (F)   84       102      1947
                                             1898
 MINIMUM TEMPERATURE (F)   59        40      1935


SUNRISE AND SUNSET
AUGUST 29 2014........SUNRISE   657 AM CDT   SUNSET   810 PM CDT
AUGUST 30 2014........SUNRISE   658 AM CDT   SUNSET   809 PM CDT


-  INDICATES NEGATIVE NUMBERS.
R  INDICATES RECORD WAS SET OR TIED.
MM INDICATES DATA IS MISSING.
T  INDICATES TRACE AMOUNT.




$$
