000
CDUS43 KGID 030626
CLIGRI


CLIMATE REPORT
NATIONAL WEATHER SERVICE HASTINGS NE
1225 AM CST SAT DEC 3 2016


...................................

...THE GRAND ISLAND NE CLIMATE SUMMARY FOR DECEMBER 2 2016...

CLIMATE NORMAL PERIOD 1981 TO 2010
CLIMATE RECORD PERIOD 1895 TO 2016


WEATHER ITEM   OBSERVED TIME   RECORD YEAR NORMAL DEPARTURE LAST
                VALUE   (LST)  VALUE       VALUE  FROM      YEAR
                                                  NORMAL
..................................................................
TEMPERATURE (F)
 YESTERDAY
  MAXIMUM         41    411 PM  70    2012  41      0       38
  MINIMUM         18    423 AM  -8    1919  20     -2       20
  AVERAGE         30                        30      0       29

PRECIPITATION (IN)
  YESTERDAY        0.00          1.21 1933   0.03  -0.03      T
  MONTH TO DATE    0.00                      0.05  -0.05     0.01
  SINCE DEC 1      0.00                      0.05  -0.05     0.01
  SINCE JAN 1     23.42                     26.08  -2.66    24.11

SNOWFALL (IN)
  YESTERDAY        0.0           5.2  1978   0.2   -0.2       T
  MONTH TO DATE    0.0                       0.3   -0.3      0.1
  SINCE DEC 1      0.0                       0.3   -0.3      0.1
  SINCE JUL 1      0.4                       4.5   -4.1      5.7
  SNOW DEPTH       0

DEGREE DAYS
 HEATING
  YESTERDAY       35                        35      0       36
  MONTH TO DATE   68                        70     -2       74
  SINCE DEC 1     68                        70     -2       74
  SINCE JUL 1    988                      1400   -412     1040

 COOLING
  YESTERDAY        0                         0      0        0
  MONTH TO DATE    0                         0      0        0
  SINCE DEC 1      0                         0      0        0
  SINCE JAN 1   1146                      1034    112     1048
..................................................................


WIND (MPH)
  HIGHEST WIND SPEED     9   HIGHEST WIND DIRECTION     N (360)
  HIGHEST GUST SPEED    12   HIGHEST GUST DIRECTION     N (10)
  AVERAGE WIND SPEED     2.6


SKY COVER
  AVERAGE SKY COVER 0.1


WEATHER CONDITIONS
 THE FOLLOWING WEATHER WAS RECORDED YESTERDAY.
  NO SIGNIFICANT WEATHER WAS OBSERVED.


RELATIVE HUMIDITY (PERCENT)
 HIGHEST   100           200 AM
 LOWEST     51           400 PM
 AVERAGE    76

..........................................................


THE GRAND ISLAND NE CLIMATE NORMALS FOR TODAY
                         NORMAL    RECORD    YEAR
 MAXIMUM TEMPERATURE (F)   40        71      1959
 MINIMUM TEMPERATURE (F)   19        -2      1919


SUNRISE AND SUNSET
DECEMBER  3 2016......SUNRISE   741 AM CST   SUNSET   505 PM CST
DECEMBER  4 2016......SUNRISE   742 AM CST   SUNSET   505 PM CST


-  INDICATES NEGATIVE NUMBERS.
R  INDICATES RECORD WAS SET OR TIED.
MM INDICATES DATA IS MISSING.
T  INDICATES TRACE AMOUNT.




$$
