000
CDUS43 KGID 260627
CLIGRI


CLIMATE REPORT
NATIONAL WEATHER SERVICE HASTINGS NE
125 AM CDT WED APR 26 2017


...................................

...THE GRAND ISLAND NE CLIMATE SUMMARY FOR APRIL 25 2017...

CLIMATE NORMAL PERIOD 1981 TO 2010
CLIMATE RECORD PERIOD 1895 TO 2017


WEATHER ITEM   OBSERVED TIME   RECORD YEAR NORMAL DEPARTURE LAST
                VALUE   (LST)  VALUE       VALUE  FROM      YEAR
                                                  NORMAL
..................................................................
TEMPERATURE (F)
 YESTERDAY
  MAXIMUM         50   1212 AM  92    1981  66    -16       72
  MINIMUM         37   1159 PM  27    2002  42     -5       45
  AVERAGE         44                        54    -10       59

PRECIPITATION (IN)
  YESTERDAY        0.07          2.61 1964   0.10  -0.03     0.00
  MONTH TO DATE    0.20                      2.01  -1.81     3.38
  SINCE MAR 1      1.01                      3.81  -2.80     3.99
  SINCE JAN 1      2.33                      5.02  -2.69     6.17

SNOWFALL (IN)
  YESTERDAY        0.0           0.6  1931   0.0    0.0      0.0
  MONTH TO DATE    0.0                       1.4   -1.4      0.0
  SINCE MAR 1      1.2                       6.8   -5.6      2.6
  SINCE JUL 1      8.9                      28.9  -20.0     33.8
  SNOW DEPTH       0

DEGREE DAYS
 HEATING
  YESTERDAY       21                        12      9        6
  MONTH TO DATE  285                       392   -107      285
  SINCE MAR 1    982                      1188   -206      872
  SINCE JUL 1   5048                      5949   -901     4870

 COOLING
  YESTERDAY        0                         1     -1        0
  MONTH TO DATE    5                         6     -1        0
  SINCE MAR 1      5                         6     -1        0
  SINCE JAN 1      5                         6     -1        0
..................................................................


WIND (MPH)
  HIGHEST WIND SPEED    25   HIGHEST WIND DIRECTION     N (350)
  HIGHEST GUST SPEED    31   HIGHEST GUST DIRECTION     N (350)
  AVERAGE WIND SPEED    16.8


SKY COVER
  AVERAGE SKY COVER 0.9


WEATHER CONDITIONS
 THE FOLLOWING WEATHER WAS RECORDED YESTERDAY.
  LIGHT RAIN
  FOG


RELATIVE HUMIDITY (PERCENT)
 HIGHEST   100           900 AM
 LOWEST     71          1200 AM
 AVERAGE    86

..........................................................


THE GRAND ISLAND NE CLIMATE NORMALS FOR TODAY
                         NORMAL    RECORD    YEAR
 MAXIMUM TEMPERATURE (F)   67        96      1989
 MINIMUM TEMPERATURE (F)   42        25      1904


SUNRISE AND SUNSET
APRIL 26 2017.........SUNRISE   638 AM CDT   SUNSET   825 PM CDT
APRIL 27 2017.........SUNRISE   636 AM CDT   SUNSET   826 PM CDT


-  INDICATES NEGATIVE NUMBERS.
R  INDICATES RECORD WAS SET OR TIED.
MM INDICATES DATA IS MISSING.
T  INDICATES TRACE AMOUNT.




$$
