000
CDUS43 KGID 210624
CLIGRI


CLIMATE REPORT
NATIONAL WEATHER SERVICE HASTINGS NE
124 AM CDT MON AUG 21 2017


...................................

...THE GRAND ISLAND NE CLIMATE SUMMARY FOR AUGUST 20 2017...

CLIMATE NORMAL PERIOD 1981 TO 2010
CLIMATE RECORD PERIOD 1895 TO 2017


WEATHER ITEM   OBSERVED TIME   RECORD YEAR NORMAL DEPARTURE LAST
                VALUE   (LST)  VALUE       VALUE  FROM      YEAR
                                                  NORMAL
..................................................................
TEMPERATURE (F)
 YESTERDAY
  MAXIMUM         88    403 PM 102    1936  85      3       77
                                      1900
                                      1898
  MINIMUM         64    549 AM  40    1950  62      2       54
  AVERAGE         76                        74      2       66

PRECIPITATION (IN)
  YESTERDAY        T             2.13 1982   0.10  -0.10     0.00
  MONTH TO DATE    5.21                      2.13   3.08     0.44
  SINCE JUN 1     10.36                      9.83   0.53     4.59
  SINCE JAN 1     20.41                     19.78   0.63    19.27

SNOWFALL (IN)
  YESTERDAY        0.0                       0.0    0.0      0.0
  MONTH TO DATE    0.0                       0.0    0.0      0.0
  SINCE JUN 1      0.0                       0.0    0.0      0.0
  SINCE JUL 1      0.0                       0.0    0.0      0.0
  SNOW DEPTH       0

DEGREE DAYS
 HEATING
  YESTERDAY        0                         0      0        0
  MONTH TO DATE    4                         0      4        0
  SINCE JUN 1      7                        26    -19        6
  SINCE JUL 1      4                         2      2        6

 COOLING
  YESTERDAY       11                         9      2        1
  MONTH TO DATE  100                       200   -100      201
  SINCE JUN 1    794                       762     32      907
  SINCE JAN 1    844                       827     17      941
..................................................................


WIND (MPH)
  HIGHEST WIND SPEED    17   HIGHEST WIND DIRECTION    SE (150)
  HIGHEST GUST SPEED    23   HIGHEST GUST DIRECTION    SE (140)
  AVERAGE WIND SPEED     9.4


SKY COVER
  AVERAGE SKY COVER 0.1


WEATHER CONDITIONS
 THE FOLLOWING WEATHER WAS RECORDED YESTERDAY.
  THUNDERSTORM
  LIGHT RAIN


RELATIVE HUMIDITY (PERCENT)
 HIGHEST   100           900 PM
 LOWEST     68           500 PM
 AVERAGE    84

..........................................................


THE GRAND ISLAND NE CLIMATE NORMALS FOR TODAY
                         NORMAL    RECORD    YEAR
 MAXIMUM TEMPERATURE (F)   85       105      1929
 MINIMUM TEMPERATURE (F)   62        47      2016


SUNRISE AND SUNSET
AUGUST 21 2017........SUNRISE   649 AM CDT   SUNSET   822 PM CDT
AUGUST 22 2017........SUNRISE   650 AM CDT   SUNSET   821 PM CDT


-  INDICATES NEGATIVE NUMBERS.
R  INDICATES RECORD WAS SET OR TIED.
MM INDICATES DATA IS MISSING.
T  INDICATES TRACE AMOUNT.




$$
