000
CDUS43 KGRR 270519
CLIGRR


CLIMATE REPORT
NATIONAL WEATHER SERVICE GRAND RAPIDS, MI
1215 AM EST SAT DEC 27 2014


...................................

...THE GRAND RAPIDS MI CLIMATE SUMMARY FOR DECEMBER 26 2014...

CLIMATE NORMAL PERIOD 1981 TO 2010
CLIMATE RECORD PERIOD 1892 TO 2014


WEATHER ITEM   OBSERVED TIME   RECORD YEAR NORMAL DEPARTURE LAST
                VALUE   (LST)  VALUE       VALUE  FROM      YEAR
                                                  NORMAL
..................................................................
TEMPERATURE (F)
 YESTERDAY
  MAXIMUM         49    230 PM  50    1936  32     17       29
                                      1893
  MINIMUM         33    347 AM  -6    1951  21     12       23
  AVERAGE         41                        26     15       26

PRECIPITATION (IN)
  YESTERDAY        0.00          0.66 1916   0.08  -0.08     0.09
  MONTH TO DATE    1.53                      2.13  -0.60     2.58
  SINCE DEC 1      1.53                      2.13  -0.60     2.58
  SINCE JAN 1     40.24                     37.90   2.34    45.36

SNOWFALL (IN)
  YESTERDAY        0.0          11.9  2001   0.8   -0.8      1.8
  MONTH TO DATE    0.3                      17.9  -17.6     31.5
  SINCE DEC 1      0.3                      17.9  -17.6     31.5
  SINCE JUL 1     31.3                      25.2    6.1     33.7
  SNOW DEPTH       0

DEGREE DAYS
 HEATING
  YESTERDAY       24                        39    -15       39
  MONTH TO DATE  830                       915    -85     1011
  SINCE DEC 1    830                       915    -85     1011
  SINCE JUL 1   2326                      2253     73     2333

 COOLING
  YESTERDAY        0                         0      0        0
  MONTH TO DATE    0                         0      0        0
  SINCE DEC 1      0                         0      0        0
  SINCE JAN 1    611                       699    -88      767
..................................................................


WIND (MPH)
  RESULTANT WIND SPEED   7   RESULTANT WIND DIRECTION   S (200)
  HIGHEST WIND SPEED    16   HIGHEST WIND DIRECTION     W (250)
  HIGHEST GUST SPEED    22   HIGHEST GUST DIRECTION     S (200)
  AVERAGE WIND SPEED     8.1


SKY COVER
  POSSIBLE SUNSHINE  86 PERCENT
  AVERAGE SKY COVER 0.5


WEATHER CONDITIONS
 THE FOLLOWING WEATHER WAS RECORDED YESTERDAY.
  NO SIGNIFICANT WEATHER WAS OBSERVED.


RELATIVE HUMIDITY (PERCENT)
 HIGHEST    92           800 PM
 LOWEST     61           200 PM
 AVERAGE    77

..........................................................


THE GRAND RAPIDS MI CLIMATE NORMALS FOR TODAY
                         NORMAL    RECORD    YEAR
 MAXIMUM TEMPERATURE (F)   32        60      2008
 MINIMUM TEMPERATURE (F)   21        -5      1993


SUNRISE AND SUNSET
DECEMBER 27 2014......SUNRISE   812 AM EST   SUNSET   514 PM EST
DECEMBER 28 2014......SUNRISE   812 AM EST   SUNSET   515 PM EST


-  INDICATES NEGATIVE NUMBERS.
R  INDICATES RECORD WAS SET OR TIED.
MM INDICATES DATA IS MISSING.
T  INDICATES TRACE AMOUNT.




$$

63
