898
CDUS42 KRAH 200739
CLIGSO


CLIMATE REPORT
NATIONAL WEATHER SERVICE RALEIGH NC
238 AM EST MON FEB 20 2017


...................................

...THE PIEDMONT TRIAD INTL AIRPORT NC CLIMATE SUMMARY FOR FEBRUARY 19 2017...

CLIMATE NORMAL PERIOD 1981 TO 2010
CLIMATE RECORD PERIOD 1903 TO 2017


WEATHER ITEM   OBSERVED TIME   RECORD YEAR NORMAL DEPARTURE LAST
                VALUE   (LST)  VALUE       VALUE  FROM      YEAR
                                                  NORMAL
..................................................................
TEMPERATURE (F)
 YESTERDAY
  MAXIMUM         71    347 PM  74    1939  53     18       53
                                      1911
  MINIMUM         42    516 AM   9    2015  33      9       29
  AVERAGE         57                        43     14       41

PRECIPITATION (IN)
  YESTERDAY        0.00          1.23 1981   0.11  -0.11     0.00
  MONTH TO DATE    0.34                      1.93  -1.59     2.71
  SINCE DEC 1      7.16                      7.97  -0.81    11.27
  SINCE JAN 1      5.46                      4.99   0.47     4.62

SNOWFALL (IN)
  YESTERDAY        0.0           1.6  2012   0.1   -0.1      0.0
  MONTH TO DATE    T                         1.7   -1.7      2.0
  SINCE DEC 1      8.0                       5.9    2.1      4.5
  SINCE JUL 1      8.0                       6.0    2.0      4.5
  SNOW DEPTH       0

DEGREE DAYS
 HEATING
  YESTERDAY        8                        22    -14       24
  MONTH TO DATE  302                       447   -145      491
  SINCE DEC 1   1635                      1990   -355     1716
  SINCE JUL 1   2085                      2670   -585     2230

 COOLING
  YESTERDAY        0                         0      0        0
  MONTH TO DATE    4                         0      4        0
  SINCE DEC 1      4                         1      3       15
  SINCE JAN 1      4                         0      4        0
..................................................................


WIND (MPH)
  HIGHEST WIND SPEED    15   HIGHEST WIND DIRECTION     N (340)
  HIGHEST GUST SPEED    20   HIGHEST GUST DIRECTION    NW (330)
  AVERAGE WIND SPEED     7.4


SKY COVER
  POSSIBLE SUNSHINE  MM
  AVERAGE SKY COVER 0.2


WEATHER CONDITIONS
 THE FOLLOWING WEATHER WAS RECORDED YESTERDAY.
  NO SIGNIFICANT WEATHER WAS OBSERVED.


RELATIVE HUMIDITY (PERCENT)
 HIGHEST    96           500 AM
 LOWEST     37           400 PM
 AVERAGE    67

..........................................................


THE PIEDMONT TRIAD INTL AIRPORT NC CLIMATE NORMALS FOR TODAY
                         NORMAL    RECORD    YEAR
 MAXIMUM TEMPERATURE (F)   54        74      1922
 MINIMUM TEMPERATURE (F)   33         6      2015


SUNRISE AND SUNSET
FEBRUARY 20 2017......SUNRISE   701 AM EST   SUNSET   606 PM EST
FEBRUARY 21 2017......SUNRISE   700 AM EST   SUNSET   607 PM EST


-  INDICATES NEGATIVE NUMBERS.
R  INDICATES RECORD WAS SET OR TIED.
MM INDICATES DATA IS MISSING.
T  INDICATES TRACE AMOUNT.




$$
