000
CDUS42 KRAH 062155
CLIGSO


CLIMATE REPORT
NATIONAL WEATHER SERVICE RALEIGH NC
453 PM EST FRI MAR 6 2015


...................................

...THE PIEDMONT TRIAD INTL AIRPORT NC CLIMATE SUMMARY FOR MARCH 6 2015...
VALID TODAY AS OF 0453 PM LOCAL TIME.

CLIMATE NORMAL PERIOD 1981 TO 2010
CLIMATE RECORD PERIOD 1903 TO 2015


WEATHER ITEM   OBSERVED TIME   RECORD YEAR NORMAL DEPARTURE LAST
                VALUE   (LST)  VALUE       VALUE  FROM      YEAR
                                                  NORMAL
..................................................................
TEMPERATURE (F)
 TODAY
  MAXIMUM         36    439 PM  77    1956  58    -22       40
  MINIMUM         20    723 AM   5    1960  37    -17       29
  AVERAGE         28                        47    -19       35

PRECIPITATION (IN)
  TODAY            T             2.89 1932   0.12  -0.12     0.33
  MONTH TO DATE    1.23                      0.70   0.53     0.75
  SINCE MAR 1      1.23                      0.70   0.53     0.75
  SINCE JAN 1      5.91                      6.72  -0.81     6.97

SNOWFALL (IN)
  TODAY            T             6.0  1912   0.1   -0.1      0.3
  MONTH TO DATE    T                         0.3   -0.3      1.5
  SINCE MAR 1      T                         0.3   -0.3      1.5
  SINCE JUL 1      9.6                       7.0    2.6     12.1
  SNOW DEPTH       0

DEGREE DAYS
 HEATING
  TODAY           37                        18     19       30
  MONTH TO DATE  137                       112     25      161
  SINCE MAR 1    137                       112     25      161
  SINCE JUL 1   3222                      2967    255     3138

 COOLING
  TODAY            0                         0      0        0
  MONTH TO DATE    0                         0      0        0
  SINCE MAR 1      0                         0      0        0
  SINCE JAN 1      0                         0      0        0
..................................................................


WIND (MPH)
  HIGHEST WIND SPEED    15   HIGHEST WIND DIRECTION    NE (50)
  HIGHEST GUST SPEED    18   HIGHEST GUST DIRECTION    NE (60)
  AVERAGE WIND SPEED     6.8


SKY COVER
  POSSIBLE SUNSHINE  MM
  AVERAGE SKY COVER 0.4


WEATHER CONDITIONS
 THE FOLLOWING WEATHER WAS RECORDED TODAY.
  LIGHT SNOW


RELATIVE HUMIDITY (PERCENT)
 HIGHEST    75           100 AM
 LOWEST     44           400 PM
 AVERAGE    60

..........................................................


THE PIEDMONT TRIAD INTL AIRPORT NC CLIMATE NORMALS FOR TOMORROW
                         NORMAL    RECORD    YEAR
 MAXIMUM TEMPERATURE (F)   58        81      1974
                                             1918
 MINIMUM TEMPERATURE (F)   37        17      1960


SUNRISE AND SUNSET
MARCH  6 2015.........SUNRISE   644 AM EST   SUNSET   619 PM EST
MARCH  7 2015.........SUNRISE   642 AM EST   SUNSET   620 PM EST


-  INDICATES NEGATIVE NUMBERS.
R  INDICATES RECORD WAS SET OR TIED.
MM INDICATES DATA IS MISSING.
T  INDICATES TRACE AMOUNT.




$$
