000
CDUS42 KRAH 242201
CLIGSO


CLIMATE REPORT
NATIONAL WEATHER SERVICE RALEIGH NC
500 PM EST MON NOV 24 2014


...................................

...THE PIEDMONT TRIAD INTL AIRPORT NC CLIMATE SUMMARY FOR NOVEMBER 24 2014...
VALID TODAY AS OF 0500 PM LOCAL TIME.

CLIMATE NORMAL PERIOD 1981 TO 2010
CLIMATE RECORD PERIOD 1903 TO 2014


WEATHER ITEM   OBSERVED TIME   RECORD YEAR NORMAL DEPARTURE LAST
                VALUE   (LST)  VALUE       VALUE  FROM      YEAR
                                                  NORMAL
..................................................................
TEMPERATURE (F)
 TODAY
  MAXIMUM         72    328 PM  77    1913  58     14       39
  MINIMUM         58    741 AM  12    1970  37     21       26
  AVERAGE         65                        47     18       33

PRECIPITATION (IN)
  TODAY            0.00          1.58 1983   0.10  -0.10     0.00
  MONTH TO DATE    2.13                      2.49  -0.36     0.72
  SINCE SEP 1      7.07                      9.81  -2.74     3.96
  SINCE JAN 1     32.95                     38.60  -5.65    42.35

SNOWFALL (IN)
  TODAY            0.0           0.6  1950   0.0    0.0      0.0
  MONTH TO DATE    0.0                       0.1   -0.1       T
  SINCE SEP 1      0.0                       0.1   -0.1       T
  SINCE JUL 1      0.0                       0.1   -0.1       T
  SNOW DEPTH       0

DEGREE DAYS
 HEATING
  TODAY            0                        18    -18       32
  MONTH TO DATE  456                       334    122      377
  SINCE SEP 1    624                       566     58      551
  SINCE JUL 1    624                       567     57      553

 COOLING
  TODAY            0                         0      0        0
  MONTH TO DATE    0                         0      0        0
  SINCE SEP 1    246                       218     28      222
  SINCE JAN 1   1499                      1480     19     1381
..................................................................


WIND (MPH)
  HIGHEST WIND SPEED    25   HIGHEST WIND DIRECTION    SW (220)
  HIGHEST GUST SPEED    32   HIGHEST GUST DIRECTION    SW (240)
  AVERAGE WIND SPEED    15.4


SKY COVER
  POSSIBLE SUNSHINE  MM
  AVERAGE SKY COVER 0.5


WEATHER CONDITIONS
 THE FOLLOWING WEATHER WAS RECORDED TODAY.
  NO SIGNIFICANT WEATHER WAS OBSERVED.


RELATIVE HUMIDITY (PERCENT)
 HIGHEST    93          1200 AM
 LOWEST     53           300 PM
 AVERAGE    73

..........................................................


THE PIEDMONT TRIAD INTL AIRPORT NC CLIMATE NORMALS FOR TOMORROW
                         NORMAL    RECORD    YEAR
 MAXIMUM TEMPERATURE (F)   57        74      1979
                                             1931
 MINIMUM TEMPERATURE (F)   37        10      1970


SUNRISE AND SUNSET
NOVEMBER 24 2014......SUNRISE   705 AM EST   SUNSET   507 PM EST
NOVEMBER 25 2014......SUNRISE   706 AM EST   SUNSET   507 PM EST


-  INDICATES NEGATIVE NUMBERS.
R  INDICATES RECORD WAS SET OR TIED.
MM INDICATES DATA IS MISSING.
T  INDICATES TRACE AMOUNT.




$$
