000
CDUS42 KRAH 192049
CLIGSO


CLIMATE REPORT
NATIONAL WEATHER SERVICE RALEIGH NC
441 PM EDT SAT APR 19 2014


...................................

...THE PIEDMONT TRIAD INTL AIRPORT NC CLIMATE SUMMARY FOR APRIL 19 2014...
VALID TODAY AS OF 0441 PM LOCAL TIME.

CLIMATE NORMAL PERIOD 1981 TO 2010
CLIMATE RECORD PERIOD 1903 TO 2014


WEATHER ITEM   OBSERVED TIME   RECORD YEAR NORMAL DEPARTURE LAST
                VALUE   (LST)  VALUE       VALUE  FROM      YEAR
                                                  NORMAL
..................................................................
TEMPERATURE (F)
 TODAY
  MAXIMUM         59    333 PM  92    1917  71    -12       77
  MINIMUM         46    719 AM  26    1983  48     -2       55
  AVERAGE         53                        60     -7       66

PRECIPITATION (IN)
  TODAY            0.31          1.86 1943   0.12   0.19     0.30
  MONTH TO DATE    3.91                      2.28   1.63     2.02
  SINCE MAR 1      8.27                      6.01   2.26     4.87
  SINCE JAN 1     14.49                     12.03   2.46    13.54

SNOWFALL (IN)
  TODAY           MM             0.0    MM   0.0   MM        0.0
  MONTH TO DATE    0.0                       0.1   -0.1       T
  SINCE MAR 1      4.7                       0.9    3.8       T
  SINCE JUL 1     15.3                       7.6    7.7      3.6
  SNOW DEPTH       0

DEGREE DAYS
 HEATING
  TODAY           12                         6      6        0
  MONTH TO DATE  140                       163    -23      110
  SINCE MAR 1    767                       633    134      751
  SINCE JUL 1   3744                      3488    256     3455

 COOLING
  TODAY            0                         1     -1        1
  MONTH TO DATE   15                        18     -3       37
  SINCE MAR 1     15                        23     -8       37
  SINCE JAN 1     15                        23     -8       37
..................................................................


WIND (MPH)
  HIGHEST WIND SPEED    23   HIGHEST WIND DIRECTION    NE (50)
  HIGHEST GUST SPEED    29   HIGHEST GUST DIRECTION    NE (50)
  AVERAGE WIND SPEED    11.9


SKY COVER
  POSSIBLE SUNSHINE  MM
  AVERAGE SKY COVER 1.0


WEATHER CONDITIONS
 THE FOLLOWING WEATHER WAS RECORDED TODAY.
  LIGHT RAIN
  FOG


RELATIVE HUMIDITY (PERCENT)
 HIGHEST    93           200 AM
 LOWEST     55           300 PM
 AVERAGE    74

..........................................................


THE PIEDMONT TRIAD INTL AIRPORT NC CLIMATE NORMALS FOR TOMORROW
                         NORMAL    RECORD    YEAR
 MAXIMUM TEMPERATURE (F)   72        94      1917
 MINIMUM TEMPERATURE (F)   49        28      1983


SUNRISE AND SUNSET
APRIL 19 2014.........SUNRISE   641 AM EDT   SUNSET   757 PM EDT
APRIL 20 2014.........SUNRISE   640 AM EDT   SUNSET   758 PM EDT


-  INDICATES NEGATIVE NUMBERS.
R  INDICATES RECORD WAS SET OR TIED.
MM INDICATES DATA IS MISSING.
T  INDICATES TRACE AMOUNT.




$$
