580
CDUS42 KRAH 192037
CLIGSO


CLIMATE REPORT
NATIONAL WEATHER SERVICE RALEIGH NC
436 PM EDT SAT AUG 19 2017


...................................

...THE PIEDMONT TRIAD INTL AIRPORT NC CLIMATE SUMMARY FOR AUGUST 19 2017...
VALID TODAY AS OF 0433 PM LOCAL TIME.

CLIMATE NORMAL PERIOD 1981 TO 2010
CLIMATE RECORD PERIOD 1903 TO 2017


WEATHER ITEM   OBSERVED TIME   RECORD YEAR NORMAL DEPARTURE LAST
                VALUE   (LST)  VALUE       VALUE  FROM      YEAR
                                                  NORMAL
..................................................................
TEMPERATURE (F)
 TODAY
  MAXIMUM         90    333 PM  99    1988  86      4       87
  MINIMUM         73    634 AM  56    1976  68      5       73
  AVERAGE         82                        77      5       80

PRECIPITATION (IN)
  TODAY            0.00          1.46 1929   0.12  -0.12      T
  MONTH TO DATE    1.98                      2.32  -0.34     4.02
  SINCE JUN 1     12.96                     10.53   2.43    10.88
  SINCE JAN 1     33.99                     27.23   6.76    29.85

DEGREE DAYS
 HEATING
  TODAY            0                         0      0        0
  MONTH TO DATE    0                         0      0        0
  SINCE JUN 1      1                         6     -5        0
  SINCE JUL 1      0                         0      0        0

 COOLING
  TODAY           17                        12      5       15
  MONTH TO DATE  237                       243     -6      300
  SINCE JUN 1   1000                       969     31     1189
  SINCE JAN 1   1234                      1128    106     1389
..................................................................


WIND (MPH)
  HIGHEST WIND SPEED    14   HIGHEST WIND DIRECTION    NW (320)
  HIGHEST GUST SPEED    18   HIGHEST GUST DIRECTION    NW (320)
  AVERAGE WIND SPEED     4.6


SKY COVER
  POSSIBLE SUNSHINE  MM
  AVERAGE SKY COVER 0.6


WEATHER CONDITIONS
 THE FOLLOWING WEATHER WAS RECORDED TODAY.
  NO SIGNIFICANT WEATHER WAS OBSERVED.


RELATIVE HUMIDITY (PERCENT)
 HIGHEST    93           500 AM
 LOWEST     50           200 PM
 AVERAGE    72

..........................................................


THE PIEDMONT TRIAD INTL AIRPORT NC CLIMATE NORMALS FOR TOMORROW
                         NORMAL    RECORD    YEAR
 MAXIMUM TEMPERATURE (F)   86       101      1914
 MINIMUM TEMPERATURE (F)   68        52      1943


SUNRISE AND SUNSET
AUGUST 19 2017........SUNRISE   641 AM EDT   SUNSET   805 PM EDT
AUGUST 20 2017........SUNRISE   642 AM EDT   SUNSET   803 PM EDT


-  INDICATES NEGATIVE NUMBERS.
R  INDICATES RECORD WAS SET OR TIED.
MM INDICATES DATA IS MISSING.
T  INDICATES TRACE AMOUNT.




$$
