000
CDUS42 KRAH 260612
CLIGSO

CLIMATE REPORT
NATIONAL WEATHER SERVICE RALEIGH NC
209 AM EDT SUN MAR 26 2017
...................................

...THE PIEDMONT TRIAD INTL AIRPORT NC CLIMATE SUMMARY FOR MARCH 25 2017...

CLIMATE NORMAL PERIOD 1981 TO 2010
CLIMATE RECORD PERIOD 1903 TO 2017


WEATHER ITEM   OBSERVED TIME   RECORD YEAR NORMAL DEPARTURE LAST
                VALUE   (LST)  VALUE       VALUE  FROM      YEAR
                                                  NORMAL
..................................................................
TEMPERATURE (F)
 YESTERDAY
  MAXIMUM         73    430 PM  87    1929  64      9       76
  MINIMUM         52    645 AM  14    1940  42     10       59
  AVERAGE         63                        53     10       68

PRECIPITATION (IN)
  YESTERDAY        0.00          1.08 1935   0.12  -0.12     0.00
  MONTH TO DATE    1.55                      2.98  -1.43     0.54
  SINCE MAR 1      1.55                      2.98  -1.43     0.54
  SINCE JAN 1      7.16                      9.00  -1.84     6.68

SNOWFALL (IN)
  YESTERDAY        0.0           4.5  1974   0.0    0.0      0.0
  MONTH TO DATE    T                         0.7   -0.7      0.0
  SINCE MAR 1      T                         0.7   -0.7      0.0
  SINCE JUL 1      8.0                       7.4    0.6      4.5
  SNOW DEPTH       0

DEGREE DAYS
 HEATING
  YESTERDAY        2                        13    -11        0
  MONTH TO DATE  427                       400     27      222
  SINCE MAR 1    427                       400     27      222
  SINCE JUL 1   2597                      3255   -658     2608

 COOLING
  YESTERDAY        0                         0      0        3
  MONTH TO DATE    3                         0      3       26
  SINCE MAR 1      3                         0      3       26
  SINCE JAN 1      7                         0      7       26
..................................................................


WIND (MPH)
  HIGHEST WIND SPEED    21   HIGHEST WIND DIRECTION     W (260)
  HIGHEST GUST SPEED    26   HIGHEST GUST DIRECTION     S (200)
  AVERAGE WIND SPEED     9.9


SKY COVER
  POSSIBLE SUNSHINE  MM
  AVERAGE SKY COVER 0.8


WEATHER CONDITIONS
 THE FOLLOWING WEATHER WAS RECORDED YESTERDAY.
  NO SIGNIFICANT WEATHER WAS OBSERVED.


RELATIVE HUMIDITY (PERCENT)
 HIGHEST    89           600 AM
 LOWEST     44           200 PM
 AVERAGE    67

..........................................................


THE PIEDMONT TRIAD INTL AIRPORT NC CLIMATE NORMALS FOR TODAY
                         NORMAL    RECORD    YEAR
 MAXIMUM TEMPERATURE (F)   64        86      1929
                                             1921
 MINIMUM TEMPERATURE (F)   42        12      1972


SUNRISE AND SUNSET
MARCH 26 2017.........SUNRISE   714 AM EDT   SUNSET   737 PM EDT
MARCH 27 2017.........SUNRISE   713 AM EDT   SUNSET   738 PM EDT


-  INDICATES NEGATIVE NUMBERS.
R  INDICATES RECORD WAS SET OR TIED.
MM INDICATES DATA IS MISSING.
T  INDICATES TRACE AMOUNT.




$$
