000
CDUS42 KRAH 220657
CLIGSO


CLIMATE REPORT
NATIONAL WEATHER SERVICE RALEIGH NC
250 AM EDT SUN OCT 22 2017


...................................

...THE PIEDMONT TRIAD INTL AIRPORT NC CLIMATE SUMMARY FOR OCTOBER 21 2017...

CLIMATE NORMAL PERIOD 1981 TO 2010
CLIMATE RECORD PERIOD 1903 TO 2017


WEATHER ITEM   OBSERVED TIME   RECORD YEAR NORMAL DEPARTURE LAST
                VALUE   (LST)  VALUE       VALUE  FROM      YEAR
                                                  NORMAL
..................................................................
TEMPERATURE (F)
 YESTERDAY
  MAXIMUM         77    327 PM  85    1947  69      8       72
                                      1910
  MINIMUM         48    539 AM  26    1972  47      1       53
  AVERAGE         63                        58      5       63

PRECIPITATION (IN)
  YESTERDAY        0.00          0.95 1988   0.11  -0.11     0.00
  MONTH TO DATE    1.16                      2.11  -0.95     3.91
  SINCE SEP 1      3.96                      6.30  -2.34     6.13
  SINCE JAN 1     38.41                     35.09   3.32    36.93

DEGREE DAYS
 HEATING
  YESTERDAY        2                         8     -6        2
  MONTH TO DATE   54                       111    -57       37
  SINCE SEP 1     76                       141    -65       37
  SINCE JUL 1     76                       142    -66       37

 COOLING
  YESTERDAY        0                         1     -1        0
  MONTH TO DATE   71                        30     41       52
  SINCE SEP 1    257                       215     42      391
  SINCE JAN 1   1611                      1477    134     1958
..................................................................


WIND (MPH)
  HIGHEST WIND SPEED     9   HIGHEST WIND DIRECTION     E (80)
  HIGHEST GUST SPEED    13   HIGHEST GUST DIRECTION     S (170)
  AVERAGE WIND SPEED     2.2


SKY COVER
  POSSIBLE SUNSHINE  MM
  AVERAGE SKY COVER 0.5


WEATHER CONDITIONS
 THE FOLLOWING WEATHER WAS RECORDED YESTERDAY.
  NO SIGNIFICANT WEATHER WAS OBSERVED.


RELATIVE HUMIDITY (PERCENT)
 HIGHEST   100           500 AM
 LOWEST     38           300 PM
 AVERAGE    69

..........................................................


THE PIEDMONT TRIAD INTL AIRPORT NC CLIMATE NORMALS FOR TODAY
                         NORMAL    RECORD    YEAR
 MAXIMUM TEMPERATURE (F)   69        88      1910
 MINIMUM TEMPERATURE (F)   47        25      1952


SUNRISE AND SUNSET
OCTOBER 22 2017.......SUNRISE   733 AM EDT   SUNSET   635 PM EDT
OCTOBER 23 2017.......SUNRISE   734 AM EDT   SUNSET   634 PM EDT


-  INDICATES NEGATIVE NUMBERS.
R  INDICATES RECORD WAS SET OR TIED.
MM INDICATES DATA IS MISSING.
T  INDICATES TRACE AMOUNT.




$$
