000
CDUS42 KRAH 240803
CLIGSO


CLIMATE REPORT
NATIONAL WEATHER SERVICE RALEIGH NC
401 AM EDT THU APR 24 2014


...................................

...THE PIEDMONT TRIAD INTL AIRPORT NC CLIMATE SUMMARY FOR APRIL 23 2014...

CLIMATE NORMAL PERIOD 1981 TO 2010
CLIMATE RECORD PERIOD 1903 TO 2014


WEATHER ITEM   OBSERVED TIME   RECORD YEAR NORMAL DEPARTURE LAST
                VALUE   (LST)  VALUE       VALUE  FROM      YEAR
                                                  NORMAL
..................................................................
TEMPERATURE (F)
 YESTERDAY
  MAXIMUM         72    502 PM  90    1980  72      0       68
                                      1965
                                      1925
  MINIMUM         50    453 AM  30    1986  49      1       47
  AVERAGE         61                        61      0       58

PRECIPITATION (IN)
  YESTERDAY        0.00          2.02 1907   0.12  -0.12     0.02
  MONTH TO DATE    3.91                      2.77   1.14     2.04
  SINCE MAR 1      8.27                      6.50   1.77     4.89
  SINCE JAN 1     14.49                     12.52   1.97    13.56

SNOWFALL (IN)
  YESTERDAY        0.0           0.0    MM   0.0    0.0      0.0
  MONTH TO DATE    0.0                       0.1   -0.1       T
  SINCE MAR 1      4.7                       0.9    3.8       T
  SINCE JUL 1     15.3                       7.6    7.7      3.6
  SNOW DEPTH       0

DEGREE DAYS
 HEATING
  YESTERDAY        4                         6     -2        7
  MONTH TO DATE  157                       187    -30      157
  SINCE MAR 1    784                       657    127      798
  SINCE JUL 1   3761                      3512    249     3502

 COOLING
  YESTERDAY        0                         2     -2        0
  MONTH TO DATE   17                        23     -6       37
  SINCE MAR 1     17                        28    -11       37
  SINCE JAN 1     17                        28    -11       37
..................................................................


WIND (MPH)
  HIGHEST WIND SPEED    22   HIGHEST WIND DIRECTION    NW (310)
  HIGHEST GUST SPEED    28   HIGHEST GUST DIRECTION    NW (310)
  AVERAGE WIND SPEED     9.3


SKY COVER
  POSSIBLE SUNSHINE  MM
  AVERAGE SKY COVER 0.1


WEATHER CONDITIONS
 THE FOLLOWING WEATHER WAS RECORDED YESTERDAY.
  NO SIGNIFICANT WEATHER WAS OBSERVED.


RELATIVE HUMIDITY (PERCENT)
 HIGHEST    84          1200 AM
 LOWEST     15           300 PM
 AVERAGE    50

..........................................................


THE PIEDMONT TRIAD INTL AIRPORT NC CLIMATE NORMALS FOR TODAY
                         NORMAL    RECORD    YEAR
 MAXIMUM TEMPERATURE (F)   73        94      1925
 MINIMUM TEMPERATURE (F)   50        27      1986


SUNRISE AND SUNSET
APRIL 24 2014.........SUNRISE   635 AM EDT   SUNSET   801 PM EDT
APRIL 25 2014.........SUNRISE   634 AM EDT   SUNSET   802 PM EDT


-  INDICATES NEGATIVE NUMBERS.
R  INDICATES RECORD WAS SET OR TIED.
MM INDICATES DATA IS MISSING.
T  INDICATES TRACE AMOUNT.




$$
