000
CDUS42 KGSP 180635
CLIGSP

CLIMATE REPORT
NATIONAL WEATHER SERVICE GREENVILLE-SPARTANBURG SC
134 AM EST MON DEC 18 2017

...THE GREENVILLE-SPARTANBURG SC CLIMATE SUMMARY FOR DECEMBER 17 2017...

CLIMATE NORMAL PERIOD 1981 TO 2010
CLIMATE RECORD PERIOD 1884 TO 2017


WEATHER ITEM   OBSERVED TIME   RECORD YEAR NORMAL DEPARTURE LAST
                VALUE   (LST)  VALUE       VALUE  FROM      YEAR
                                                  NORMAL
..................................................................
TEMPERATURE (F)
 YESTERDAY
  MAXIMUM         53    231 PM  75    1924  53      0       46
  MINIMUM         28    721 AM  11    1901  34     -6       31
  AVERAGE         41                        44     -3       39

PRECIPITATION (IN)
  YESTERDAY        T             2.32 1932   0.13  -0.13     0.03
  MONTH TO DATE    1.34                      2.35  -1.01     1.47
  SINCE DEC 1      1.34                      2.35  -1.01     1.47
  SINCE JAN 1     51.54                     45.43   6.11    33.21

SNOWFALL (IN)
  YESTERDAY        0.0          14.4  1930   0.0    0.0      0.0
  MONTH TO DATE    1.6                       0.1    1.5      0.0
  SINCE DEC 1      1.6                       0.1    1.5      0.0
  SINCE JUL 1      1.6                       0.2    1.4      0.0
  SNOW DEPTH       0

DEGREE DAYS
 HEATING
  YESTERDAY       24                        22      2       26
  MONTH TO DATE  337                       337      0      379
  SINCE DEC 1    337                       337      0      379
  SINCE JUL 1    831                       890    -59      705

 COOLING
  YESTERDAY        0                         0      0        0
  MONTH TO DATE    0                         0      0        0
  SINCE DEC 1      0                         0      0        0
  SINCE JAN 1   1802                      1715     87     2188
..................................................................


WIND (MPH)
  HIGHEST WIND SPEED    14   HIGHEST WIND DIRECTION    SW (220)
  HIGHEST GUST SPEED    17   HIGHEST GUST DIRECTION    SW (220)
  AVERAGE WIND SPEED     3.6


SKY COVER
  POSSIBLE SUNSHINE  MM
  AVERAGE SKY COVER 0.5


WEATHER CONDITIONS
 THE FOLLOWING WEATHER WAS RECORDED YESTERDAY.
  FOG


RELATIVE HUMIDITY (PERCENT)
 HIGHEST    86          1100 PM
 LOWEST     41           200 PM
 AVERAGE    64

..........................................................


THE GREENVILLE-SPARTANBURG SC CLIMATE NORMALS FOR TODAY
                         NORMAL    RECORD    YEAR
 MAXIMUM TEMPERATURE (F)   53        76      2006
                                             1984
 MINIMUM TEMPERATURE (F)   33        12      1901


SUNRISE AND SUNSET
DECEMBER 18 2017......SUNRISE   731 AM EST   SUNSET   520 PM EST
DECEMBER 19 2017......SUNRISE   732 AM EST   SUNSET   521 PM EST


-  INDICATES NEGATIVE NUMBERS.
R  INDICATES RECORD WAS SET OR TIED.
MM INDICATES DATA IS MISSING.
T  INDICATES TRACE AMOUNT.

$$
