000
CDUS42 KGSP 250638
CLIGSP

CLIMATE REPORT
NATIONAL WEATHER SERVICE GREENVILLE-SPARTANBURG SC
237 AM EDT MON MAY 25 2015


...................................

...THE GREENVILLE-SPARTANBURG SC CLIMATE SUMMARY FOR MAY 24 2015...

CLIMATE NORMAL PERIOD 1981 TO 2010
CLIMATE RECORD PERIOD 1884 TO 2015


WEATHER ITEM   OBSERVED TIME   RECORD YEAR NORMAL DEPARTURE LAST
                VALUE   (LST)  VALUE       VALUE  FROM      YEAR
                                                  NORMAL
..................................................................
TEMPERATURE (F)
 YESTERDAY
  MAXIMUM         81    349 PM  94    1962  82     -1       82
  MINIMUM         55    534 AM  41    1917  60     -5       63
  AVERAGE         68                        71     -3       73

PRECIPITATION (IN)
  YESTERDAY        0.00          2.60 1996   0.11  -0.11     0.11
  MONTH TO DATE    2.46                      2.90  -0.44     2.38
  SINCE MAR 1     10.73                     10.78  -0.05    11.52
  SINCE JAN 1     18.05                     18.57  -0.52    17.76

SNOWFALL (IN)
  YESTERDAY        0.0           0.0    MM   0.0    0.0      0.0
  MONTH TO DATE    0.0                       0.0    0.0      0.0
  SINCE MAR 1      0.0                       0.9   -0.9       T
  SINCE JUL 1      3.7                       4.7   -1.0      7.2
  SNOW DEPTH       0

DEGREE DAYS
 HEATING
  YESTERDAY        0                         1     -1        0
  MONTH TO DATE    8                        37    -29       36
  SINCE MAR 1    403                       594   -191      649
  SINCE JUL 1   3017                      3043    -26     3208

 COOLING
  YESTERDAY        3                         7     -4        8
  MONTH TO DATE  157                       101     56      143
  SINCE MAR 1    213                       149     64      185
  SINCE JAN 1    213                       149     64      185
..................................................................


WIND (MPH)
  HIGHEST WIND SPEED    13   HIGHEST WIND DIRECTION    SE (120)
  HIGHEST GUST SPEED    22   HIGHEST GUST DIRECTION     E (110)
  AVERAGE WIND SPEED     4.5


SKY COVER
  POSSIBLE SUNSHINE  MM
  AVERAGE SKY COVER 0.1


WEATHER CONDITIONS
 THE FOLLOWING WEATHER WAS RECORDED YESTERDAY.
  NO SIGNIFICANT WEATHER WAS OBSERVED.


RELATIVE HUMIDITY (PERCENT)
 HIGHEST    86           400 AM
 LOWEST     39           500 PM
 AVERAGE    63

..........................................................


THE GREENVILLE-SPARTANBURG SC CLIMATE NORMALS FOR TODAY
                         NORMAL    RECORD    YEAR
 MAXIMUM TEMPERATURE (F)   83        96      1962
                                             1953
 MINIMUM TEMPERATURE (F)   60        46      2005


SUNRISE AND SUNSET
MAY 25 2015...........SUNRISE   619 AM EDT   SUNSET   833 PM EDT
MAY 26 2015...........SUNRISE   619 AM EDT   SUNSET   833 PM EDT


-  INDICATES NEGATIVE NUMBERS.
R  INDICATES RECORD WAS SET OR TIED.
MM INDICATES DATA IS MISSING.
T  INDICATES TRACE AMOUNT.




$$
