000
CDUS42 KGSP 240725
CLIGSP

CLIMATE REPORT
NATIONAL WEATHER SERVICE GREENVILLE-SPARTANBURG SC
324 AM EDT FRI OCT 24 2014


...................................

...THE GREENVILLE-SPARTANBURG SC CLIMATE SUMMARY FOR OCTOBER 23 2014...

CLIMATE NORMAL PERIOD 1981 TO 2010
CLIMATE RECORD PERIOD 1884 TO 2014


WEATHER ITEM   OBSERVED TIME   RECORD YEAR NORMAL DEPARTURE LAST
                VALUE   (LST)  VALUE       VALUE  FROM      YEAR
                                                  NORMAL
..................................................................
TEMPERATURE (F)
 YESTERDAY
  MAXIMUM         72    333 PM  87    1941  71      1       67
  MINIMUM         39    411 AM  26    1891  48     -9       40
  AVERAGE         56                        59     -3       54

PRECIPITATION (IN)
  YESTERDAY        0.00          1.85 1908   0.11  -0.11     0.00
  MONTH TO DATE    3.57                      2.61   0.96     1.87
  SINCE SEP 1      7.25                      6.04   1.21     4.37
  SINCE JAN 1     42.21                     38.55   3.66    58.72

SNOWFALL (IN)
  YESTERDAY        0.0           0.0    MM   0.0    0.0      0.0
  MONTH TO DATE    0.0                       0.0    0.0      0.0
  SINCE SEP 1      0.0                       0.0    0.0      0.0
  SINCE JUL 1      0.0                       0.0    0.0      0.0
  SNOW DEPTH       0

DEGREE DAYS
 HEATING
  YESTERDAY        9                         6      3       11
  MONTH TO DATE   82                        92    -10       46
  SINCE SEP 1     88                       109    -21       47
  SINCE JUL 1     88                       109    -21       47

 COOLING
  YESTERDAY        0                         1     -1        0
  MONTH TO DATE   53                        42     11       53
  SINCE SEP 1    294                       269     25      277
  SINCE JAN 1   1691                      1704    -13     1526
..................................................................


WIND (MPH)
  HIGHEST WIND SPEED     8   HIGHEST WIND DIRECTION    NW (310)
  HIGHEST GUST SPEED    12   HIGHEST GUST DIRECTION     N (340)
  AVERAGE WIND SPEED     2.3


SKY COVER
  POSSIBLE SUNSHINE  MM
  AVERAGE SKY COVER 0.0


WEATHER CONDITIONS
 THE FOLLOWING WEATHER WAS RECORDED YESTERDAY.
  NO SIGNIFICANT WEATHER WAS OBSERVED.


RELATIVE HUMIDITY (PERCENT)
 HIGHEST    93           100 AM
 LOWEST     27           300 PM
 AVERAGE    60

..........................................................


THE GREENVILLE-SPARTANBURG SC CLIMATE NORMALS FOR TODAY
                         NORMAL    RECORD    YEAR
 MAXIMUM TEMPERATURE (F)   71        86      1939
                                             1927
 MINIMUM TEMPERATURE (F)   48        26      1917
                                             1904


SUNRISE AND SUNSET
OCTOBER 24 2014.......SUNRISE   742 AM EDT   SUNSET   643 PM EDT
OCTOBER 25 2014.......SUNRISE   743 AM EDT   SUNSET   642 PM EDT


-  INDICATES NEGATIVE NUMBERS.
R  INDICATES RECORD WAS SET OR TIED.
MM INDICATES DATA IS MISSING.
T  INDICATES TRACE AMOUNT.




$$
