000
CDUS42 KGSP 270640
CLIGSP

CLIMATE REPORT
NATIONAL WEATHER SERVICE GREENVILLE-SPARTANBURG SC
140 AM EST SAT DEC 27 2014


...................................

...THE GREENVILLE-SPARTANBURG SC CLIMATE SUMMARY FOR DECEMBER 26 2014...

CLIMATE NORMAL PERIOD 1981 TO 2010
CLIMATE RECORD PERIOD 1884 TO 2014


WEATHER ITEM   OBSERVED TIME   RECORD YEAR NORMAL DEPARTURE LAST
                VALUE   (LST)  VALUE       VALUE  FROM      YEAR
                                                  NORMAL
..................................................................
TEMPERATURE (F)
 YESTERDAY
  MAXIMUM         59    348 PM  73    1971  52      7       55
  MINIMUM         30    745 AM   5    1985  33     -3       27
  AVERAGE         45                        42      3       41

PRECIPITATION (IN)
  YESTERDAY        0.00          3.01 1914   0.13  -0.13     0.00
  MONTH TO DATE    3.21                      3.51  -0.30     5.29
  SINCE DEC 1      3.21                      3.51  -0.30     5.29
  SINCE JAN 1     49.78                     46.59   3.19    68.18

SNOWFALL (IN)
  YESTERDAY        0.0           T    2007   0.1   -0.1      0.0
                                      1969
  MONTH TO DATE    0.0                       0.3   -0.3      0.0
  SINCE DEC 1      0.0                       0.3   -0.3      0.0
  SINCE JUL 1      T                         0.4   -0.4      0.1
  SNOW DEPTH       0

DEGREE DAYS
 HEATING
  YESTERDAY       20                        23     -3       24
  MONTH TO DATE  445                       538    -93      451
  SINCE DEC 1    445                       538    -93      451
  SINCE JUL 1   1082                      1091     -9     1055

 COOLING
  YESTERDAY        0                         0      0        0
  MONTH TO DATE    0                         0      0        6
  SINCE DEC 1      0                         0      0        6
  SINCE JAN 1   1693                      1715    -22     1533
..................................................................


WIND (MPH)
  HIGHEST WIND SPEED     9   HIGHEST WIND DIRECTION    SW (220)
  HIGHEST GUST SPEED    13   HIGHEST GUST DIRECTION     S (200)
  AVERAGE WIND SPEED     1.9


SKY COVER
  POSSIBLE SUNSHINE  MM
  AVERAGE SKY COVER 0.0


WEATHER CONDITIONS
 THE FOLLOWING WEATHER WAS RECORDED YESTERDAY.
  NO SIGNIFICANT WEATHER WAS OBSERVED.


RELATIVE HUMIDITY (PERCENT)
 HIGHEST   100           800 AM
 LOWEST     40           200 PM
 AVERAGE    70

..........................................................


THE GREENVILLE-SPARTANBURG SC CLIMATE NORMALS FOR TODAY
                         NORMAL    RECORD    YEAR
 MAXIMUM TEMPERATURE (F)   52        75      1971
 MINIMUM TEMPERATURE (F)   32        12      1925


SUNRISE AND SUNSET
DECEMBER 27 2014......SUNRISE   735 AM EST   SUNSET   525 PM EST
DECEMBER 28 2014......SUNRISE   736 AM EST   SUNSET   525 PM EST


-  INDICATES NEGATIVE NUMBERS.
R  INDICATES RECORD WAS SET OR TIED.
MM INDICATES DATA IS MISSING.
T  INDICATES TRACE AMOUNT.




$$
