000
CDUS42 KGSP 310637
CLIGSP

CLIMATE REPORT
NATIONAL WEATHER SERVICE GREENVILLE-SPARTANBURG SC
237 AM EDT WED AUG 31 2016


...................................

...THE GREENVILLE-SPARTANBURG SC CLIMATE SUMMARY FOR AUGUST 30 2016...

CLIMATE NORMAL PERIOD 1981 TO 2010
CLIMATE RECORD PERIOD 1884 TO 2016


WEATHER ITEM   OBSERVED TIME   RECORD YEAR NORMAL DEPARTURE LAST
                VALUE   (LST)  VALUE       VALUE  FROM      YEAR
                                                  NORMAL
..................................................................
TEMPERATURE (F)
 YESTERDAY
  MAXIMUM         91    402 PM  97    1948  87      4       82
                                      1932
  MINIMUM         71    655 AM  50    1905  67      4       65
  AVERAGE         81                        77      4       74

PRECIPITATION (IN)
  YESTERDAY        0.00          2.25 1933   0.13  -0.13     0.21
  MONTH TO DATE    4.28                      4.36  -0.08     2.41
  SINCE JUN 1     10.59                     12.96  -2.37     6.95
  SINCE JAN 1     28.14                     32.39  -4.25    25.54

SNOWFALL (IN)
  YESTERDAY        0.0           0.0    MM   0.0    0.0      0.0
  MONTH TO DATE    0.0                       0.0    0.0      0.0
  SINCE JUN 1      0.0                       0.0    0.0      0.0
  SINCE JUL 1      0.0                       0.0    0.0      0.0
  SNOW DEPTH       0

DEGREE DAYS
 HEATING
  YESTERDAY        0                         0      0        0
  MONTH TO DATE    0                         0      0        0
  SINCE JUN 1      0                         2     -2        0
  SINCE JUL 1      0                         0      0        0

 COOLING
  YESTERDAY       16                        12      4        9
  MONTH TO DATE  475                       412     63      433
  SINCE JUN 1   1463                      1223    240     1387
  SINCE JAN 1   1702                      1424    278     1662
..................................................................


WIND (MPH)
  HIGHEST WIND SPEED    14   HIGHEST WIND DIRECTION     N (20)
  HIGHEST GUST SPEED    19   HIGHEST GUST DIRECTION     N (20)
  AVERAGE WIND SPEED     4.2


SKY COVER
  POSSIBLE SUNSHINE  MM
  AVERAGE SKY COVER 0.1


WEATHER CONDITIONS
 THE FOLLOWING WEATHER WAS RECORDED YESTERDAY.
  HAZE


RELATIVE HUMIDITY (PERCENT)
 HIGHEST    79           200 AM
 LOWEST     43          1200 PM
 AVERAGE    61

..........................................................


THE GREENVILLE-SPARTANBURG SC CLIMATE NORMALS FOR TODAY
                         NORMAL    RECORD    YEAR
 MAXIMUM TEMPERATURE (F)   87        99      1953
 MINIMUM TEMPERATURE (F)   67        55      1976


SUNRISE AND SUNSET
AUGUST 31 2016........SUNRISE   701 AM EDT   SUNSET   756 PM EDT
SEPTEMBER  1 2016.....SUNRISE   702 AM EDT   SUNSET   755 PM EDT


-  INDICATES NEGATIVE NUMBERS.
R  INDICATES RECORD WAS SET OR TIED.
MM INDICATES DATA IS MISSING.
T  INDICATES TRACE AMOUNT.




$$
