000
CDUS42 KGSP 300629
CLIGSP

CLIMATE REPORT
NATIONAL WEATHER SERVICE GREENVILLE-SPARTANBURG SC
227 AM EDT SAT APR 30 2016


...................................

...THE GREENVILLE-SPARTANBURG SC CLIMATE SUMMARY FOR APRIL 29 2016...

CLIMATE NORMAL PERIOD 1981 TO 2010
CLIMATE RECORD PERIOD 1884 TO 2016


WEATHER ITEM   OBSERVED TIME   RECORD YEAR NORMAL DEPARTURE LAST
                VALUE   (LST)  VALUE       VALUE  FROM      YEAR
                                                  NORMAL
..................................................................
TEMPERATURE (F)
 YESTERDAY
  MAXIMUM         87    251 PM  91    1917  76     11       66
  MINIMUM         58    439 AM  32    1992  52      6       52
  AVERAGE         73                        64      9       59

PRECIPITATION (IN)
  YESTERDAY        0.00          3.34 1963   0.11  -0.11     0.04
  MONTH TO DATE    1.41                      3.25  -1.84     6.18
  SINCE MAR 1      3.10                      7.77  -4.67     8.27
  SINCE JAN 1     11.36                     15.56  -4.20    15.59

SNOWFALL (IN)
  YESTERDAY        0.0           0.0    MM   0.0    0.0      0.0
  MONTH TO DATE    0.0                       0.0    0.0      0.0
  SINCE MAR 1      T                         0.9   -0.9      0.0
  SINCE JUL 1      2.6                       4.7   -2.1      3.7
  SNOW DEPTH       0

DEGREE DAYS
 HEATING
  YESTERDAY        0                         3     -3        6
  MONTH TO DATE  141                       170    -29       89
  SINCE MAR 1    367                       554   -187      393
  SINCE JUL 1   2464                      3003   -539     3007

 COOLING
  YESTERDAY        8                         2      6        0
  MONTH TO DATE   53                        39     14       50
  SINCE MAR 1     79                        47     32       56
  SINCE JAN 1     79                        47     32       56
..................................................................


WIND (MPH)
  HIGHEST WIND SPEED    14   HIGHEST WIND DIRECTION     S (200)
  HIGHEST GUST SPEED    21   HIGHEST GUST DIRECTION     N (350)
  AVERAGE WIND SPEED     5.1


SKY COVER
  POSSIBLE SUNSHINE  MM
  AVERAGE SKY COVER 0.0


WEATHER CONDITIONS
 THE FOLLOWING WEATHER WAS RECORDED YESTERDAY.
  NO SIGNIFICANT WEATHER WAS OBSERVED.


RELATIVE HUMIDITY (PERCENT)
 HIGHEST    78           500 AM
 LOWEST     26          1200 PM
 AVERAGE    52

..........................................................


THE GREENVILLE-SPARTANBURG SC CLIMATE NORMALS FOR TODAY
                         NORMAL    RECORD    YEAR
 MAXIMUM TEMPERATURE (F)   76        91      1987
                                             1962
 MINIMUM TEMPERATURE (F)   52        39      2008
                                             1980


SUNRISE AND SUNSET
APRIL 30 2016.........SUNRISE   639 AM EDT   SUNSET   814 PM EDT
MAY  1 2016...........SUNRISE   638 AM EDT   SUNSET   815 PM EDT


-  INDICATES NEGATIVE NUMBERS.
R  INDICATES RECORD WAS SET OR TIED.
MM INDICATES DATA IS MISSING.
T  INDICATES TRACE AMOUNT.

$$
