000
CDUS42 KGSP 230641
CLIGSP

CLIMATE REPORT
NATIONAL WEATHER SERVICE GREENVILLE-SPARTANBURG SC
241 AM EDT SAT JUL 23 2016


...................................

...THE GREENVILLE-SPARTANBURG SC CLIMATE SUMMARY FOR JULY 22 2016...

CLIMATE NORMAL PERIOD 1981 TO 2010
CLIMATE RECORD PERIOD 1884 TO 2016


WEATHER ITEM   OBSERVED TIME   RECORD YEAR NORMAL DEPARTURE LAST
                VALUE   (LST)  VALUE       VALUE  FROM      YEAR
                                                  NORMAL
..................................................................
TEMPERATURE (F)
 YESTERDAY
  MAXIMUM         94    317 PM 101    1983  90      4       96
                                      1926
  MINIMUM         71    553 PM  58    1890  70      1       72
  AVERAGE         83                        80      3       84

PRECIPITATION (IN)
  YESTERDAY        0.12          2.17 1994   0.16  -0.04      T
  MONTH TO DATE    3.13                      3.32  -0.19     0.58
  SINCE JUN 1      4.34                      7.12  -2.78     3.60
  SINCE JAN 1     21.89                     26.55  -4.66    22.19

SNOWFALL (IN)
  YESTERDAY        0.0           0.0    MM   0.0    0.0      0.0
  MONTH TO DATE    0.0                       0.0    0.0      0.0
  SINCE JUN 1      0.0                       0.0    0.0      0.0
  SINCE JUL 1      0.0                       0.0    0.0      0.0
  SNOW DEPTH       0

DEGREE DAYS
 HEATING
  YESTERDAY        0                         0      0        0
  MONTH TO DATE    0                         0      0        0
  SINCE JUN 1      0                         2     -2        0
  SINCE JUL 1      0                         0      0        0

 COOLING
  YESTERDAY       18                        15      3       19
  MONTH TO DATE  390                       328     62      365
  SINCE JUN 1    821                       679    142      791
  SINCE JAN 1   1060                       880    180     1066
..................................................................


WIND (MPH)
  HIGHEST WIND SPEED    25   HIGHEST WIND DIRECTION    SE (130)
  HIGHEST GUST SPEED    34   HIGHEST GUST DIRECTION    SE (140)
  AVERAGE WIND SPEED     4.9


SKY COVER
  POSSIBLE SUNSHINE  MM
  AVERAGE SKY COVER 0.2


WEATHER CONDITIONS
 THE FOLLOWING WEATHER WAS RECORDED YESTERDAY.
  THUNDERSTORM
  RAIN
  LIGHT RAIN
  FOG


RELATIVE HUMIDITY (PERCENT)
 HIGHEST    93           400 AM
 LOWEST     41           300 PM
 AVERAGE    67

..........................................................


THE GREENVILLE-SPARTANBURG SC CLIMATE NORMALS FOR TODAY
                         NORMAL    RECORD    YEAR
 MAXIMUM TEMPERATURE (F)   90       102      1952
 MINIMUM TEMPERATURE (F)   70        59      1966
                                             1947


SUNRISE AND SUNSET
JULY 23 2016..........SUNRISE   632 AM EDT   SUNSET   838 PM EDT
JULY 24 2016..........SUNRISE   633 AM EDT   SUNSET   837 PM EDT


-  INDICATES NEGATIVE NUMBERS.
R  INDICATES RECORD WAS SET OR TIED.
MM INDICATES DATA IS MISSING.
T  INDICATES TRACE AMOUNT.




$$
