000
CDUS42 KGSP 200637
CLIGSP

CLIMATE REPORT
NATIONAL WEATHER SERVICE GREENVILLE-SPARTANBURG SC
236 AM EDT SUN APR 20 2014


...................................

...THE GREENVILLE-SPARTANBURG SC CLIMATE SUMMARY FOR APRIL 19 2014...

CLIMATE NORMAL PERIOD 1981 TO 2010
CLIMATE RECORD PERIOD 1884 TO 2014


WEATHER ITEM   OBSERVED TIME   RECORD YEAR NORMAL DEPARTURE LAST
                VALUE   (LST)  VALUE       VALUE  FROM      YEAR
                                                  NORMAL
..................................................................
TEMPERATURE (F)
 YESTERDAY
  MAXIMUM         55    302 PM  93    1917  74    -19       74
  MINIMUM         48    332 AM  31    2001  49     -1       50
  AVERAGE         52                        61     -9       62

PRECIPITATION (IN)
  YESTERDAY        0.58          1.43 1922   0.11   0.47     0.46
  MONTH TO DATE    4.85                      2.12   2.73     2.61
  SINCE MAR 1      8.94                      6.64   2.30     6.13
  SINCE JAN 1     15.18                     14.43   0.75    15.28

SNOWFALL (IN)
  YESTERDAY        0.0           0.0    MM   0.0    0.0      0.0
  MONTH TO DATE    0.0                       0.0    0.0      0.0
  SINCE MAR 1      T                         0.9   -0.9       T
  SINCE JUL 1      7.2                       4.7    2.5      2.0
  SNOW DEPTH       0

DEGREE DAYS
 HEATING
  YESTERDAY       13                         5      8        3
  MONTH TO DATE  125                       129     -4       83
  SINCE MAR 1    602                       513     89      637
  SINCE JUL 1   3161                      2962    199     2823

 COOLING
  YESTERDAY        0                         1     -1        0
  MONTH TO DATE   20                        19      1       35
  SINCE MAR 1     20                        27     -7       37
  SINCE JAN 1     20                        27     -7       37
..................................................................


WIND (MPH)
  HIGHEST WIND SPEED    25   HIGHEST WIND DIRECTION     N (20)
  HIGHEST GUST SPEED    32   HIGHEST GUST DIRECTION     N (20)
  AVERAGE WIND SPEED    13.8


SKY COVER
  POSSIBLE SUNSHINE  MM
  AVERAGE SKY COVER 1.0


WEATHER CONDITIONS
 THE FOLLOWING WEATHER WAS RECORDED YESTERDAY.
  RAIN
  LIGHT RAIN
  FOG


RELATIVE HUMIDITY (PERCENT)
 HIGHEST   100           800 AM
 LOWEST     83           700 PM
 AVERAGE    92

..........................................................


THE GREENVILLE-SPARTANBURG SC CLIMATE NORMALS FOR TODAY
                         NORMAL    RECORD    YEAR
 MAXIMUM TEMPERATURE (F)   74        94      1917
 MINIMUM TEMPERATURE (F)   49        25      1983


SUNRISE AND SUNSET
APRIL 20 2014.........SUNRISE   651 AM EDT   SUNSET   805 PM EDT
APRIL 21 2014.........SUNRISE   650 AM EDT   SUNSET   806 PM EDT


-  INDICATES NEGATIVE NUMBERS.
R  INDICATES RECORD WAS SET OR TIED.
MM INDICATES DATA IS MISSING.
T  INDICATES TRACE AMOUNT.

$$
