000
CDUS42 KGSP 230713
CLIGSP

CLIMATE REPORT
NATIONAL WEATHER SERVICE GREENVILLE-SPARTANBURG SC
213 AM EST THU FEB 23 2017


...................................

...THE GREENVILLE-SPARTANBURG SC CLIMATE SUMMARY FOR FEBRUARY 22 2017...

CLIMATE NORMAL PERIOD 1981 TO 2010
CLIMATE RECORD PERIOD 1884 TO 2017


WEATHER ITEM   OBSERVED TIME   RECORD YEAR NORMAL DEPARTURE LAST
                VALUE   (LST)  VALUE       VALUE  FROM      YEAR
                                                  NORMAL
..................................................................
TEMPERATURE (F)
 YESTERDAY
  MAXIMUM         63    339 PM  76    2011  58      5       68
  MINIMUM         51    705 AM  10    1963  36     15       49
  AVERAGE         57                        47     10       59

PRECIPITATION (IN)
  YESTERDAY        0.16          2.00 1971   0.15   0.01     1.29
  MONTH TO DATE    1.20                      3.07  -1.87     3.52
  SINCE DEC 1      8.41                     11.00  -2.59    17.14
  SINCE JAN 1      5.72                      6.89  -1.17     7.06

SNOWFALL (IN)
  YESTERDAY        0.0           0.8  1969   0.0    0.0      0.0
  MONTH TO DATE    0.0                       0.8   -0.8      0.4
  SINCE DEC 1      3.1                       3.5   -0.4      2.6
  SINCE JUL 1      3.1                       3.6   -0.5      2.6
  SNOW DEPTH       0

DEGREE DAYS
 HEATING
  YESTERDAY        8                        18    -10        6
  MONTH TO DATE  260                       437   -177      470
  SINCE DEC 1   1352                      1794   -442     1538
  SINCE JUL 1   1678                      2347   -669     1983

 COOLING
  YESTERDAY        0                         0      0        0
  MONTH TO DATE    6                         0      6        0
  SINCE DEC 1      6                         1      5       11
  SINCE JAN 1      6                         0      6        0
..................................................................


WIND (MPH)
  HIGHEST WIND SPEED    13   HIGHEST WIND DIRECTION     N (20)
  HIGHEST GUST SPEED    16   HIGHEST GUST DIRECTION     N (20)
  AVERAGE WIND SPEED     7.7


SKY COVER
  POSSIBLE SUNSHINE  MM
  AVERAGE SKY COVER 0.7


WEATHER CONDITIONS
 THE FOLLOWING WEATHER WAS RECORDED YESTERDAY.
  LIGHT RAIN
  FOG


RELATIVE HUMIDITY (PERCENT)
 HIGHEST   100           800 AM
 LOWEST     72           400 PM
 AVERAGE    86

..........................................................


THE GREENVILLE-SPARTANBURG SC CLIMATE NORMALS FOR TODAY
                         NORMAL    RECORD    YEAR
 MAXIMUM TEMPERATURE (F)   58        76      2012
                                             1996
                                             1980
 MINIMUM TEMPERATURE (F)   37        15      1963


SUNRISE AND SUNSET
FEBRUARY 23 2017......SUNRISE   705 AM EST   SUNSET   619 PM EST
FEBRUARY 24 2017......SUNRISE   704 AM EST   SUNSET   620 PM EST


-  INDICATES NEGATIVE NUMBERS.
R  INDICATES RECORD WAS SET OR TIED.
MM INDICATES DATA IS MISSING.
T  INDICATES TRACE AMOUNT.

$$

OUTLAW
