746
CDUS42 KGSP 130637
CLIGSP

CLIMATE REPORT
NATIONAL WEATHER SERVICE GREENVILLE-SPARTANBURG SC
136 AM EST SAT FEB 13 2016


...................................

...THE GREENVILLE-SPARTANBURG SC CLIMATE SUMMARY FOR FEBRUARY 12 2016...

CLIMATE NORMAL PERIOD 1981 TO 2010
CLIMATE RECORD PERIOD 1884 TO 2016


WEATHER ITEM   OBSERVED TIME   RECORD YEAR NORMAL DEPARTURE LAST
                VALUE   (LST)  VALUE       VALUE  FROM      YEAR
                                                  NORMAL
..................................................................
TEMPERATURE (F)
 YESTERDAY
  MAXIMUM         46    503 PM  75    1987  56    -10       60
                                      1961
  MINIMUM         28   1110 AM  13    1981  34     -6       26
                                      1968
                                      1955
  AVERAGE         37                        45     -8       43

PRECIPITATION (IN)
  YESTERDAY        0.04          1.75 1900   0.13  -0.09     0.00
  MONTH TO DATE    1.66                      1.59   0.07     1.34
  SINCE DEC 1     15.28                      9.52   5.76     8.83
  SINCE JAN 1      5.20                      5.41  -0.21     5.20

SNOWFALL (IN)
  YESTERDAY        0.4           5.0  1895   0.0    0.4      0.0
  MONTH TO DATE    0.4                       0.4    0.0      0.0
  SINCE DEC 1      2.6                       3.1   -0.5      0.0
  SINCE JUL 1      2.6                       3.2   -0.6       T
  SNOW DEPTH       0

DEGREE DAYS
 HEATING
  YESTERDAY       28                        20      8       22
  MONTH TO DATE  257                       249      8      249
  SINCE DEC 1   1325                      1606   -281     1490
  SINCE JUL 1   1770                      2159   -389     2127

 COOLING
  YESTERDAY        0                         0      0        0
  MONTH TO DATE    0                         0      0        0
  SINCE DEC 1     11                         1     10        0
  SINCE JAN 1      0                         0      0        0
..................................................................


WIND (MPH)
  HIGHEST WIND SPEED    13   HIGHEST WIND DIRECTION     W (280)
  HIGHEST GUST SPEED    18   HIGHEST GUST DIRECTION     W (290)
  AVERAGE WIND SPEED     5.3


SKY COVER
  POSSIBLE SUNSHINE  MM
  AVERAGE SKY COVER 0.4


WEATHER CONDITIONS
 THE FOLLOWING WEATHER WAS RECORDED YESTERDAY.
  SNOW
  LIGHT SNOW
  FOG


RELATIVE HUMIDITY (PERCENT)
 HIGHEST    92          1100 AM
 LOWEST     47           900 AM
 AVERAGE    70

..........................................................


THE GREENVILLE-SPARTANBURG SC CLIMATE NORMALS FOR TODAY
                         NORMAL    RECORD    YEAR
 MAXIMUM TEMPERATURE (F)   56        74      1898
 MINIMUM TEMPERATURE (F)   35         1      1899


SUNRISE AND SUNSET
FEBRUARY 13 2016......SUNRISE   717 AM EST   SUNSET   609 PM EST
FEBRUARY 14 2016......SUNRISE   716 AM EST   SUNSET   610 PM EST


-  INDICATES NEGATIVE NUMBERS.
R  INDICATES RECORD WAS SET OR TIED.
MM INDICATES DATA IS MISSING.
T  INDICATES TRACE AMOUNT.




$$
JPT
