000
CDUS45 KTFX 260817
CLIGTF


CLIMATE REPORT
NATIONAL WEATHER SERVICE GREAT FALLS MT
216 AM MDT MON JUN 26 2017


...................................

...THE GREAT FALLS MT CLIMATE SUMMARY FOR JUNE 25 2017...

CLIMATE NORMAL PERIOD 1981 TO 2010
CLIMATE RECORD PERIOD 1886 TO 2017


WEATHER ITEM   OBSERVED TIME   RECORD YEAR NORMAL DEPARTURE LAST
                VALUE   (LST)  VALUE       VALUE  FROM      YEAR
                                                  NORMAL
..................................................................
TEMPERATURE (F)
 YESTERDAY
  MAXIMUM         82    417 PM  99    1919  77      5       73
  MINIMUM         44    308 AM  37    2003  48     -4       48
  AVERAGE         63                        62      1       61

PRECIPITATION (IN)
  YESTERDAY        0.00          2.16 1969   0.07  -0.07      T
  MONTH TO DATE    2.09                      2.22  -0.13     0.93
  SINCE OCT 1     12.44                      9.95   2.49    12.05
  SINCE JAN 1      9.51                      7.95   1.56     6.95

SNOWFALL (IN)
  YESTERDAY        0.0           0.0  2002   0.0    0.0      0.0
  MONTH TO DATE    0.0                       0.3   -0.3       T
  SINCE JUN 1      0.0                       0.3   -0.3       T
  SINCE JUL 1     48.4                      63.5  -15.1     46.9
  SNOW DEPTH       0

DEGREE DAYS
 HEATING
  YESTERDAY        2                         4     -2        4
  MONTH TO DATE  118                       171    -53      104
  SINCE JUN 1    118                       171    -53      104
  SINCE JUL 1   7610                      7706    -96     6793

 COOLING
  YESTERDAY        0                         2     -2        0
  MONTH TO DATE   22                        23     -1       27
  SINCE JUN 1     22                        23     -1       27
  SINCE JAN 1     29                        30     -1       27
..................................................................


WIND (MPH)
  HIGHEST WIND SPEED    14   HIGHEST WIND DIRECTION    SE (120)
  HIGHEST GUST SPEED    18   HIGHEST GUST DIRECTION    SE (130)
  AVERAGE WIND SPEED     6.4


SKY COVER
  AVERAGE SKY COVER 0.0


WEATHER CONDITIONS
 THE FOLLOWING WEATHER WAS RECORDED YESTERDAY.
  NO SIGNIFICANT WEATHER WAS OBSERVED.


RELATIVE HUMIDITY (PERCENT)
 HIGHEST    83           300 AM
 LOWEST     20           300 PM
 AVERAGE    52

..........................................................


THE GREAT FALLS MT CLIMATE NORMALS FOR TODAY
                         NORMAL    RECORD    YEAR
 MAXIMUM TEMPERATURE (F)   77       101      1919
 MINIMUM TEMPERATURE (F)   48        36      2011
                                             1999


SUNRISE AND SUNSET
JUNE 26 2017..........SUNRISE   530 AM MDT   SUNSET   927 PM MDT
JUNE 27 2017..........SUNRISE   530 AM MDT   SUNSET   927 PM MDT


-  INDICATES NEGATIVE NUMBERS.
R  INDICATES RECORD WAS SET OR TIED.
MM INDICATES DATA IS MISSING.
T  INDICATES TRACE AMOUNT.




$$
