000
CDUS45 KTFX 250754
CLIGTF


CLIMATE REPORT
NATIONAL WEATHER SERVICE GREAT FALLS MT
154 AM MDT WED MAY 25 2016


...................................

...THE GREAT FALLS MT CLIMATE SUMMARY FOR MAY 24 2016...

CLIMATE NORMAL PERIOD 1981 TO 2010
CLIMATE RECORD PERIOD 1886 TO 2016


WEATHER ITEM   OBSERVED TIME   RECORD YEAR NORMAL DEPARTURE LAST
                VALUE   (LST)  VALUE       VALUE  FROM      YEAR
                                                  NORMAL
..................................................................
TEMPERATURE (F)
 YESTERDAY
  MAXIMUM         62    352 PM  90    1922  67     -5       65
                                      1919
  MINIMUM         37    510 AM  30    1995  41     -4       39
  AVERAGE         50                        54     -4       52

PRECIPITATION (IN)
  YESTERDAY        0.00          1.75 1953   0.09  -0.09     0.00
  MONTH TO DATE    1.89                      1.69   0.20     2.20
  SINCE OCT 1     10.97                      7.00   3.97     7.53
  SINCE JAN 1      5.87                      5.00   0.87     4.58

SNOWFALL (IN)
  YESTERDAY        0.0           6.2  1904   0.1   -0.1      0.0
  MONTH TO DATE    T                         2.4   -2.4       T
  SINCE MAR 1      9.0                      22.9  -13.9      1.6
  SINCE JUL 1     46.9                      62.9  -16.0     57.9
  SNOW DEPTH       0

DEGREE DAYS
 HEATING
  YESTERDAY       15                        11      4       13
  MONTH TO DATE  335                       346    -11      383
  SINCE MAR 1   1666                      1958   -292     1656
  SINCE JUL 1   6604                      7463   -859     6794

 COOLING
  YESTERDAY        0                         0      0        0
  MONTH TO DATE    0                         0      0        0
  SINCE MAR 1      0                         1     -1        0
  SINCE JAN 1      0                         1     -1        0
..................................................................


WIND (MPH)
  HIGHEST WIND SPEED    12   HIGHEST WIND DIRECTION     S (200)
  HIGHEST GUST SPEED    13   HIGHEST GUST DIRECTION    NW (330)
  AVERAGE WIND SPEED     4.7


SKY COVER
  AVERAGE SKY COVER 0.8


WEATHER CONDITIONS
 THE FOLLOWING WEATHER WAS RECORDED YESTERDAY.
  NO SIGNIFICANT WEATHER WAS OBSERVED.


RELATIVE HUMIDITY (PERCENT)
 HIGHEST   100           200 AM
 LOWEST     36           400 PM
 AVERAGE    68

..........................................................


THE GREAT FALLS MT CLIMATE NORMALS FOR TODAY
                         NORMAL    RECORD    YEAR
 MAXIMUM TEMPERATURE (F)   67        94      1928
 MINIMUM TEMPERATURE (F)   41        31      2012
                                             1918


SUNRISE AND SUNSET
MAY 25 2016...........SUNRISE   537 AM MDT   SUNSET   908 PM MDT
MAY 26 2016...........SUNRISE   536 AM MDT   SUNSET   909 PM MDT


-  INDICATES NEGATIVE NUMBERS.
R  INDICATES RECORD WAS SET OR TIED.
MM INDICATES DATA IS MISSING.
T  INDICATES TRACE AMOUNT.




$$
