000
CDUS45 KTFX 011024
CLIGTF


CLIMATE REPORT
NATIONAL WEATHER SERVICE GREAT FALLS MT
423 AM MDT WED JUL 1 2015


...................................

...THE GREAT FALLS MT CLIMATE SUMMARY FOR JUNE 30 2015...

CLIMATE NORMAL PERIOD 1981 TO 2010
CLIMATE RECORD PERIOD 1886 TO 2015


WEATHER ITEM   OBSERVED TIME   RECORD YEAR NORMAL DEPARTURE LAST
                VALUE   (LST)  VALUE       VALUE  FROM      YEAR
                                                  NORMAL
..................................................................
TEMPERATURE (F)
 YESTERDAY
  MAXIMUM         93    408 PM 101    1990  79     14       73
  MINIMUM         65    439 AM  36    1995  49     16       42
  AVERAGE         79                        64     15       58

PRECIPITATION (IN)
  YESTERDAY        T             0.92 1892   0.06  -0.06     0.00
  MONTH TO DATE    0.44                      2.53  -2.09     4.18
  SINCE OCT 1      9.19                     10.26  -1.07    13.34
  SINCE JAN 1      6.24                      8.26  -2.02    11.29

SNOWFALL (IN)
  YESTERDAY        0.0           0.0  2002   0.0    0.0      0.0
  MONTH TO DATE    0.0                       0.3   -0.3      0.0
  SINCE JUN 1      0.0                       0.3   -0.3      0.0
  SINCE JUL 1     57.9                      63.5   -5.6     76.4
  SNOW DEPTH       0

DEGREE DAYS
 HEATING
  YESTERDAY        0                         4     -4        7
  MONTH TO DATE   82                       191   -109      223
  SINCE JUN 1     82                       191   -109      223
  SINCE JUL 1   6930                      7726   -796     8011

 COOLING
  YESTERDAY       14                         2     12        0
  MONTH TO DATE   94                        32     62        0
  SINCE JUN 1     94                        32     62        0
  SINCE JAN 1     94                        39     55        0
..................................................................


WIND (MPH)
  HIGHEST WIND SPEED    26   HIGHEST WIND DIRECTION     W (290)
  HIGHEST GUST SPEED    41   HIGHEST GUST DIRECTION     W (290)
  AVERAGE WIND SPEED    12.5


SKY COVER
  AVERAGE SKY COVER 0.0


WEATHER CONDITIONS
 THE FOLLOWING WEATHER WAS RECORDED YESTERDAY.
  LIGHT RAIN


RELATIVE HUMIDITY (PERCENT)
 HIGHEST    73           400 AM
 LOWEST     15           300 PM
 AVERAGE    44

..........................................................


THE GREAT FALLS MT CLIMATE NORMALS FOR TODAY
                         NORMAL    RECORD    YEAR
 MAXIMUM TEMPERATURE (F)   79        99      1990
 MINIMUM TEMPERATURE (F)   49        35      1894


SUNRISE AND SUNSET
JULY  1 2015..........SUNRISE   532 AM MDT   SUNSET   926 PM MDT
JULY  2 2015..........SUNRISE   533 AM MDT   SUNSET   926 PM MDT


-  INDICATES NEGATIVE NUMBERS.
R  INDICATES RECORD WAS SET OR TIED.
MM INDICATES DATA IS MISSING.
T  INDICATES TRACE AMOUNT.




$$
