000
CDUS45 KTFX 281011
CLIGTF


CLIMATE REPORT
NATIONAL WEATHER SERVICE GREAT FALLS MT
310 AM MST WED JAN 28 2015


...................................

...THE GREAT FALLS MT CLIMATE SUMMARY FOR JANUARY 27 2015...

CLIMATE NORMAL PERIOD 1981 TO 2010
CLIMATE RECORD PERIOD 1886 TO 2015


WEATHER ITEM   OBSERVED TIME   RECORD YEAR NORMAL DEPARTURE LAST
                VALUE   (LST)  VALUE       VALUE  FROM      YEAR
                                                  NORMAL
..................................................................
TEMPERATURE (F)
 YESTERDAY
  MAXIMUM         64R  1252 PM  59    1934  36     28       24
  MINIMUM         46    853 PM -40    1916  16     30        4
  AVERAGE         55                        26     29       14

PRECIPITATION (IN)
  YESTERDAY        0.00          0.49 1949   0.02  -0.02     0.00
  MONTH TO DATE    0.90                      0.45   0.45     0.70
  SINCE OCT 1      3.85                      2.45   1.40     2.75
  SINCE JAN 1      0.90                      0.45   0.45     0.70

SNOWFALL (IN)
  YESTERDAY        0.0           6.0  1893   0.3   -0.3      0.0
  MONTH TO DATE   14.0                       7.5    6.5     12.2
  SINCE DEC 1     30.2                      17.0   13.2     25.4
  SINCE JUL 1     47.6                      30.7   16.9     35.1
  SNOW DEPTH       0

DEGREE DAYS
 HEATING
  YESTERDAY       10                        39    -29       51
  MONTH TO DATE 1043                      1077    -34      902
  SINCE DEC 1   2171                      2325   -154     2256
  SINCE JUL 1   4060                      4294   -234     4056

 COOLING
  YESTERDAY        0                         0      0        0
  MONTH TO DATE    0                         0      0        0
  SINCE DEC 1      0                         0      0        0
  SINCE JAN 1      0                         0      0        0
..................................................................


WIND (MPH)
  HIGHEST WIND SPEED    23   HIGHEST WIND DIRECTION    SW (230)
  HIGHEST GUST SPEED    28   HIGHEST GUST DIRECTION    SW (220)
  AVERAGE WIND SPEED    13.9


SKY COVER
  AVERAGE SKY COVER 0.1


WEATHER CONDITIONS
 THE FOLLOWING WEATHER WAS RECORDED YESTERDAY.
  NO SIGNIFICANT WEATHER WAS OBSERVED.


RELATIVE HUMIDITY (PERCENT)
 HIGHEST    49           800 AM
 LOWEST     22          1200 PM
 AVERAGE    36

..........................................................


THE GREAT FALLS MT CLIMATE NORMALS FOR TODAY
                         NORMAL    RECORD    YEAR
 MAXIMUM TEMPERATURE (F)   36        61      1931
 MINIMUM TEMPERATURE (F)   16       -42      1916


SUNRISE AND SUNSET
JANUARY 28 2015.......SUNRISE   757 AM MST   SUNSET   521 PM MST
JANUARY 29 2015.......SUNRISE   756 AM MST   SUNSET   522 PM MST


-  INDICATES NEGATIVE NUMBERS.
R  INDICATES RECORD WAS SET OR TIED.
MM INDICATES DATA IS MISSING.
T  INDICATES TRACE AMOUNT.




$$
