000
CDUS45 KTFX 020739
CLIGTF


CLIMATE REPORT
NATIONAL WEATHER SERVICE GREAT FALLS MT
139 AM MDT WED SEP 2 2015


...................................

...THE GREAT FALLS MT CLIMATE SUMMARY FOR SEPTEMBER 1 2015...

CLIMATE NORMAL PERIOD 1981 TO 2010
CLIMATE RECORD PERIOD 1886 TO 2015


WEATHER ITEM   OBSERVED TIME   RECORD YEAR NORMAL DEPARTURE LAST
                VALUE   (LST)  VALUE       VALUE  FROM      YEAR
                                                  NORMAL
..................................................................
TEMPERATURE (F)
 YESTERDAY
  MAXIMUM         84    433 PM  97    1967  77      7       72
  MINIMUM         56    128 AM  34    1930  47      9       45
  AVERAGE         70                        62      8       59

PRECIPITATION (IN)
  YESTERDAY        0.00          1.02 1910   0.05  -0.05     0.00
  MONTH TO DATE    0.00                      0.05  -0.05     0.00
  SINCE OCT 1     11.00                     13.38  -2.38    18.51
  SINCE JAN 1      8.05                     11.38  -3.33    16.46

SNOWFALL (IN)
  YESTERDAY        0.0           0.0  2002   0.0    0.0      0.0
  MONTH TO DATE    0.0                       0.0    0.0      0.0
  SINCE SEP 1      0.0                       0.0    0.0      0.0
  SINCE JUL 1      0.0                       0.3   -0.3      0.0
  SNOW DEPTH       0

DEGREE DAYS
 HEATING
  YESTERDAY        0                         5     -5        6
  MONTH TO DATE    0                         5     -5        6
  SINCE SEP 1      0                         5     -5        6
  SINCE JUL 1     96                       126    -30       76

 COOLING
  YESTERDAY        5                         2      3        0
  MONTH TO DATE    5                         2      3        0
  SINCE SEP 1      5                         2      3        0
  SINCE JAN 1    396                       278    118      324
..................................................................


WIND (MPH)
  HIGHEST WIND SPEED    32   HIGHEST WIND DIRECTION    SW (230)
  HIGHEST GUST SPEED    39   HIGHEST GUST DIRECTION    SW (230)
  AVERAGE WIND SPEED    14.3


SKY COVER
  AVERAGE SKY COVER 0.0


WEATHER CONDITIONS
 THE FOLLOWING WEATHER WAS RECORDED YESTERDAY.
  NO SIGNIFICANT WEATHER WAS OBSERVED.


RELATIVE HUMIDITY (PERCENT)
 HIGHEST    47           200 AM
 LOWEST     13           400 PM
 AVERAGE    30

..........................................................


THE GREAT FALLS MT CLIMATE NORMALS FOR TODAY
                         NORMAL    RECORD    YEAR
 MAXIMUM TEMPERATURE (F)   76        96      1969
 MINIMUM TEMPERATURE (F)   46        33      1962
                                             1961


SUNRISE AND SUNSET
SEPTEMBER  2 2015.....SUNRISE   645 AM MDT   SUNSET   804 PM MDT
SEPTEMBER  3 2015.....SUNRISE   647 AM MDT   SUNSET   802 PM MDT


-  INDICATES NEGATIVE NUMBERS.
R  INDICATES RECORD WAS SET OR TIED.
MM INDICATES DATA IS MISSING.
T  INDICATES TRACE AMOUNT.




$$
