000
CDUS45 KTFX 140954
CLIGTF


CLIMATE REPORT
NATIONAL WEATHER SERVICE GREAT FALLS MT
353 AM MDT MON JUL 14 2014


...................................

...THE GREAT FALLS MT CLIMATE SUMMARY FOR JULY 13 2014...

CLIMATE NORMAL PERIOD 1981 TO 2010
CLIMATE RECORD PERIOD 1886 TO 2014


WEATHER ITEM   OBSERVED TIME   RECORD YEAR NORMAL DEPARTURE LAST
                VALUE   (LST)  VALUE       VALUE  FROM      YEAR
                                                  NORMAL
..................................................................
TEMPERATURE (F)
 YESTERDAY
  MAXIMUM         90    415 PM 102    1953  83      7       78
  MINIMUM         52    527 AM  42    1994  51      1       50
                                      1894
  AVERAGE         71                        67      4       64

PRECIPITATION (IN)
  YESTERDAY        0.00          1.14 1989   0.06  -0.06     0.00
  MONTH TO DATE    0.01                      0.75  -0.74     0.08
  SINCE OCT 1     13.35                     11.01   2.34    10.86
  SINCE JAN 1     11.30                      9.01   2.29     7.52

SNOWFALL (IN)
  YESTERDAY        0.0           0.0  2002   0.0    0.0      0.0
  MONTH TO DATE    0.0                       0.0    0.0      0.0
  SINCE JUN 1      0.0                       0.3   -0.3      0.0
  SINCE JUL 1      0.0                       0.0    0.0      0.0
  SNOW DEPTH       0

DEGREE DAYS
 HEATING
  YESTERDAY        0                         2     -2        1
  MONTH TO DATE    3                        31    -28        7
  SINCE JUN 1    226                       222      4      179
  SINCE JUL 1      3                        31    -28        7

 COOLING
  YESTERDAY        6                         4      2        0
  MONTH TO DATE   72                        40     32       79
  SINCE JUN 1     72                        72      0      106
  SINCE JAN 1     72                        79     -7      109
..................................................................


WIND (MPH)
  HIGHEST WIND SPEED    17   HIGHEST WIND DIRECTION    NE (50)
  HIGHEST GUST SPEED    21   HIGHEST GUST DIRECTION    NE (40)
  AVERAGE WIND SPEED     6.9


SKY COVER
  AVERAGE SKY COVER 0.0


WEATHER CONDITIONS
 THE FOLLOWING WEATHER WAS RECORDED YESTERDAY.
  NO SIGNIFICANT WEATHER WAS OBSERVED.


RELATIVE HUMIDITY (PERCENT)
 HIGHEST    45          1100 PM
 LOWEST     23           600 PM
 AVERAGE    34

..........................................................


THE GREAT FALLS MT CLIMATE NORMALS FOR TODAY
                         NORMAL    RECORD    YEAR
 MAXIMUM TEMPERATURE (F)   84       101      2002
 MINIMUM TEMPERATURE (F)   51        41      1912


SUNRISE AND SUNSET
JULY 14 2014..........SUNRISE   543 AM MDT   SUNSET   919 PM MDT
JULY 15 2014..........SUNRISE   544 AM MDT   SUNSET   919 PM MDT


-  INDICATES NEGATIVE NUMBERS.
R  INDICATES RECORD WAS SET OR TIED.
MM INDICATES DATA IS MISSING.
T  INDICATES TRACE AMOUNT.




$$
