000
CDUS45 KTFX 251045
CLIGTF


CLIMATE REPORT
NATIONAL WEATHER SERVICE GREAT FALLS MT
344 AM MST SAT FEB 25 2017


...................................

...THE GREAT FALLS MT CLIMATE SUMMARY FOR FEBRUARY 24 2017...

CLIMATE NORMAL PERIOD 1981 TO 2010
CLIMATE RECORD PERIOD 1886 TO 2017


WEATHER ITEM   OBSERVED TIME   RECORD YEAR NORMAL DEPARTURE LAST
                VALUE   (LST)  VALUE       VALUE  FROM      YEAR
                                                  NORMAL
..................................................................
TEMPERATURE (F)
 YESTERDAY
  MAXIMUM         33    352 PM  68    1995  40     -7       42
  MINIMUM         19   1159 PM -22    1922  17      2       11
  AVERAGE         26                        29     -3       27

PRECIPITATION (IN)
  YESTERDAY        T             0.32 1917   0.01  -0.01     0.00
  MONTH TO DATE    0.38                      0.39  -0.01     0.03
  SINCE OCT 1      4.16                      2.90   1.26     5.75
  SINCE JAN 1      1.23                      0.90   0.33     0.65

SNOWFALL (IN)
  YESTERDAY        T             4.0  1917   0.3   -0.3      0.0
  MONTH TO DATE    3.8                       7.0   -3.2      0.1
  SINCE DEC 1     32.1                      25.1    7.0     22.0
  SINCE JUL 1     34.8                      38.8   -4.0     37.9
  SNOW DEPTH       T

DEGREE DAYS
 HEATING
  YESTERDAY       39                        36      3       38
  MONTH TO DATE  918                       912      6      648
  SINCE DEC 1   3933                      3394    539     2991
  SINCE JUL 1   5518                      5363    155     4812

 COOLING
  YESTERDAY        0                         0      0        0
  MONTH TO DATE    0                         0      0        0
  SINCE DEC 1      0                         0      0        0
  SINCE JAN 1      0                         0      0        0
..................................................................


WIND (MPH)
  HIGHEST WIND SPEED    14   HIGHEST WIND DIRECTION     N (350)
  HIGHEST GUST SPEED    17   HIGHEST GUST DIRECTION     N (350)
  AVERAGE WIND SPEED     3.9


SKY COVER
  AVERAGE SKY COVER 0.9


WEATHER CONDITIONS
 THE FOLLOWING WEATHER WAS RECORDED YESTERDAY.
  LIGHT SNOW
  FOG


RELATIVE HUMIDITY (PERCENT)
 HIGHEST    96           500 AM
 LOWEST     39           400 PM
 AVERAGE    68

..........................................................


THE GREAT FALLS MT CLIMATE NORMALS FOR TODAY
                         NORMAL    RECORD    YEAR
 MAXIMUM TEMPERATURE (F)   40        64      1896
 MINIMUM TEMPERATURE (F)   17       -24      2011


SUNRISE AND SUNSET
FEBRUARY 25 2017......SUNRISE   713 AM MST   SUNSET   605 PM MST
FEBRUARY 26 2017......SUNRISE   711 AM MST   SUNSET   606 PM MST


-  INDICATES NEGATIVE NUMBERS.
R  INDICATES RECORD WAS SET OR TIED.
MM INDICATES DATA IS MISSING.
T  INDICATES TRACE AMOUNT.




$$
