000
CDGM40 PGUM 010631
CLIGUM


CLIMATE REPORT
NATIONAL WEATHER SERVICE TIYAN, GUAM
431 PM CHST WED JUL 1 2015


...................................

...THE GUAM INTERNATIONAL AIRPORT GU CLIMATE SUMMARY FOR JULY 1 2015...
VALID TODAY AS OF 0400 PM LOCAL TIME.

CLIMATE NORMAL PERIOD 1981 TO 2010
CLIMATE RECORD PERIOD 1945 TO 2015


WEATHER ITEM   OBSERVED TIME   RECORD YEAR NORMAL DEPARTURE LAST
                VALUE   (LST)  VALUE       VALUE  FROM      YEAR
                                                  NORMAL
..................................................................
TEMPERATURE (F)
 TODAY
  MAXIMUM         90    309 PM  93    1969  88      2       89
  MINIMUM         77    600 AM  73    1967  77      0       80
  AVERAGE         84                        82      2       85

PRECIPITATION (IN)
  TODAY            T             1.36 1948   0.31  -0.31     0.16
  MONTH TO DATE    T                         0.31  -0.31     0.16
  SINCE JUN 1      5.32                      7.40  -2.08     6.24
  SINCE JAN 1     34.71                     27.54   7.17    37.28

SNOWFALL (IN)
  TODAY            0.0
  MONTH TO DATE    0.0
  SINCE JUN 1      0.0
  SINCE JUL 1      0.0
  SNOW DEPTH       0

DEGREE DAYS
 HEATING
  TODAY            0
  MONTH TO DATE    0
  SINCE JUN 1      0
  SINCE JUL 1      0

 COOLING
  TODAY           19                        17      2       20
  MONTH TO DATE   19                        17      2       20
  SINCE JUN 1    567                       546     21      608
  SINCE JAN 1   3072                      2974     98     3244
..................................................................


WIND (MPH)
  RESULTANT WIND SPEED   7   RESULTANT WIND DIRECTION  NE (60)
  HIGHEST WIND SPEED    21   HIGHEST WIND DIRECTION     E (70)
  HIGHEST GUST SPEED    23   HIGHEST GUST DIRECTION     E (70)
  AVERAGE WIND SPEED     7.3


SKY COVER
  POSSIBLE SUNSHINE  MM
  AVERAGE SKY COVER 0.3


WEATHER CONDITIONS
 THE FOLLOWING WEATHER WAS RECORDED TODAY.
  LIGHT RAIN


RELATIVE HUMIDITY (PERCENT)
 HIGHEST    94           600 AM
 LOWEST     59           200 PM
 AVERAGE    77

..........................................................


THE GUAM INTERNATIONAL AIRPORT GU CLIMATE NORMALS FOR TOMORROW
                         NORMAL    RECORD    YEAR
 MAXIMUM TEMPERATURE (F)   88        94      1969
 MINIMUM TEMPERATURE (F)   77        71      1994


SUNRISE AND SUNSET
JULY  1 2015..........SUNRISE   557 AM CHST  SUNSET   652 PM CHST
JULY  2 2015..........SUNRISE   557 AM CHST  SUNSET   652 PM CHST


-  INDICATES NEGATIVE NUMBERS.
R  INDICATES RECORD WAS SET OR TIED.
MM INDICATES DATA IS MISSING.
T  INDICATES TRACE AMOUNT.




$$
