000
CDGM40 PGUM 030637
CLIGUM


CLIMATE REPORT
NATIONAL WEATHER SERVICE TIYAN, GUAM
435 PM CHST TUE MAR 3 2015


...................................

...THE GUAM INTERNATIONAL AIRPORT GU CLIMATE SUMMARY FOR MARCH 3 2015...
VALID TODAY AS OF 0400 PM LOCAL TIME.

CLIMATE NORMAL PERIOD 1981 TO 2010
CLIMATE RECORD PERIOD 1945 TO 2015


WEATHER ITEM   OBSERVED TIME   RECORD YEAR NORMAL DEPARTURE LAST
                VALUE   (LST)  VALUE       VALUE  FROM      YEAR
                                                  NORMAL
..................................................................
TEMPERATURE (F)
 TODAY
  MAXIMUM         87   1235 PM  90    1986  85      2       85
                                      1984
  MINIMUM         74    655 AM  68    1969  75     -1       75
  AVERAGE         81                        80      1       80

PRECIPITATION (IN)
  TODAY            0.01          0.84 2014   0.13  -0.12     0.84
  MONTH TO DATE    0.11                      0.38  -0.27     0.96
  SINCE MAR 1      0.11                      0.38  -0.27     0.96
  SINCE JAN 1      8.85                      9.87  -1.02    22.99

SNOWFALL (IN)
  TODAY            0.0
  MONTH TO DATE    0.0
  SINCE MAR 1      0.0
  SINCE JUL 1      0.0
  SNOW DEPTH       0

DEGREE DAYS
 HEATING
  TODAY            0
  MONTH TO DATE    0
  SINCE MAR 1      0
  SINCE JUL 1      0

 COOLING
  TODAY           16                        15      1       15
  MONTH TO DATE   51                        45      6       49
  SINCE MAR 1     51                        45      6       49
  SINCE JAN 1   1004                       935     69      996
..................................................................


WIND (MPH)
  RESULTANT WIND SPEED   9   RESULTANT WIND DIRECTION  NE (60)
  HIGHEST WIND SPEED    25   HIGHEST WIND DIRECTION     E (80)
  HIGHEST GUST SPEED    33   HIGHEST GUST DIRECTION     E (70)
  AVERAGE WIND SPEED     9.7


SKY COVER
  POSSIBLE SUNSHINE  MM
  AVERAGE SKY COVER 0.4


WEATHER CONDITIONS
 THE FOLLOWING WEATHER WAS RECORDED TODAY.
  NO SIGNIFICANT WEATHER WAS OBSERVED.


RELATIVE HUMIDITY (PERCENT)
 HIGHEST    93           700 AM
 LOWEST     65          1000 AM
 AVERAGE    79

..........................................................


THE GUAM INTERNATIONAL AIRPORT GU CLIMATE NORMALS FOR TOMORROW
                         NORMAL    RECORD    YEAR
 MAXIMUM TEMPERATURE (F)   85        90      1981
 MINIMUM TEMPERATURE (F)   75        67      1973


SUNRISE AND SUNSET
MARCH  3 2015.........SUNRISE   636 AM CHST  SUNSET   630 PM CHST
MARCH  4 2015.........SUNRISE   636 AM CHST  SUNSET   630 PM CHST


-  INDICATES NEGATIVE NUMBERS.
R  INDICATES RECORD WAS SET OR TIED.
MM INDICATES DATA IS MISSING.
T  INDICATES TRACE AMOUNT.




$$
