000
CDGM40 PGUM 231845
CLIGUM


CLIMATE REPORT
NATIONAL WEATHER SERVICE TIYAN, GUAM
445 AM CHST THU JUL 24 2014


...................................

...THE GUAM INTERNATIONAL AIRPORT GU CLIMATE SUMMARY FOR JULY 23 2014...

CLIMATE NORMAL PERIOD 1981 TO 2010
CLIMATE RECORD PERIOD 1945 TO 2014


WEATHER ITEM   OBSERVED TIME   RECORD YEAR NORMAL DEPARTURE LAST
                VALUE   (LST)  VALUE       VALUE  FROM      YEAR
                                                  NORMAL
..................................................................
TEMPERATURE (F)
 YESTERDAY
  MAXIMUM         89    219 PM  92    1988  87      2       91
                                      1953
  MINIMUM         79   1034 PM  71    1949  76      3       79
  AVERAGE         84                        82      2       85

PRECIPITATION (IN)
  YESTERDAY        0.33          3.42 1987   0.43  -0.10     0.51
  MONTH TO DATE   11.91                      8.66   3.25     4.88
  SINCE JUN 1     17.99                     15.75   2.24    11.20
  SINCE JAN 1     49.03                     35.89  13.14    27.87

SNOWFALL (IN)
  YESTERDAY        0.0
  MONTH TO DATE    0.0
  SINCE JUN 1      0.0
  SINCE JUL 1      0.0
  SNOW DEPTH       0

DEGREE DAYS
 HEATING
  YESTERDAY        0                         0      0        0
  MONTH TO DATE    0                         0      0        0
  SINCE JUN 1      0                         0      0        0
  SINCE JUL 1      0                         0      0        0

 COOLING
  YESTERDAY       19                        17      2       20
  MONTH TO DATE  419                       391     28      466
  SINCE JUN 1   1007                       920     87     1083
  SINCE JAN 1   3643                      3348    295     3788
..................................................................


WIND (MPH)
  RESULTANT WIND SPEED   7   RESULTANT WIND DIRECTION   E (70)
  HIGHEST WIND SPEED    21   HIGHEST WIND DIRECTION    NE (40)
  HIGHEST GUST SPEED    25   HIGHEST GUST DIRECTION     N (20)
  AVERAGE WIND SPEED     6.8


SKY COVER
  POSSIBLE SUNSHINE  MM
  AVERAGE SKY COVER 0.3


WEATHER CONDITIONS
 THE FOLLOWING WEATHER WAS RECORDED YESTERDAY.
  THUNDERSTORM
  LIGHT RAIN
  FOG


RELATIVE HUMIDITY (PERCENT)
 HIGHEST    97           100 AM
 LOWEST     64           100 PM
 AVERAGE    81

..........................................................


THE GUAM INTERNATIONAL AIRPORT GU CLIMATE NORMALS FOR TODAY
                         NORMAL    RECORD    YEAR
 MAXIMUM TEMPERATURE (F)   87        92      1991
                                             1984
                                             1966
 MINIMUM TEMPERATURE (F)   76        70      1949


SUNRISE AND SUNSET
JULY 24 2014..........SUNRISE   604 AM CHST  SUNSET   651 PM CHST
JULY 25 2014..........SUNRISE   604 AM CHST  SUNSET   651 PM CHST


-  INDICATES NEGATIVE NUMBERS.
R  INDICATES RECORD WAS SET OR TIED.
MM INDICATES DATA IS MISSING.
T  INDICATES TRACE AMOUNT.




$$
