000
CDUS44 KAMA 200727
CLIGUY


CLIMATE REPORT
NATIONAL WEATHER SERVICE AMARILLO TX
126 AM CST SAT JAN 20 2018


...................................

...THE GUYMON CLIMATE SUMMARY FOR JANUARY 19 2018...

CLIMATE NORMAL PERIOD 1981 TO 2010
CLIMATE RECORD PERIOD 1998 TO 2018


WEATHER ITEM   OBSERVED TIME   RECORD YEAR NORMAL DEPARTURE LAST
                VALUE   (LST)  VALUE       VALUE  FROM      YEAR
                                                  NORMAL
..................................................................
TEMPERATURE (F)
 YESTERDAY
  MAXIMUM         74R   327 PM  72    2014  50     24       51
  MINIMUM         25    802 AM  12    2001  22      3       26
  AVERAGE         50                        36     14       39

PRECIPITATION (IN)
  YESTERDAY        0.00         MM      MM   0.02  -0.02     0.00
  MONTH TO DATE    0.01                      0.17  -0.16     1.84
  SINCE DEC 1      0.04                      0.81  -0.77     2.28
  SINCE JAN 1      0.01                      0.17  -0.16     1.84

SNOWFALL (IN)
  YESTERDAY        0.0          MM      MM  MM     MM        0.0
  MONTH TO DATE    0.0                      MM     MM        0.0
  SINCE DEC 1      T                        MM     MM        0.8
  SINCE JUL 1      T                        MM     MM        0.8
  SNOW DEPTH       0

DEGREE DAYS
 HEATING
  YESTERDAY       15                        29    -14       26
  MONTH TO DATE  578                       568     10      611
  SINCE DEC 1   1469                      1494    -25     1563
  SINCE JUL 1   2197                      2385   -188     2101

 COOLING
  YESTERDAY        0                         0      0        0
  MONTH TO DATE    0                         0      0        0
  SINCE DEC 1      0                         0      0        0
  SINCE JAN 1      0                         0      0        0
..................................................................


WIND (MPH)
  RESULTANT WIND SPEED   9   RESULTANT WIND DIRECTION  SW (210)
  HIGHEST WIND SPEED    17   HIGHEST WIND DIRECTION     S (180)
  HIGHEST GUST SPEED    23   HIGHEST GUST DIRECTION     S (190)
  AVERAGE WIND SPEED     9.1


SKY COVER
  AVERAGE SKY COVER 0.0


WEATHER CONDITIONS
 THE FOLLOWING WEATHER WAS RECORDED YESTERDAY.
  NO SIGNIFICANT WEATHER WAS OBSERVED.


RELATIVE HUMIDITY (PERCENT)
 HIGHEST    50           500 AM
 LOWEST      8           300 PM
 AVERAGE    29

..........................................................


THE GUYMON CLIMATE NORMALS FOR TODAY
                         NORMAL    RECORD    YEAR
 MAXIMUM TEMPERATURE (F)   50        77      2005
 MINIMUM TEMPERATURE (F)   22         9      2001


SUNRISE AND SUNSET
JANUARY 20 2018.......SUNRISE   756 AM CST   SUNSET   559 PM CST
JANUARY 21 2018.......SUNRISE   755 AM CST   SUNSET   600 PM CST


-  INDICATES NEGATIVE NUMBERS.
R  INDICATES RECORD WAS SET OR TIED.
MM INDICATES DATA IS MISSING.
T  INDICATES TRACE AMOUNT.




$$
