000
CDUS44 KAMA 200645
CLIGUY


CLIMATE REPORT
NATIONAL WEATHER SERVICE AMARILLO TX
145 AM CDT SUN APR 20 2014


...................................

...THE GUYMON CLIMATE SUMMARY FOR APRIL 19 2014...

CLIMATE NORMAL PERIOD 1981 TO 2010
CLIMATE RECORD PERIOD 1998 TO 2014


WEATHER ITEM   OBSERVED TIME   NORMAL DEPARTURE LAST
                VALUE   (LST)  VALUE  FROM      YEAR
                                      NORMAL
......................................................
TEMPERATURE (F)
 YESTERDAY
  MAXIMUM         82    248 PM  71     11       66
  MINIMUM         52    648 AM  41     11       24
  AVERAGE         67            56     11       45

PRECIPITATION (IN)
  YESTERDAY        T             0.05  -0.05     0.00
  MONTH TO DATE    0.53          0.92  -0.39     0.18
  SINCE MAR 1      0.74          2.35  -1.61     0.32
  SINCE JAN 1      1.08          3.22  -2.14     1.88

SNOWFALL (IN)
  YESTERDAY        0.0                           0.0
  MONTH TO DATE    2.0                            T
  SINCE MAR 1      3.5                           2.5
  SINCE JUL 1     16.2                          22.0
  SNOW DEPTH       0

DEGREE DAYS
 HEATING
  YESTERDAY        0             9     -9       20
  MONTH TO DATE  227           224      3      308
  SINCE MAR 1    832           805     27      866
  SINCE JUL 1   4398          4272    126     4099

 COOLING
  YESTERDAY        2             0      2        0
  MONTH TO DATE    6             0      6        6
  SINCE MAR 1      7             2      5        6
  SINCE JAN 1      7             2      5        6
......................................................


WIND (MPH)
  RESULTANT WIND SPEED  18   RESULTANT WIND DIRECTION   S (190)
  HIGHEST WIND SPEED    36   HIGHEST WIND DIRECTION     S (200)
  HIGHEST GUST SPEED    41   HIGHEST GUST DIRECTION    SW (210)
  AVERAGE WIND SPEED    17.7


SKY COVER
  AVERAGE SKY COVER 0.1


WEATHER CONDITIONS
 THE FOLLOWING WEATHER WAS RECORDED YESTERDAY.
  LIGHT RAIN


RELATIVE HUMIDITY (PERCENT)
 HIGHEST    71           200 AM
 LOWEST     26           200 PM
 AVERAGE    49

..........................................................


THE GUYMON CLIMATE NORMALS FOR TODAY
                         NORMAL
 MAXIMUM TEMPERATURE (F)   72
 MINIMUM TEMPERATURE (F)   41


SUNRISE AND SUNSET
APRIL 20 2014.........SUNRISE   706 AM CDT   SUNSET   825 PM CDT
APRIL 21 2014.........SUNRISE   704 AM CDT   SUNSET   826 PM CDT


-  INDICATES NEGATIVE NUMBERS.
R  INDICATES RECORD WAS SET OR TIED.
MM INDICATES DATA IS MISSING.
T  INDICATES TRACE AMOUNT.




$$
