000
CDUS44 KAMA 232136
CLIGUY


CLIMATE REPORT
NATIONAL WEATHER SERVICE AMARILLO TX
435 PM CDT FRI JUN 23 2017


...................................

...THE GUYMON CLIMATE SUMMARY FOR JUNE 23 2017...
VALID TODAY AS OF 0400 PM LOCAL TIME.

CLIMATE NORMAL PERIOD 1981 TO 2010
CLIMATE RECORD PERIOD 1998 TO 2017


WEATHER ITEM   OBSERVED TIME   RECORD YEAR NORMAL DEPARTURE LAST
                VALUE   (LST)  VALUE       VALUE  FROM      YEAR
                                                  NORMAL
..................................................................
TEMPERATURE (F)
 TODAY
  MAXIMUM         77    324 PM  MM      MM  90    -13       96
  MINIMUM         65    554 AM  MM      MM  63      2       73
  AVERAGE         71                        76     -5       85

PRECIPITATION (IN)
  TODAY            0.01         MM      MM   0.08  -0.07     0.00
  MONTH TO DATE    1.76                      2.48  -0.72     1.21
  SINCE JUN 1      1.76                      2.48  -0.72     1.21
  SINCE JAN 1     11.95                      8.73   3.22     8.17

SNOWFALL (IN)
  TODAY            0.0          MM      MM  MM     MM        0.0
  MONTH TO DATE    0.0                      MM     MM        0.0
  SINCE JUN 1      0.0                      MM     MM        0.0
  SINCE JUL 1      3.8                      MM     MM        0.0
  SNOW DEPTH       0

DEGREE DAYS
 HEATING
  TODAY            0                         0      0        0
  MONTH TO DATE    0                         6     -6        0
  SINCE JUN 1      0                         6     -6        0
  SINCE JUL 1   3669                      4455   -786     3784

 COOLING
  TODAY            6                        11     -5       20
  MONTH TO DATE  285                       194     91      297
  SINCE JUN 1    285                       194     91      297
  SINCE JAN 1    409                       302    107      387
..................................................................


WIND (MPH)
  RESULTANT WIND SPEED  15   RESULTANT WIND DIRECTION   N (20)
  HIGHEST WIND SPEED    29   HIGHEST WIND DIRECTION    NE (30)
  HIGHEST GUST SPEED    38   HIGHEST GUST DIRECTION    NE (50)
  AVERAGE WIND SPEED    15.9


SKY COVER
  AVERAGE SKY COVER 0.3


WEATHER CONDITIONS
 THE FOLLOWING WEATHER WAS RECORDED TODAY.
  THUNDERSTORM
  LIGHT RAIN
  FOG


RELATIVE HUMIDITY (PERCENT)
 HIGHEST   100           600 AM
 LOWEST     40           300 PM
 AVERAGE    70

..........................................................


THE GUYMON CLIMATE NORMALS FOR TOMORROW
                         NORMAL    RECORD    YEAR
 MAXIMUM TEMPERATURE (F)   91        MM        MM
 MINIMUM TEMPERATURE (F)   63        MM        MM


SUNRISE AND SUNSET
JUNE 23 2017..........SUNRISE   628 AM CDT   SUNSET   908 PM CDT
JUNE 24 2017..........SUNRISE   628 AM CDT   SUNSET   909 PM CDT


-  INDICATES NEGATIVE NUMBERS.
R  INDICATES RECORD WAS SET OR TIED.
MM INDICATES DATA IS MISSING.
T  INDICATES TRACE AMOUNT.




$$
