000
CDUS42 KFFC 200816
CLIGVL


CLIMATE REPORT
NATIONAL WEATHER SERVICE PEACHTREE CITY GA
416 AM EDT SUN APR 20 2014


...................................

...THE GAINESVILLE   CLIMATE SUMMARY FOR APRIL 19 2014...

CLIMATE NORMAL PERIOD 1981 TO 2010
CLIMATE RECORD PERIOD 9999 TO 9999


WEATHER ITEM   OBSERVED TIME   RECORD YEAR NORMAL DEPARTURE LAST
                VALUE   (LST)  VALUE       VALUE  FROM      YEAR
                                                  NORMAL
..................................................................
TEMPERATURE (F)
 YESTERDAY
  MAXIMUM         61    214 PM  MM      MM  72    -11       68
  MINIMUM         50    131 AM  MM      MM  51     -1       45
  AVERAGE         56                        61     -5       57

PRECIPITATION (IN)
  YESTERDAY        0.09         MM      MM   0.12  -0.03     0.52
  MONTH TO DATE    5.40                      2.17   3.23     3.17
  SINCE MAR 1      8.65                      7.59   1.06     3.88
  SINCE JAN 1     14.64                     17.49  -2.85     3.88

SNOWFALL (IN)
  YESTERDAY       MM            MM      MM  MM     MM       MM
  MONTH TO DATE    0.0                      MM     MM        0.0
  SINCE MAR 1      0.0                      MM     MM        0.0
  SINCE JUL 1      T                        MM     MM        0.0
  SNOW DEPTH      MM

DEGREE DAYS
 HEATING
  YESTERDAY        9                         5      4        8
  MONTH TO DATE  131                       132     -1       98
  SINCE MAR 1    588                       520     68      124
  SINCE JUL 1   3257                      2984    273      124

 COOLING
  YESTERDAY        0                         1     -1        0
  MONTH TO DATE   12                        17     -5       31
  SINCE MAR 1     12                        22    -10       31
  SINCE JAN 1     12                        22    -10       31
..................................................................


WIND (MPH)
  RESULTANT WIND SPEED  12   RESULTANT WIND DIRECTION  NE (50)
  HIGHEST WIND SPEED    25   HIGHEST WIND DIRECTION    NE (50)
  HIGHEST GUST SPEED    36   HIGHEST GUST DIRECTION    NE (40)
  AVERAGE WIND SPEED    11.5


SKY COVER
  AVERAGE SKY COVER 1.0


WEATHER CONDITIONS
 THE FOLLOWING WEATHER WAS RECORDED YESTERDAY.
  LIGHT RAIN
  FOG


RELATIVE HUMIDITY (PERCENT)
 HIGHEST    96           500 AM
 LOWEST     51           700 PM
 AVERAGE    74

..........................................................


THE GAINESVILLE   CLIMATE NORMALS FOR TODAY
                         NORMAL    RECORD    YEAR
 MAXIMUM TEMPERATURE (F)   72        MM        MM
 MINIMUM TEMPERATURE (F)   51        MM        MM


SUNRISE AND SUNSET
APRIL 20 2014.........SUNRISE   658 AM EDT   SUNSET   811 PM EDT
APRIL 21 2014.........SUNRISE   657 AM EDT   SUNSET   812 PM EDT


-  INDICATES NEGATIVE NUMBERS.
R  INDICATES RECORD WAS SET OR TIED.
MM INDICATES DATA IS MISSING.
T  INDICATES TRACE AMOUNT.




$$
