000
CDUS42 KFFC 030819
CLIGVL


CLIMATE REPORT
NATIONAL WEATHER SERVICE PEACHTREE CITY GA
418 AM EDT MON AUG 3 2015


...................................

...THE GAINESVILLE   CLIMATE SUMMARY FOR AUGUST 2 2015...

CLIMATE NORMAL PERIOD 1981 TO 2010
CLIMATE RECORD PERIOD 9999 TO 9999


WEATHER ITEM   OBSERVED TIME   RECORD YEAR NORMAL DEPARTURE LAST
                VALUE   (LST)  VALUE       VALUE  FROM      YEAR
                                                  NORMAL
..................................................................
TEMPERATURE (F)
 YESTERDAY
  MAXIMUM         92    455 PM  MM      MM  88      4       81
  MINIMUM         68    615 AM  MM      MM  70     -2       65
  AVERAGE         80                        79      1       73

PRECIPITATION (IN)
  YESTERDAY        0.00         MM      MM   0.16  -0.16      T
  MONTH TO DATE    0.00                      0.32  -0.32     0.04
  SINCE JUN 1      7.81                      9.22  -1.41     6.07
  SINCE JAN 1     25.13                     32.14  -7.01    25.24

DEGREE DAYS
 COOLING
  YESTERDAY       15                        14      1        8
  MONTH TO DATE   31                        28      3       15
  SINCE JUN 1    907                       775    132      744
  SINCE JAN 1   1160                       950    210      973
..................................................................


WIND (MPH)
  RESULTANT WIND SPEED   4   RESULTANT WIND DIRECTION   E (70)
  HIGHEST WIND SPEED    15   HIGHEST WIND DIRECTION     E (90)
  HIGHEST GUST SPEED    19   HIGHEST GUST DIRECTION     E (90)
  AVERAGE WIND SPEED     4.6


SKY COVER
  AVERAGE SKY COVER 0.1


WEATHER CONDITIONS
 THE FOLLOWING WEATHER WAS RECORDED YESTERDAY.
  NO SIGNIFICANT WEATHER WAS OBSERVED.


RELATIVE HUMIDITY (PERCENT)
 HIGHEST    76           600 AM
 LOWEST     32           500 PM
 AVERAGE    54

..........................................................


THE GAINESVILLE   CLIMATE NORMALS FOR TODAY
                         NORMAL    RECORD    YEAR
 MAXIMUM TEMPERATURE (F)   88        MM        MM
 MINIMUM TEMPERATURE (F)   70        MM        MM


SUNRISE AND SUNSET
AUGUST  3 2015........SUNRISE   648 AM EDT   SUNSET   835 PM EDT
AUGUST  4 2015........SUNRISE   648 AM EDT   SUNSET   834 PM EDT


-  INDICATES NEGATIVE NUMBERS.
R  INDICATES RECORD WAS SET OR TIED.
MM INDICATES DATA IS MISSING.
T  INDICATES TRACE AMOUNT.




$$
