000
CDUS42 KFFC 280821
CLIGVL


CLIMATE REPORT
NATIONAL WEATHER SERVICE PEACHTREE CITY GA
421 AM EDT THU APR 28 2016


...................................

...THE GAINESVILLE   CLIMATE SUMMARY FOR APRIL 27 2016...

CLIMATE NORMAL PERIOD 1981 TO 2010
CLIMATE RECORD PERIOD 9999 TO 9999


WEATHER ITEM   OBSERVED TIME   RECORD YEAR NORMAL DEPARTURE LAST
                VALUE   (LST)  VALUE       VALUE  FROM      YEAR
                                                  NORMAL
..................................................................
TEMPERATURE (F)
 YESTERDAY
  MAXIMUM         83    200 PM  MM      MM  74      9       71
  MINIMUM         61    612 AM  MM      MM  53      8       54
  AVERAGE         72                        63      9       63

PRECIPITATION (IN)
  YESTERDAY        0.26         MM      MM   0.13   0.13     0.00
  MONTH TO DATE    2.23                      3.21  -0.98     5.04
  SINCE MAR 1      4.09                      8.63  -4.54     6.79
  SINCE JAN 1     14.04                     18.53  -4.49    14.97

SNOWFALL (IN)
  YESTERDAY       MM            MM      MM  MM     MM       MM
  MONTH TO DATE    0.0                      MM     MM        0.0
  SINCE MAR 1      0.0                      MM     MM        0.0
  SINCE JUL 1      T                        MM     MM         T
  SNOW DEPTH      MM

DEGREE DAYS
 HEATING
  YESTERDAY        0                         3     -3        2
  MONTH TO DATE  126                       165    -39       83
  SINCE MAR 1    359                       553   -194      380
  SINCE JUL 1   2411                      3017   -606     3010

 COOLING
  YESTERDAY        7                         2      5        0
  MONTH TO DATE   29                        28      1       44
  SINCE MAR 1     50                        33     17       46
  SINCE JAN 1     50                        33     17       46
..................................................................


WIND (MPH)
  RESULTANT WIND SPEED   3   RESULTANT WIND DIRECTION  SW (230)
  HIGHEST WIND SPEED    30   HIGHEST WIND DIRECTION     W (270)
  HIGHEST GUST SPEED    38   HIGHEST GUST DIRECTION     W (260)
  AVERAGE WIND SPEED     4.2


SKY COVER
  AVERAGE SKY COVER 0.2


WEATHER CONDITIONS
 THE FOLLOWING WEATHER WAS RECORDED YESTERDAY.
  HEAVY RAIN
  LIGHT RAIN


RELATIVE HUMIDITY (PERCENT)
 HIGHEST    97           500 AM
 LOWEST     49           200 PM
 AVERAGE    73

..........................................................


THE GAINESVILLE   CLIMATE NORMALS FOR TODAY
                         NORMAL    RECORD    YEAR
 MAXIMUM TEMPERATURE (F)   74        MM        MM
 MINIMUM TEMPERATURE (F)   53        MM        MM


SUNRISE AND SUNSET
APRIL 28 2016.........SUNRISE   648 AM EDT   SUNSET   818 PM EDT
APRIL 29 2016.........SUNRISE   647 AM EDT   SUNSET   818 PM EDT


-  INDICATES NEGATIVE NUMBERS.
R  INDICATES RECORD WAS SET OR TIED.
MM INDICATES DATA IS MISSING.
T  INDICATES TRACE AMOUNT.




$$
