946
CDUS44 KJAN 250626
CLIGWO


CLIMATE REPORT
NATIONAL WEATHER SERVICE JACKSON MS
124 AM CDT SAT MAR 25 2017


...................................

...THE GREENWOOD CLIMATE SUMMARY FOR MARCH 24 2017...

CLIMATE NORMAL PERIOD 1981 TO 2010
CLIMATE RECORD PERIOD 1948 TO 2017


WEATHER ITEM   OBSERVED TIME   RECORD YEAR NORMAL DEPARTURE LAST
                VALUE   (LST)  VALUE       VALUE  FROM      YEAR
                                                  NORMAL
..................................................................
TEMPERATURE (F)
 YESTERDAY
  MAXIMUM         80    216 PM  86    2007  69     11       68
  MINIMUM         67    643 AM  30    2008  46     21       43
                                      1968
  AVERAGE         74                        58     16       56

PRECIPITATION (IN)
  YESTERDAY        T             1.68 1973   0.14  -0.14     0.32
  MONTH TO DATE    2.65                      3.26  -0.61     6.81
  SINCE MAR 1      2.65                      3.26  -0.61     6.81
  SINCE JAN 1     10.93                     12.20  -1.27    14.26

SNOWFALL (IN)
  YESTERDAY        0.0

DEGREE DAYS
 HEATING
  YESTERDAY        0                         8     -8        9
  MONTH TO DATE  226                       264    -38      162
  SINCE MAR 1    226                       264    -38      162
  SINCE JUL 1   1709                      2495   -786     1823

 COOLING
  YESTERDAY        9                         1      8        0
  MONTH TO DATE   31                        18     13       28
  SINCE MAR 1     31                        18     13       28
  SINCE JAN 1     65                        23     42       36
..................................................................


WIND (MPH)
  HIGHEST WIND SPEED    29   HIGHEST WIND DIRECTION     S (160)
  HIGHEST GUST SPEED    34   HIGHEST GUST DIRECTION    SE (150)
  AVERAGE WIND SPEED    17.3


SKY COVER
  POSSIBLE SUNSHINE  MM
  AVERAGE SKY COVER 0.4


WEATHER CONDITIONS
 THE FOLLOWING WEATHER WAS RECORDED YESTERDAY.
  THUNDERSTORM


RELATIVE HUMIDITY (PERCENT)
 HIGHEST    81           300 AM
 LOWEST     50           600 PM
 AVERAGE    66

..........................................................


THE GREENWOOD CLIMATE NORMALS FOR TODAY
                         NORMAL    RECORD    YEAR
 MAXIMUM TEMPERATURE (F)   70        86      1991
 MINIMUM TEMPERATURE (F)   46        28      1968


SUNRISE AND SUNSET
MARCH 25 2017.........SUNRISE   657 AM CDT   SUNSET   716 PM CDT
MARCH 26 2017.........SUNRISE   656 AM CDT   SUNSET   717 PM CDT


-  INDICATES NEGATIVE NUMBERS.
R  INDICATES RECORD WAS SET OR TIED.
MM INDICATES DATA IS MISSING.
T  INDICATES TRACE AMOUNT.




$$
