000
CDUS44 KJAN 042221
CLIGWO


CLIMATE REPORT
NATIONAL WEATHER SERVICE JACKSON MS
420 PM CST SUN DEC 4 2016


...................................

...THE GREENWOOD CLIMATE SUMMARY FOR DECEMBER 4 2016...
VALID TODAY AS OF 0400 PM LOCAL TIME.

CLIMATE NORMAL PERIOD 1981 TO 2010
CLIMATE RECORD PERIOD 1948 TO 2016


WEATHER ITEM   OBSERVED TIME   RECORD YEAR NORMAL DEPARTURE LAST
                VALUE   (LST)  VALUE       VALUE  FROM      YEAR
                                                  NORMAL
..................................................................
TEMPERATURE (F)
 TODAY
  MAXIMUM         50    234 PM  79    2013  59     -9       60
  MINIMUM         45    637 AM  20    1989  37      8       29
  AVERAGE         48                        48      0       45

PRECIPITATION (IN)
  TODAY            0.11          2.10 1982   0.20  -0.09     0.00
  MONTH TO DATE    1.47                      0.81   0.66     0.36
  SINCE DEC 1      1.47                      0.81   0.66     0.36
  SINCE JAN 1     44.28                     46.93  -2.65    45.79

SNOWFALL (IN)
  TODAY            0.0

DEGREE DAYS
 HEATING
  TODAY           17                        17      0       20
  MONTH TO DATE   72                        66      6       66
  SINCE DEC 1     72                        66      6       66
  SINCE JUL 1    364                       534   -170      294

 COOLING
  TODAY            0                         0      0        0
  MONTH TO DATE    0                         0      0        0
  SINCE DEC 1      0                         0      0        0
  SINCE JAN 1   2559                      2159    400     2420
..................................................................


WIND (MPH)
  HIGHEST WIND SPEED    15   HIGHEST WIND DIRECTION     E (70)
  HIGHEST GUST SPEED    21   HIGHEST GUST DIRECTION     E (70)
  AVERAGE WIND SPEED     6.1


SKY COVER
  POSSIBLE SUNSHINE  MM
  AVERAGE SKY COVER 1.0


WEATHER CONDITIONS
 THE FOLLOWING WEATHER WAS RECORDED TODAY.
  LIGHT RAIN
  FOG


RELATIVE HUMIDITY (PERCENT)
 HIGHEST   100           100 AM
 LOWEST     92           200 AM
 AVERAGE    96

..........................................................


THE GREENWOOD CLIMATE NORMALS FOR TOMORROW
                         NORMAL    RECORD    YEAR
 MAXIMUM TEMPERATURE (F)   59        76      2001
 MINIMUM TEMPERATURE (F)   37        20      2006


SUNRISE AND SUNSET
DECEMBER  4 2016......SUNRISE   649 AM CST   SUNSET   452 PM CST
DECEMBER  5 2016......SUNRISE   650 AM CST   SUNSET   452 PM CST


-  INDICATES NEGATIVE NUMBERS.
R  INDICATES RECORD WAS SET OR TIED.
MM INDICATES DATA IS MISSING.
T  INDICATES TRACE AMOUNT.




$$
