000
CDUS44 KJAN 172109
CLIGWO


CLIMATE REPORT
NATIONAL WEATHER SERVICE JACKSON MS
405 PM CDT THU AUG 17 2017


...................................

...THE GREENWOOD CLIMATE SUMMARY FOR AUGUST 17 2017...
VALID TODAY AS OF 0400 PM LOCAL TIME.

CLIMATE NORMAL PERIOD 1981 TO 2010
CLIMATE RECORD PERIOD 1948 TO 2017


WEATHER ITEM   OBSERVED TIME   RECORD YEAR NORMAL DEPARTURE LAST
                VALUE   (LST)  VALUE       VALUE  FROM      YEAR
                                                  NORMAL
..................................................................
TEMPERATURE (F)
 TODAY
  MAXIMUM         92    123 PM 103    1952  93     -1       89
                                      1951
  MINIMUM         74    519 AM  55    2004  70      4       71
  AVERAGE         83                        81      2       80

PRECIPITATION (IN)
  TODAY            0.00          1.16 1982   0.09  -0.09     0.33
  MONTH TO DATE    5.00                      1.49   3.51     3.03
  SINCE JUN 1     13.11                      9.40   3.71     9.72
  SINCE JAN 1     34.55                     32.73   1.82    35.51

DEGREE DAYS
 HEATING
  TODAY            0                         0      0        0
  MONTH TO DATE    0                         0      0        0
  SINCE JUN 1      0                         0      0        0
  SINCE JUL 1      0                         0      0        0

 COOLING
  TODAY           18                        16      2       15
  MONTH TO DATE  264                       272     -8      320
  SINCE JUN 1   1183                      1190     -7     1360
  SINCE JAN 1   1627                      1520    107     1689
..................................................................


WIND (MPH)
  HIGHEST WIND SPEED    23   HIGHEST WIND DIRECTION    SW (210)
  HIGHEST GUST SPEED    35   HIGHEST GUST DIRECTION    SW (210)
  AVERAGE WIND SPEED     8.5


SKY COVER
  POSSIBLE SUNSHINE  MM
  AVERAGE SKY COVER 0.5


WEATHER CONDITIONS
 THE FOLLOWING WEATHER WAS RECORDED TODAY.
  THUNDERSTORM


RELATIVE HUMIDITY (PERCENT)
 HIGHEST   100           100 AM
 LOWEST     70          1200 PM
 AVERAGE    85

..........................................................


THE GREENWOOD CLIMATE NORMALS FOR TOMORROW
                         NORMAL    RECORD    YEAR
 MAXIMUM TEMPERATURE (F)   92       100      2000
                                             1995
 MINIMUM TEMPERATURE (F)   70        58      1999


SUNRISE AND SUNSET
AUGUST 17 2017........SUNRISE   624 AM CDT   SUNSET   744 PM CDT
AUGUST 18 2017........SUNRISE   625 AM CDT   SUNSET   743 PM CDT


-  INDICATES NEGATIVE NUMBERS.
R  INDICATES RECORD WAS SET OR TIED.
MM INDICATES DATA IS MISSING.
T  INDICATES TRACE AMOUNT.




$$
