000
CDUS44 KJAN 240657
CLIGWO


CLIMATE REPORT
NATIONAL WEATHER SERVICE JACKSON MS
155 AM CDT WED AUG 24 2016


...................................

...THE GREENWOOD CLIMATE SUMMARY FOR AUGUST 23 2016...

CLIMATE NORMAL PERIOD 1981 TO 2010
CLIMATE RECORD PERIOD 1948 TO 2016


WEATHER ITEM   OBSERVED TIME   RECORD YEAR NORMAL DEPARTURE LAST
                VALUE   (LST)  VALUE       VALUE  FROM      YEAR
                                                  NORMAL
..................................................................
TEMPERATURE (F)
 YESTERDAY
  MAXIMUM         93    317 PM  99    2011  92      1       90
                                      2007
                                      2005
  MINIMUM         74    417 AM  55    1956  69      5       72
  AVERAGE         84                        81      3       81

PRECIPITATION (IN)
  YESTERDAY        T             0.96 2013   0.09  -0.09      T
  MONTH TO DATE    3.97                      2.05   1.92     1.75
  SINCE JUN 1     10.66                      9.96   0.70     6.12
  SINCE JAN 1     36.45                     33.29   3.16    34.05

SNOWFALL (IN)
  YESTERDAY        0.0

DEGREE DAYS
 HEATING
  YESTERDAY        0                         0      0        0
  MONTH TO DATE    0                         0      0        0
  SINCE JUN 1      0                         0      0        0
  SINCE JUL 1      0                         0      0        0

 COOLING
  YESTERDAY       19                        16      3       16
  MONTH TO DATE  420                       368     52      396
  SINCE JUN 1   1460                      1286    174     1398
  SINCE JAN 1   1789                      1616    173     1762
..................................................................


WIND (MPH)
  HIGHEST WIND SPEED     9   HIGHEST WIND DIRECTION    SW (210)
  HIGHEST GUST SPEED    11   HIGHEST GUST DIRECTION    SW (220)
  AVERAGE WIND SPEED     3.0


SKY COVER
  POSSIBLE SUNSHINE  MM
  AVERAGE SKY COVER 0.0


WEATHER CONDITIONS
 THE FOLLOWING WEATHER WAS RECORDED YESTERDAY.
  LIGHT RAIN
  FOG


RELATIVE HUMIDITY (PERCENT)
 HIGHEST    94           100 AM
 LOWEST     52           300 PM
 AVERAGE    73

..........................................................


THE GREENWOOD CLIMATE NORMALS FOR TODAY
                         NORMAL    RECORD    YEAR
 MAXIMUM TEMPERATURE (F)   92       102      1983
 MINIMUM TEMPERATURE (F)   69        57      2009


SUNRISE AND SUNSET
AUGUST 24 2016........SUNRISE   629 AM CDT   SUNSET   735 PM CDT
AUGUST 25 2016........SUNRISE   630 AM CDT   SUNSET   734 PM CDT


-  INDICATES NEGATIVE NUMBERS.
R  INDICATES RECORD WAS SET OR TIED.
MM INDICATES DATA IS MISSING.
T  INDICATES TRACE AMOUNT.




$$
