000
CDUS44 KJAN 060645
CLIGWO


CLIMATE REPORT
NATIONAL WEATHER SERVICE JACKSON MS
134 AM CDT MON JUL 6 2015


...................................

...THE GREENWOOD CLIMATE SUMMARY FOR JULY 5 2015...

CLIMATE NORMAL PERIOD 1981 TO 2010
CLIMATE RECORD PERIOD 1948 TO 2015


WEATHER ITEM   OBSERVED TIME   RECORD YEAR NORMAL DEPARTURE LAST
                VALUE   (LST)  VALUE       VALUE  FROM      YEAR
                                                  NORMAL
..................................................................
TEMPERATURE (F)
 YESTERDAY
  MAXIMUM         77    450 PM 100    1977  92    -15       86
  MINIMUM         67    429 AM  59    2014  71     -4       59
  AVERAGE         72                        81     -9       73

PRECIPITATION (IN)
  YESTERDAY        0.24          2.36 1995   0.13   0.11     0.00
  MONTH TO DATE    1.37                      0.66   0.71     0.04
  SINCE JUN 1      3.66                      4.97  -1.31     9.07
  SINCE JAN 1     31.59                     28.30   3.29    32.19

SNOWFALL (IN)
  YESTERDAY        0.0

DEGREE DAYS
 HEATING
  YESTERDAY        0                         0      0        0
  MONTH TO DATE    0                         0      0        0
  SINCE JUN 1      0                         0      0        0
  SINCE JUL 1      0                         0      0        0

 COOLING
  YESTERDAY        7                        16     -9        8
  MONTH TO DATE   60                        80    -20       58
  SINCE JUN 1    498                       493      5      482
  SINCE JAN 1    862                       823     39      776
..................................................................


WIND (MPH)
  HIGHEST WIND SPEED    14   HIGHEST WIND DIRECTION    SW (220)
  HIGHEST GUST SPEED    17   HIGHEST GUST DIRECTION    SW (210)
  AVERAGE WIND SPEED     3.9


SKY COVER
  POSSIBLE SUNSHINE  MM
  AVERAGE SKY COVER 0.4


WEATHER CONDITIONS
 THE FOLLOWING WEATHER WAS RECORDED YESTERDAY.
  THUNDERSTORM
  RAIN
  LIGHT RAIN
  FOG


RELATIVE HUMIDITY (PERCENT)
 HIGHEST    93           200 AM
 LOWEST     74           300 PM
 AVERAGE    84

..........................................................


THE GREENWOOD CLIMATE NORMALS FOR TODAY
                         NORMAL    RECORD    YEAR
 MAXIMUM TEMPERATURE (F)   92       101      1954
 MINIMUM TEMPERATURE (F)   71        59      1972


SUNRISE AND SUNSET
JULY  6 2015..........SUNRISE   556 AM CDT   SUNSET   814 PM CDT
JULY  7 2015..........SUNRISE   557 AM CDT   SUNSET   814 PM CDT


-  INDICATES NEGATIVE NUMBERS.
R  INDICATES RECORD WAS SET OR TIED.
MM INDICATES DATA IS MISSING.
T  INDICATES TRACE AMOUNT.




$$
