000
CDUS41 KGYX 280655
CLIGYX


CLIMATE REPORT
NATIONAL WEATHER SERVICE GRAY ME
255 AM EDT MON JUL 28 2014


...................................

...THE GRAY ME CLIMATE SUMMARY FOR JULY 27 2014...

CLIMATE NORMAL PERIOD 1981 TO 2010
CLIMATE RECORD PERIOD 1995 TO 2014


WEATHER ITEM   OBSERVED NORMAL DEPARTURE LAST
                VALUE   VALUE  FROM      YEAR
                               NORMAL
...............................................
TEMPERATURE (F)
 YESTERDAY
  MAXIMUM         76     80     -4       83
  MINIMUM         59     60     -1       62
  AVERAGE         68     70     -2       73

PRECIPITATION (IN)
  YESTERDAY        1.09   0.13   0.96     0.00
  MONTH TO DATE    5.79   3.80   1.99     3.10
  SINCE JUN 1      8.79   8.10   0.69     9.10
  SINCE JAN 1     27.14  27.39  -0.25    23.39

SNOWFALL (IN)
  YESTERDAY        0.0    0.0    0.0      0.0
  MONTH TO DATE    0.0    0.0    0.0      0.0
  SINCE JUN 1      0.0    0.0    0.0      0.0
  SINCE JUL 1      0.0    0.0    0.0      0.0
  SNOW DEPTH       0

DEGREE DAYS
 HEATING
  YESTERDAY        0      0      0        0
  MONTH TO DATE    0      7     -7        9
  SINCE JUN 1     74    101    -27       80
  SINCE JUL 1      0      7     -7        9

 COOLING
  YESTERDAY        3      5     -2        8
  MONTH TO DATE  162    128     34      206
  SINCE JUN 1    227    193     34      301
  SINCE JAN 1    228    204     24      318
...............................................





WEATHER CONDITIONS
 THE FOLLOWING WEATHER WAS RECORDED YESTERDAY.
  THUNDERSTORM
  HEAVY RAIN


..........................................................


THE GRAY ME CLIMATE NORMALS FOR TODAY
                         NORMAL
 MAXIMUM TEMPERATURE (F)   80
 MINIMUM TEMPERATURE (F)   60


SUNRISE AND SUNSET
JULY 28 2014..........SUNRISE   525 AM EDT   SUNSET   809 PM EDT
JULY 29 2014..........SUNRISE   526 AM EDT   SUNSET   808 PM EDT


-  INDICATES NEGATIVE NUMBERS.
R  INDICATES RECORD WAS SET OR TIED.
MM INDICATES DATA IS MISSING.
T  INDICATES TRACE AMOUNT.




$$
