000
CDUS41 KGYX 210832
CLIGYX


CLIMATE REPORT
NATIONAL WEATHER SERVICE GRAY ME
432 AM EDT FRI JUL 21 2017


...................................

...THE GRAY ME CLIMATE SUMMARY FOR JULY 20 2017...

CLIMATE NORMAL PERIOD 1981 TO 2010
CLIMATE RECORD PERIOD 1995 TO 2017


WEATHER ITEM   OBSERVED TIME   RECORD YEAR NORMAL DEPARTURE LAST
                VALUE   (LST)  VALUE       VALUE  FROM      YEAR
                                                  NORMAL
..................................................................
TEMPERATURE (F)
 YESTERDAY
  MAXIMUM         89        MM  MM      MM  80      9       79
  MINIMUM         71        MM  MM      MM  60     11       57
  AVERAGE         80                        70     10       68

PRECIPITATION (IN)
  YESTERDAY        0.00         MM      MM   0.14  -0.14     0.00
  MONTH TO DATE    0.92                      2.89  -1.97     2.65
  SINCE JUN 1      4.25                      7.19  -2.94     6.41
  SINCE JAN 1     24.79                     26.48  -1.69    24.04

SNOWFALL (IN)
  YESTERDAY        0.0          MM      MM   0.0    0.0      0.0
  MONTH TO DATE    0.0                       0.0    0.0      0.0
  SINCE JUN 1      0.0                       0.0    0.0      0.0
  SINCE JUL 1      0.0                       0.0    0.0      0.0
  SNOW DEPTH       0

DEGREE DAYS
 HEATING
  YESTERDAY        0                         0      0        0
  MONTH TO DATE    7                         7      0       18
  SINCE JUN 1     84                       101    -17       88
  SINCE JUL 1      7                         7      0       18

 COOLING
  YESTERDAY       15                         5     10        3
  MONTH TO DATE  123                        93     30      120
  SINCE JUN 1    228                       158     70      172
  SINCE JAN 1    249                       169     80      194
..................................................................







THE GRAY ME CLIMATE NORMALS FOR TODAY
                         NORMAL
 MAXIMUM TEMPERATURE (F)   80
 MINIMUM TEMPERATURE (F)   60


SUNRISE AND SUNSET
JULY 21 2017..........SUNRISE   518 AM EDT   SUNSET   816 PM EDT
JULY 22 2017..........SUNRISE   519 AM EDT   SUNSET   815 PM EDT


-  INDICATES NEGATIVE NUMBERS.
R  INDICATES RECORD WAS SET OR TIED.
MM INDICATES DATA IS MISSING.
T  INDICATES TRACE AMOUNT.




$$
