000
CDUS41 KGYX 250803
CLIGYX


CLIMATE REPORT
NATIONAL WEATHER SERVICE GRAY ME
403 AM EDT FRI JUL 25 2014


...................................

...THE GRAY ME CLIMATE SUMMARY FOR JULY 24 2014...

CLIMATE NORMAL PERIOD 1981 TO 2010
CLIMATE RECORD PERIOD 1995 TO 2014


WEATHER ITEM   OBSERVED NORMAL DEPARTURE LAST
                VALUE   VALUE  FROM      YEAR
                               NORMAL
...............................................
TEMPERATURE (F)
 YESTERDAY
  MAXIMUM         78     80     -2       84
  MINIMUM         60     60      0       54
  AVERAGE         69     70     -1       69

PRECIPITATION (IN)
  YESTERDAY        0.16   0.12   0.04     0.00
  MONTH TO DATE    4.70   3.41   1.29     2.92
  SINCE JUN 1      7.70   7.71  -0.01     8.92
  SINCE JAN 1     26.05  27.00  -0.95    23.21

SNOWFALL (IN)
  YESTERDAY        0.0    0.0    0.0      0.0
  MONTH TO DATE    0.0    0.0    0.0      0.0
  SINCE JUN 1      0.0    0.0    0.0      0.0
  SINCE JUL 1      0.0    0.0    0.0      0.0
  SNOW DEPTH      MM

DEGREE DAYS
 HEATING
  YESTERDAY        0      0      0        0
  MONTH TO DATE    0      7     -7        6
  SINCE JUN 1     74    101    -27       77
  SINCE JUL 1      0      7     -7        6

 COOLING
  YESTERDAY        4      5     -1        4
  MONTH TO DATE  150    113     37      197
  SINCE JUN 1    215    178     37      292
  SINCE JAN 1    216    189     27      309
...............................................





WEATHER CONDITIONS
 THE FOLLOWING WEATHER WAS RECORDED YESTERDAY.
  LIGHT RAIN


..........................................................


THE GRAY ME CLIMATE NORMALS FOR TODAY
                         NORMAL
 MAXIMUM TEMPERATURE (F)   80
 MINIMUM TEMPERATURE (F)   60


SUNRISE AND SUNSET
JULY 25 2014..........SUNRISE   522 AM EDT   SUNSET   812 PM EDT
JULY 26 2014..........SUNRISE   523 AM EDT   SUNSET   811 PM EDT


-  INDICATES NEGATIVE NUMBERS.
R  INDICATES RECORD WAS SET OR TIED.
MM INDICATES DATA IS MISSING.
T  INDICATES TRACE AMOUNT.




$$
