000
CDUS41 KGYX 220833
CLIGYX


CLIMATE REPORT
NATIONAL WEATHER SERVICE GRAY ME
433 AM EDT FRI SEP 22 2017


...................................

...THE GRAY ME CLIMATE SUMMARY FOR SEPTEMBER 21 2017...

CLIMATE NORMAL PERIOD 1981 TO 2010
CLIMATE RECORD PERIOD 1995 TO 2017


WEATHER ITEM   OBSERVED TIME   RECORD YEAR NORMAL DEPARTURE LAST
                VALUE   (LST)  VALUE       VALUE  FROM      YEAR
                                                  NORMAL
..................................................................
TEMPERATURE (F)
 YESTERDAY
  MAXIMUM         74        MM  MM      MM  68      6       81
  MINIMUM         58        MM  MM      MM  49      9       64
  AVERAGE         66                        58      8       73

PRECIPITATION (IN)
  YESTERDAY        0.00         MM      MM   0.13  -0.13     0.00
  MONTH TO DATE    2.57                      2.82  -0.25     0.77
  SINCE SEP 1      2.57                      2.82  -0.25     0.77
  SINCE JAN 1     30.50                     34.30  -3.80    29.94

SNOWFALL (IN)
  YESTERDAY        0.0          MM      MM   0.0    0.0      0.0
  MONTH TO DATE    0.0                       0.0    0.0      0.0
  SINCE SEP 1      0.0                       0.0    0.0      0.0
  SINCE JUL 1      0.0                       0.0    0.0      0.0
  SNOW DEPTH       0

DEGREE DAYS
 HEATING
  YESTERDAY        0                         7     -7        0
  MONTH TO DATE   36                        86    -50       17
  SINCE SEP 1     36                        86    -50       17
  SINCE JUL 1     67                       122    -55       36

 COOLING
  YESTERDAY        1                         0      1        8
  MONTH TO DATE   38                        25     13       75
  SINCE SEP 1     38                        25     13       75
  SINCE JAN 1    476                       384     92      602
..................................................................







THE GRAY ME CLIMATE NORMALS FOR TODAY
                         NORMAL
 MAXIMUM TEMPERATURE (F)   67
 MINIMUM TEMPERATURE (F)   48


SUNRISE AND SUNSET
SEPTEMBER 22 2017.....SUNRISE   628 AM EDT   SUNSET   638 PM EDT
SEPTEMBER 23 2017.....SUNRISE   630 AM EDT   SUNSET   636 PM EDT


-  INDICATES NEGATIVE NUMBERS.
R  INDICATES RECORD WAS SET OR TIED.
MM INDICATES DATA IS MISSING.
T  INDICATES TRACE AMOUNT.




$$
