000
CDUS41 KGYX 040815
CLIGYX


CLIMATE REPORT
NATIONAL WEATHER SERVICE GRAY ME
415 AM EDT FRI SEP 4 2015


...................................

...THE GRAY ME CLIMATE SUMMARY FOR SEPTEMBER 3 2015...

CLIMATE NORMAL PERIOD 1981 TO 2010
CLIMATE RECORD PERIOD 1995 TO 2015


WEATHER ITEM   OBSERVED TIME   RECORD YEAR NORMAL DEPARTURE LAST
                VALUE   (LST)  VALUE       VALUE  FROM      YEAR
                                                  NORMAL
..................................................................
TEMPERATURE (F)
 YESTERDAY
  MAXIMUM         85        MM  MM      MM  75     10       81
  MINIMUM         66        MM  MM      MM  55     11       63
  AVERAGE         76                        65     11       72

PRECIPITATION (IN)
  YESTERDAY        0.05         MM      MM   0.13  -0.08     0.02
  MONTH TO DATE    0.05                      0.36  -0.31     0.02
  SINCE SEP 1      0.05                      0.36  -0.31     0.02
  SINCE JAN 1     25.42                     31.84  -6.42    35.43

SNOWFALL (IN)
  YESTERDAY        0.0          MM      MM   0.0    0.0      0.0
  MONTH TO DATE    0.0                       0.0    0.0      0.0
  SINCE SEP 1      0.0                       0.0    0.0      0.0
  SINCE JUL 1      0.0                       0.0    0.0      0.0
  SNOW DEPTH       0

DEGREE DAYS
 HEATING
  YESTERDAY        0                         2     -2        0
  MONTH TO DATE    0                         6     -6        0
  SINCE SEP 1      0                         6     -6        0
  SINCE JUL 1     16                        42    -26       14

 COOLING
  YESTERDAY       11                         2      9        7
  MONTH TO DATE   21                         7     14       24
  SINCE SEP 1     21                         7     14       24
  SINCE JAN 1    394                       366     28      336
..................................................................







THE GRAY ME CLIMATE NORMALS FOR TODAY
                         NORMAL
 MAXIMUM TEMPERATURE (F)   75
 MINIMUM TEMPERATURE (F)   55


SUNRISE AND SUNSET
SEPTEMBER  4 2015.....SUNRISE   607 AM EDT   SUNSET   712 PM EDT
SEPTEMBER  5 2015.....SUNRISE   609 AM EDT   SUNSET   710 PM EDT


-  INDICATES NEGATIVE NUMBERS.
R  INDICATES RECORD WAS SET OR TIED.
MM INDICATES DATA IS MISSING.
T  INDICATES TRACE AMOUNT.




$$
