000
CDUS41 KGYX 210901
CLIGYX


CLIMATE REPORT
NATIONAL WEATHER SERVICE GRAY ME
401 AM EST FRI NOV 21 2014


...................................

...THE GRAY ME CLIMATE SUMMARY FOR NOVEMBER 20 2014...

CLIMATE NORMAL PERIOD 1981 TO 2010
CLIMATE RECORD PERIOD 1995 TO 2014


WEATHER ITEM   OBSERVED NORMAL DEPARTURE LAST
                VALUE   VALUE  FROM      YEAR
                               NORMAL
...............................................
TEMPERATURE (F)
 YESTERDAY
  MAXIMUM         40     44     -4       38
  MINIMUM         23     30     -7       27
  AVERAGE         32     37     -5       33

PRECIPITATION (IN)
  YESTERDAY        0.00   0.19  -0.19     0.00
  MONTH TO DATE    1.73   3.65  -1.92     1.16
  SINCE SEP 1      9.09  12.98  -3.89    10.20
  SINCE JAN 1     44.50  44.46   0.04    37.49

SNOWFALL (IN)
  YESTERDAY        0.0    0.1   -0.1      0.0
  MONTH TO DATE    5.1    1.2    3.9       T
  SINCE SEP 1      5.1    1.3    3.8       T
  SINCE JUL 1      5.1    1.3    3.8       T
  SNOW DEPTH       T

DEGREE DAYS
 HEATING
  YESTERDAY       33     28      5       32
  MONTH TO DATE  547    492     55      481
  SINCE SEP 1   1122   1156    -34     1084
  SINCE JUL 1   1136   1192    -56     1096

 COOLING
  YESTERDAY        0      0      0        0
  MONTH TO DATE    0      0      0        0
  SINCE SEP 1     57     30     27       38
  SINCE JAN 1    369    389    -20      486
...............................................





WEATHER CONDITIONS
 THE FOLLOWING WEATHER WAS RECORDED YESTERDAY.
  NO SIGNIFICANT WEATHER WAS OBSERVED.


..........................................................


THE GRAY ME CLIMATE NORMALS FOR TODAY
                         NORMAL
 MAXIMUM TEMPERATURE (F)   44
 MINIMUM TEMPERATURE (F)   29


SUNRISE AND SUNSET
NOVEMBER 21 2014......SUNRISE   643 AM EST   SUNSET   410 PM EST
NOVEMBER 22 2014......SUNRISE   645 AM EST   SUNSET   409 PM EST


-  INDICATES NEGATIVE NUMBERS.
R  INDICATES RECORD WAS SET OR TIED.
MM INDICATES DATA IS MISSING.
T  INDICATES TRACE AMOUNT.




$$
