369
CDUS41 KGYX 230814
CLIGYX


CLIMATE REPORT
NATIONAL WEATHER SERVICE GRAY ME
414 AM EDT THU MAR 23 2017


...................................

...THE GRAY ME CLIMATE SUMMARY FOR MARCH 22 2017...

CLIMATE NORMAL PERIOD 1981 TO 2010
CLIMATE RECORD PERIOD 1995 TO 2017


WEATHER ITEM   OBSERVED TIME   RECORD YEAR NORMAL DEPARTURE LAST
                VALUE   (LST)  VALUE       VALUE  FROM      YEAR
                                                  NORMAL
..................................................................
TEMPERATURE (F)
 YESTERDAY
  MAXIMUM         34        MM  MM      MM  44    -10       44
  MINIMUM         13        MM  MM      MM  26    -13       25
  AVERAGE         24                        35    -11       35

PRECIPITATION (IN)
  YESTERDAY        T            MM      MM   0.14  -0.14     0.00
  MONTH TO DATE    1.67                      2.94  -1.27     3.19
  SINCE MAR 1      1.67                      2.94  -1.27     3.19
  SINCE JAN 1      8.35                      9.78  -1.43    11.45

SNOWFALL (IN)
  YESTERDAY        T            MM      MM   0.6   -0.6      0.0
  MONTH TO DATE   17.0                      15.7    1.3      9.3
  SINCE MAR 1     17.0                      15.7    1.3      9.3
  SINCE JUL 1    106.8                      74.8   32.0     46.6
  SNOW DEPTH      15

DEGREE DAYS
 HEATING
  YESTERDAY       41                        30     11       30
  MONTH TO DATE  870                       735    135      651
  SINCE MAR 1    870                       735    135      651
  SINCE JUL 1   5564                      5893   -329     5171

 COOLING
  YESTERDAY        0                         0      0        0
  MONTH TO DATE    0                         0      0        0
  SINCE MAR 1      0                         0      0        0
  SINCE JAN 1      0                         0      0        0
..................................................................







THE GRAY ME CLIMATE NORMALS FOR TODAY
                         NORMAL
 MAXIMUM TEMPERATURE (F)   44
 MINIMUM TEMPERATURE (F)   26


SUNRISE AND SUNSET
MARCH 23 2017.........SUNRISE   638 AM EDT   SUNSET   657 PM EDT
MARCH 24 2017.........SUNRISE   637 AM EDT   SUNSET   659 PM EDT


-  INDICATES NEGATIVE NUMBERS.
R  INDICATES RECORD WAS SET OR TIED.
MM INDICATES DATA IS MISSING.
T  INDICATES TRACE AMOUNT.




$$
