000
CDUS41 KGYX 280907
CLIGYX


CLIMATE REPORT
NATIONAL WEATHER SERVICE GRAY ME
407 AM EST FRI NOV 28 2014


...................................

...THE GRAY ME CLIMATE SUMMARY FOR NOVEMBER 27 2014...

CLIMATE NORMAL PERIOD 1981 TO 2010
CLIMATE RECORD PERIOD 1995 TO 2014


WEATHER ITEM   OBSERVED NORMAL DEPARTURE LAST
                VALUE   VALUE  FROM      YEAR
                               NORMAL
...............................................
TEMPERATURE (F)
 YESTERDAY
  MAXIMUM         33     41     -8       51
  MINIMUM         23     27     -4       31
  AVERAGE         28     34     -6       41

PRECIPITATION (IN)
  YESTERDAY        0.16   0.17  -0.01     2.86
  MONTH TO DATE    3.85   4.85  -1.00     4.25
  SINCE SEP 1     11.21  14.18  -2.97    13.29
  SINCE JAN 1     46.62  45.66   0.96    40.58

SNOWFALL (IN)
  YESTERDAY        1.5    0.2    1.3       T
  MONTH TO DATE   14.8    2.4   12.4      1.1
  SINCE SEP 1     14.8    2.5   12.3      1.1
  SINCE JUL 1     14.8    2.5   12.3      1.1
  SNOW DEPTH       9

DEGREE DAYS
 HEATING
  YESTERDAY       37     31      6       24
  MONTH TO DATE  743    701     42      724
  SINCE SEP 1   1318   1365    -47     1327
  SINCE JUL 1   1332   1401    -69     1339

 COOLING
  YESTERDAY        0      0      0        0
  MONTH TO DATE    0      0      0        0
  SINCE SEP 1     57     30     27       38
  SINCE JAN 1    369    389    -20      486
...............................................





WEATHER CONDITIONS
 THE FOLLOWING WEATHER WAS RECORDED YESTERDAY.
  NO SIGNIFICANT WEATHER WAS OBSERVED.


..........................................................


THE GRAY ME CLIMATE NORMALS FOR TODAY
                         NORMAL
 MAXIMUM TEMPERATURE (F)   41
 MINIMUM TEMPERATURE (F)   26


SUNRISE AND SUNSET
NOVEMBER 28 2014......SUNRISE   652 AM EST   SUNSET   406 PM EST
NOVEMBER 29 2014......SUNRISE   653 AM EST   SUNSET   405 PM EST


-  INDICATES NEGATIVE NUMBERS.
R  INDICATES RECORD WAS SET OR TIED.
MM INDICATES DATA IS MISSING.
T  INDICATES TRACE AMOUNT.




$$
