000
CDUS41 KGYX 200904
CLIGYX


CLIMATE REPORT
NATIONAL WEATHER SERVICE GRAY ME
404 AM EST MON FEB 20 2017


...................................

...THE GRAY ME CLIMATE SUMMARY FOR FEBRUARY 19 2017...

CLIMATE NORMAL PERIOD 1981 TO 2010
CLIMATE RECORD PERIOD 1995 TO 2017


WEATHER ITEM   OBSERVED TIME   RECORD YEAR NORMAL DEPARTURE LAST
                VALUE   (LST)  VALUE       VALUE  FROM      YEAR
                                                  NORMAL
..................................................................
TEMPERATURE (F)
 YESTERDAY
  MAXIMUM         57        MM  MM      MM  35     22       38
  MINIMUM         32        MM  MM      MM  17     15       13
  AVERAGE         45                        26     19       26

PRECIPITATION (IN)
  YESTERDAY        0.00         MM      MM   0.13  -0.13      T
  MONTH TO DATE    3.28                      2.15   1.13     2.97
  SINCE DEC 1     11.08                      9.74   1.34    11.26
  SINCE JAN 1      6.26                      5.68   0.58     6.70

SNOWFALL (IN)
  YESTERDAY        0.0          MM      MM   0.6   -0.6       T
  MONTH TO DATE   44.6                      10.7   33.9     14.3
  SINCE DEC 1     88.5                      50.2   38.3     35.4
  SINCE JUL 1     89.8                      53.3   36.5     35.6
  SNOW DEPTH      26

DEGREE DAYS
 HEATING
  YESTERDAY       20                        39    -19       39
  MONTH TO DATE  798                       789      9      774
  SINCE DEC 1   3175                      3322   -147     2901
  SINCE JUL 1   4454                      4819   -365     4200

 COOLING
  YESTERDAY        0                         0      0        0
  MONTH TO DATE    0                         0      0        0
  SINCE DEC 1      0                         0      0        0
  SINCE JAN 1      0                         0      0        0
..................................................................







THE GRAY ME CLIMATE NORMALS FOR TODAY
                         NORMAL
 MAXIMUM TEMPERATURE (F)   35
 MINIMUM TEMPERATURE (F)   17


SUNRISE AND SUNSET
FEBRUARY 20 2017......SUNRISE   632 AM EST   SUNSET   518 PM EST
FEBRUARY 21 2017......SUNRISE   630 AM EST   SUNSET   519 PM EST


-  INDICATES NEGATIVE NUMBERS.
R  INDICATES RECORD WAS SET OR TIED.
MM INDICATES DATA IS MISSING.
T  INDICATES TRACE AMOUNT.




$$
