000
CDUS41 KGYX 290802
CLIGYX


CLIMATE REPORT
NATIONAL WEATHER SERVICE GRAY ME
402 AM EDT WED JUL 29 2015


...................................

...THE GRAY ME CLIMATE SUMMARY FOR JULY 28 2015...

CLIMATE NORMAL PERIOD 1981 TO 2010
CLIMATE RECORD PERIOD 1995 TO 2015


WEATHER ITEM   OBSERVED TIME   RECORD YEAR NORMAL DEPARTURE LAST
                VALUE   (LST)  VALUE       VALUE  FROM      YEAR
                                                  NORMAL
..................................................................
TEMPERATURE (F)
 YESTERDAY
  MAXIMUM         83        MM  MM      MM  80      3       70
  MINIMUM         61        MM  MM      MM  60      1       60
  AVERAGE         72                        70      2       65

PRECIPITATION (IN)
  YESTERDAY        0.01         MM      MM   0.12  -0.11     1.16
  MONTH TO DATE    2.27                      3.92  -1.65     6.95
  SINCE JUN 1      8.34                      8.22   0.12     9.95
  SINCE JAN 1     21.39                     27.51  -6.12    28.30

SNOWFALL (IN)
  YESTERDAY        0.0          MM      MM   0.0    0.0      0.0
  MONTH TO DATE    0.0                       0.0    0.0      0.0
  SINCE JUN 1      0.0                       0.0    0.0      0.0
  SINCE JUL 1      0.0                       0.0    0.0      0.0
  SNOW DEPTH       0

DEGREE DAYS
 HEATING
  YESTERDAY        0                         0      0        0
  MONTH TO DATE   13                         7      6        0
  SINCE JUN 1    170                       101     69       74
  SINCE JUL 1     13                         7      6        0

 COOLING
  YESTERDAY        7                         5      2        0
  MONTH TO DATE  102                       133    -31      159
  SINCE JUN 1    137                       198    -61      224
  SINCE JAN 1    177                       209    -32      225
..................................................................







THE GRAY ME CLIMATE NORMALS FOR TODAY
                         NORMAL
 MAXIMUM TEMPERATURE (F)   80
 MINIMUM TEMPERATURE (F)   60


SUNRISE AND SUNSET
JULY 29 2015..........SUNRISE   526 AM EDT   SUNSET   808 PM EDT
JULY 30 2015..........SUNRISE   527 AM EDT   SUNSET   807 PM EDT


-  INDICATES NEGATIVE NUMBERS.
R  INDICATES RECORD WAS SET OR TIED.
MM INDICATES DATA IS MISSING.
T  INDICATES TRACE AMOUNT.




$$
