000
CDUS41 KGYX 230802
CLIGYX


CLIMATE REPORT
NATIONAL WEATHER SERVICE GRAY ME
402 AM EDT SAT JUL 23 2016


...................................

...THE GRAY ME CLIMATE SUMMARY FOR JULY 22 2016...

CLIMATE NORMAL PERIOD 1981 TO 2010
CLIMATE RECORD PERIOD 1995 TO 2016


WEATHER ITEM   OBSERVED TIME   RECORD YEAR NORMAL DEPARTURE LAST
                VALUE   (LST)  VALUE       VALUE  FROM      YEAR
                                                  NORMAL
..................................................................
TEMPERATURE (F)
 YESTERDAY
  MAXIMUM         93        MM  99    2011  80     13       79
  MINIMUM         63        MM  MM      MM  60      3       60
  AVERAGE         78                        70      8       70

PRECIPITATION (IN)
  YESTERDAY        0.49         MM      MM   0.14   0.35     0.00
  MONTH TO DATE    3.14                      3.16  -0.02     2.09
  SINCE JUN 1      6.90                      7.46  -0.56     8.16
  SINCE JAN 1     24.53                     26.75  -2.22    21.21

SNOWFALL (IN)
  YESTERDAY        0.0          MM      MM   0.0    0.0      0.0
  MONTH TO DATE    0.0                       0.0    0.0      0.0
  SINCE JUN 1      0.0                       0.0    0.0      0.0
  SINCE JUL 1      0.0                       0.0    0.0      0.0
  SNOW DEPTH       0

DEGREE DAYS
 HEATING
  YESTERDAY        0                         0      0        0
  MONTH TO DATE   18                         7     11        7
  SINCE JUN 1     88                       101    -13      164
  SINCE JUL 1     18                         7     11        7

 COOLING
  YESTERDAY       13                         5      8        5
  MONTH TO DATE  141                       103     38       84
  SINCE JUN 1    193                       168     25      119
  SINCE JAN 1    215                       179     36      159
..................................................................







THE GRAY ME CLIMATE NORMALS FOR TODAY
                         NORMAL
 MAXIMUM TEMPERATURE (F)   80
 MINIMUM TEMPERATURE (F)   60


SUNRISE AND SUNSET
JULY 23 2016..........SUNRISE   521 AM EDT   SUNSET   814 PM EDT
JULY 24 2016..........SUNRISE   522 AM EDT   SUNSET   813 PM EDT


-  INDICATES NEGATIVE NUMBERS.
R  INDICATES RECORD WAS SET OR TIED.
MM INDICATES DATA IS MISSING.
T  INDICATES TRACE AMOUNT.




$$
