000
CDUS41 KGYX 241223
CLIGYX


CLIMATE REPORT
NATIONAL WEATHER SERVICE GRAY ME
822 AM EDT FRI OCT 24 2014


...................................

...THE GRAY ME CLIMATE SUMMARY FOR OCTOBER 23 2014...

CLIMATE NORMAL PERIOD 1981 TO 2010
CLIMATE RECORD PERIOD 1995 TO 2014


WEATHER ITEM   OBSERVED NORMAL DEPARTURE LAST
                VALUE   VALUE  FROM      YEAR
                               NORMAL
...............................................
TEMPERATURE (F)
 YESTERDAY
  MAXIMUM         48     56     -8       52
  MINIMUM         44     38      6       37
  AVERAGE         46     47     -1       45

PRECIPITATION (IN)
  YESTERDAY        1.22   0.18   1.04     0.00
  MONTH TO DATE    6.21   3.90   2.31     1.28
  SINCE SEP 1      7.27   8.09  -0.82     8.68
  SINCE JAN 1     42.68  39.57   3.11    35.97

SNOWFALL (IN)
  YESTERDAY        0.0    0.0    0.0      0.0
  MONTH TO DATE    0.0    0.0    0.0      0.0
  SINCE SEP 1      0.0    0.0    0.0      0.0
  SINCE JUL 1      0.0    0.0    0.0      0.0
  SNOW DEPTH       0

DEGREE DAYS
 HEATING
  YESTERDAY       19     18      1       20
  MONTH TO DATE  258    337    -79      228
  SINCE SEP 1    440    505    -65      415
  SINCE JUL 1    454    541    -87      427

 COOLING
  YESTERDAY        0      0      0        0
  MONTH TO DATE    2      0      2        2
  SINCE SEP 1     57     28     29       38
  SINCE JAN 1    369    387    -18      486
...............................................





WEATHER CONDITIONS
 THE FOLLOWING WEATHER WAS RECORDED YESTERDAY.
  NO SIGNIFICANT WEATHER WAS OBSERVED.


..........................................................


THE GRAY ME CLIMATE NORMALS FOR TODAY
                         NORMAL
 MAXIMUM TEMPERATURE (F)   55
 MINIMUM TEMPERATURE (F)   38


SUNRISE AND SUNSET
OCTOBER 24 2014.......SUNRISE   707 AM EDT   SUNSET   543 PM EDT
OCTOBER 25 2014.......SUNRISE   708 AM EDT   SUNSET   541 PM EDT


-  INDICATES NEGATIVE NUMBERS.
R  INDICATES RECORD WAS SET OR TIED.
MM INDICATES DATA IS MISSING.
T  INDICATES TRACE AMOUNT.




$$
