000
CDUS41 KGYX 010804
CLIGYX


CLIMATE REPORT
NATIONAL WEATHER SERVICE GRAY ME
404 AM EDT WED JUL 1 2015


...................................

...THE GRAY ME CLIMATE SUMMARY FOR JUNE 30 2015...

CLIMATE NORMAL PERIOD 1981 TO 2010
CLIMATE RECORD PERIOD 1995 TO 2015


WEATHER ITEM   OBSERVED TIME   RECORD YEAR NORMAL DEPARTURE LAST
                VALUE   (LST)  VALUE       VALUE  FROM      YEAR
                                                  NORMAL
..................................................................
TEMPERATURE (F)
 YESTERDAY
  MAXIMUM         75        MM  MM      MM  78     -3       85
  MINIMUM         58        MM  MM      MM  58      0       59
  AVERAGE         67                        68     -1       72

PRECIPITATION (IN)
  YESTERDAY        T            MM      MM   0.13  -0.13     0.00
  MONTH TO DATE    6.07                      4.30   1.77     3.00
  SINCE JUN 1      6.07                      4.30   1.77     3.00
  SINCE JAN 1     19.12                     23.59  -4.47    21.35

SNOWFALL (IN)
  YESTERDAY        0.0          MM      MM   0.0    0.0      0.0
  MONTH TO DATE    0.0                       0.0    0.0      0.0
  SINCE JUN 1      0.0                       0.0    0.0      0.0
  SINCE JUL 1    107.3                      83.8   23.5     83.0
  SNOW DEPTH       0

DEGREE DAYS
 HEATING
  YESTERDAY        0                         1     -1        0
  MONTH TO DATE  157                        94     63       74
  SINCE JUN 1    157                        94     63       74
  SINCE JUL 1   7627                      7192    435     7692

 COOLING
  YESTERDAY        2                         4     -2        7
  MONTH TO DATE   35                        65    -30       65
  SINCE JUN 1     35                        65    -30       65
  SINCE JAN 1     75                        76     -1       66
..................................................................







THE GRAY ME CLIMATE NORMALS FOR TODAY
                         NORMAL
 MAXIMUM TEMPERATURE (F)   78
 MINIMUM TEMPERATURE (F)   59


SUNRISE AND SUNSET
JULY  1 2015..........SUNRISE   502 AM EDT   SUNSET   827 PM EDT
JULY  2 2015..........SUNRISE   503 AM EDT   SUNSET   827 PM EDT


-  INDICATES NEGATIVE NUMBERS.
R  INDICATES RECORD WAS SET OR TIED.
MM INDICATES DATA IS MISSING.
T  INDICATES TRACE AMOUNT.




$$
