000
CDUS41 KGYX 220903
CLIGYX


CLIMATE REPORT
NATIONAL WEATHER SERVICE GRAY ME
403 AM EST MON DEC 22 2014


...................................

...THE GRAY ME CLIMATE SUMMARY FOR DECEMBER 21 2014...

CLIMATE NORMAL PERIOD 1981 TO 2010
CLIMATE RECORD PERIOD 1995 TO 2014


WEATHER ITEM   OBSERVED TIME   RECORD YEAR NORMAL DEPARTURE LAST
                VALUE   (LST)  VALUE       VALUE  FROM      YEAR
                                                  NORMAL
..................................................................
TEMPERATURE (F)
 YESTERDAY
  MAXIMUM         30        MM  MM      MM  33     -3       37
  MINIMUM         17        MM  MM      MM  18     -1       30
  AVERAGE         24                        26     -2       34

PRECIPITATION (IN)
  YESTERDAY        T            MM      MM   0.12  -0.12     0.07
  MONTH TO DATE    4.50                      2.86   1.64     2.15
  SINCE DEC 1      4.50                      2.86   1.64     2.15
  SINCE JAN 1     51.13                     49.02   2.11    42.73

SNOWFALL (IN)
  YESTERDAY        T            MM      MM   0.7   -0.7      0.0
  MONTH TO DATE    5.7                      11.4   -5.7     19.8
  SINCE DEC 1      5.7                      11.4   -5.7     19.8
  SINCE JUL 1     20.7                      14.5    6.2     20.9
  SNOW DEPTH       1

DEGREE DAYS
 HEATING
  YESTERDAY       41                        39      2       31
  MONTH TO DATE  757                       760     -3      879
  SINCE DEC 1    757                       760     -3      879
  SINCE JUL 1   2207                      2257    -50     2350

 COOLING
  YESTERDAY        0                         0      0        0
  MONTH TO DATE    0                         0      0        0
  SINCE DEC 1      0                         0      0        0
  SINCE JAN 1    369                       389    -20      486
..................................................................







THE GRAY ME CLIMATE NORMALS FOR TODAY
                         NORMAL
 MAXIMUM TEMPERATURE (F)   33
 MINIMUM TEMPERATURE (F)   18


SUNRISE AND SUNSET
DECEMBER 22 2014......SUNRISE   713 AM EST   SUNSET   407 PM EST
DECEMBER 23 2014......SUNRISE   713 AM EST   SUNSET   407 PM EST


-  INDICATES NEGATIVE NUMBERS.
R  INDICATES RECORD WAS SET OR TIED.
MM INDICATES DATA IS MISSING.
T  INDICATES TRACE AMOUNT.




$$
