000
CDUS41 KGYX 270809
CLIGYX


CLIMATE REPORT
NATIONAL WEATHER SERVICE GRAY ME
409 AM EDT SAT MAY 27 2017


...................................

...THE GRAY ME CLIMATE SUMMARY FOR MAY 26 2017...

CLIMATE NORMAL PERIOD 1981 TO 2010
CLIMATE RECORD PERIOD 1995 TO 2017


WEATHER ITEM   OBSERVED TIME   RECORD YEAR NORMAL DEPARTURE LAST
                VALUE   (LST)  VALUE       VALUE  FROM      YEAR
                                                  NORMAL
..................................................................
TEMPERATURE (F)
 YESTERDAY
  MAXIMUM         54        MM  91    2010  68    -14       82
  MINIMUM         47        MM  MM      MM  47      0       53
  AVERAGE         51                        58     -7       68

PRECIPITATION (IN)
  YESTERDAY        1.45         MM      MM   0.13   1.32     0.00
  MONTH TO DATE    5.11                      3.23   1.88     1.95
  SINCE MAR 1     12.93                     11.78   1.15     9.30
  SINCE JAN 1     19.61                     18.62   0.99    17.56

SNOWFALL (IN)
  YESTERDAY        0.0          MM      MM   0.0    0.0      0.0
  MONTH TO DATE    0.0                       0.2   -0.2      0.0
  SINCE MAR 1     34.1                      24.9    9.2     14.5
  SINCE JUL 1    123.9                      84.0   39.9     51.8
  SNOW DEPTH       0

DEGREE DAYS
 HEATING
  YESTERDAY       14                         8      6        0
  MONTH TO DATE  315                       288     27      280
  SINCE MAR 1   2021                      1905    116     1843
  SINCE JUL 1   6715                      7063   -348     6363

 COOLING
  YESTERDAY        0                         1     -1        3
  MONTH TO DATE   19                         2     17        5
  SINCE MAR 1     21                         3     18        5
  SINCE JAN 1     21                         3     18        5
..................................................................







THE GRAY ME CLIMATE NORMALS FOR TODAY
                         NORMAL
 MAXIMUM TEMPERATURE (F)   68
 MINIMUM TEMPERATURE (F)   48


SUNRISE AND SUNSET
MAY 27 2017...........SUNRISE   504 AM EDT   SUNSET   812 PM EDT
MAY 28 2017...........SUNRISE   504 AM EDT   SUNSET   813 PM EDT


-  INDICATES NEGATIVE NUMBERS.
R  INDICATES RECORD WAS SET OR TIED.
MM INDICATES DATA IS MISSING.
T  INDICATES TRACE AMOUNT.




$$
