000
CDUS44 KJAN 230817
CLIHBG


CLIMATE REPORT
NATIONAL WEATHER SERVICE JACKSON MS
314 AM CDT SUN APR 23 2017


...................................

...THE HATTIESBURG CLIMATE SUMMARY FOR APRIL 22 2017...

CLIMATE NORMAL PERIOD 1981 TO 2010
CLIMATE RECORD PERIOD 1948 TO 2017


WEATHER ITEM   OBSERVED TIME   RECORD YEAR NORMAL DEPARTURE LAST
                VALUE   (LST)  VALUE       VALUE  FROM      YEAR
                                                  NORMAL
..................................................................
TEMPERATURE (F)
 YESTERDAY
  MAXIMUM         85    432 PM  93    1987  80      5       82
  MINIMUM         58    519 AM  42    1993  54      4       62
  AVERAGE         72                        67      5       72

PRECIPITATION (IN)
  YESTERDAY        1.24          3.95 1977   0.18   1.06     0.00
  MONTH TO DATE    4.28                      3.85   0.43     4.88
  SINCE MAR 1      7.42                      9.35  -1.93    18.20
  SINCE JAN 1     19.02                     20.48  -1.46    27.57

SNOWFALL (IN)
  YESTERDAY        0.0

DEGREE DAYS
 HEATING
  YESTERDAY        0                         2     -2        0
  MONTH TO DATE   28                        75    -47       28
  SINCE MAR 1    171                       292   -121      141
  SINCE JUL 1   1138                      1970   -832     1379

 COOLING
  YESTERDAY        7                         4      3        7
  MONTH TO DATE   95                        57     38       48
  SINCE MAR 1    183                        90     93      114
  SINCE JAN 1    252                       105    147      139
..................................................................


WIND (MPH)
  HIGHEST WIND SPEED    20   HIGHEST WIND DIRECTION    NW (310)
  HIGHEST GUST SPEED    25   HIGHEST GUST DIRECTION    NW (320)
  AVERAGE WIND SPEED     5.0


SKY COVER
  POSSIBLE SUNSHINE  MM
  AVERAGE SKY COVER 0.3


WEATHER CONDITIONS
 THE FOLLOWING WEATHER WAS RECORDED YESTERDAY.
  THUNDERSTORM
  HEAVY RAIN
  RAIN
  LIGHT RAIN
  FOG


RELATIVE HUMIDITY (PERCENT)
 HIGHEST    93          1200 AM
 LOWEST     44           400 PM
 AVERAGE    69

..........................................................


THE HATTIESBURG CLIMATE NORMALS FOR TODAY
                         NORMAL    RECORD    YEAR
 MAXIMUM TEMPERATURE (F)   80        90      2008
 MINIMUM TEMPERATURE (F)   55        41      1959


SUNRISE AND SUNSET
APRIL 23 2017.........SUNRISE   620 AM CDT   SUNSET   731 PM CDT
APRIL 24 2017.........SUNRISE   619 AM CDT   SUNSET   732 PM CDT


-  INDICATES NEGATIVE NUMBERS.
R  INDICATES RECORD WAS SET OR TIED.
MM INDICATES DATA IS MISSING.
T  INDICATES TRACE AMOUNT.




$$
