000
CDUS44 KJAN 052211
CLIHBG


CLIMATE REPORT
NATIONAL WEATHER SERVICE JACKSON MS
410 PM CST MON DEC 5 2016


...................................

...THE HATTIESBURG CLIMATE SUMMARY FOR DECEMBER 5 2016...
VALID TODAY AS OF 0400 PM LOCAL TIME.

CLIMATE NORMAL PERIOD 1981 TO 2010
CLIMATE RECORD PERIOD 1948 TO 2016


WEATHER ITEM   OBSERVED TIME   RECORD YEAR NORMAL DEPARTURE LAST
                VALUE   (LST)  VALUE       VALUE  FROM      YEAR
                                                  NORMAL
..................................................................
TEMPERATURE (F)
 TODAY
  MAXIMUM         57    359 PM  82    2013  64     -7       68
  MINIMUM         54    208 PM  22    2006  41     13       32
  AVERAGE         56                        52      4       50

PRECIPITATION (IN)
  TODAY            0.52          1.79 1984   0.15   0.37     0.00
  MONTH TO DATE    0.94                      0.77   0.17     0.72
  SINCE DEC 1      0.94                      0.77   0.17     0.72
  SINCE JAN 1     57.79                     55.03   2.76    52.23

SNOWFALL (IN)
  TODAY            0.0

DEGREE DAYS
 HEATING
  TODAY            9                        13     -4       15
  MONTH TO DATE   59                        64     -5       64
  SINCE DEC 1     59                        64     -5       64
  SINCE JUL 1    255                       392   -137      242

 COOLING
  TODAY            0                         1     -1        0
  MONTH TO DATE    0                         5     -5        3
  SINCE DEC 1      0                         5     -5        3
  SINCE JAN 1   2810                      2395    415     2857
..................................................................


WIND (MPH)
  HIGHEST WIND SPEED    12   HIGHEST WIND DIRECTION     N (360)
  HIGHEST GUST SPEED    16   HIGHEST GUST DIRECTION     N (10)
  AVERAGE WIND SPEED     5.5


SKY COVER
  POSSIBLE SUNSHINE  MM
  AVERAGE SKY COVER 1.0


WEATHER CONDITIONS
 THE FOLLOWING WEATHER WAS RECORDED TODAY.
  THUNDERSTORM
  HEAVY RAIN
  RAIN
  LIGHT RAIN
  FOG


RELATIVE HUMIDITY (PERCENT)
 HIGHEST   100          1200 AM
 LOWEST     93           200 AM
 AVERAGE    97

..........................................................


THE HATTIESBURG CLIMATE NORMALS FOR TOMORROW
                         NORMAL    RECORD    YEAR
 MAXIMUM TEMPERATURE (F)   63        83      2013
 MINIMUM TEMPERATURE (F)   41        27      2010
                                             2009


SUNRISE AND SUNSET
DECEMBER  5 2016......SUNRISE   642 AM CST   SUNSET   454 PM CST
DECEMBER  6 2016......SUNRISE   642 AM CST   SUNSET   454 PM CST


-  INDICATES NEGATIVE NUMBERS.
R  INDICATES RECORD WAS SET OR TIED.
MM INDICATES DATA IS MISSING.
T  INDICATES TRACE AMOUNT.




$$
