000
CDUS44 KJAN 312115
CLIHBG


CLIMATE REPORT
NATIONAL WEATHER SERVICE JACKSON MS
413 PM CDT TUE MAY 31 2016


...................................

...THE HATTIESBURG CLIMATE SUMMARY FOR MAY 31 2016...
VALID TODAY AS OF 0400 PM LOCAL TIME.

CLIMATE NORMAL PERIOD 1981 TO 2010
CLIMATE RECORD PERIOD 1948 TO 2016


WEATHER ITEM   OBSERVED TIME   RECORD YEAR NORMAL DEPARTURE LAST
                VALUE   (LST)  VALUE       VALUE  FROM      YEAR
                                                  NORMAL
..................................................................
TEMPERATURE (F)
 TODAY
  MAXIMUM         92    246 PM 104    1951  88      4       87
  MINIMUM         71    348 AM  48    1984  66      5       68
                                      1971
  AVERAGE         82                        77      5       78

PRECIPITATION (IN)
  TODAY            T             3.10 1964   0.17  -0.17     0.19
  MONTH TO DATE    2.47                      4.98  -2.51     6.91
  SINCE MAR 1     21.79                     15.41   6.38    15.99
  SINCE JAN 1     31.16                     26.54   4.62    23.82

SNOWFALL (IN)
  TODAY            0.0

DEGREE DAYS
 HEATING
  TODAY            0                         0      0        0
  MONTH TO DATE    4                         5     -1        1
  SINCE MAR 1    145                       307   -162      131
  SINCE JUL 1   1383                      1985   -602     1912

 COOLING
  TODAY           17                        12      5       13
  MONTH TO DATE  259                       275    -16      298
  SINCE MAR 1    439                       400     39      571
  SINCE JAN 1    464                       415     49      577
..................................................................


WIND (MPH)
  HIGHEST WIND SPEED    12   HIGHEST WIND DIRECTION    SW (210)
  HIGHEST GUST SPEED    13   HIGHEST GUST DIRECTION     S (190)
  AVERAGE WIND SPEED     0.6


SKY COVER
  POSSIBLE SUNSHINE  MM
  AVERAGE SKY COVER 0.0


WEATHER CONDITIONS
 THE FOLLOWING WEATHER WAS RECORDED TODAY.
  LIGHT RAIN


RELATIVE HUMIDITY (PERCENT)
 HIGHEST    90           400 AM
 LOWEST     41           100 PM
 AVERAGE    66

..........................................................


THE HATTIESBURG CLIMATE NORMALS FOR TOMORROW
                         NORMAL    RECORD    YEAR
 MAXIMUM TEMPERATURE (F)   88       100      2011
 MINIMUM TEMPERATURE (F)   66        49      1984


SUNRISE AND SUNSET
MAY 31 2016...........SUNRISE   554 AM CDT   SUNSET   756 PM CDT
JUNE  1 2016..........SUNRISE   553 AM CDT   SUNSET   757 PM CDT


-  INDICATES NEGATIVE NUMBERS.
R  INDICATES RECORD WAS SET OR TIED.
MM INDICATES DATA IS MISSING.
T  INDICATES TRACE AMOUNT.




$$
