000
CDUS44 KJAN 270722
CLIHBG


CLIMATE REPORT
NATIONAL WEATHER SERVICE JACKSON MS
217 AM CDT THU JUL 27 2017


...................................

...THE HATTIESBURG CLIMATE SUMMARY FOR JULY 26 2017...

CLIMATE NORMAL PERIOD 1981 TO 2010
CLIMATE RECORD PERIOD 1948 TO 2017


WEATHER ITEM   OBSERVED TIME   RECORD YEAR NORMAL DEPARTURE LAST
                VALUE   (LST)  VALUE       VALUE  FROM      YEAR
                                                  NORMAL
..................................................................
TEMPERATURE (F)
 YESTERDAY
  MAXIMUM         94    429 PM  98    1998  92      2       89
                                      1960
  MINIMUM         72    541 AM  64    2000  72      0       75
                                      1970
  AVERAGE         83                        82      1       82

PRECIPITATION (IN)
  YESTERDAY        0.00          1.75 1948   0.14  -0.14     0.03
  MONTH TO DATE    3.99                      4.63  -0.64     5.76
  SINCE JUN 1     15.39                     10.13   5.26    13.89
  SINCE JAN 1     45.82                     36.67   9.15    45.05

SNOWFALL (IN)
  YESTERDAY        0.0

DEGREE DAYS
 HEATING
  YESTERDAY        0                         0      0        0
  MONTH TO DATE    0                         0      0        0
  SINCE JUN 1      0                         0      0        0
  SINCE JUL 1      0                         0      0        0

 COOLING
  YESTERDAY       18                        17      1       17
  MONTH TO DATE  454                       437     17      483
  SINCE JUN 1    838                       860    -22      990
  SINCE JAN 1   1359                      1275     84     1454
..................................................................


WIND (MPH)
  HIGHEST WIND SPEED     9   HIGHEST WIND DIRECTION    SW (210)
  HIGHEST GUST SPEED    13   HIGHEST GUST DIRECTION     N (360)
  AVERAGE WIND SPEED     2.7


SKY COVER
  POSSIBLE SUNSHINE  MM
  AVERAGE SKY COVER 0.1


WEATHER CONDITIONS
 THE FOLLOWING WEATHER WAS RECORDED YESTERDAY.
  FOG


RELATIVE HUMIDITY (PERCENT)
 HIGHEST   100          1200 AM
 LOWEST     52           500 PM
 AVERAGE    76

..........................................................


THE HATTIESBURG CLIMATE NORMALS FOR TODAY
                         NORMAL    RECORD    YEAR
 MAXIMUM TEMPERATURE (F)   93        98      2008
 MINIMUM TEMPERATURE (F)   72        64      1953


SUNRISE AND SUNSET
JULY 27 2017..........SUNRISE   611 AM CDT   SUNSET   756 PM CDT
JULY 28 2017..........SUNRISE   611 AM CDT   SUNSET   755 PM CDT


-  INDICATES NEGATIVE NUMBERS.
R  INDICATES RECORD WAS SET OR TIED.
MM INDICATES DATA IS MISSING.
T  INDICATES TRACE AMOUNT.




$$
