000
CDUS41 KLWX 012122
CLIHGR


CLIMATE REPORT
NATIONAL WEATHER SERVICE BALTIMORE MD/WASHINGTON DC
422 PM EST SUN FEB 1 2015


...................................

...THE HAGERSTOWN MD CLIMATE SUMMARY FOR FEBRUARY 1 2015...
VALID TODAY AS OF 0400 PM LOCAL TIME.

CLIMATE NORMAL PERIOD 1981 TO 2010
CLIMATE RECORD PERIOD 9999 TO 9999


WEATHER ITEM   OBSERVED TIME   RECORD YEAR NORMAL DEPARTURE LAST
                VALUE   (LST)  VALUE       VALUE  FROM      YEAR
                                                  NORMAL
..................................................................
TEMPERATURE (F)
 TODAY
  MAXIMUM         39    119 PM  MM      MM  39      0       48
  MINIMUM         20    107 AM  MM      MM  24     -4       26
  AVERAGE         30                        32     -2       37

PRECIPITATION (IN)
  TODAY            T            MM      MM   0.08  -0.08     0.00
  MONTH TO DATE    T                         0.08  -0.08     0.00
  SINCE DEC 1      4.90                      5.65  -0.75     5.28
  SINCE JAN 1      1.90                      2.76  -0.86     1.27

DEGREE DAYS
 HEATING
  TODAY           35                        33      2       28
  MONTH TO DATE   35                        33      2       28
  SINCE DEC 1   1958                      2052    -94     2007
  SINCE JUL 1   2911                      3057   -146     3069

 COOLING
  TODAY            0                         0      0        0
  MONTH TO DATE    0                         0      0        0
  SINCE DEC 1      0                         0      0        0
  SINCE JAN 1      0                         0      0        0
..................................................................


WIND (MPH)
  HIGHEST WIND SPEED    10   HIGHEST WIND DIRECTION     S (160)
  HIGHEST GUST SPEED    16   HIGHEST GUST DIRECTION     S (190)
  AVERAGE WIND SPEED     4.0


SKY COVER
  POSSIBLE SUNSHINE  MM
  AVERAGE SKY COVER 0.9


WEATHER CONDITIONS
 THE FOLLOWING WEATHER WAS RECORDED TODAY.
  NO SIGNIFICANT WEATHER WAS OBSERVED.


RELATIVE HUMIDITY (PERCENT)
 HIGHEST    60           400 AM
 LOWEST     37           300 PM
 AVERAGE    49

..........................................................


THE HAGERSTOWN MD CLIMATE NORMALS FOR TOMORROW
                         NORMAL    RECORD    YEAR
 MAXIMUM TEMPERATURE (F)   39        MM        MM
 MINIMUM TEMPERATURE (F)   24        MM        MM


SUNRISE AND SUNSET
FEBRUARY  1 2015......SUNRISE   719 AM EST   SUNSET   530 PM EST
FEBRUARY  2 2015......SUNRISE   718 AM EST   SUNSET   532 PM EST


-  INDICATES NEGATIVE NUMBERS.
R  INDICATES RECORD WAS SET OR TIED.
MM INDICATES DATA IS MISSING.
T  INDICATES TRACE AMOUNT.




$$
