000
CDUS41 KLWX 060522
CLIHGR


CLIMATE REPORT
NATIONAL WEATHER SERVICE BALTIMORE MD/WASHINGTON DC
122 AM EDT FRI MAY 6 2016


...................................

...THE HAGERSTOWN MD CLIMATE SUMMARY FOR MAY 5 2016...

CLIMATE NORMAL PERIOD 1981 TO 2010
CLIMATE RECORD PERIOD 9999 TO 9999


WEATHER ITEM   OBSERVED TIME   RECORD YEAR NORMAL DEPARTURE LAST
                VALUE   (LST)  VALUE       VALUE  FROM      YEAR
                                                  NORMAL
..................................................................
TEMPERATURE (F)
 YESTERDAY
  MAXIMUM         59    403 PM  MM      MM  69    -10       81
  MINIMUM         50    608 AM  MM      MM  49      1       62
  AVERAGE         55                        59     -4       72

PRECIPITATION (IN)
  YESTERDAY        0.13         MM      MM   0.12   0.01      T
  MONTH TO DATE    1.42                      0.55   0.87     0.04
  SINCE MAR 1      4.96                      7.49  -2.53     5.57
  SINCE JAN 1     10.33                     12.72  -2.39     7.85

DEGREE DAYS
 HEATING
  YESTERDAY       10                         7      3        0
  MONTH TO DATE   26                        38    -12        9
  SINCE MAR 1    834                      1149   -315     1082
  SINCE JUL 1   4071                      5052   -981     5088

 COOLING
  YESTERDAY        0                         1     -1        7
  MONTH TO DATE    4                         5     -1       13
  SINCE MAR 1     20                        20      0       15
  SINCE JAN 1     20                        20      0       15
..................................................................


WIND (MPH)
  HIGHEST WIND SPEED    18   HIGHEST WIND DIRECTION    NE (30)
  HIGHEST GUST SPEED    22   HIGHEST GUST DIRECTION    NE (30)
  AVERAGE WIND SPEED     7.9


SKY COVER
  POSSIBLE SUNSHINE  MM
  AVERAGE SKY COVER 1.0


WEATHER CONDITIONS
 THE FOLLOWING WEATHER WAS RECORDED YESTERDAY.
  LIGHT RAIN
  FOG
  HAZE


RELATIVE HUMIDITY (PERCENT)
 HIGHEST    89          1000 PM
 LOWEST     62           300 PM
 AVERAGE    76

..........................................................


THE HAGERSTOWN MD CLIMATE NORMALS FOR TODAY
                         NORMAL    RECORD    YEAR
 MAXIMUM TEMPERATURE (F)   69        MM        MM
 MINIMUM TEMPERATURE (F)   49        MM        MM


SUNRISE AND SUNSET
MAY  6 2016...........SUNRISE   605 AM EDT   SUNSET   810 PM EDT
MAY  7 2016...........SUNRISE   604 AM EDT   SUNSET   811 PM EDT


-  INDICATES NEGATIVE NUMBERS.
R  INDICATES RECORD WAS SET OR TIED.
MM INDICATES DATA IS MISSING.
T  INDICATES TRACE AMOUNT.




$$
