000
CDUS46 KPQR 251143
CLIHIO


CLIMATE REPORT
NATIONAL WEATHER SERVICE PORTLAND OREGON
443 AM PDT MON SEP 25 2017


...................................

...THE HILLSBORO OR CLIMATE SUMMARY FOR SEPTEMBER 24 2017...

CLIMATE NORMAL PERIOD 1981 TO 2010
CLIMATE RECORD PERIOD 1929 TO 2017


WEATHER ITEM   OBSERVED TIME   RECORD YEAR NORMAL DEPARTURE LAST
                VALUE   (LST)  VALUE       VALUE  FROM      YEAR
                                                  NORMAL
..................................................................
TEMPERATURE (F)
 YESTERDAY
  MAXIMUM         74    413 PM  94    1974  72      2       71
  MINIMUM         44    538 AM  33    1970  45     -1       45
  AVERAGE         59                        58      1       58

PRECIPITATION (IN)
  YESTERDAY        0.00          0.78 1973   0.07  -0.07
  MONTH TO DATE    1.29                      0.96   0.33
  SINCE OCT 1     48.66                     39.42   9.24
  SINCE JAN 1     28.98                     23.03   5.95

SNOWFALL (IN)
  YESTERDAY       MM
  MONTH TO DATE    0.0
  SINCE SEP 1      0.0
  SINCE JUL 1      0.0
  SNOW DEPTH       0

DEGREE DAYS
 HEATING
  YESTERDAY        6                         7     -1
  MONTH TO DATE   79                       106    -27
  SINCE JUL 1     95                       213   -118

 COOLING
  YESTERDAY        0                         0      0
  MONTH TO DATE   95                        16     79
  SINCE JAN 1    489                       194    295
..................................................................


WIND (MPH)
  HIGHEST WIND SPEED     7   HIGHEST WIND DIRECTION    NW (310)
  HIGHEST GUST SPEED     9   HIGHEST GUST DIRECTION     N (10)
  AVERAGE WIND SPEED     2.6


SKY COVER
  POSSIBLE SUNSHINE  MM
  AVERAGE SKY COVER 0.2


WEATHER CONDITIONS
 THE FOLLOWING WEATHER WAS RECORDED YESTERDAY.
  FOG


RELATIVE HUMIDITY (PERCENT)
 HIGHEST   100           200 AM
 LOWEST     49           300 PM
 AVERAGE    75

..........................................................


THE HILLSBORO OR CLIMATE NORMALS FOR TODAY
                         NORMAL    RECORD    YEAR
 MAXIMUM TEMPERATURE (F)   71        94      1991
 MINIMUM TEMPERATURE (F)   44        29      1934


SUNRISE AND SUNSET
SEPTEMBER 25 2017.....SUNRISE   703 AM PDT   SUNSET   703 PM PDT
SEPTEMBER 26 2017.....SUNRISE   704 AM PDT   SUNSET   701 PM PDT


-  INDICATES NEGATIVE NUMBERS.
R  INDICATES RECORD WAS SET OR TIED.
MM INDICATES DATA IS MISSING.
T  INDICATES TRACE AMOUNT.




$$
