000
CDUS46 KPQR 181157
CLIHIO


CLIMATE REPORT
NATIONAL WEATHER SERVICE PORTLAND OREGON
356 AM PST WED JAN 18 2017


...................................

...THE HILLSBORO OR CLIMATE SUMMARY FOR JANUARY 17 2017...

CLIMATE NORMAL PERIOD 1981 TO 2010
CLIMATE RECORD PERIOD 1929 TO 2017


WEATHER ITEM   OBSERVED TIME   RECORD YEAR NORMAL DEPARTURE LAST
                VALUE   (LST)  VALUE       VALUE  FROM      YEAR
                                                  NORMAL
..................................................................
TEMPERATURE (F)
 YESTERDAY
  MAXIMUM         42   1159 PM  60    1975  47     -5       MM
  MINIMUM         23   1242 AM  10    1950  34    -11       MM
  AVERAGE         33                        40     -7       MM

PRECIPITATION (IN)
  YESTERDAY        0.85          1.74 1999   0.20   0.65
  MONTH TO DATE    2.39                      3.65  -1.26
  SINCE OCT 1     22.07                     20.04   2.03
  SINCE JAN 1      2.39                      3.65  -1.26

SNOWFALL (IN)
  YESTERDAY       MM
  MONTH TO DATE    0.0
  SINCE DEC 1      0.0
  SINCE JUL 1      0.0
  SNOW DEPTH       0

DEGREE DAYS
 HEATING
  YESTERDAY       32                        25      7
  MONTH TO DATE  642                       437    205
  SINCE JUL 1   2540                      2558    -18

 COOLING
  YESTERDAY        0                         0      0
  MONTH TO DATE    0                         0      0
  SINCE JAN 1      0                         0      0
..................................................................


WIND (MPH)
  HIGHEST WIND SPEED    13   HIGHEST WIND DIRECTION    SE (120)
  HIGHEST GUST SPEED    15   HIGHEST GUST DIRECTION    SE (130)
  AVERAGE WIND SPEED     2.8


SKY COVER
  POSSIBLE SUNSHINE  MM
  AVERAGE SKY COVER 1.0


WEATHER CONDITIONS
 THE FOLLOWING WEATHER WAS RECORDED YESTERDAY.
  LIGHT RAIN
  FREEZING RAIN
  LT FREEZING RAIN
  FOG
  HAZE


RELATIVE HUMIDITY (PERCENT)
 HIGHEST    96           800 PM
 LOWEST     69           600 AM
 AVERAGE    83

..........................................................


THE HILLSBORO OR CLIMATE NORMALS FOR TODAY
                         NORMAL    RECORD    YEAR
 MAXIMUM TEMPERATURE (F)   47        64      2005
 MINIMUM TEMPERATURE (F)   34         5      1943


SUNRISE AND SUNSET
JANUARY 18 2017.......SUNRISE   746 AM PST   SUNSET   459 PM PST
JANUARY 19 2017.......SUNRISE   745 AM PST   SUNSET   501 PM PST


-  INDICATES NEGATIVE NUMBERS.
R  INDICATES RECORD WAS SET OR TIED.
MM INDICATES DATA IS MISSING.
T  INDICATES TRACE AMOUNT.




$$
