000
CDUS46 KHNX 270824
CLIHJO


CLIMATE REPORT
NATIONAL WEATHER SERVICE SAN JOAQUIN VALLEY, CA
123 AM PDT SAT MAY 27 2017


...................................

...THE HANFORD CA CLIMATE SUMMARY FOR MAY 26 2017...

CLIMATE NORMAL PERIOD 1981 TO 2010
CLIMATE RECORD PERIOD 1998 TO 2017


WEATHER ITEM   OBSERVED TIME   RECORD YEAR NORMAL DEPARTURE
                VALUE   (LST)  VALUE       VALUE  FROM
                                                  NORMAL
...............................................................
TEMPERATURE (F)
 YESTERDAY
  MAXIMUM         75        MM  97    2014  87    -12
  MINIMUM         54        MM  44    2012  55     -1
  AVERAGE         65                        71     -6

PRECIPITATION (IN)
  YESTERDAY        0.00          0.01 2008   0.01  -0.01
  MONTH TO DATE    0.39                      0.37   0.02
  SINCE OCT 1     11.04                      9.69   1.35
  SINCE JAN 1      8.17                      6.56   1.61

SNOWFALL (IN)
  YESTERDAY        0.0
  MONTH TO DATE    0.0
  SINCE MAR 1      0.0
  SINCE JUL 1      0.0
  SNOW DEPTH       0

DEGREE DAYS
 HEATING
  YESTERDAY        0
  MONTH TO DATE   24
  SINCE MAR 1    377
  SINCE JUL 1   2104

 COOLING
  YESTERDAY        0
  MONTH TO DATE  150
  SINCE MAR 1    165
  SINCE JAN 1    165
...............................................................


WIND (MPH)
  HIGHEST WIND SPEED     7   HIGHEST WIND DIRECTION     S (170)
  HIGHEST GUST SPEED    MM   HIGHEST GUST DIRECTION    MM
  AVERAGE WIND SPEED     4.4




RELATIVE HUMIDITY (PERCENT)
 HIGHEST    93
 LOWEST     46
 AVERAGE    70

..........................................................


THE HANFORD CA CLIMATE NORMALS FOR TODAY
                         NORMAL    RECORD    YEAR
 MAXIMUM TEMPERATURE (F)   87        98      2009
 MINIMUM TEMPERATURE (F)   56        46      1998


SUNRISE AND SUNSET
MAY 27 2017...........SUNRISE   544 AM PDT   SUNSET   808 PM PDT
MAY 28 2017...........SUNRISE   544 AM PDT   SUNSET   808 PM PDT


-  INDICATES NEGATIVE NUMBERS.
R  INDICATES RECORD WAS SET OR TIED.
MM INDICATES DATA IS MISSING.
T  INDICATES TRACE AMOUNT.




$$
