000
CDUS46 KHNX 230823
CLIHJO


CLIMATE REPORT
NATIONAL WEATHER SERVICE SAN JOAQUIN VALLEY, CA
1223 AM PST THU NOV 23 2017


...................................

...THE HANFORD CA CLIMATE SUMMARY FOR NOVEMBER 22 2017...

CLIMATE NORMAL PERIOD 1981 TO 2010
CLIMATE RECORD PERIOD 1998 TO 2017


WEATHER ITEM   OBSERVED TIME   RECORD YEAR NORMAL DEPARTURE
                VALUE   (LST)  VALUE       VALUE  FROM
                                                  NORMAL
...............................................................
TEMPERATURE (F)
 YESTERDAY
  MAXIMUM         77R   256 PM  73    2015  62     15
  MINIMUM         43    655 AM  29    2003  37      6
  AVERAGE         60                        50     10

PRECIPITATION (IN)
  YESTERDAY        0.00          0.04 2001   0.03  -0.03
  MONTH TO DATE    0.11                      0.84  -0.73
  SINCE OCT 1      0.17                      1.34  -1.17
  SINCE JAN 1      8.51                      8.31   0.20

SNOWFALL (IN)
  YESTERDAY        0.0
  MONTH TO DATE    0.0
  SINCE SEP 1      0.0
  SINCE JUL 1      0.0
  SNOW DEPTH       0

DEGREE DAYS
 HEATING
  YESTERDAY        5
  MONTH TO DATE  153
  SINCE SEP 1    235
  SINCE JUL 1    235

 COOLING
  YESTERDAY        0
  MONTH TO DATE    4
  SINCE SEP 1    365
  SINCE JAN 1   2182
...............................................................


WIND (MPH)
  HIGHEST WIND SPEED     6   HIGHEST WIND DIRECTION     E (70)
  HIGHEST GUST SPEED     7   HIGHEST GUST DIRECTION    NE (60)
  AVERAGE WIND SPEED     0.5




RELATIVE HUMIDITY (PERCENT)
 HIGHEST   100
 LOWEST     38
 AVERAGE    69

..........................................................


THE HANFORD CA CLIMATE NORMALS FOR TODAY
                         NORMAL    RECORD    YEAR
 MAXIMUM TEMPERATURE (F)   61        80      2015
 MINIMUM TEMPERATURE (F)   37        24      2003


SUNRISE AND SUNSET
NOVEMBER 23 2017......SUNRISE   644 AM PST   SUNSET   446 PM PST
NOVEMBER 24 2017......SUNRISE   645 AM PST   SUNSET   445 PM PST


-  INDICATES NEGATIVE NUMBERS.
R  INDICATES RECORD WAS SET OR TIED.
MM INDICATES DATA IS MISSING.
T  INDICATES TRACE AMOUNT.




$$
