000
CDUS46 KHNX 250023
CLIHJO


CLIMATE REPORT
NATIONAL WEATHER SERVICE SAN JOAQUIN VALLEY, CA
523 PM PDT MON APR 24 2017


...................................

...THE HANFORD CA CLIMATE SUMMARY FOR APRIL 24 2017...
VALID AS OF 0400 PM LOCAL TIME.

CLIMATE NORMAL PERIOD 1981 TO 2010
CLIMATE RECORD PERIOD 1998 TO 2017


WEATHER ITEM   OBSERVED TIME   RECORD YEAR NORMAL DEPARTURE LAST
                VALUE   (LST)  VALUE       VALUE  FROM      YEAR
                                                  NORMAL
..................................................................
TEMPERATURE (F)
 TODAY
  MAXIMUM         74    231 PM  90    2013  78     -4       75
  MINIMUM         51    545 AM  42    2008  48      3       53
  AVERAGE         63                        63      0       64

PRECIPITATION (IN)
  TODAY            0.00          0.01 2006   0.03  -0.03      T
  MONTH TO DATE    1.03                      0.64   0.39     0.43
  SINCE OCT 1     10.65                      9.17   1.48     7.91
  SINCE JAN 1      7.78                      6.04   1.74     5.31

SNOWFALL (IN)
  TODAY            0.0
  MONTH TO DATE    0.0
  SINCE MAR 1      0.0
  SINCE JUL 1      0.0
  SNOW DEPTH       0

DEGREE DAYS
 HEATING
  TODAY            2                                         1
  MONTH TO DATE  101                                        21
  SINCE MAR 1    347                                       242
  SINCE JUL 1   2074                                      2132

 COOLING
  TODAY            0                                         0
  MONTH TO DATE    2                                        39
  SINCE MAR 1     10                                        40
  SINCE JAN 1     10                                        40
..................................................................


WIND (MPH)
  HIGHEST WIND SPEED    24   HIGHEST WIND DIRECTION    NW (330)
  HIGHEST GUST SPEED    33   HIGHEST GUST DIRECTION    NW (330)
  AVERAGE WIND SPEED    12.7




RELATIVE HUMIDITY (PERCENT)
 HIGHEST    77
 LOWEST     37
 AVERAGE    57

..........................................................


THE HANFORD CA CLIMATE NORMALS FOR TOMORROW
                         NORMAL    RECORD    YEAR
 MAXIMUM TEMPERATURE (F)   78        92      2005
 MINIMUM TEMPERATURE (F)   49        36      2009


SUNRISE AND SUNSET
APRIL 24 2017.........SUNRISE   613 AM PDT   SUNSET   741 PM PDT
APRIL 25 2017.........SUNRISE   612 AM PDT   SUNSET   741 PM PDT


-  INDICATES NEGATIVE NUMBERS.
R  INDICATES RECORD WAS SET OR TIED.
MM INDICATES DATA IS MISSING.
T  INDICATES TRACE AMOUNT.




$$
