000
CDUS46 KHNX 310025
CLIHJO


CLIMATE REPORT
NATIONAL WEATHER SERVICE SAN JOAQUIN VALLEY, CA
523 PM PDT SAT AUG 30 2014


...................................

...THE HANFORD CA CLIMATE SUMMARY FOR AUGUST 30 2014...
VALID AS OF 0500 PM LOCAL TIME.

CLIMATE NORMAL PERIOD 1981 TO 2010
CLIMATE RECORD PERIOD 1998 TO 2014


WEATHER ITEM   OBSERVED TIME   RECORD YEAR NORMAL DEPARTURE LAST
                VALUE   (LST)  VALUE       VALUE  FROM      YEAR
                                                  NORMAL
..................................................................
TEMPERATURE (F)
 TODAY
  MAXIMUM         99    333 PM 107    2008  94      5       98
  MINIMUM         63    516 AM  51    2010  60      3       64
  AVERAGE         81                        77      4       81

PRECIPITATION (IN)
  TODAY            0.00          0.05 2007   0.00   0.00     0.00
  MONTH TO DATE    T                         0.02  -0.02     0.00
  SINCE JUL 1      T                         0.04  -0.04      T
  SINCE JAN 1      2.43                      6.80  -4.37     1.60

SNOWFALL (IN)
  TODAY            0.0
  MONTH TO DATE    0.0
  SINCE JUN 1      0.0
  SINCE JUL 1      0.0
  SNOW DEPTH       0

DEGREE DAYS
 HEATING
  TODAY            0                                         0
  MONTH TO DATE    0                                         0
  SINCE JUN 1      0                                         0
  SINCE JUL 1      0                                         0

 COOLING
  TODAY           16                                        16
  MONTH TO DATE  496                                       447
  SINCE JUN 1   1455                                      1452
  SINCE JAN 1   1743                                      1704
..................................................................


WIND (MPH)
  HIGHEST WIND SPEED    15   HIGHEST WIND DIRECTION    NW (320)
  HIGHEST GUST SPEED    21   HIGHEST GUST DIRECTION    NW (310)
  AVERAGE WIND SPEED     6.2




RELATIVE HUMIDITY (PERCENT)
 HIGHEST    63
 LOWEST     13
 AVERAGE    38

..........................................................


THE HANFORD CA CLIMATE NORMALS FOR TOMORROW
                         NORMAL    RECORD    YEAR
 MAXIMUM TEMPERATURE (F)   94       105      2007
 MINIMUM TEMPERATURE (F)   59        54      2010


SUNRISE AND SUNSET
AUGUST 30 2014........SUNRISE   628 AM PDT   SUNSET   729 PM PDT
AUGUST 31 2014........SUNRISE   629 AM PDT   SUNSET   728 PM PDT


-  INDICATES NEGATIVE NUMBERS.
R  INDICATES RECORD WAS SET OR TIED.
MM INDICATES DATA IS MISSING.
T  INDICATES TRACE AMOUNT.




$$
