000
CDUS46 KHNX 270821
CLIHJO


CLIMATE REPORT
NATIONAL WEATHER SERVICE SAN JOAQUIN VALLEY, CA
1221 AM PST FRI FEB 27 2015


...................................

...THE HANFORD CA CLIMATE SUMMARY FOR FEBRUARY 26 2015...

CLIMATE NORMAL PERIOD 1981 TO 2010
CLIMATE RECORD PERIOD 1998 TO 2015


WEATHER ITEM   OBSERVED TIME   RECORD YEAR NORMAL DEPARTURE
                VALUE   (LST)  VALUE       VALUE  FROM
                                                  NORMAL
...............................................................
TEMPERATURE (F)
 YESTERDAY
  MAXIMUM         67    321 PM  74    2002  65      2
  MINIMUM         38    630 AM  31    2013  41     -3
  AVERAGE         53                        53      0

PRECIPITATION (IN)
  YESTERDAY        0.00          0.41 2010   0.06  -0.06
  MONTH TO DATE    0.75                      1.61  -0.86
  SINCE OCT 1      3.91                      6.78  -2.87
  SINCE JAN 1      0.79                      3.65  -2.86

SNOWFALL (IN)
  YESTERDAY        0.0
  MONTH TO DATE    0.0
  SINCE DEC 1      0.0
  SINCE JUL 1      0.0
  SNOW DEPTH       0

DEGREE DAYS
 HEATING
  YESTERDAY       12
  MONTH TO DATE  238
  SINCE DEC 1   1207
  SINCE JUL 1   1518

 COOLING
  YESTERDAY        0
  MONTH TO DATE    0
  SINCE DEC 1      0
  SINCE JAN 1      0
...............................................................


WIND (MPH)
  HIGHEST WIND SPEED    10   HIGHEST WIND DIRECTION    NW (320)
  HIGHEST GUST SPEED    13   HIGHEST GUST DIRECTION    NW (300)
  AVERAGE WIND SPEED     3.1




RELATIVE HUMIDITY (PERCENT)
 HIGHEST    96
 LOWEST     34
 AVERAGE    65

..........................................................


THE HANFORD CA CLIMATE NORMALS FOR TODAY
                         NORMAL    RECORD    YEAR
 MAXIMUM TEMPERATURE (F)   65        73      2002
 MINIMUM TEMPERATURE (F)   41        27      2011


SUNRISE AND SUNSET
FEBRUARY 27 2015......SUNRISE   632 AM PST   SUNSET   551 PM PST
FEBRUARY 28 2015......SUNRISE   630 AM PST   SUNSET   552 PM PST


-  INDICATES NEGATIVE NUMBERS.
R  INDICATES RECORD WAS SET OR TIED.
MM INDICATES DATA IS MISSING.
T  INDICATES TRACE AMOUNT.




$$
