000
CDUS46 KHNX 250824
CLIHJO


CLIMATE REPORT
NATIONAL WEATHER SERVICE SAN JOAQUIN VALLEY, CA
1221 AM PST TUE NOV 25 2014


...................................

...THE HANFORD CA CLIMATE SUMMARY FOR NOVEMBER 24 2014...

CLIMATE NORMAL PERIOD 1981 TO 2010
CLIMATE RECORD PERIOD 1998 TO 2014


WEATHER ITEM   OBSERVED TIME   RECORD YEAR NORMAL DEPARTURE
                VALUE   (LST)  VALUE       VALUE  FROM
                                                  NORMAL
...............................................................
TEMPERATURE (F)
 YESTERDAY
  MAXIMUM         63    159 PM  71    2005  61      2
  MINIMUM         37    540 AM  28    2003  37      0
  AVERAGE         50                        49      1

PRECIPITATION (IN)
  YESTERDAY        0.00          0.26 2001   0.02  -0.02
  MONTH TO DATE    0.22                      0.89  -0.67
  SINCE JUL 1      0.81                      1.60  -0.79
  SINCE JAN 1      3.24                      8.36  -5.12

SNOWFALL (IN)
  YESTERDAY        0.0
  MONTH TO DATE    0.0
  SINCE SEP 1      0.0
  SINCE JUL 1      0.0
  SNOW DEPTH       0

DEGREE DAYS
 HEATING
  YESTERDAY       15
  MONTH TO DATE  218
  SINCE SEP 1    243
  SINCE JUL 1    243

 COOLING
  YESTERDAY        0
  MONTH TO DATE    0
  SINCE SEP 1    517
  SINCE JAN 1   2274
...............................................................


WIND (MPH)
  HIGHEST WIND SPEED     9   HIGHEST WIND DIRECTION    NW (320)
  HIGHEST GUST SPEED    12   HIGHEST GUST DIRECTION    NW (310)
  AVERAGE WIND SPEED     1.6




RELATIVE HUMIDITY (PERCENT)
 HIGHEST   100
 LOWEST     52
 AVERAGE    76

..........................................................


THE HANFORD CA CLIMATE NORMALS FOR TODAY
                         NORMAL    RECORD    YEAR
 MAXIMUM TEMPERATURE (F)   60        69      2005
 MINIMUM TEMPERATURE (F)   37        26      2003


SUNRISE AND SUNSET
NOVEMBER 25 2014......SUNRISE   646 AM PST   SUNSET   445 PM PST
NOVEMBER 26 2014......SUNRISE   647 AM PST   SUNSET   445 PM PST


-  INDICATES NEGATIVE NUMBERS.
R  INDICATES RECORD WAS SET OR TIED.
MM INDICATES DATA IS MISSING.
T  INDICATES TRACE AMOUNT.




$$
