000
CDUS46 KHNX 270021
CLIHJO


CLIMATE REPORT
NATIONAL WEATHER SERVICE SAN JOAQUIN VALLEY, CA
520 PM PDT THU MAR 26 2015


...................................

...THE HANFORD CA CLIMATE SUMMARY FOR MARCH 26 2015...
VALID AS OF 0500 PM LOCAL TIME.

CLIMATE NORMAL PERIOD 1981 TO 2010
CLIMATE RECORD PERIOD 1998 TO 2015


WEATHER ITEM   OBSERVED TIME   RECORD YEAR NORMAL DEPARTURE LAST
                VALUE   (LST)  VALUE       VALUE  FROM      YEAR
                                                  NORMAL
..................................................................
TEMPERATURE (F)
 TODAY
  MAXIMUM         88R   359 PM  78    2013  70     18       64
  MINIMUM         48    631 AM  39    2010  44      4       48
                                      2005
  AVERAGE         68                        57     11       56

PRECIPITATION (IN)
  TODAY            0.00          0.10 2004   0.04  -0.04     0.06
  MONTH TO DATE    0.14                      1.43  -1.29     0.07
  SINCE OCT 1      4.05                      8.33  -4.28     2.21
  SINCE JAN 1      0.93                      5.20  -4.27     1.83

SNOWFALL (IN)
  TODAY            0.0
  MONTH TO DATE    0.0
  SINCE MAR 1      0.0
  SINCE JUL 1      0.0
  SNOW DEPTH       0

DEGREE DAYS
 HEATING
  TODAY            0                                         9
  MONTH TO DATE   90                                       139
  SINCE MAR 1     90                                       139
  SINCE JUL 1   1632                                      1916

 COOLING
  TODAY            3                                         0
  MONTH TO DATE   29                                         0
  SINCE MAR 1     29                                         0
  SINCE JAN 1     29                                         0
..................................................................


WIND (MPH)
  HIGHEST WIND SPEED     7   HIGHEST WIND DIRECTION     E (80)
  HIGHEST GUST SPEED     9   HIGHEST GUST DIRECTION     E (70)
  AVERAGE WIND SPEED     2.6




RELATIVE HUMIDITY (PERCENT)
 HIGHEST    93
 LOWEST     24
 AVERAGE    59

..........................................................


THE HANFORD CA CLIMATE NORMALS FOR TOMORROW
                         NORMAL    RECORD    YEAR
 MAXIMUM TEMPERATURE (F)   70        78      2013
                                             2009
 MINIMUM TEMPERATURE (F)   44        34      2010


SUNRISE AND SUNSET
MARCH 26 2015.........SUNRISE   654 AM PDT   SUNSET   715 PM PDT
MARCH 27 2015.........SUNRISE   652 AM PDT   SUNSET   716 PM PDT


-  INDICATES NEGATIVE NUMBERS.
R  INDICATES RECORD WAS SET OR TIED.
MM INDICATES DATA IS MISSING.
T  INDICATES TRACE AMOUNT.




$$
