000
CDUS46 KHNX 240821
CLIHJO


CLIMATE REPORT
NATIONAL WEATHER SERVICE SAN JOAQUIN VALLEY, CA
121 AM PDT SUN MAY 24 2015


...................................

...THE HANFORD CA CLIMATE SUMMARY FOR MAY 23 2015...

CLIMATE NORMAL PERIOD 1981 TO 2010
CLIMATE RECORD PERIOD 1998 TO 2015


WEATHER ITEM   OBSERVED TIME   RECORD YEAR NORMAL DEPARTURE
                VALUE   (LST)  VALUE       VALUE  FROM
                                                  NORMAL
...............................................................
TEMPERATURE (F)
 YESTERDAY
  MAXIMUM         82    303 PM 101    2000  86     -4
  MINIMUM         56    257 AM  44    2010  55      1
  AVERAGE         69                        70     -1

PRECIPITATION (IN)
  YESTERDAY        0.00          0.00   MM   0.01  -0.01
  MONTH TO DATE    0.07                      0.34  -0.27
  SINCE OCT 1      5.04                      9.66  -4.62
  SINCE JAN 1      1.92                      6.53  -4.61

SNOWFALL (IN)
  YESTERDAY        0.0
  MONTH TO DATE    0.0
  SINCE MAR 1      0.0
  SINCE JUL 1      0.0
  SNOW DEPTH       0

DEGREE DAYS
 HEATING
  YESTERDAY        0
  MONTH TO DATE   19
  SINCE MAR 1    169
  SINCE JUL 1   1711

 COOLING
  YESTERDAY        4
  MONTH TO DATE   69
  SINCE MAR 1    222
  SINCE JAN 1    222
...............................................................


WIND (MPH)
  HIGHEST WIND SPEED    17   HIGHEST WIND DIRECTION    NW (320)
  HIGHEST GUST SPEED    28   HIGHEST GUST DIRECTION     N (360)
  AVERAGE WIND SPEED     6.6




RELATIVE HUMIDITY (PERCENT)
 HIGHEST    86
 LOWEST     30
 AVERAGE    58

..........................................................


THE HANFORD CA CLIMATE NORMALS FOR TODAY
                         NORMAL    RECORD    YEAR
 MAXIMUM TEMPERATURE (F)   86        99      2001
 MINIMUM TEMPERATURE (F)   55        47      2013


SUNRISE AND SUNSET
MAY 24 2015...........SUNRISE   546 AM PDT   SUNSET   805 PM PDT
MAY 25 2015...........SUNRISE   545 AM PDT   SUNSET   806 PM PDT


-  INDICATES NEGATIVE NUMBERS.
R  INDICATES RECORD WAS SET OR TIED.
MM INDICATES DATA IS MISSING.
T  INDICATES TRACE AMOUNT.




$$
