824
CDUS46 KHNX 250022
CLIHJO


CLIMATE REPORT
NATIONAL WEATHER SERVICE SAN JOAQUIN VALLEY, CA
422 PM PST FRI FEB 24 2017


...................................

...THE HANFORD CA CLIMATE SUMMARY FOR FEBRUARY 24 2017...
VALID AS OF 0400 PM LOCAL TIME.

CLIMATE NORMAL PERIOD 1981 TO 2010
CLIMATE RECORD PERIOD 1998 TO 2017


WEATHER ITEM   OBSERVED TIME   RECORD YEAR NORMAL DEPARTURE LAST
                VALUE   (LST)  VALUE       VALUE  FROM      YEAR
                                                  NORMAL
..................................................................
TEMPERATURE (F)
 TODAY
  MAXIMUM         56    350 PM  79    2014  64     -8       75
  MINIMUM         30    533 AM  29    2007  41    -11       39
  AVERAGE         43                        52     -9       57

PRECIPITATION (IN)
  TODAY            0.00          0.43 2010   0.07  -0.07     0.00
  MONTH TO DATE    2.86                      1.47   1.39     0.01
  SINCE OCT 1      9.10                      6.64   2.46     5.48
  SINCE JAN 1      6.23                      3.51   2.72     2.88

SNOWFALL (IN)
  TODAY            0.0
  MONTH TO DATE    0.0
  SINCE DEC 1      0.0
  SINCE JUL 1      0.0
  SNOW DEPTH       0

DEGREE DAYS
 HEATING
  TODAY           22                                         8
  MONTH TO DATE  248                                       295
  SINCE DEC 1   1346                                      1407
  SINCE JUL 1   1652                                      1857

 COOLING
  TODAY            0                                         0
  MONTH TO DATE    0                                         0
  SINCE DEC 1      0                                         0
  SINCE JAN 1      0                                         0
..................................................................


WIND (MPH)
  HIGHEST WIND SPEED     9   HIGHEST WIND DIRECTION     W (280)
  HIGHEST GUST SPEED    12   HIGHEST GUST DIRECTION    NW (330)
  AVERAGE WIND SPEED     3.2




RELATIVE HUMIDITY (PERCENT)
 HIGHEST   100
 LOWEST     32
 AVERAGE    66

..........................................................


THE HANFORD CA CLIMATE NORMALS FOR TOMORROW
                         NORMAL    RECORD    YEAR
 MAXIMUM TEMPERATURE (F)   64        79      2014
 MINIMUM TEMPERATURE (F)   41        30      2013


SUNRISE AND SUNSET
FEBRUARY 24 2017......SUNRISE   635 AM PST   SUNSET   549 PM PST
FEBRUARY 25 2017......SUNRISE   634 AM PST   SUNSET   550 PM PST


-  INDICATES NEGATIVE NUMBERS.
R  INDICATES RECORD WAS SET OR TIED.
MM INDICATES DATA IS MISSING.
T  INDICATES TRACE AMOUNT.




$$
