461
CDUS46 KHNX 170830
CLIHJO


CLIMATE REPORT
NATIONAL WEATHER SERVICE SAN JOAQUIN VALLEY, CA
1229 AM PST TUE JAN 17 2017


...................................

...THE HANFORD CA CLIMATE SUMMARY FOR JANUARY 16 2017...

CLIMATE NORMAL PERIOD 1981 TO 2010
CLIMATE RECORD PERIOD 1998 TO 2017


WEATHER ITEM   OBSERVED TIME   RECORD YEAR NORMAL DEPARTURE
                VALUE   (LST)  VALUE       VALUE  FROM
                                                  NORMAL
...............................................................
TEMPERATURE (F)
 YESTERDAY
  MAXIMUM         49    229 PM  69    2014  54     -5
  MINIMUM         34   1157 PM  21    2007  36     -2
  AVERAGE         42                        45     -3

PRECIPITATION (IN)
  YESTERDAY        0.00          0.08 1999   0.07  -0.07
                                      1999
                                      2016
  MONTH TO DATE    2.17                      1.41   0.76
  SINCE OCT 1      5.04                      4.54   0.50
  SINCE JAN 1      2.17                      1.41   0.76

SNOWFALL (IN)
  YESTERDAY        0.0
  MONTH TO DATE    0.0
  SINCE DEC 1      0.0
  SINCE JUL 1      0.0
  SNOW DEPTH       0

DEGREE DAYS
 HEATING
  YESTERDAY       23
  MONTH TO DATE  249
  SINCE DEC 1    825
  SINCE JUL 1   1131

 COOLING
  YESTERDAY        0
  MONTH TO DATE    0
  SINCE DEC 1      0
  SINCE JAN 1      0
...............................................................


WIND (MPH)
  HIGHEST WIND SPEED     7   HIGHEST WIND DIRECTION     S (170)
  HIGHEST GUST SPEED     8   HIGHEST GUST DIRECTION    NE (50)
  AVERAGE WIND SPEED     1.3




RELATIVE HUMIDITY (PERCENT)
 HIGHEST   100
 LOWEST     66
 AVERAGE    83

..........................................................


THE HANFORD CA CLIMATE NORMALS FOR TODAY
                         NORMAL    RECORD    YEAR
 MAXIMUM TEMPERATURE (F)   54        75      2014
 MINIMUM TEMPERATURE (F)   36        19      2012


SUNRISE AND SUNSET
JANUARY 17 2017.......SUNRISE   708 AM PST   SUNSET   509 PM PST
JANUARY 18 2017.......SUNRISE   708 AM PST   SUNSET   511 PM PST


-  INDICATES NEGATIVE NUMBERS.
R  INDICATES RECORD WAS SET OR TIED.
MM INDICATES DATA IS MISSING.
T  INDICATES TRACE AMOUNT.




$$
