000
CDUS43 KGLD 210759 RRA
CLIHLC

CLIMATE REPORT
NATIONAL WEATHER SERVICE GOODLAND
1252 AM MST WED FEB 21 2018

...................................

...THE HILL CITY KS CLIMATE SUMMARY FOR FEBRUARY 20 2018...

CLIMATE NORMAL PERIOD 1981 TO 2010
CLIMATE RECORD PERIOD 1896 TO 2018

WEATHER ITEM   OBSERVED TIME   RECORD YEAR NORMAL DEPARTURE LAST
                VALUE   (LST)  VALUE       VALUE  FROM      YEAR
                                                  NORMAL
..................................................................
TEMPERATURE (F)
 YESTERDAY
  MAXIMUM         27    331 PM  78    1981  47    -20       67
  MINIMUM         10    706 AM   4    1978  21    -11       33
  AVERAGE         19                        34    -15       50

PRECIPITATION (IN)
  YESTERDAY        T                         0.02  -0.02     0.00
  MONTH TO DATE    0.06                      0.36  -0.30     0.01
  SINCE DEC 1      0.47                      1.50  -1.03     1.49
  SINCE JAN 1      0.44                      0.81  -0.37     1.07

..................................................................

THE HILL CITY KS CLIMATE NORMALS FOR TODAY
                         NORMAL    RECORD    YEAR
 MAXIMUM TEMPERATURE (F)   48        81      2017
 MINIMUM TEMPERATURE (F)   21        -8      1978

-  INDICATES NEGATIVE NUMBERS.
R  INDICATES RECORD WAS SET OR TIED.
MM INDICATES DATA IS MISSING.
T  INDICATES TRACE AMOUNT.

$$
