472
CDUS43 KGLD 290750
CLIHLC

CLIMATE REPORT
NATIONAL WEATHER SERVICE GOODLAND
145 AM MDT SAT APR 29 2017

...................................

...THE HILL CITY KS CLIMATE SUMMARY FOR APRIL 28 2017...

CLIMATE NORMAL PERIOD 1981 TO 2010
CLIMATE RECORD PERIOD 1896 TO 2017


WEATHER ITEM   OBSERVED TIME   RECORD YEAR NORMAL DEPARTURE LAST
                VALUE   (LST)  VALUE       VALUE  FROM      YEAR
                                                  NORMAL
..................................................................
TEMPERATURE (F)
 YESTERDAY
  MAXIMUM         58   1244 PM 100    1910  70    -12       59
  MINIMUM         39   1159 PM  24    1965  43     -4       37
  AVERAGE         49                        56     -7       48

PRECIPITATION (IN)
  YESTERDAY        0.01                      0.08  -0.07      T
  MONTH TO DATE    1.42                      1.95  -0.53     5.82
  SINCE MAR 1      3.52                      3.58  -0.06     6.02
  SINCE JAN 1      4.59                      4.55   0.04     6.91

..................................................................


THE HILL CITY KS CLIMATE NORMALS FOR TODAY
                         NORMAL    RECORD    YEAR
 MAXIMUM TEMPERATURE (F)   70        92      1967
 MINIMUM TEMPERATURE (F)   43        27      1956


-  INDICATES NEGATIVE NUMBERS.
R  INDICATES RECORD WAS SET OR TIED.
MM INDICATES DATA IS MISSING.
T  INDICATES TRACE AMOUNT.


$$
