650
CDUS43 KGLD 240744 RRB
CLIHLC

CLIMATE REPORT
NATIONAL WEATHER SERVICE GOODLAND
139 AM MDT FRI MAR 24 2017

...................................

...THE HILL CITY KS CLIMATE SUMMARY FOR MARCH 23 2017...

CLIMATE NORMAL PERIOD 1981 TO 2010
CLIMATE RECORD PERIOD 1896 TO 2017


WEATHER ITEM   OBSERVED TIME   RECORD YEAR NORMAL DEPARTURE LAST
                VALUE   (LST)  VALUE       VALUE  FROM      YEAR
                                                  NORMAL
..................................................................
TEMPERATURE (F)
 YESTERDAY
  MAXIMUM         84    438 PM  90    1910  58     26       55
  MINIMUM         45    206 AM   7    2014  30     15       31
                                      1968
  AVERAGE         65                        44     21       43

PRECIPITATION (IN)
  YESTERDAY        0.25                      0.06   0.19     0.08
  MONTH TO DATE    0.33                      1.10  -0.77     0.20
  SINCE MAR 1      0.33                      1.10  -0.77     0.20
  SINCE JAN 1      1.40                      2.07  -0.67     1.09

..................................................................


THE HILL CITY KS CLIMATE NORMALS FOR TODAY
                         NORMAL    RECORD    YEAR
 MAXIMUM TEMPERATURE (F)   58        92      1910
 MINIMUM TEMPERATURE (F)   30         3      1974



-  INDICATES NEGATIVE NUMBERS.
R  INDICATES RECORD WAS SET OR TIED.
MM INDICATES DATA IS MISSING.
T  INDICATES TRACE AMOUNT.

$$
