000
CDUS41 KPBZ 120807
CLIHLG


CLIMATE REPORT
NATIONAL WEATHER SERVICE PITTSBURGH PA
307 AM EST TUE DEC 12 2017


...................................

...THE WHEELING CLIMATE SUMMARY FOR DECEMBER 11 2017...

CLIMATE NORMAL PERIOD 1981 TO 2010
CLIMATE RECORD PERIOD 1878 TO 2017


WEATHER ITEM   OBSERVED TIME   RECORD YEAR NORMAL DEPARTURE LAST
                VALUE   (LST)  VALUE       VALUE  FROM      YEAR
                                                  NORMAL
..................................................................
TEMPERATURE (F)
 YESTERDAY
  MAXIMUM         38    306 PM  64    2007  41     -3       36
  MINIMUM         30    831 PM  -1    1937  27      3       21
  AVERAGE         34                        34      0       29

PRECIPITATION (IN)
  YESTERDAY        0.00          0.65 1931   0.08  -0.08     0.32
  MONTH TO DATE    0.39                      0.87  -0.48     0.74
  SINCE JAN 1     44.31                     36.42   7.89    34.44

DEGREE DAYS
 HEATING
  YESTERDAY       31                        31      0       36
  MONTH TO DATE  336                       322     14      356
  SINCE DEC 1    336                       322     14      356
  SINCE JUL 1   1328                      1450   -122     1155

 COOLING
  YESTERDAY        0                                         0
  MONTH TO DATE    0                                         0
  SINCE DEC 1      0                                         0
  SINCE JAN 1    757                                      1209
..................................................................


WIND (MPH)
  HIGHEST WIND SPEED    16   HIGHEST WIND DIRECTION     W (260)
  HIGHEST GUST SPEED    22   HIGHEST GUST DIRECTION    SW (230)
  AVERAGE WIND SPEED     7.9


SKY COVER
  POSSIBLE SUNSHINE  MM
  AVERAGE SKY COVER 0.7


WEATHER CONDITIONS
 THE FOLLOWING WEATHER WAS RECORDED YESTERDAY.
  NO SIGNIFICANT WEATHER WAS OBSERVED.


RELATIVE HUMIDITY (PERCENT)
 HIGHEST    63           500 AM
 LOWEST     48           400 PM
 AVERAGE    56

..........................................................


THE WHEELING CLIMATE NORMALS FOR TODAY
                         NORMAL    RECORD    YEAR
 MAXIMUM TEMPERATURE (F)   41        70      2015
 MINIMUM TEMPERATURE (F)   27         0      1933


SUNRISE AND SUNSET
DECEMBER 12 2017......SUNRISE   736 AM EST   SUNSET   457 PM EST
DECEMBER 13 2017......SUNRISE   737 AM EST   SUNSET   457 PM EST


-  INDICATES NEGATIVE NUMBERS.
R  INDICATES RECORD WAS SET OR TIED.
MM INDICATES DATA IS MISSING.
T  INDICATES TRACE AMOUNT.




$$
