000
CDUS45 KTFX 232230
CLIHLN


CLIMATE REPORT
NATIONAL WEATHER SERVICE GREAT FALLS MT
430 PM MDT SUN JUL 23 2017


...................................

...THE HELENA MT CLIMATE SUMMARY FOR JULY 23 2017...
VALID TODAY AS OF 0400 PM LOCAL TIME.

CLIMATE NORMAL PERIOD 1981 TO 2010
CLIMATE RECORD PERIOD 1866 TO 2017


WEATHER ITEM   OBSERVED TIME   RECORD YEAR NORMAL DEPARTURE LAST
                VALUE   (LST)  VALUE       VALUE  FROM      YEAR
                                                  NORMAL
..................................................................
TEMPERATURE (F)
 TODAY
  MAXIMUM         96    259 PM 104    2003  88      8       84
  MINIMUM         59    518 AM  41    1918  55      4       59
  AVERAGE         78                        72      6       72

PRECIPITATION (IN)
  TODAY            0.00          0.40 1918   0.04  -0.04     0.00
  MONTH TO DATE    0.19                      0.92  -0.73     0.63
  SINCE OCT 1      8.25                      8.65  -0.40     6.83
  SINCE JAN 1      5.27                      7.08  -1.81     5.13

SNOWFALL (IN)
  TODAY            0.0           T    1992   0.0    0.0      0.0
                                      1995
  MONTH TO DATE    0.0                       0.0    0.0      0.0
  SINCE JUN 1      0.0                       T      0.0       T
  SINCE JUL 1      0.0                       0.0    0.0      0.0

DEGREE DAYS
 HEATING
  TODAY            0                         0      0        0
  MONTH TO DATE    0                        26    -26       18
  SINCE JUN 1     76                       162    -86       72
  SINCE JUL 1      0                        26    -26       18

 COOLING
  TODAY           13                         7      6        7
  MONTH TO DATE  267                       129    138      126
  SINCE JUN 1    326                       178    148      232
  SINCE JAN 1    335                       186    149      232
..................................................................


WIND (MPH)
  HIGHEST WIND SPEED    13   HIGHEST WIND DIRECTION     E (70)
  HIGHEST GUST SPEED    20   HIGHEST GUST DIRECTION    NE (50)
  AVERAGE WIND SPEED     4.0


SKY COVER
  AVERAGE SKY COVER 0.0


WEATHER CONDITIONS
 THE FOLLOWING WEATHER WAS RECORDED TODAY.
  NO SIGNIFICANT WEATHER WAS OBSERVED.


RELATIVE HUMIDITY (PERCENT)
 HIGHEST    52           500 AM
 LOWEST     15           300 PM
 AVERAGE    34

..........................................................


THE HELENA MT CLIMATE NORMALS FOR TOMORROW
                         NORMAL    RECORD    YEAR
 MAXIMUM TEMPERATURE (F)   88       100      1929
 MINIMUM TEMPERATURE (F)   55        40      1918


SUNRISE AND SUNSET
JULY 23 2017..........SUNRISE   558 AM MDT   SUNSET   910 PM MDT
JULY 24 2017..........SUNRISE   600 AM MDT   SUNSET   909 PM MDT


-  INDICATES NEGATIVE NUMBERS.
R  INDICATES RECORD WAS SET OR TIED.
MM INDICATES DATA IS MISSING.
T  INDICATES TRACE AMOUNT.




$$
