000
CDUS45 KTFX 301004
CLIHLN


CLIMATE REPORT
NATIONAL WEATHER SERVICE GREAT FALLS MT
403 AM MDT THU JUL 30 2015


...................................

...THE HELENA MT CLIMATE SUMMARY FOR JULY 29 2015...

CLIMATE NORMAL PERIOD 1981 TO 2010
CLIMATE RECORD PERIOD 1866 TO 2015


WEATHER ITEM   OBSERVED TIME   RECORD YEAR NORMAL DEPARTURE LAST
                VALUE   (LST)  VALUE       VALUE  FROM      YEAR
                                                  NORMAL
..................................................................
TEMPERATURE (F)
 YESTERDAY
  MAXIMUM         83    523 PM 101    2006  88     -5       94
  MINIMUM         48    524 AM  40    1959  55     -7       61
  AVERAGE         66                        72     -6       78

PRECIPITATION (IN)
  YESTERDAY        0.00          0.27 1883   0.04  -0.04     0.00
  MONTH TO DATE    1.28                      1.12   0.16     0.56
  SINCE OCT 1      8.12                      8.85  -0.73     7.75
  SINCE JAN 1      5.84                      7.28  -1.44     6.75

SNOWFALL (IN)
  YESTERDAY        0.0           0.0  2000   0.0    0.0      0.0
                                      2001
                                      1995
  MONTH TO DATE    0.0                       0.0    0.0      0.0
  SINCE JUN 1      0.0                       T      0.0      0.0
  SINCE JUL 1      0.0                       0.0    0.0      0.0
  SNOW DEPTH       0

DEGREE DAYS
 HEATING
  YESTERDAY        0                         0      0        0
  MONTH TO DATE   15                        26    -11        0
  SINCE JUN 1     47                       162   -115      127
  SINCE JUL 1     15                        26    -11        0

 COOLING
  YESTERDAY        1                         7     -6       13
  MONTH TO DATE  166                       171     -5      242
  SINCE JUN 1    343                       220    123      245
  SINCE JAN 1    343                       228    115      249
..................................................................


WIND (MPH)
  HIGHEST WIND SPEED    22   HIGHEST WIND DIRECTION     W (250)
  HIGHEST GUST SPEED    28   HIGHEST GUST DIRECTION     W (260)
  AVERAGE WIND SPEED     7.3


SKY COVER
  AVERAGE SKY COVER 0.0


WEATHER CONDITIONS
 THE FOLLOWING WEATHER WAS RECORDED YESTERDAY.
  NO SIGNIFICANT WEATHER WAS OBSERVED.


RELATIVE HUMIDITY (PERCENT)
 HIGHEST    71           500 AM
 LOWEST     18           400 PM
 AVERAGE    45

..........................................................


THE HELENA MT CLIMATE NORMALS FOR TODAY
                         NORMAL    RECORD    YEAR
 MAXIMUM TEMPERATURE (F)   88       101      2000
 MINIMUM TEMPERATURE (F)   55        42      1995


SUNRISE AND SUNSET
JULY 30 2015..........SUNRISE   606 AM MDT   SUNSET   902 PM MDT
JULY 31 2015..........SUNRISE   607 AM MDT   SUNSET   901 PM MDT


-  INDICATES NEGATIVE NUMBERS.
R  INDICATES RECORD WAS SET OR TIED.
MM INDICATES DATA IS MISSING.
T  INDICATES TRACE AMOUNT.




$$
