000
CDUS45 KTFX 010749
CLIHLN


CLIMATE REPORT
NATIONAL WEATHER SERVICE GREAT FALLS MT
148 AM MDT SAT NOV 1 2014


...................................

...THE HELENA MT CLIMATE SUMMARY FOR OCTOBER 31 2014...

CLIMATE NORMAL PERIOD 1981 TO 2010
CLIMATE RECORD PERIOD 1866 TO 2014


WEATHER ITEM   OBSERVED TIME   RECORD YEAR NORMAL DEPARTURE LAST
                VALUE   (LST)  VALUE       VALUE  FROM      YEAR
                                                  NORMAL
..................................................................
TEMPERATURE (F)
 YESTERDAY
  MAXIMUM         58    329 PM  68    1967  52      6       50
  MINIMUM         33    822 AM  -5    1935  28      5       39
  AVERAGE         46                        40      6       45

PRECIPITATION (IN)
  YESTERDAY        0.00          0.50 1973   0.02  -0.02     0.00
  MONTH TO DATE    0.40                      0.68  -0.28     0.56
  SINCE OCT 1      0.40                      0.68  -0.28     0.56
  SINCE JAN 1     10.36                     10.33   0.03    10.14

SNOWFALL (IN)
  YESTERDAY        0.0           7.2  1973   0.1   -0.1      0.0
  MONTH TO DATE    T                         2.4   -2.4      2.0
  SINCE SEP 1      T                         3.7   -3.7      2.0
  SINCE JUL 1      T                         4.0   -4.0      2.0
  SNOW DEPTH       0

DEGREE DAYS
 HEATING
  YESTERDAY       19                        25     -6       20
  MONTH TO DATE  383                       601   -218      675
  SINCE SEP 1    577                       839   -262      849
  SINCE JUL 1    624                       908   -284      852

 COOLING
  YESTERDAY        0                         0      0        0
  MONTH TO DATE    3                         0      3        0
  SINCE SEP 1     21                        23     -2       80
  SINCE JAN 1    469                       406     63      589
..................................................................


WIND (MPH)
  HIGHEST WIND SPEED     8   HIGHEST WIND DIRECTION    NW (310)
  HIGHEST GUST SPEED     9   HIGHEST GUST DIRECTION    NW (310)
  AVERAGE WIND SPEED     1.0


SKY COVER
  AVERAGE SKY COVER 0.0


WEATHER CONDITIONS
 THE FOLLOWING WEATHER WAS RECORDED YESTERDAY.
  NO SIGNIFICANT WEATHER WAS OBSERVED.


RELATIVE HUMIDITY (PERCENT)
 HIGHEST    85           300 AM
 LOWEST     46           100 PM
 AVERAGE    66

..........................................................


THE HELENA MT CLIMATE NORMALS FOR TODAY
                         NORMAL    RECORD    YEAR
 MAXIMUM TEMPERATURE (F)   51        70      1953
 MINIMUM TEMPERATURE (F)   28        -9      1991


SUNRISE AND SUNSET
NOVEMBER  1 2014......SUNRISE   810 AM MDT   SUNSET   613 PM MDT
NOVEMBER  2 2014......SUNRISE   711 AM MST   SUNSET   511 PM MST


-  INDICATES NEGATIVE NUMBERS.
R  INDICATES RECORD WAS SET OR TIED.
MM INDICATES DATA IS MISSING.
T  INDICATES TRACE AMOUNT.




$$
