239
CDHW40 PHFO 231245
CLIHNL


CLIMATE REPORT
NATIONAL WEATHER SERVICE HONOLULU HI
245 AM HST TUE JAN 23 2018


...................................

...THE HONOLULU HI CLIMATE SUMMARY FOR JANUARY 22 2018...

CLIMATE NORMAL PERIOD 1981 TO 2010
CLIMATE RECORD PERIOD 1946 TO 2018


WEATHER ITEM   OBSERVED TIME   RECORD YEAR NORMAL DEPARTURE LAST
                VALUE   (LST)  VALUE       VALUE  FROM      YEAR
                                                  NORMAL
..................................................................
TEMPERATURE (F)
 YESTERDAY
  MAXIMUM         83    310 PM  87    1996  80      3       80
                                      1978
  MINIMUM         70    557 AM  54    1969  66      4       70
  AVERAGE         77                        73      4       75

PRECIPITATION (IN)
  YESTERDAY        0.00          4.59 1950   0.06  -0.06     0.00
  MONTH TO DATE    0.06                      1.75  -1.69     0.11
  SINCE DEC 1      3.46                      4.99  -1.53     0.98
  SINCE JAN 1      0.06                      1.75  -1.69     0.11

SNOWFALL (IN)
  YESTERDAY        0.0
  MONTH TO DATE    0.0
  SINCE DEC 1      0.0
  SINCE JUL 1      0.0
  SNOW DEPTH      MM

DEGREE DAYS
 HEATING
  YESTERDAY        0                         0      0        0
  MONTH TO DATE    0                         0      0        0
  SINCE DEC 1      0                         0      0        0
  SINCE JUL 1      0                         0      0        0

 COOLING
  YESTERDAY       12                         8      4       10
  MONTH TO DATE  262                       178     84      191
  SINCE DEC 1    568                       480     88      496
  SINCE JAN 1    262                       178     84      191
..................................................................


WIND (MPH)
  HIGHEST WIND SPEED    24   HIGHEST WIND DIRECTION     E (70)
  HIGHEST GUST SPEED    33   HIGHEST GUST DIRECTION     E (70)
  AVERAGE WIND SPEED    11.0


SKY COVER
  POSSIBLE SUNSHINE  MM
  AVERAGE SKY COVER  MM


WEATHER CONDITIONS
 THE FOLLOWING WEATHER WAS RECORDED YESTERDAY.
  NO SIGNIFICANT WEATHER WAS OBSERVED.


RELATIVE HUMIDITY (PERCENT)
 HIGHEST    MM
 LOWEST     MM
 AVERAGE    MM

..........................................................


THE HONOLULU HI CLIMATE NORMALS FOR TODAY
                         NORMAL    RECORD    YEAR
 MAXIMUM TEMPERATURE (F)   80        85      1996
                                             1984
                                             1954
 MINIMUM TEMPERATURE (F)   66        55      1969


SUNRISE AND SUNSET
JANUARY 23 2018.......SUNRISE   711 AM HST   SUNSET   616 PM HST
JANUARY 24 2018.......SUNRISE   711 AM HST   SUNSET   617 PM HST


-  INDICATES NEGATIVE NUMBERS.
R  INDICATES RECORD WAS SET OR TIED.
MM INDICATES DATA IS MISSING.
T  INDICATES TRACE AMOUNT.




$$
