000
CDHW40 PHFO 041245
CLIHNL


CLIMATE REPORT
NATIONAL WEATHER SERVICE HONOLULU HI
245 AM HST FRI SEP 4 2015


...................................

...THE HONOLULU HI CLIMATE SUMMARY FOR SEPTEMBER 3 2015...

CLIMATE NORMAL PERIOD 1981 TO 2010
CLIMATE RECORD PERIOD 1946 TO 2015


WEATHER ITEM   OBSERVED TIME   RECORD YEAR NORMAL DEPARTURE LAST
                VALUE   (LST)  VALUE       VALUE  FROM      YEAR
                                                  NORMAL
..................................................................
TEMPERATURE (F)
 YESTERDAY
  MAXIMUM         81    550 PM  93    2005  89     -8       90
  MINIMUM         73   1159 PM  69    1993  75     -2       78
  AVERAGE         77                        82     -5       84

PRECIPITATION (IN)
  YESTERDAY        0.85R         0.18 1992   0.02   0.83      T
  MONTH TO DATE    1.01                      0.05   0.96      T
  SINCE SEP 1      1.01                      0.05   0.96      T
  SINCE JAN 1     12.29                      8.95   3.34    12.23

SNOWFALL (IN)
  YESTERDAY        0.0
  MONTH TO DATE    0.0
  SINCE SEP 1      0.0
  SINCE JUL 1      0.0
  SNOW DEPTH       0

DEGREE DAYS
 HEATING
  YESTERDAY        0                         0      0        0
  MONTH TO DATE    0                         0      0        0
  SINCE SEP 1      0                         0      0        0
  SINCE JUL 1      0                         0      0        0

 COOLING
  YESTERDAY       12                        17     -5       19
  MONTH TO DATE   49                        51     -2       54
  SINCE SEP 1     49                        51     -2       54
  SINCE JAN 1   3161                      3035    126     3212
..................................................................


WIND (MPH)
  HIGHEST WIND SPEED    18   HIGHEST WIND DIRECTION     E (100)
  HIGHEST GUST SPEED    24   HIGHEST GUST DIRECTION     E (90)
  AVERAGE WIND SPEED     4.6


SKY COVER
  POSSIBLE SUNSHINE  MM
  AVERAGE SKY COVER 0.8


WEATHER CONDITIONS
 THE FOLLOWING WEATHER WAS RECORDED YESTERDAY.
  THUNDERSTORM
  HEAVY RAIN
  RAIN
  LIGHT RAIN
  FOG


RELATIVE HUMIDITY (PERCENT)
 HIGHEST   100           800 AM
 LOWEST     79           600 PM
 AVERAGE    90

..........................................................


THE HONOLULU HI CLIMATE NORMALS FOR TODAY
                         NORMAL    RECORD    YEAR
 MAXIMUM TEMPERATURE (F)   89        94      1986
 MINIMUM TEMPERATURE (F)   75        66      1985


SUNRISE AND SUNSET
SEPTEMBER  4 2015.....SUNRISE   616 AM HST   SUNSET   645 PM HST
SEPTEMBER  5 2015.....SUNRISE   616 AM HST   SUNSET   644 PM HST


-  INDICATES NEGATIVE NUMBERS.
R  INDICATES RECORD WAS SET OR TIED.
MM INDICATES DATA IS MISSING.
T  INDICATES TRACE AMOUNT.




$$
