000
CDHW40 PHFO 230237
CLIHNL


CLIMATE REPORT
NATIONAL WEATHER SERVICE HONOLULU HI
427 PM HST FRI MAY 22 2015


...................................

...THE HONOLULU HI CLIMATE SUMMARY FOR MAY 22 2015...
VALID TODAY AS OF 0400 PM LOCAL TIME.

CLIMATE NORMAL PERIOD 1981 TO 2010
CLIMATE RECORD PERIOD 1946 TO 2015


WEATHER ITEM   OBSERVED TIME   RECORD YEAR NORMAL DEPARTURE LAST
                VALUE   (LST)  VALUE       VALUE  FROM      YEAR
                                                  NORMAL
..................................................................
TEMPERATURE (F)
 TODAY
  MAXIMUM         84    346 PM  91    1996  85     -1       85
  MINIMUM         70    602 AM  64    1983  71     -1       72
  AVERAGE         77                        78     -1       79

PRECIPITATION (IN)
  TODAY            T             0.46 1997   0.02  -0.02     0.00
  MONTH TO DATE    0.08                      0.48  -0.40     0.30
  SINCE MAR 1      1.07                      3.13  -2.06     3.24
  SINCE JAN 1      2.87                      7.43  -4.56     6.92

SNOWFALL (IN)
  TODAY            0.0
  MONTH TO DATE    0.0
  SINCE MAR 1      0.0
  SINCE JUL 1      0.0
  SNOW DEPTH       0

DEGREE DAYS
 HEATING
  TODAY            0                         0      0        0
  MONTH TO DATE    0                         0      0        0
  SINCE MAR 1      0                         0      0        0
  SINCE JUL 1      0                         0      0        0

 COOLING
  TODAY           12                        13     -1       14
  MONTH TO DATE  237                       272    -35      287
  SINCE MAR 1    853                       897    -44      962
  SINCE JAN 1   1363                      1379    -16     1481
..................................................................


WIND (MPH)
  HIGHEST WIND SPEED    18   HIGHEST WIND DIRECTION    SW (220)
  HIGHEST GUST SPEED    30   HIGHEST GUST DIRECTION     N (360)
  AVERAGE WIND SPEED     6.3


SKY COVER
  POSSIBLE SUNSHINE  MM
  AVERAGE SKY COVER 0.5


WEATHER CONDITIONS
 THE FOLLOWING WEATHER WAS RECORDED TODAY.
  NO SIGNIFICANT WEATHER WAS OBSERVED.


RELATIVE HUMIDITY (PERCENT)
 HIGHEST    84           300 AM
 LOWEST     58           300 PM
 AVERAGE    71

..........................................................


THE HONOLULU HI CLIMATE NORMALS FOR TOMORROW
                         NORMAL    RECORD    YEAR
 MAXIMUM TEMPERATURE (F)   85        91      1995
 MINIMUM TEMPERATURE (F)   72        65      1983
                                             1979


SUNRISE AND SUNSET
MAY 22 2015...........SUNRISE   551 AM HST   SUNSET   706 PM HST
MAY 23 2015...........SUNRISE   551 AM HST   SUNSET   706 PM HST


-  INDICATES NEGATIVE NUMBERS.
R  INDICATES RECORD WAS SET OR TIED.
MM INDICATES DATA IS MISSING.
T  INDICATES TRACE AMOUNT.




$$
