000
CDHW40 PHFO 251245
CLIHNL


CLIMATE REPORT
NATIONAL WEATHER SERVICE HONOLULU HI
245 AM HST SAT OCT 25 2014


...................................

...THE HONOLULU HI CLIMATE SUMMARY FOR OCTOBER 24 2014...

CLIMATE NORMAL PERIOD 1981 TO 2010
CLIMATE RECORD PERIOD 1946 TO 2014


WEATHER ITEM   OBSERVED TIME   RECORD YEAR NORMAL DEPARTURE LAST
                VALUE   (LST)  VALUE       VALUE  FROM      YEAR
                                                  NORMAL
..................................................................
TEMPERATURE (F)
 YESTERDAY
  MAXIMUM         88   1247 PM  90    1995  86      2       88
                                      1967
  MINIMUM         74    542 AM  65    1965  73      1       71
  AVERAGE         81                        80      1       80

PRECIPITATION (IN)
  YESTERDAY        T             1.35 1926   0.08  -0.08      T
  MONTH TO DATE    5.47                      1.32   4.15     0.18
  SINCE SEP 1      6.05                      2.02   4.03     1.51
  SINCE JAN 1     18.28                     10.92   7.36    10.59

SNOWFALL (IN)
  YESTERDAY        0.0
  MONTH TO DATE    0.0
  SINCE SEP 1      0.0
  SINCE JUL 1      0.0
  SNOW DEPTH       0

DEGREE DAYS
 HEATING
  YESTERDAY        0                         0      0        0
  MONTH TO DATE    0                         0      0        0
  SINCE SEP 1      0                         0      0        0
  SINCE JUL 1      0                         0      0        0

 COOLING
  YESTERDAY       16                        15      1       15
  MONTH TO DATE  407                       369     38      331
  SINCE SEP 1    952                       864     88      808
  SINCE JAN 1   4110                      3848    262     3668
..................................................................


WIND (MPH)
  HIGHEST WIND SPEED    20   HIGHEST WIND DIRECTION    NE (60)
  HIGHEST GUST SPEED    24   HIGHEST GUST DIRECTION    NE (50)
  AVERAGE WIND SPEED     9.1


SKY COVER
  POSSIBLE SUNSHINE  MM
  AVERAGE SKY COVER 0.4


WEATHER CONDITIONS
 THE FOLLOWING WEATHER WAS RECORDED YESTERDAY.
  NO SIGNIFICANT WEATHER WAS OBSERVED.


RELATIVE HUMIDITY (PERCENT)
 HIGHEST    87           300 AM
 LOWEST     55          1200 PM
 AVERAGE    71

..........................................................


THE HONOLULU HI CLIMATE NORMALS FOR TODAY
                         NORMAL    RECORD    YEAR
 MAXIMUM TEMPERATURE (F)   86        90      1994
                                             1957
 MINIMUM TEMPERATURE (F)   73        64      1962
                                             1909


SUNRISE AND SUNSET
OCTOBER 25 2014.......SUNRISE   632 AM HST   SUNSET   600 PM HST
OCTOBER 26 2014.......SUNRISE   632 AM HST   SUNSET   559 PM HST


-  INDICATES NEGATIVE NUMBERS.
R  INDICATES RECORD WAS SET OR TIED.
MM INDICATES DATA IS MISSING.
T  INDICATES TRACE AMOUNT.




$$
