000
CDHW40 PHFO 260226
CLIHNL


CLIMATE REPORT
NATIONAL WEATHER SERVICE HONOLULU HI
426 PM HST SUN SEP 25 2016


...................................

...THE HONOLULU HI CLIMATE SUMMARY FOR SEPTEMBER 25 2016...
VALID TODAY AS OF 0400 PM LOCAL TIME.

CLIMATE NORMAL PERIOD 1981 TO 2010
CLIMATE RECORD PERIOD 1946 TO 2016


WEATHER ITEM   OBSERVED TIME   RECORD YEAR NORMAL DEPARTURE LAST
                VALUE   (LST)  VALUE       VALUE  FROM      YEAR
                                                  NORMAL
..................................................................
TEMPERATURE (F)
 TODAY
  MAXIMUM         86   1250 PM  93    1991  88     -2       89
                                      1966
  MINIMUM         74    508 AM  69    1971  74      0       80
                                      1955
  AVERAGE         80                        81     -1       85

PRECIPITATION (IN)
  TODAY            0.00          0.14 1983   0.03  -0.03      T
  MONTH TO DATE    2.89                      0.55   2.34     4.47
  SINCE SEP 1      2.89                      0.55   2.34     4.47
  SINCE JAN 1     11.41                      9.45   1.96    10.10

SNOWFALL (IN)
  TODAY            0.0
  MONTH TO DATE    0.0
  SINCE SEP 1      0.0
  SINCE JUL 1      0.0
  SNOW DEPTH       0

DEGREE DAYS
 HEATING
  TODAY            0                         0      0        0
  MONTH TO DATE    0                         0      0        0
  SINCE SEP 1      0                         0      0        0
  SINCE JUL 1      0                         0      0        0

 COOLING
  TODAY           15                        16     -1       20
  MONTH TO DATE  399                       416    -17      467
  SINCE SEP 1    399                       416    -17      467
  SINCE JAN 1   3514                      3400    114     3368
..................................................................


WIND (MPH)
  HIGHEST WIND SPEED    20   HIGHEST WIND DIRECTION    NE (40)
  HIGHEST GUST SPEED    29   HIGHEST GUST DIRECTION    NE (40)
  AVERAGE WIND SPEED     9.6


SKY COVER
  POSSIBLE SUNSHINE  MM
  AVERAGE SKY COVER 0.4


WEATHER CONDITIONS
 THE FOLLOWING WEATHER WAS RECORDED TODAY.
  NO SIGNIFICANT WEATHER WAS OBSERVED.


RELATIVE HUMIDITY (PERCENT)
 HIGHEST    82           200 AM
 LOWEST     51           100 PM
 AVERAGE    67

..........................................................


THE HONOLULU HI CLIMATE NORMALS FOR TOMORROW
                         NORMAL    RECORD    YEAR
 MAXIMUM TEMPERATURE (F)   88        92      1995
 MINIMUM TEMPERATURE (F)   74        70      1999
                                             1970
                                             1961


SUNRISE AND SUNSET
SEPTEMBER 25 2016.....SUNRISE   621 AM HST   SUNSET   624 PM HST
SEPTEMBER 26 2016.....SUNRISE   622 AM HST   SUNSET   623 PM HST


-  INDICATES NEGATIVE NUMBERS.
R  INDICATES RECORD WAS SET OR TIED.
MM INDICATES DATA IS MISSING.
T  INDICATES TRACE AMOUNT.




$$
