000
CDUS44 KHGX 300744
CLIHOU


CLIMATE REPORT
NATIONAL WEATHER SERVICE HOUSTON/GALVESTON TX
244 AM CDT SAT APR 30 2016


...................................

...THE HOUSTON INTERCONTINENTAL CLIMATE SUMMARY FOR APRIL 29 2016...

CLIMATE NORMAL PERIOD 1981 TO 2010
CLIMATE RECORD PERIOD 1892 TO 2016


WEATHER ITEM   OBSERVED TIME   RECORD YEAR NORMAL DEPARTURE LAST
                VALUE   (LST)  VALUE       VALUE  FROM      YEAR
                                                  NORMAL
..................................................................
TEMPERATURE (F)
 YESTERDAY
  MAXIMUM         86   1239 PM  92    1987  82      4       78
  MINIMUM         73    620 AM  46    2008  63     10       52
  AVERAGE         80                        73      7       65

PRECIPITATION (IN)
  YESTERDAY        0.01          2.86 1950   0.13  -0.12     0.00
  MONTH TO DATE   13.79                      3.17  10.62     6.10
  SINCE MAR 1     17.04                      6.58  10.46    12.44
  SINCE JAN 1     21.15                     13.16   7.99    16.27

SNOWFALL (IN)
  YESTERDAY        0.0          MM      MM
  MONTH TO DATE    0.0
  SINCE MAR 1      0.0
  SINCE JUL 1      0.0

DEGREE DAYS
 HEATING
  YESTERDAY        0                         0      0        0
  MONTH TO DATE   20                        35    -15        4
  SINCE MAR 1    100                       176    -76      143
  SINCE JUL 1   1017                      1364   -347     1462

 COOLING
  YESTERDAY       15                         8      7        0
  MONTH TO DATE  133                       164    -31      233
  SINCE MAR 1    232                       235     -3      301
  SINCE JAN 1    269                       273     -4      311
..................................................................


WIND (MPH)
  HIGHEST WIND SPEED    26   HIGHEST WIND DIRECTION    SE (150)
  HIGHEST GUST SPEED    36   HIGHEST GUST DIRECTION    SE (150)




RELATIVE HUMIDITY (PERCENT)
 HIGHEST    94
 LOWEST     61
 AVERAGE    78

..........................................................


THE HOUSTON INTERCONTINENTAL CLIMATE NORMALS FOR TODAY
                         NORMAL    RECORD    YEAR
 MAXIMUM TEMPERATURE (F)   83        92      1981
 MINIMUM TEMPERATURE (F)   64        42      1908


SUNRISE AND SUNSET
APRIL 30 2016.........SUNRISE   639 AM CDT   SUNSET   758 PM CDT
MAY  1 2016...........SUNRISE   638 AM CDT   SUNSET   759 PM CDT


-  INDICATES NEGATIVE NUMBERS.
R  INDICATES RECORD WAS SET OR TIED.
MM INDICATES DATA IS MISSING.
T  INDICATES TRACE AMOUNT.


&&

...................................

...THE HOUSTON/HOBBY AIRPORT CLIMATE SUMMARY FOR APRIL 29 2016...

CLIMATE NORMAL PERIOD 1981 TO 2010
CLIMATE RECORD PERIOD 1930 TO 2016


WEATHER ITEM   OBSERVED TIME   RECORD YEAR NORMAL DEPARTURE LAST
                VALUE   (LST)  VALUE       VALUE  FROM      YEAR
                                                  NORMAL
..................................................................
TEMPERATURE (F)
 YESTERDAY
  MAXIMUM         85   1220 PM  90    2002  82      3       77
                                      1987
  MINIMUM         75    644 AM  50    1965  65     10       54
  AVERAGE         80                        73      7       66

PRECIPITATION (IN)
  YESTERDAY        0.01          1.74 1988   0.13  -0.12     0.00
  MONTH TO DATE    8.84                      3.12   5.72     8.20
  SINCE MAR 1     12.98                      6.32   6.66    14.58
  SINCE JAN 1     17.15                     13.40   3.75    20.46

SNOWFALL (IN)
  YESTERDAY        0.0          MM      MM
  MONTH TO DATE    0.0
  SINCE MAR 1      0.0
  SINCE JUL 1      0.0

DEGREE DAYS
 HEATING
  YESTERDAY        0                         0      0        0
  MONTH TO DATE    8                        27    -19        0
  SINCE MAR 1     52                       148    -96      115
  SINCE JUL 1    790                      1218   -428     1300

 COOLING
  YESTERDAY       15                         8      7        1
  MONTH TO DATE  197                       166     31      244
  SINCE MAR 1    338                       235    103      319
  SINCE JAN 1    376                       273    103      329
..................................................................


WIND (MPH)
  HIGHEST WIND SPEED    24   HIGHEST WIND DIRECTION     S (160)
  HIGHEST GUST SPEED    32   HIGHEST GUST DIRECTION     S (170)




RELATIVE HUMIDITY (PERCENT)
 HIGHEST    94
 LOWEST     69
 AVERAGE    82

..........................................................


THE HOUSTON/HOBBY AIRPORT CLIMATE NORMALS FOR TODAY
                         NORMAL    RECORD    YEAR
 MAXIMUM TEMPERATURE (F)   82        92      1953
 MINIMUM TEMPERATURE (F)   65        46      1996


SUNRISE AND SUNSET
APRIL 30 2016.........SUNRISE   639 AM CDT   SUNSET   758 PM CDT
MAY  1 2016...........SUNRISE   638 AM CDT   SUNSET   758 PM CDT


-  INDICATES NEGATIVE NUMBERS.
R  INDICATES RECORD WAS SET OR TIED.
MM INDICATES DATA IS MISSING.
T  INDICATES TRACE AMOUNT.




$$
