000
CDUS44 KHGX 281331
CLIHOU

CLIMATE REPORT
NATIONAL WEATHER SERVICE HOUSTON/GALVESTON TX
830 AM CDT FRI AUG 28 2015


...MORNING CLIMATE DATA...

                            MORNING LOW    PRECIP SINCE MIDNIGHT
HOUSTON INTERCONTINENTAL         70                0.00
GALVESTON SCHOLES FIELD          78                0.00
BRYAN/COLLEGE STATION            70                0.00
HOUSTON HOBBY                    72                0.00

...................................

...THE HOUSTON INTERCONTINENTAL CLIMATE SUMMARY FOR AUGUST 27 2015...

CLIMATE NORMAL PERIOD 1981 TO 2010
CLIMATE RECORD PERIOD 1892 TO 2015


WEATHER ITEM   OBSERVED TIME   RECORD YEAR NORMAL DEPARTURE LAST
                VALUE   (LST)  VALUE       VALUE  FROM      YEAR
                                                  NORMAL
..................................................................
TEMPERATURE (F)
 YESTERDAY
  MAXIMUM         93    328 PM 109    2011  94     -1       94
  MINIMUM         69    625 AM  59    1891  74     -5       75
  AVERAGE         81                        84     -3       85

PRECIPITATION (IN)
  YESTERDAY        0.00          8.32 1945   0.14  -0.14     0.00
  MONTH TO DATE    2.94                      3.16  -0.22     0.39
  SINCE JUN 1     14.94                     12.88   2.06     7.97
  SINCE JAN 1     45.38                     31.27  14.11    27.04

DEGREE DAYS
 COOLING
  YESTERDAY       16                        19     -3       20
  MONTH TO DATE  569                       535     34      545
  SINCE JUN 1   1752                      1656     96     1666
  SINCE JAN 1   2444                      2308    136     2207
..................................................................


WIND (MPH)
  HIGHEST WIND SPEED    12   HIGHEST WIND DIRECTION     N (340)
  HIGHEST GUST SPEED    15   HIGHEST GUST DIRECTION     N (350)


RELATIVE HUMIDITY (PERCENT)
 HIGHEST    90
 LOWEST     36
 AVERAGE    63

..........................................................


THE HOUSTON INTERCONTINENTAL CLIMATE NORMALS FOR TODAY
                         NORMAL    RECORD    YEAR
 MAXIMUM TEMPERATURE (F)   94       107      2011
 MINIMUM TEMPERATURE (F)   74        63      1992


SUNRISE AND SUNSET
AUGUST 28 2015........SUNRISE   656 AM CDT   SUNSET   749 PM CDT
AUGUST 29 2015........SUNRISE   657 AM CDT   SUNSET   748 PM CDT


-  INDICATES NEGATIVE NUMBERS.
R  INDICATES RECORD WAS SET OR TIED.
MM INDICATES DATA IS MISSING.
T  INDICATES TRACE AMOUNT.


&&


...................................

...THE HOUSTON/HOBBY AIRPORT CLIMATE SUMMARY FOR AUGUST 27 2015...

CLIMATE NORMAL PERIOD 1981 TO 2010
CLIMATE RECORD PERIOD 1930 TO 2015


WEATHER ITEM   OBSERVED TIME   RECORD YEAR NORMAL DEPARTURE LAST
                VALUE   (LST)  VALUE       VALUE  FROM      YEAR
                                                  NORMAL
..................................................................
TEMPERATURE (F)
 YESTERDAY
  MAXIMUM         92    336 PM 106    2011  92      0       92
  MINIMUM         71    607 AM  65    1930  75     -4       79
  AVERAGE         82                        84     -2       86

PRECIPITATION (IN)
  YESTERDAY        0.00         14.58 1945   0.20  -0.20     0.00
  MONTH TO DATE   10.76                      4.27   6.49     1.74
  SINCE JUN 1     18.20                     16.03   2.17     5.98
  SINCE JAN 1     53.06                     34.31  18.75    22.82

DEGREE DAYS
 COOLING
  YESTERDAY       17                        19     -2       21
  MONTH TO DATE  570                       513     57      561
  SINCE JUN 1   1766                      1606    160     1685
  SINCE JAN 1   2505                      2260    245     2236
..................................................................


WIND (MPH)
  HIGHEST WIND SPEED    15   HIGHEST WIND DIRECTION     N (20)
  HIGHEST GUST SPEED    18   HIGHEST GUST DIRECTION    NE (60)


RELATIVE HUMIDITY (PERCENT)
 HIGHEST    84
 LOWEST     36
 AVERAGE    60

..........................................................


THE HOUSTON/HOBBY AIRPORT CLIMATE NORMALS FOR TODAY
                         NORMAL    RECORD    YEAR
 MAXIMUM TEMPERATURE (F)   92       103      2011
 MINIMUM TEMPERATURE (F)   75        65      1930


SUNRISE AND SUNSET
AUGUST 28 2015........SUNRISE   656 AM CDT   SUNSET   748 PM CDT
AUGUST 29 2015........SUNRISE   657 AM CDT   SUNSET   747 PM CDT


-  INDICATES NEGATIVE NUMBERS.
R  INDICATES RECORD WAS SET OR TIED.
MM INDICATES DATA IS MISSING.
T  INDICATES TRACE AMOUNT.

..........................................................

...MISCELLANEOUS CLIMATE DATA FOR YESTERDAY...

LOCATION                        HIGH    LOW     PRECIP
PEARLAND                         93      71      0.00
SUGAR LAND                       92      66      0.00
TOMBALL                          93      67      0.00
CONROE                           92      63      0.00
HUNTSVILLE                       95      66      0.00
ANGLETON/LAKE JACKSON            91      65      0.00
PALACIOS                         92      69      0.00
LEAGUE CITY (NWS)                90      69      0.00


THIS PRODUCT...ALONG WITH OTHER WEATHER...HYDROLOGIC...AND CLIMATE
PRODUCTS...IS AVAILABLE ON THE WEB AT HTTP://WWW.SRH.NOAA.GOV/HGX
OR AT HTTP://WEATHER.GOV

$$
