000
CDUS44 KHGX 062250
CLIHOU

CLIMATE REPORT
NATIONAL WEATHER SERVICE HOUSTON/GALVESTON TX
430 PM CST FRI MAR 6 2015


...................................

...THE HOUSTON INTERCONTINENTAL CLIMATE SUMMARY FOR MARCH 6 2015...
VALID TODAY AS OF 400 PM LOCAL TIME.

CLIMATE NORMAL PERIOD 1981 TO 2010
CLIMATE RECORD PERIOD 1892 TO 2015


WEATHER ITEM   OBSERVED TIME   RECORD YEAR NORMAL DEPARTURE LAST
                VALUE   (LST)  VALUE       VALUE  FROM      YEAR
                                                  NORMAL
..................................................................
TEMPERATURE (F)
 TODAY
  MAXIMUM         57    355 PM  86    1991  71    -14       61
  MINIMUM         30    656 AM  25    1989  51    -21       44
  AVERAGE         44                        60    -16       53

PRECIPITATION (IN)
  TODAY            0.00          1.44 1896   0.12  -0.12     0.00
  MONTH TO DATE    0.38                      0.70  -0.32     1.11
  SINCE MAR 1      0.38                      0.70  -0.32     1.11
  SINCE JAN 1      4.21                      7.28  -3.07     4.46

SNOWFALL (IN)
  TODAY            0.0          MM      MM   0.0    0.0      0.0
  MONTH TO DATE    0.0                       0.0    0.0      0.0
  SINCE MAR 1      0.0                       0.0    0.0      0.0
  SINCE JUL 1      0.0                       0.1   -0.1       T
  SNOW DEPTH       0

DEGREE DAYS
 HEATING
  TODAY           21                         6     15       12
  MONTH TO DATE   66                        40     26      101
  SINCE MAR 1     66                        40     26      101
  SINCE JUL 1   1385                      1228    157     1581

 COOLING
  TODAY            0                         2     -2        0
  MONTH TO DATE    3                        10     -7        9
  SINCE MAR 1      3                        10     -7        9
  SINCE JAN 1     13                        48    -35       43
..................................................................


WIND (MPH)
  RESULTANT WIND SPEED   4   RESULTANT WIND DIRECTION  NE (40)
  HIGHEST WIND SPEED    16   HIGHEST WIND DIRECTION    NE (40)
  HIGHEST GUST SPEED    21   HIGHEST GUST DIRECTION    NE (40)
  AVERAGE WIND SPEED     5.8



WEATHER CONDITIONS
 THE FOLLOWING WEATHER WAS RECORDED TODAY.
  NO SIGNIFICANT WEATHER WAS OBSERVED.


RELATIVE HUMIDITY (PERCENT)
 HIGHEST    78           600 AM
 LOWEST     23           400 PM
 AVERAGE    51

..........................................................


THE HOUSTON INTERCONTINENTAL CLIMATE NORMALS FOR TOMORROW
                         NORMAL    RECORD    YEAR
 MAXIMUM TEMPERATURE (F)   71        90      1911
 MINIMUM TEMPERATURE (F)   51        28      1989


SUNRISE AND SUNSET
MARCH  6 2015.........SUNRISE   642 AM CST   SUNSET   624 PM CST
MARCH  7 2015.........SUNRISE   641 AM CST   SUNSET   624 PM CST


-  INDICATES NEGATIVE NUMBERS.
R  INDICATES RECORD WAS SET OR TIED.
MM INDICATES DATA IS MISSING.
T  INDICATES TRACE AMOUNT.


&&

...................................

...THE HOUSTON/HOBBY AIRPORT CLIMATE SUMMARY FOR MARCH 6 2015...
VALID TODAY AS OF 400 PM LOCAL TIME.

CLIMATE NORMAL PERIOD 1981 TO 2010
CLIMATE RECORD PERIOD 1930 TO 2015


WEATHER ITEM   OBSERVED TIME   RECORD YEAR NORMAL DEPARTURE LAST
                VALUE   (LST)  VALUE       VALUE  FROM      YEAR
                                                  NORMAL
..................................................................
TEMPERATURE (F)
 TODAY
  MAXIMUM         55    359 PM  85    1949  70    -15       61
  MINIMUM         33    624 AM  26    1989  52    -19       46
  AVERAGE         44                        61    -17       54

PRECIPITATION (IN)
  TODAY            0.00          1.47 1933   0.11  -0.11     0.00
  MONTH TO DATE    1.00                      0.67   0.33     1.02
  SINCE MAR 1      1.00                      0.67   0.33     1.02
  SINCE JAN 1      6.88                      7.75  -0.87     3.64

SNOWFALL (IN)
  TODAY            0.0          MM      MM   0.0    0.0      0.0
  MONTH TO DATE    0.0                       0.0    0.0      0.0
  SINCE MAR 1      0.0                       0.0    0.0      0.0
  SINCE JUL 1      0.0                       T      0.0       T
  SNOW DEPTH       0

DEGREE DAYS
 HEATING
  TODAY           21                         5     16       11
  MONTH TO DATE   55                        35     20       93
  SINCE MAR 1     55                        35     20       93
  SINCE JUL 1   1240                      1105    135     1420

 COOLING
  TODAY            0                         2     -2        0
  MONTH TO DATE    4                         9     -5        8
  SINCE MAR 1      4                         9     -5        8
  SINCE JAN 1     14                        47    -33       47
..................................................................


WIND (MPH)
  RESULTANT WIND SPEED  11   RESULTANT WIND DIRECTION  NE (40)
  HIGHEST WIND SPEED    20   HIGHEST WIND DIRECTION    NE (30)
  HIGHEST GUST SPEED    24   HIGHEST GUST DIRECTION    NE (40)
  AVERAGE WIND SPEED    11.3



WEATHER CONDITIONS
 THE FOLLOWING WEATHER WAS RECORDED TODAY.
  NO SIGNIFICANT WEATHER WAS OBSERVED.


RELATIVE HUMIDITY (PERCENT)
 HIGHEST    69           600 AM
 LOWEST     26           300 PM
 AVERAGE    48

..........................................................


THE HOUSTON/HOBBY AIRPORT CLIMATE NORMALS FOR TOMORROW
                         NORMAL    RECORD    YEAR
 MAXIMUM TEMPERATURE (F)   70        87      1975
 MINIMUM TEMPERATURE (F)   53        29      1989
                                             1943


SUNRISE AND SUNSET
MARCH  6 2015.........SUNRISE   642 AM CST   SUNSET   624 PM CST
MARCH  7 2015.........SUNRISE   640 AM CST   SUNSET   624 PM CST


-  INDICATES NEGATIVE NUMBERS.
R  INDICATES RECORD WAS SET OR TIED.
MM INDICATES DATA IS MISSING.
T  INDICATES TRACE AMOUNT.
...........................................................

...MISCELLANEOUS CLIMATE DATA FOR TODAY...

LOCATION                        HIGH    LOW     PRECIP

PEARLAND                         54      34      0.00
SUGAR LAND                       55      29      0.00
TOMBALL                          56      29      0.00
CONROE                           54      28      0.00
HUNTSVILLE                       54      24      0.00
ANGLETON/LAKE JACKSON            53      31      0.00
PALACIOS                         56      33      0.00
LEAGUE CITY (NWS)                53      32      0.00


THIS PRODUCT...ALONG WITH OTHER WEATHER...HYDROLOGIC...AND CLIMATE
PRODUCTS...IS AVAILABLE ON THE WEB AT HTTP://WWW.SRH.NOAA.GOV/HGX
OR AT HTTP://WEATHER.GOV

$$
