000
CDUS44 KHGX 311307
CLIHOU

CLIMATE REPORT
NATIONAL WEATHER SERVICE HOUSTON/GALVESTON TX
806 AM CDT TUE MAY 31 2016

...MORNING CLIMATE DATA...

                            MORNING LOW    PRECIP SINCE MIDNIGHT
HOUSTON INTERCONTINENTAL         68                0.00
GALVESTON SCHOLES FIELD          75                0.00
BRYAN/COLLEGE STATION            71                0.00
HOUSTON HOBBY                    71                0.00

...................................

...THE HOUSTON INTERCONTINENTAL CLIMATE SUMMARY FOR MAY 30 2016...

CLIMATE NORMAL PERIOD 1981 TO 2010
CLIMATE RECORD PERIOD 1892 TO 2016


WEATHER ITEM   OBSERVED TIME   RECORD YEAR NORMAL DEPARTURE LAST
                VALUE   (LST)  VALUE       VALUE  FROM      YEAR
                                                  NORMAL
..................................................................
TEMPERATURE (F)
 YESTERDAY
  MAXIMUM         85    433 PM  97    2003  89     -4       91
                                      1998
  MINIMUM         68    533 AM  53    1984  71     -3       69
  AVERAGE         77                        80     -3       80

PRECIPITATION (IN)
  YESTERDAY        0.00          5.01 1907   0.17  -0.17     0.57
  MONTH TO DATE    7.20                      4.92   2.28    14.17
  SINCE MAR 1     24.84                     11.64  13.20    26.61
  SINCE JAN 1     28.95                     18.22  10.73    30.44

DEGREE DAYS
 COOLING
  YESTERDAY       12                        15     -3       15
  MONTH TO DATE  289                       356    -67      365
  SINCE MAR 1    531                       599    -68      669
  SINCE JAN 1    568                       637    -69      679
..................................................................


WIND (MPH)
  HIGHEST WIND SPEED    16   HIGHEST WIND DIRECTION     S (170)
  HIGHEST GUST SPEED    21   HIGHEST GUST DIRECTION     S (170)


RELATIVE HUMIDITY (PERCENT)
 HIGHEST   100
 LOWEST     59
 AVERAGE    80

..........................................................


THE HOUSTON INTERCONTINENTAL CLIMATE NORMALS FOR TODAY
                         NORMAL    RECORD    YEAR
 MAXIMUM TEMPERATURE (F)   90        98      1998
 MINIMUM TEMPERATURE (F)   71        50      1889


SUNRISE AND SUNSET
MAY 31 2016...........SUNRISE   621 AM CDT   SUNSET   818 PM CDT
JUNE  1 2016..........SUNRISE   621 AM CDT   SUNSET   818 PM CDT


-  INDICATES NEGATIVE NUMBERS.
R  INDICATES RECORD WAS SET OR TIED.
MM INDICATES DATA IS MISSING.
T  INDICATES TRACE AMOUNT.



&&
...................................

...THE HOUSTON/HOBBY AIRPORT CLIMATE SUMMARY FOR MAY 30 2016...

CLIMATE NORMAL PERIOD 1981 TO 2010
CLIMATE RECORD PERIOD 1930 TO 2016


WEATHER ITEM   OBSERVED TIME   RECORD YEAR NORMAL DEPARTURE LAST
                VALUE   (LST)  VALUE       VALUE  FROM      YEAR
                                                  NORMAL
..................................................................
TEMPERATURE (F)
 YESTERDAY
  MAXIMUM         87    322 PM  99    1998  88     -1       91
  MINIMUM         72    554 AM  58    1984  72      0       68
  AVERAGE         80                        80      0       80

PRECIPITATION (IN)
  YESTERDAY        0.00          2.86 1995   0.17  -0.17     1.49
  MONTH TO DATE    7.59                      4.58   3.01    14.40
  SINCE MAR 1     20.68                     11.03   9.65    28.98
  SINCE JAN 1     24.85                     18.11   6.74    34.86

DEGREE DAYS
 COOLING
  YESTERDAY       15                        15      0       15
  MONTH TO DATE  367                       359      8      392
  SINCE MAR 1    718                       601    117      715
  SINCE JAN 1    756                       639    117      725
..................................................................


WIND (MPH)
  HIGHEST WIND SPEED    14   HIGHEST WIND DIRECTION     S (160)
  HIGHEST GUST SPEED    20   HIGHEST GUST DIRECTION     S (160)


RELATIVE HUMIDITY (PERCENT)
 HIGHEST   100
 LOWEST     57
 AVERAGE    79

..........................................................


THE HOUSTON/HOBBY AIRPORT CLIMATE NORMALS FOR TODAY
                         NORMAL    RECORD    YEAR
 MAXIMUM TEMPERATURE (F)   88       100      1998
 MINIMUM TEMPERATURE (F)   72        58      1984


SUNRISE AND SUNSET
MAY 31 2016...........SUNRISE   621 AM CDT   SUNSET   817 PM CDT
JUNE  1 2016..........SUNRISE   621 AM CDT   SUNSET   817 PM CDT


-  INDICATES NEGATIVE NUMBERS.
R  INDICATES RECORD WAS SET OR TIED.
MM INDICATES DATA IS MISSING.
T  INDICATES TRACE AMOUNT.

.........................................................
...MISCELLANEOUS CLIMATE DATA FOR YESTERDAY...

LOCATION                        HIGH    LOW     PRECIP
PEARLAND                         87      72      0.00
SUGAR LAND                       86      70      0.01
TOMBALL                          88      69       T
CONROE                           86      66      0.00
HUNTSVILLE                       86      71      0.00
ANGLETON/LAKE JACKSON            87      72       T
PALACIOS                         86      74       T
LEAGUE CITY (NWS)                84      71      0.00


THIS PRODUCT...ALONG WITH OTHER WEATHER...HYDROLOGIC...AND CLIMATE
PRODUCTS...IS AVAILABLE ON THE WEB AT HTTP://WWW.SRH.NOAA.GOV/HGX
OR AT HTTP://WEATHER.GOV


$$
