000
CDUS44 KHGX 311315
CLIHOU

CLIMATE REPORT
NATIONAL WEATHER SERVICE HOUSTON/GALVESTON TX
815 AM CDT FRI OCT 31 2014


...MORNING CLIMATE DATA...

                            MORNING LOW    PRECIP SINCE MIDNIGHT
HOUSTON INTERCONTINENTAL         56                0.00
GALVESTON SCHOLES FIELD          67                0.00
BRYAN/COLLEGE STATION            57                0.00
HOUSTON HOBBY                    60                0.00

...................................


...THE HOUSTON INTERCONTINENTAL CLIMATE SUMMARY FOR OCTOBER 30 2014...

CLIMATE NORMAL PERIOD 1981 TO 2010
CLIMATE RECORD PERIOD 1892 TO 2014


WEATHER ITEM   OBSERVED TIME   RECORD YEAR NORMAL DEPARTURE LAST
                VALUE   (LST)  VALUE       VALUE  FROM      YEAR
                                                  NORMAL
..................................................................
TEMPERATURE (F)
 YESTERDAY
  MAXIMUM         79    403 PM  89    2004  78      1       80
                                      1951
                                      1915
  MINIMUM         55    646 AM  33    1917  57     -2       72
  AVERAGE         67                        68     -1       76

PRECIPITATION (IN)
  YESTERDAY        0.00          5.30 1907   0.17  -0.17     1.57
  MONTH TO DATE    2.95                      5.54  -2.59     5.93
  SINCE SEP 1      6.83                      9.66  -2.83    11.02
  SINCE JAN 1     34.72                     41.53  -6.81    32.22

SNOWFALL (IN)
  YESTERDAY        0.0           0.0  2002
                                      2001
  MONTH TO DATE    0.0
  SINCE SEP 1      0.0
  SINCE JUL 1      0.0

DEGREE DAYS
 HEATING
  YESTERDAY        0                         2     -2        0
  MONTH TO DATE    0                        25    -25        8
  SINCE SEP 1      0                        26    -26        8
  SINCE JUL 1      0                        26    -26        8

 COOLING
  YESTERDAY        2                         5     -3       11
  MONTH TO DATE  247                       223     24      210
  SINCE SEP 1    721                       666     55      738
  SINCE JAN 1   2997                      3048    -51     3131
..................................................................


WIND (MPH)
  HIGHEST WIND SPEED    10   HIGHEST WIND DIRECTION     E (90)
  HIGHEST GUST SPEED    14   HIGHEST GUST DIRECTION     E (90)




RELATIVE HUMIDITY (PERCENT)
 HIGHEST   100
 LOWEST     39
 AVERAGE    70

..........................................................


THE HOUSTON INTERCONTINENTAL CLIMATE NORMALS FOR TODAY
                         NORMAL    RECORD    YEAR
 MAXIMUM TEMPERATURE (F)   78        88      2004
                                             1977
                                             1972
 MINIMUM TEMPERATURE (F)   57        29      1993


SUNRISE AND SUNSET
OCTOBER 31 2014.......SUNRISE   734 AM CDT   SUNSET   635 PM CDT
NOVEMBER  1 2014......SUNRISE   735 AM CDT   SUNSET   634 PM CDT


-  INDICATES NEGATIVE NUMBERS.
R  INDICATES RECORD WAS SET OR TIED.
MM INDICATES DATA IS MISSING.
T  INDICATES TRACE AMOUNT.



&&
...................................

...THE HOUSTON/HOBBY AIRPORT CLIMATE SUMMARY FOR OCTOBER 30 2014...

CLIMATE NORMAL PERIOD 1981 TO 2010
CLIMATE RECORD PERIOD 1930 TO 2014


WEATHER ITEM   OBSERVED TIME   RECORD YEAR NORMAL DEPARTURE LAST
                VALUE   (LST)  VALUE       VALUE  FROM      YEAR
                                                  NORMAL
..................................................................
TEMPERATURE (F)
 YESTERDAY
  MAXIMUM         80    337 PM  89    1951  78      2       81
  MINIMUM         60    655 AM  38    1993  59      1       74
  AVERAGE         70                        68      2       78

PRECIPITATION (IN)
  YESTERDAY        0.00          4.86 1979   0.18  -0.18     1.06
  MONTH TO DATE    2.56                      5.81  -3.25     7.07
  SINCE SEP 1      7.55                     11.02  -3.47    13.02
  SINCE JAN 1     32.08                     46.12 -14.04    35.89

SNOWFALL (IN)
  YESTERDAY        0.0          MM      MM
  MONTH TO DATE    0.0
  SINCE SEP 1      0.0
  SINCE JUL 1      0.0

DEGREE DAYS
 HEATING
  YESTERDAY        0                         2     -2        0
  MONTH TO DATE    0                        17    -17        3
  SINCE SEP 1      0                        17    -17        3
  SINCE JUL 1      0                        17    -17        3

 COOLING
  YESTERDAY        5                         5      0       13
  MONTH TO DATE  290                       237     53      242
  SINCE SEP 1    776                       689     87      788
  SINCE JAN 1   3080                      3030     50     3214
..................................................................


WIND (MPH)
  HIGHEST WIND SPEED    10   HIGHEST WIND DIRECTION     E (70)
  HIGHEST GUST SPEED    13   HIGHEST GUST DIRECTION     E (80)




RELATIVE HUMIDITY (PERCENT)
 HIGHEST    84
 LOWEST     42
 AVERAGE    63

..........................................................


THE HOUSTON/HOBBY AIRPORT CLIMATE NORMALS FOR TODAY
                         NORMAL    RECORD    YEAR
 MAXIMUM TEMPERATURE (F)   77        90      1977
 MINIMUM TEMPERATURE (F)   59        33      1993


SUNRISE AND SUNSET
OCTOBER 31 2014.......SUNRISE   734 AM CDT   SUNSET   635 PM CDT
NOVEMBER  1 2014......SUNRISE   735 AM CDT   SUNSET   634 PM CDT


-  INDICATES NEGATIVE NUMBERS.
R  INDICATES RECORD WAS SET OR TIED.
MM INDICATES DATA IS MISSING.
T  INDICATES TRACE AMOUNT.


...MISCELLANEOUS CLIMATE DATA FOR YESTERDAY...

LOCATION                        HIGH    LOW     PRECIP

PEARLAND                         80      60      0.00
SUGAR LAND                       82      59      0.00
TOMBALL                          79      57      0.00
CONROE                           78      50      0.00
HUNTSVILLE                       79      49      0.00
ANGLETON/LAKE JACKSON            80      57      0.00
PALACIOS                         82      65      0.00
LEAGUE CITY (NWS)                77      59      0.00


THIS PRODUCT...ALONG WITH OTHER WEATHER...HYDROLOGIC...AND CLIMATE
PRODUCTS...IS AVAILABLE ON THE WEB AT HTTP://WWW.SRH.NOAA.GOV/HGX
OR AT HTTP://WEATHER.GOV


$$
