000
CDUS44 KHGX 031313
CLIHOU

CLIMATE REPORT
NATIONAL WEATHER SERVICE HOUSTON/GALVESTON TX
810 AM CDT WED JUN 3 2015


...MORNING CLIMATE DATA...

                            MORNING LOW    PRECIP SINCE MIDNIGHT
HOUSTON INTERCONTINENTAL         69                0.00
GALVESTON SCHOLES FIELD          77                0.00
BRYAN/COLLEGE STATION            70                0.00
HOUSTON HOBBY                    71                0.00
...................................

...THE HOUSTON INTERCONTINENTAL CLIMATE SUMMARY FOR JUNE 2 2015...

CLIMATE NORMAL PERIOD 1981 TO 2010
CLIMATE RECORD PERIOD 1892 TO 2015


WEATHER ITEM   OBSERVED TIME   RECORD YEAR NORMAL DEPARTURE LAST
                VALUE   (LST)  VALUE       VALUE  FROM      YEAR
                                                  NORMAL
..................................................................
TEMPERATURE (F)
 YESTERDAY
  MAXIMUM         90    338 PM 100    2011  90      0       89
  MINIMUM         68    600 AM  55    1892  71     -3       72
  AVERAGE         79                        81     -2       81

PRECIPITATION (IN)
  YESTERDAY        0.00          4.03 1950   0.17  -0.17      T
  MONTH TO DATE    0.00                      0.35  -0.35     0.01
  SINCE JUN 1      0.00                      0.35  -0.35     0.01
  SINCE JAN 1     30.44                     18.74  11.70    19.08

DEGREE DAYS
 COOLING
  YESTERDAY       14                        16     -2       16
  MONTH TO DATE   27                        31     -4       31
  SINCE JUN 1     27                        31     -4       31
  SINCE JAN 1    719                       683     36      572
..................................................................


WIND (MPH)
  HIGHEST WIND SPEED    12   HIGHEST WIND DIRECTION     N (20)
  HIGHEST GUST SPEED    16   HIGHEST GUST DIRECTION     N (20)




RELATIVE HUMIDITY (PERCENT)
 HIGHEST    93
 LOWEST     41
 AVERAGE    67

..........................................................


THE HOUSTON INTERCONTINENTAL CLIMATE NORMALS FOR TODAY
                         NORMAL    RECORD    YEAR
 MAXIMUM TEMPERATURE (F)   90        98      1960
 MINIMUM TEMPERATURE (F)   72        52      1970


SUNRISE AND SUNSET
JUNE  3 2015..........SUNRISE   621 AM CDT   SUNSET   819 PM CDT
JUNE  4 2015..........SUNRISE   620 AM CDT   SUNSET   819 PM CDT


-  INDICATES NEGATIVE NUMBERS.
R  INDICATES RECORD WAS SET OR TIED.
MM INDICATES DATA IS MISSING.
T  INDICATES TRACE AMOUNT.


&&

...................................

...THE HOUSTON/HOBBY AIRPORT CLIMATE SUMMARY FOR JUNE 2 2015...

CLIMATE NORMAL PERIOD 1981 TO 2010
CLIMATE RECORD PERIOD 1930 TO 2015


WEATHER ITEM   OBSERVED TIME   RECORD YEAR NORMAL DEPARTURE LAST
                VALUE   (LST)  VALUE       VALUE  FROM      YEAR
                                                  NORMAL
..................................................................
TEMPERATURE (F)
 YESTERDAY
  MAXIMUM         90    420 PM  98    2011  89      1       88
  MINIMUM         70    551 AM  59    1964  72     -2       75
  AVERAGE         80                        80      0       82

PRECIPITATION (IN)
  YESTERDAY        0.00          2.90 1981   0.20  -0.20      T
  MONTH TO DATE    0.00                      0.39  -0.39     0.02
  SINCE JUN 1      0.00                      0.39  -0.39     0.02
  SINCE JAN 1     34.86                     18.67  16.19    16.86

DEGREE DAYS
 COOLING
  YESTERDAY       15                        15      0       17
  MONTH TO DATE   30                        30      0       33
  SINCE JUN 1     30                        30      0       33
  SINCE JAN 1    769                       684     85      584
..................................................................


WIND (MPH)
  HIGHEST WIND SPEED    10   HIGHEST WIND DIRECTION     S (160)
  HIGHEST GUST SPEED    14   HIGHEST GUST DIRECTION     S (160)




RELATIVE HUMIDITY (PERCENT)
 HIGHEST    90
 LOWEST     40
 AVERAGE    65

..........................................................


THE HOUSTON/HOBBY AIRPORT CLIMATE NORMALS FOR TODAY
                         NORMAL    RECORD    YEAR
 MAXIMUM TEMPERATURE (F)   89        97      2003
 MINIMUM TEMPERATURE (F)   72        58      1970


SUNRISE AND SUNSET
JUNE  3 2015..........SUNRISE   621 AM CDT   SUNSET   818 PM CDT
JUNE  4 2015..........SUNRISE   621 AM CDT   SUNSET   818 PM CDT


-  INDICATES NEGATIVE NUMBERS.
R  INDICATES RECORD WAS SET OR TIED.
MM INDICATES DATA IS MISSING.
T  INDICATES TRACE AMOUNT.

...MISCELLANEOUS CLIMATE DATA FOR YESTERDAY...

LOCATION                        HIGH    LOW     PRECIP
PEARLAND                         91      70      0.00
SUGAR LAND                       90      67      0.00
TOMBALL                          90      68      0.00
CONROE                           88      63      0.00
HUNTSVILLE                       88      65       T
ANGLETON/LAKE JACKSON            90      67      0.00
PALACIOS                         86      70      0.00
LEAGUE CITY (NWS)                89      70      0.00


THIS PRODUCT...ALONG WITH OTHER WEATHER...HYDROLOGIC...AND CLIMATE
PRODUCTS...IS AVAILABLE ON THE WEB AT HTTP://WWW.SRH.NOAA.GOV/HGX
OR AT HTTP://WEATHER.GOV

$$
