730
CDUS44 KHGX 231310
CLIHOU

CLIMATE REPORT
NATIONAL WEATHER SERVICE HOUSTON/GALVESTON TX
810 AM CDT MON OCT 23 2017


...MORNING CLIMATE DATA...

                            MORNING LOW    PRECIP SINCE MIDNIGHT
HOUSTON INTERCONTINENTAL         51                0.00
GALVESTON SCHOLES FIELD          62                0.00
BRYAN/COLLEGE STATION            50                0.00
HOUSTON HOBBY                    54                0.00
...................................

...THE HOUSTON INTERCONTINENTAL CLIMATE SUMMARY FOR OCTOBER 22 2017...

CLIMATE NORMAL PERIOD 1981 TO 2010
CLIMATE RECORD PERIOD 1892 TO 2017


WEATHER ITEM   OBSERVED TIME   RECORD YEAR NORMAL DEPARTURE LAST
                VALUE   (LST)  VALUE       VALUE  FROM      YEAR
                                                  NORMAL
..................................................................
TEMPERATURE (F)
 YESTERDAY
  MAXIMUM         76   1232 AM  91    2004  80     -4       77
  MINIMUM         60   1109 PM  41    1898  59      1       48
  AVERAGE         68                        70     -2       63

PRECIPITATION (IN)
  YESTERDAY        0.97          3.70 2008   0.20   0.77     0.00
  MONTH TO DATE    3.16                      4.04  -0.88     0.14
  SINCE SEP 1      4.39                      8.16  -3.77     1.84
  SINCE JAN 1     75.21                     40.03  35.18    55.41

SNOWFALL (IN)
  YESTERDAY        0.0           0.0  2002
                                      2001
  MONTH TO DATE    0.0
  SINCE SEP 1      0.0
  SINCE JUL 1      0.0

DEGREE DAYS
 HEATING
  YESTERDAY        0                         1     -1        2
  MONTH TO DATE    0                        11    -11        3
  SINCE SEP 1      0                        12    -12        3
  SINCE JUL 1      0                        12    -12        3

 COOLING
  YESTERDAY        3                         6     -3        0
  MONTH TO DATE  251                       180     71      255
  SINCE SEP 1    702                       623     79      791
  SINCE JAN 1   3354                      3005    349     3199
..................................................................


WIND (MPH)
  HIGHEST WIND SPEED    35   HIGHEST WIND DIRECTION     N (20)
  HIGHEST GUST SPEED    44   HIGHEST GUST DIRECTION     N (20)




RELATIVE HUMIDITY (PERCENT)
 HIGHEST   100
 LOWEST     61
 AVERAGE    81

..........................................................


THE HOUSTON INTERCONTINENTAL CLIMATE NORMALS FOR TODAY
                         NORMAL    RECORD    YEAR
 MAXIMUM TEMPERATURE (F)   80        91      1988
 MINIMUM TEMPERATURE (F)   59        40      1996


SUNRISE AND SUNSET
OCTOBER 23 2017.......SUNRISE   729 AM CDT   SUNSET   642 PM CDT
OCTOBER 24 2017.......SUNRISE   730 AM CDT   SUNSET   641 PM CDT


-  INDICATES NEGATIVE NUMBERS.
R  INDICATES RECORD WAS SET OR TIED.
MM INDICATES DATA IS MISSING.
T  INDICATES TRACE AMOUNT.


&&

...................................

...THE HOUSTON/HOBBY AIRPORT CLIMATE SUMMARY FOR OCTOBER 22 2017...

CLIMATE NORMAL PERIOD 1981 TO 2010
CLIMATE RECORD PERIOD 1930 TO 2017


WEATHER ITEM   OBSERVED TIME   RECORD YEAR NORMAL DEPARTURE LAST
                VALUE   (LST)  VALUE       VALUE  FROM      YEAR
                                                  NORMAL
..................................................................
TEMPERATURE (F)
 YESTERDAY
  MAXIMUM         78    725 AM  90    1933  80     -2       76
  MINIMUM         62   1158 PM  45    1996  61      1       52
                                      1952
  AVERAGE         70                        71     -1       64

PRECIPITATION (IN)
  YESTERDAY        0.58          2.05 1954   0.22   0.36     0.00
  MONTH TO DATE    2.50                      4.22  -1.72     0.98
  SINCE SEP 1      6.25                      9.43  -3.18     3.29
  SINCE JAN 1     73.37                     44.53  28.84    50.60

SNOWFALL (IN)
  YESTERDAY        0.0          MM      MM
  MONTH TO DATE    0.0
  SINCE SEP 1      0.0
  SINCE JUL 1      0.0

DEGREE DAYS
 HEATING
  YESTERDAY        0                         1     -1        1
  MONTH TO DATE    0                         7     -7        1
  SINCE SEP 1      0                         7     -7        1
  SINCE JUL 1      0                         7     -7        1

 COOLING
  YESTERDAY        5                         6     -1        0
  MONTH TO DATE  317                       193    124      286
  SINCE SEP 1    838                       645    193      844
  SINCE JAN 1   3637                      2986    651     3475
..................................................................


WIND (MPH)
  HIGHEST WIND SPEED    36   HIGHEST WIND DIRECTION     N (360)
  HIGHEST GUST SPEED    48   HIGHEST GUST DIRECTION     N (10)




RELATIVE HUMIDITY (PERCENT)
 HIGHEST    94
 LOWEST     54
 AVERAGE    74

..........................................................


THE HOUSTON/HOBBY AIRPORT CLIMATE NORMALS FOR TODAY
                         NORMAL    RECORD    YEAR
 MAXIMUM TEMPERATURE (F)   80        90      2003
 MINIMUM TEMPERATURE (F)   61        37      1937


SUNRISE AND SUNSET
OCTOBER 23 2017.......SUNRISE   728 AM CDT   SUNSET   642 PM CDT
OCTOBER 24 2017.......SUNRISE   729 AM CDT   SUNSET   641 PM CDT


-  INDICATES NEGATIVE NUMBERS.
R  INDICATES RECORD WAS SET OR TIED.
MM INDICATES DATA IS MISSING.
T  INDICATES TRACE AMOUNT.

...MISCELLANEOUS CLIMATE DATA FOR YESTERDAY...

LOCATION                        HIGH    LOW     PRECIP
PEARLAND                         79      62      0.47
SUGAR LAND                       77      56      0.79
TOMBALL                          78      57      1.00
CONROE                           76      51      0.63
HUNTSVILLE                       77      53      0.84
ANGLETON/LAKE JACKSON            79      58      1.07
PALACIOS                         82      55      0.05
LEAGUE CITY (NWS)                77      59      0.55


THIS PRODUCT...ALONG WITH OTHER WEATHER...HYDROLOGIC...AND CLIMATE
PRODUCTS...IS AVAILABLE ON THE WEB AT HTTP://WWW.WEATHER.GOV/HGX

$$
