000
CDUS44 KHGX 292140
CLIHOU

CLIMATE REPORT
NATIONAL WEATHER SERVICE HOUSTON/GALVESTON TX
428 PM CDT SUN MAR 29 2015


...................................

...THE HOUSTON INTERCONTINENTAL CLIMATE SUMMARY FOR MARCH 29 2015...
VALID TODAY AS OF 400 PM LOCAL TIME.

CLIMATE NORMAL PERIOD 1981 TO 2010
CLIMATE RECORD PERIOD 1892 TO 2015


WEATHER ITEM   OBSERVED TIME   RECORD YEAR NORMAL DEPARTURE LAST
                VALUE   (LST)  VALUE       VALUE  FROM      YEAR
                                                  NORMAL
..................................................................
TEMPERATURE (F)
 TODAY
  MAXIMUM         82    149 PM  90    1974  76      6       80
  MINIMUM         57    434 AM  35    1894  55      2       53
  AVERAGE         70                        66      4       67

PRECIPITATION (IN)
  TODAY            0.00          1.75 1897   0.10  -0.10     0.00
  MONTH TO DATE    6.34                      3.20   3.14     2.45
  SINCE MAR 1      6.34                      3.20   3.14     2.45
  SINCE JAN 1     10.17                      9.78   0.39     5.80

SNOWFALL (IN)
  TODAY            0.0          MM      MM   0.0    0.0      0.0
  MONTH TO DATE    0.0                       0.0    0.0      0.0
  SINCE MAR 1      0.0                       0.0    0.0      0.0
  SINCE JUL 1      0.0                       0.1   -0.1       T
  SNOW DEPTH       0

DEGREE DAYS
 HEATING
  TODAY            0                         3     -3        0
  MONTH TO DATE  139                       137      2      208
  SINCE MAR 1    139                       137      2      208
  SINCE JUL 1   1458                      1325    133     1688

 COOLING
  TODAY            5                         3      2        2
  MONTH TO DATE   52                        64    -12       32
  SINCE MAR 1     52                        64    -12       32
  SINCE JAN 1     62                       102    -40       66
..................................................................


WIND (MPH)
  RESULTANT WIND SPEED   9   RESULTANT WIND DIRECTION   S (180)
  HIGHEST WIND SPEED    21   HIGHEST WIND DIRECTION     S (170)
  HIGHEST GUST SPEED    28   HIGHEST GUST DIRECTION     S (180)
  AVERAGE WIND SPEED     9.4



WEATHER CONDITIONS
 THE FOLLOWING WEATHER WAS RECORDED TODAY.
  NO SIGNIFICANT WEATHER WAS OBSERVED.


RELATIVE HUMIDITY (PERCENT)
 HIGHEST   100           300 AM
 LOWEST     51           200 PM
 AVERAGE    76

..........................................................


THE HOUSTON INTERCONTINENTAL CLIMATE NORMALS FOR TOMORROW
                         NORMAL    RECORD    YEAR
 MAXIMUM TEMPERATURE (F)   76        96      1946
 MINIMUM TEMPERATURE (F)   55        33      1987


SUNRISE AND SUNSET
MARCH 29 2015.........SUNRISE   715 AM CDT   SUNSET   738 PM CDT
MARCH 30 2015.........SUNRISE   713 AM CDT   SUNSET   739 PM CDT


-  INDICATES NEGATIVE NUMBERS.
R  INDICATES RECORD WAS SET OR TIED.
MM INDICATES DATA IS MISSING.
T  INDICATES TRACE AMOUNT.


&&

...................................

...THE HOUSTON/HOBBY AIRPORT CLIMATE SUMMARY FOR MARCH 29 2015...
VALID TODAY AS OF 400 PM LOCAL TIME.

CLIMATE NORMAL PERIOD 1981 TO 2010
CLIMATE RECORD PERIOD 1930 TO 2015


WEATHER ITEM   OBSERVED TIME   RECORD YEAR NORMAL DEPARTURE LAST
                VALUE   (LST)  VALUE       VALUE  FROM      YEAR
                                                  NORMAL
..................................................................
TEMPERATURE (F)
 TODAY
  MAXIMUM         80    158 PM  91    1974  75      5       79
  MINIMUM         59    441 AM  35    1931  57      2       56
  AVERAGE         70                        66      4       68

PRECIPITATION (IN)
  TODAY            0.00          1.80 1995   0.10  -0.10     0.00
  MONTH TO DATE    6.25                      3.01   3.24     2.54
  SINCE MAR 1      6.25                      3.01   3.24     2.54
  SINCE JAN 1     12.13                     10.09   2.04     5.16

SNOWFALL (IN)
  TODAY            0.0          MM      MM   0.0    0.0      0.0
  MONTH TO DATE    0.0                       0.0    0.0      0.0
  SINCE MAR 1      0.0                       0.0    0.0      0.0
  SINCE JUL 1      0.0                       T      0.0       T
  SNOW DEPTH       0

DEGREE DAYS
 HEATING
  TODAY            0                         2     -2        0
  MONTH TO DATE  115                       117     -2      185
  SINCE MAR 1    115                       117     -2      185
  SINCE JUL 1   1300                      1187    113     1512

 COOLING
  TODAY            5                         3      2        3
  MONTH TO DATE   62                        63     -1       37
  SINCE MAR 1     62                        63     -1       37
  SINCE JAN 1     72                       101    -29       76
..................................................................


WIND (MPH)
  RESULTANT WIND SPEED   9   RESULTANT WIND DIRECTION   S (180)
  HIGHEST WIND SPEED    23   HIGHEST WIND DIRECTION     S (190)
  HIGHEST GUST SPEED    29   HIGHEST GUST DIRECTION     S (200)
  AVERAGE WIND SPEED     9.6



WEATHER CONDITIONS
 THE FOLLOWING WEATHER WAS RECORDED TODAY.
  NO SIGNIFICANT WEATHER WAS OBSERVED.


RELATIVE HUMIDITY (PERCENT)
 HIGHEST   100           200 AM
 LOWEST     51           200 PM
 AVERAGE    76

..........................................................


THE HOUSTON/HOBBY AIRPORT CLIMATE NORMALS FOR TOMORROW
                         NORMAL    RECORD    YEAR
 MAXIMUM TEMPERATURE (F)   76        96      1946
 MINIMUM TEMPERATURE (F)   57        35      2003


SUNRISE AND SUNSET
MARCH 29 2015.........SUNRISE   714 AM CDT   SUNSET   738 PM CDT
MARCH 30 2015.........SUNRISE   713 AM CDT   SUNSET   738 PM CDT


-  INDICATES NEGATIVE NUMBERS.
R  INDICATES RECORD WAS SET OR TIED.
MM INDICATES DATA IS MISSING.
T  INDICATES TRACE AMOUNT.

..........................................................

...MISCELLANEOUS CLIMATE DATA FOR TODAY...

LOCATION                        HIGH    LOW     PRECIP

PEARLAND                         80      61      0.00
SUGAR LAND                       81      55      0.00
TOMBALL                          83      61      0.00
CONROE                           82      50      0.00
HUNTSVILLE                       83      61      0.00
ANGLETON/LAKE JACKSON            77      57      0.00
PALACIOS                         77      67      0.00
LEAGUE CITY (NWS)                77      61      0.00


THIS PRODUCT...ALONG WITH OTHER WEATHER...HYDROLOGIC...AND CLIMATE
PRODUCTS...IS AVAILABLE ON THE WEB AT HTTP://WWW.SRH.NOAA.GOV/HGX
OR AT HTTP://WEATHER.GOV

$$
