000
CDUS44 KHGX 190817
CLIHOU


CLIMATE REPORT
NATIONAL WEATHER SERVICE HOUSTON/GALVESTON TX
217 AM CST FRI JAN 19 2018


...................................

...THE HOUSTON INTERCONTINENTAL CLIMATE SUMMARY FOR JANUARY 18 2018...

CLIMATE NORMAL PERIOD 1981 TO 2010
CLIMATE RECORD PERIOD 1892 TO 2018


WEATHER ITEM   OBSERVED TIME   RECORD YEAR NORMAL DEPARTURE LAST
                VALUE   (LST)  VALUE       VALUE  FROM      YEAR
                                                  NORMAL
..................................................................
TEMPERATURE (F)
 YESTERDAY
  MAXIMUM         38    523 PM  81    2000  63    -25       74
  MINIMUM         21    151 AM   5    1930  43    -22       56
  AVERAGE         30                        53    -23       65

PRECIPITATION (IN)
  YESTERDAY        0.00          2.83 1945   0.12  -0.12     2.11
  MONTH TO DATE    1.65                      1.92  -0.27     4.66
  SINCE DEC 1      5.37                      5.66  -0.29     8.22
  SINCE JAN 1      1.65                      1.92  -0.27     4.66

SNOWFALL (IN)
  YESTERDAY        0.0           0.0  2002
  MONTH TO DATE    0.1
  SINCE DEC 1      0.8
  SINCE JUL 1      0.8

DEGREE DAYS
 HEATING
  YESTERDAY       35                        13     22        0
  MONTH TO DATE  379                       234    145      138
  SINCE DEC 1    743                       588    155      397
  SINCE JUL 1    854                       773     81      455
..................................................................


WIND (MPH)
  HIGHEST WIND SPEED     9   HIGHEST WIND DIRECTION     E (100)
  HIGHEST GUST SPEED    14   HIGHEST GUST DIRECTION     E (110)




RELATIVE HUMIDITY (PERCENT)
 HIGHEST    84
 LOWEST     38
 AVERAGE    61

..........................................................


THE HOUSTON INTERCONTINENTAL CLIMATE NORMALS FOR TODAY
                         NORMAL    RECORD    YEAR
 MAXIMUM TEMPERATURE (F)   63        81      2000
 MINIMUM TEMPERATURE (F)   43        10      1940


SUNRISE AND SUNSET
JANUARY 19 2018.......SUNRISE   717 AM CST   SUNSET   548 PM CST
JANUARY 20 2018.......SUNRISE   717 AM CST   SUNSET   548 PM CST


-  INDICATES NEGATIVE NUMBERS.
R  INDICATES RECORD WAS SET OR TIED.
MM INDICATES DATA IS MISSING.
T  INDICATES TRACE AMOUNT.


&&

...................................

...THE HOUSTON/HOBBY AIRPORT CLIMATE SUMMARY FOR JANUARY 18 2018...

CLIMATE NORMAL PERIOD 1981 TO 2010
CLIMATE RECORD PERIOD 1930 TO 2018


WEATHER ITEM   OBSERVED TIME   RECORD YEAR NORMAL DEPARTURE LAST
                VALUE   (LST)  VALUE       VALUE  FROM      YEAR
                                                  NORMAL
..................................................................
TEMPERATURE (F)
 YESTERDAY
  MAXIMUM         38   1135 PM  81    2000  63    -25       77
                                      1951
                                      1950
  MINIMUM         25    440 AM  20    1940  45    -20       58
  AVERAGE         32                        54    -22       68

PRECIPITATION (IN)
  YESTERDAY        0.00          2.24 1989   0.12  -0.12     0.58
  MONTH TO DATE    1.69                      2.19  -0.50     2.02
  SINCE DEC 1      6.35                      6.22   0.13     5.71
  SINCE JAN 1      1.69                      2.19  -0.50     2.02

SNOWFALL (IN)
  YESTERDAY        0.0          MM      MM
  MONTH TO DATE    T
  SINCE DEC 1      1.5
  SINCE JUL 1      1.5

DEGREE DAYS
 HEATING
  YESTERDAY       33                        12     21        0
  MONTH TO DATE  367                       216    151      123
  SINCE DEC 1    719                       536    183      335
  SINCE JUL 1    800                       692    108      372
..................................................................


WIND (MPH)
  HIGHEST WIND SPEED    13   HIGHEST WIND DIRECTION    NE (60)
  HIGHEST GUST SPEED    15   HIGHEST GUST DIRECTION    NE (60)




RELATIVE HUMIDITY (PERCENT)
 HIGHEST    75
 LOWEST     43
 AVERAGE    59

..........................................................


THE HOUSTON/HOBBY AIRPORT CLIMATE NORMALS FOR TODAY
                         NORMAL    RECORD    YEAR
 MAXIMUM TEMPERATURE (F)   63        81      2000
 MINIMUM TEMPERATURE (F)   45        12      1940


SUNRISE AND SUNSET
JANUARY 19 2018.......SUNRISE   716 AM CST   SUNSET   548 PM CST
JANUARY 20 2018.......SUNRISE   716 AM CST   SUNSET   549 PM CST


-  INDICATES NEGATIVE NUMBERS.
R  INDICATES RECORD WAS SET OR TIED.
MM INDICATES DATA IS MISSING.
T  INDICATES TRACE AMOUNT.




$$
