000
CDUS44 KHGX 222131
CLIHOU

CLIMATE REPORT
NATIONAL WEATHER SERVICE HOUSTON/GALVESTON TX
425 PM CDT MON MAY 22 2017


...................................

...THE HOUSTON INTERCONTINENTAL CLIMATE SUMMARY FOR MAY 22 2017...
VALID TODAY AS OF 400 PM LOCAL TIME.

CLIMATE NORMAL PERIOD 1981 TO 2010
CLIMATE RECORD PERIOD 1892 TO 2017


WEATHER ITEM   OBSERVED TIME   RECORD YEAR NORMAL DEPARTURE LAST
                VALUE   (LST)  VALUE       VALUE  FROM      YEAR
                                                  NORMAL
..................................................................
TEMPERATURE (F)
 TODAY
  MAXIMUM         78   1108 AM  96    2005  88    -10       85
                                      1996
  MINIMUM         68    116 PM  48    1892  69     -1       70
  AVERAGE         73                        78     -5       78

PRECIPITATION (IN)
  TODAY            0.21          3.10 1963   0.16   0.05     0.00
  MONTH TO DATE    0.79                      3.59  -2.80     2.75
  SINCE MAR 1      8.10                     10.31  -2.21    20.39
  SINCE JAN 1     16.61                     16.89  -0.28    24.50

DEGREE DAYS
 COOLING
  TODAY            8                        13     -5       13
  MONTH TO DATE  237                       241     -4      188
  SINCE MAR 1    606                       484    122      430
  SINCE JAN 1    785                       522    263      467
..................................................................


WIND (MPH)
  RESULTANT WIND SPEED   7   RESULTANT WIND DIRECTION   E (100)
  HIGHEST WIND SPEED    21   HIGHEST WIND DIRECTION    SE (150)
  HIGHEST GUST SPEED    27   HIGHEST GUST DIRECTION     S (160)
  AVERAGE WIND SPEED     9.6



WEATHER CONDITIONS
 THE FOLLOWING WEATHER WAS RECORDED TODAY.
  THUNDERSTORM
  HEAVY RAIN
  RAIN
  LIGHT RAIN
  FOG


RELATIVE HUMIDITY (PERCENT)
 HIGHEST    94           900 AM
 LOWEST     87          1200 AM
 AVERAGE    91

..........................................................


THE HOUSTON INTERCONTINENTAL CLIMATE NORMALS FOR TOMORROW
                         NORMAL    RECORD    YEAR
 MAXIMUM TEMPERATURE (F)   88        95      1996
                                             1890
 MINIMUM TEMPERATURE (F)   69        45      1892


SUNRISE AND SUNSET
MAY 22 2017...........SUNRISE   624 AM CDT   SUNSET   812 PM CDT
MAY 23 2017...........SUNRISE   624 AM CDT   SUNSET   813 PM CDT


-  INDICATES NEGATIVE NUMBERS.
R  INDICATES RECORD WAS SET OR TIED.
MM INDICATES DATA IS MISSING.
T  INDICATES TRACE AMOUNT.




...................................

...THE HOUSTON/HOBBY AIRPORT CLIMATE SUMMARY FOR MAY 22 2017...
VALID TODAY AS OF 400 PM LOCAL TIME.

CLIMATE NORMAL PERIOD 1981 TO 2010
CLIMATE RECORD PERIOD 1930 TO 2017


WEATHER ITEM   OBSERVED TIME   RECORD YEAR NORMAL DEPARTURE LAST
                VALUE   (LST)  VALUE       VALUE  FROM      YEAR
                                                  NORMAL
..................................................................
TEMPERATURE (F)
 TODAY
  MAXIMUM         80    120 PM  96    2005  87     -7       85
  MINIMUM         71    211 PM  60    1983  70      1       74
  AVERAGE         76                        78     -2       80

PRECIPITATION (IN)
  TODAY            0.83          2.73 1965   0.17   0.66      T
  MONTH TO DATE    1.57                      3.18  -1.61     4.90
  SINCE MAR 1     12.70                      9.63   3.07    17.99
  SINCE JAN 1     18.82                     16.71   2.11    22.16

DEGREE DAYS
 COOLING
  TODAY           11                        13     -2       15
  MONTH TO DATE  239                       244     -5      245
  SINCE MAR 1    628                       486    142      596
  SINCE JAN 1    815                       524    291      634
..................................................................


WIND (MPH)
  RESULTANT WIND SPEED   9   RESULTANT WIND DIRECTION  SE (120)
  HIGHEST WIND SPEED    23   HIGHEST WIND DIRECTION    SE (150)
  HIGHEST GUST SPEED    33   HIGHEST GUST DIRECTION    SE (150)
  AVERAGE WIND SPEED    11.0



WEATHER CONDITIONS
 THE FOLLOWING WEATHER WAS RECORDED TODAY.
  THUNDERSTORM
  RAIN
  LIGHT RAIN
  FOG


RELATIVE HUMIDITY (PERCENT)
 HIGHEST   100           900 AM
 LOWEST     74          1200 AM
 AVERAGE    87

..........................................................


THE HOUSTON/HOBBY AIRPORT CLIMATE NORMALS FOR TOMORROW
                         NORMAL    RECORD    YEAR
 MAXIMUM TEMPERATURE (F)   87        93      2008
                                             2005
                                             1961
 MINIMUM TEMPERATURE (F)   70        55      1967


SUNRISE AND SUNSET
MAY 22 2017...........SUNRISE   625 AM CDT   SUNSET   811 PM CDT
MAY 23 2017...........SUNRISE   624 AM CDT   SUNSET   812 PM CDT


-  INDICATES NEGATIVE NUMBERS.
R  INDICATES RECORD WAS SET OR TIED.
MM INDICATES DATA IS MISSING.
T  INDICATES TRACE AMOUNT.

...MISCELLANEOUS CLIMATE DATA FOR TODAY...

LOCATION                        HIGH    LOW     PRECIP
PEARLAND                         84      73      1.84
SUGAR LAND                       81      73      1.26
TOMBALL                          77      66      1.22
CONROE                           71      64      1.64
HUNTSVILLE                       69      63      2.98
ANGLETON/LAKE JACKSON            86      73      2.77
PALACIOS                         75      70      1.66
LEAGUE CITY (NWS)                83      72      2.05


THIS PRODUCT...ALONG WITH OTHER WEATHER...HYDROLOGIC...AND CLIMATE
PRODUCTS...IS AVAILABLE ON THE WEB AT HTTP://WWW.WEATHER.GOV/HGX

$$
