000
CDUS46 KSEW 300828
CLIHQM


CLIMATE REPORT
NATIONAL WEATHER SERVICE SEATTLE WA
128 AM PDT THU JUL 30 2015


...................................

...THE HOQUIAM WA AIRPORT CLIMATE SUMMARY FOR JULY 29 2015...

CLIMATE NORMAL PERIOD 1981 TO 2010
CLIMATE RECORD PERIOD 1953 TO 2015


WEATHER ITEM   OBSERVED TIME   RECORD YEAR NORMAL DEPARTURE LAST
                VALUE   (LST)  VALUE       VALUE  FROM      YEAR
                                                  NORMAL
..................................................................
TEMPERATURE (F)
 YESTERDAY
  MAXIMUM         84R   424 PM  80    1990  67     17       71
  MINIMUM         52    527 AM  45    1969  54     -2       52
                                      1959
  AVERAGE         68                        61      7       62

PRECIPITATION (IN)
  YESTERDAY        0.00          0.37 2001   0.03  -0.03     0.00
  MONTH TO DATE    0.38                      1.09  -0.71     0.83
  SINCE OCT 1     58.29                     63.91  -5.62    53.77
  SINCE JAN 1     26.87                     36.25  -9.38    41.66

DEGREE DAYS
 HEATING
  YESTERDAY        0                         4     -4        3
  MONTH TO DATE   43                       149   -106      112
  SINCE JUN 1    203                       395   -192      316

 COOLING
  YESTERDAY        3                         0      3        0
  MONTH TO DATE   10                         0     10        8
  SINCE JUN 1     13                         2     11        8
  SINCE JAN 1     13                         3     10       23
..................................................................


WIND (MPH)
  RESULTANT WIND SPEED   4   RESULTANT WIND DIRECTION   W (250)
  HIGHEST WIND SPEED    14   HIGHEST WIND DIRECTION    NW (310)
  HIGHEST GUST SPEED    18   HIGHEST GUST DIRECTION    NW (300)
  AVERAGE WIND SPEED     5.3


SKY COVER
  AVERAGE SKY COVER 0.0


WEATHER CONDITIONS
 THE FOLLOWING WEATHER WAS RECORDED YESTERDAY.
  FOG


RELATIVE HUMIDITY (PERCENT)
 HIGHEST    93           200 AM
 LOWEST     31           500 PM
 AVERAGE    62

..........................................................


THE HOQUIAM WA AIRPORT CLIMATE NORMALS FOR TODAY
                         NORMAL    RECORD    YEAR
 MAXIMUM TEMPERATURE (F)   67        93      1959
 MINIMUM TEMPERATURE (F)   54        45      1969


SUNRISE AND SUNSET
JULY 30 2015..........SUNRISE   553 AM PDT   SUNSET   851 PM PDT
JULY 31 2015..........SUNRISE   554 AM PDT   SUNSET   850 PM PDT


-  INDICATES NEGATIVE NUMBERS.
R  INDICATES RECORD WAS SET OR TIED.
MM INDICATES DATA IS MISSING.
T  INDICATES TRACE AMOUNT.




$$
