033
CDUS46 KSEW 220119
CLIHQM


CLIMATE REPORT
NATIONAL WEATHER SERVICE SEATTLE WA
518 PM PST WED FEB 21 2018


...................................

...THE HOQUIAM WA AIRPORT CLIMATE SUMMARY FOR FEBRUARY 21 2018...
VALID TODAY AS OF 0500 PM LOCAL TIME.

CLIMATE NORMAL PERIOD 1981 TO 2010
CLIMATE RECORD PERIOD 1953 TO 2018


WEATHER ITEM   OBSERVED TIME   RECORD YEAR NORMAL DEPARTURE LAST
                VALUE   (LST)  VALUE       VALUE  FROM      YEAR
                                                  NORMAL
..................................................................
TEMPERATURE (F)
 TODAY
  MAXIMUM         37    448 PM  64    1970  50    -13       50
  MINIMUM         25R   607 AM  28    2005  38    -13       38
                                      1975
                                      1962
  AVERAGE         31                        44    -13       44

PRECIPITATION (IN)
  TODAY            0.00          1.72 2012   0.23  -0.23      T
  MONTH TO DATE    4.38                      5.51  -1.13     6.64
  SINCE OCT 1     48.90                     43.50   5.40    53.27
  SINCE JAN 1     17.31                     15.84   1.47    11.73

DEGREE DAYS
 HEATING
  TODAY           34                        21     13       21
  MONTH TO DATE  482                       451     31      460
  SINCE DEC 1   1810                      1872    -62     2066

 COOLING
  TODAY            0                         0      0        0
  MONTH TO DATE    0                         0      0        0
  SINCE DEC 1      0                         0      0        0
  SINCE JAN 1      0                         0      0        0
..................................................................


WIND (MPH)
  RESULTANT WIND SPEED   4   RESULTANT WIND DIRECTION   E (70)
  HIGHEST WIND SPEED     9   HIGHEST WIND DIRECTION    SE (150)
  HIGHEST GUST SPEED    12   HIGHEST GUST DIRECTION    SE (150)
  AVERAGE WIND SPEED     4.7


SKY COVER
  AVERAGE SKY COVER 0.4


WEATHER CONDITIONS
 THE FOLLOWING WEATHER WAS RECORDED TODAY.
  NO SIGNIFICANT WEATHER WAS OBSERVED.


RELATIVE HUMIDITY (PERCENT)
 HIGHEST    92           200 AM
 LOWEST     70          1200 PM
 AVERAGE    81

..........................................................


THE HOQUIAM WA AIRPORT CLIMATE NORMALS FOR TOMORROW
                         NORMAL    RECORD    YEAR
 MAXIMUM TEMPERATURE (F)   50        62      1973
 MINIMUM TEMPERATURE (F)   38         9      1974


SUNRISE AND SUNSET
FEBRUARY 21 2018......SUNRISE   710 AM PST   SUNSET   550 PM PST
FEBRUARY 22 2018......SUNRISE   708 AM PST   SUNSET   551 PM PST


-  INDICATES NEGATIVE NUMBERS.
R  INDICATES RECORD WAS SET OR TIED.
MM INDICATES DATA IS MISSING.
T  INDICATES TRACE AMOUNT.




$$
