000
CDUS46 KSEW 010830
CLIHQM


CLIMATE REPORT
NATIONAL WEATHER SERVICE SEATTLE WA
130 AM PDT MON SEP 1 2014


...................................

...THE HOQUIAM WA AIRPORT CLIMATE SUMMARY FOR AUGUST 31 2014...

CLIMATE NORMAL PERIOD 1981 TO 2010
CLIMATE RECORD PERIOD 1953 TO 2014


WEATHER ITEM   OBSERVED TIME   RECORD YEAR NORMAL DEPARTURE LAST
                VALUE   (LST)  VALUE       VALUE  FROM      YEAR
                                                  NORMAL
..................................................................
TEMPERATURE (F)
 YESTERDAY
  MAXIMUM         68    210 PM  94    1987  68      0       79
  MINIMUM         57   1244 AM  43    1969  53      4       53
  AVERAGE         63                        60      3       66

PRECIPITATION (IN)
  YESTERDAY        0.00          1.17 2010   0.07  -0.07     0.00
  MONTH TO DATE    1.99                      1.31   0.68     1.78
  SINCE OCT 1     55.76                     65.27  -9.51    47.95
  SINCE JAN 1     43.65                     37.61   6.04    34.34

DEGREE DAYS
 HEATING
  YESTERDAY        2                         5     -3        0
  MONTH TO DATE   78                       125    -47      101
  SINCE JUN 1    397                       553   -156      423

 COOLING
  YESTERDAY        0                         0      0        1
  MONTH TO DATE    7                         7      0        2
  SINCE JUN 1     15                        15      0       10
  SINCE JAN 1     30                        16     14       13
..................................................................


WIND (MPH)
  RESULTANT WIND SPEED   4   RESULTANT WIND DIRECTION  SW (230)
  HIGHEST WIND SPEED    15   HIGHEST WIND DIRECTION    SW (230)
  HIGHEST GUST SPEED    18   HIGHEST GUST DIRECTION    SW (230)
  AVERAGE WIND SPEED     5.9


SKY COVER
  AVERAGE SKY COVER 0.8


WEATHER CONDITIONS
 THE FOLLOWING WEATHER WAS RECORDED YESTERDAY.
  FOG


RELATIVE HUMIDITY (PERCENT)
 HIGHEST   100          1200 AM
 LOWEST     93           200 AM
 AVERAGE    97

..........................................................


THE HOQUIAM WA AIRPORT CLIMATE NORMALS FOR TODAY
                         NORMAL    RECORD    YEAR
 MAXIMUM TEMPERATURE (F)   68        91      2006
 MINIMUM TEMPERATURE (F)   53        43      1960


SUNRISE AND SUNSET
SEPTEMBER  1 2014.....SUNRISE   635 AM PDT   SUNSET   755 PM PDT
SEPTEMBER  2 2014.....SUNRISE   637 AM PDT   SUNSET   753 PM PDT


-  INDICATES NEGATIVE NUMBERS.
R  INDICATES RECORD WAS SET OR TIED.
MM INDICATES DATA IS MISSING.
T  INDICATES TRACE AMOUNT.




$$
