000
CDUS46 KSEW 040827
CLIHQM


CLIMATE REPORT
NATIONAL WEATHER SERVICE SEATTLE WA
1226 AM PST WED MAR 4 2015


...................................

...THE HOQUIAM WA AIRPORT CLIMATE SUMMARY FOR MARCH 3 2015...

CLIMATE NORMAL PERIOD 1981 TO 2010
CLIMATE RECORD PERIOD 1953 TO 2015


WEATHER ITEM   OBSERVED TIME   RECORD YEAR NORMAL DEPARTURE LAST
                VALUE   (LST)  VALUE       VALUE  FROM      YEAR
                                                  NORMAL
..................................................................
TEMPERATURE (F)
 YESTERDAY
  MAXIMUM         55    125 PM  67    1965  51      4       52
  MINIMUM         31    713 AM  25    1989  38     -7       46
  AVERAGE         43                        45     -2       49

PRECIPITATION (IN)
  YESTERDAY        0.00          1.66 1987   0.22  -0.22     0.49
  MONTH TO DATE    0.07                      0.70  -0.63     1.84
  SINCE OCT 1     47.36                     45.90   1.46    28.47
  SINCE JAN 1     15.94                     18.24  -2.30    16.36

DEGREE DAYS
 HEATING
  YESTERDAY       22                        20      2       16
  MONTH TO DATE   65                        60      5       56
  SINCE MAR 1     65                        60      5       56

 COOLING
  YESTERDAY        0                         0      0        0
  MONTH TO DATE    0                         0      0        0
  SINCE MAR 1      0                         0      0        0
  SINCE JAN 1      0                         0      0        0
..................................................................


WIND (MPH)
  RESULTANT WIND SPEED   2   RESULTANT WIND DIRECTION   E (70)
  HIGHEST WIND SPEED    12   HIGHEST WIND DIRECTION    SW (230)
  HIGHEST GUST SPEED    13   HIGHEST GUST DIRECTION    NE (50)
  AVERAGE WIND SPEED     6.2


SKY COVER
  AVERAGE SKY COVER 0.0


WEATHER CONDITIONS
 THE FOLLOWING WEATHER WAS RECORDED YESTERDAY.
  FOG
  HAZE


RELATIVE HUMIDITY (PERCENT)
 HIGHEST   100          1200 AM
 LOWEST     32           100 PM
 AVERAGE    66

..........................................................


THE HOQUIAM WA AIRPORT CLIMATE NORMALS FOR TODAY
                         NORMAL    RECORD    YEAR
 MAXIMUM TEMPERATURE (F)   51        68      1965
 MINIMUM TEMPERATURE (F)   39        23      1955


SUNRISE AND SUNSET
MARCH  4 2015.........SUNRISE   650 AM PST   SUNSET   605 PM PST
MARCH  5 2015.........SUNRISE   648 AM PST   SUNSET   607 PM PST


-  INDICATES NEGATIVE NUMBERS.
R  INDICATES RECORD WAS SET OR TIED.
MM INDICATES DATA IS MISSING.
T  INDICATES TRACE AMOUNT.




$$
