000
CDUS46 KSEW 300124
CLIHQM


CLIMATE REPORT
NATIONAL WEATHER SERVICE SEATTLE WA
623 PM PDT FRI MAY 29 2015


...................................

...THE HOQUIAM WA AIRPORT CLIMATE SUMMARY FOR MAY 29 2015...
VALID TODAY AS OF 0600 PM LOCAL TIME.

CLIMATE NORMAL PERIOD 1981 TO 2010
CLIMATE RECORD PERIOD 1953 TO 2015


WEATHER ITEM   OBSERVED TIME   RECORD YEAR NORMAL DEPARTURE LAST
                VALUE   (LST)  VALUE       VALUE  FROM      YEAR
                                                  NORMAL
..................................................................
TEMPERATURE (F)
 TODAY
  MAXIMUM         59    338 PM  87    2007  61     -2       61
  MINIMUM         52    818 AM  39    1966  48      4       49
  AVERAGE         56                        55      1       55

PRECIPITATION (IN)
  TODAY            0.00          1.89 1969   0.10  -0.10      T
  MONTH TO DATE    0.28                      3.10  -2.82     4.75
  SINCE OCT 1     57.53                     60.39  -2.86    51.80
  SINCE JAN 1     26.11                     32.73  -6.62    39.69

DEGREE DAYS
 HEATING
  TODAY            9                        10     -1       10
  MONTH TO DATE  310                       350    -40      249
  SINCE MAR 1   1245                      1428   -183     1231

 COOLING
  TODAY            0                         0      0        0
  MONTH TO DATE    0                         0      0       11
  SINCE MAR 1      0                         0      0       15
  SINCE JAN 1      0                         0      0       15
..................................................................


WIND (MPH)
  RESULTANT WIND SPEED   8   RESULTANT WIND DIRECTION  SW (240)
  HIGHEST WIND SPEED    16   HIGHEST WIND DIRECTION    SW (240)
  HIGHEST GUST SPEED    21   HIGHEST GUST DIRECTION    SW (230)
  AVERAGE WIND SPEED     8.6


SKY COVER
  AVERAGE SKY COVER 0.9


WEATHER CONDITIONS
 THE FOLLOWING WEATHER WAS RECORDED TODAY.
  FOG


RELATIVE HUMIDITY (PERCENT)
 HIGHEST   100           300 AM
 LOWEST     77           300 PM
 AVERAGE    89

..........................................................


THE HOQUIAM WA AIRPORT CLIMATE NORMALS FOR TOMORROW
                         NORMAL    RECORD    YEAR
 MAXIMUM TEMPERATURE (F)   61        79      1986
                                             1956
 MINIMUM TEMPERATURE (F)   49        39      1970


SUNRISE AND SUNSET
MAY 29 2015...........SUNRISE   527 AM PDT   SUNSET   900 PM PDT
MAY 30 2015...........SUNRISE   526 AM PDT   SUNSET   901 PM PDT


-  INDICATES NEGATIVE NUMBERS.
R  INDICATES RECORD WAS SET OR TIED.
MM INDICATES DATA IS MISSING.
T  INDICATES TRACE AMOUNT.




$$
