000
CDUS46 KSEW 290837
CLIHQM


CLIMATE REPORT
NATIONAL WEATHER SERVICE SEATTLE WA
137 AM PDT MON AUG 29 2016


...................................

...THE HOQUIAM WA AIRPORT CLIMATE SUMMARY FOR AUGUST 28 2016...

CLIMATE NORMAL PERIOD 1981 TO 2010
CLIMATE RECORD PERIOD 1953 TO 2016


WEATHER ITEM   OBSERVED TIME   RECORD YEAR NORMAL DEPARTURE LAST
                VALUE   (LST)  VALUE       VALUE  FROM      YEAR
                                                  NORMAL
..................................................................
TEMPERATURE (F)
 YESTERDAY
  MAXIMUM         66    410 PM  91    1967  68     -2       70
  MINIMUM         53   1158 PM  45    2010  53      0       60
                                      1969
                                      1957
  AVERAGE         60                        61     -1       65

PRECIPITATION (IN)
  YESTERDAY        0.00          1.32 1991   0.06  -0.06     0.22
  MONTH TO DATE    0.19                      1.12  -0.93     0.31
  SINCE OCT 1     74.68                     65.08   9.60    58.60
  SINCE JAN 1     41.26                     37.42   3.84    27.18

DEGREE DAYS
 HEATING
  YESTERDAY        5                         4      1        0
  MONTH TO DATE   92                       112    -20       48
  SINCE JUN 1    423                       522    -99      251

 COOLING
  YESTERDAY        0                         0      0        0
  MONTH TO DATE   31                         0     31       12
  SINCE JUN 1     44                         8     36       31
  SINCE JAN 1     49                         9     40       31
..................................................................


WIND (MPH)
  RESULTANT WIND SPEED   4   RESULTANT WIND DIRECTION   W (250)
  HIGHEST WIND SPEED    14   HIGHEST WIND DIRECTION    SW (240)
  HIGHEST GUST SPEED    15   HIGHEST GUST DIRECTION    SW (230)
  AVERAGE WIND SPEED     4.0


SKY COVER
  AVERAGE SKY COVER 0.5


WEATHER CONDITIONS
 THE FOLLOWING WEATHER WAS RECORDED YESTERDAY.
  NO SIGNIFICANT WEATHER WAS OBSERVED.


RELATIVE HUMIDITY (PERCENT)
 HIGHEST    93          1000 PM
 LOWEST     67          1100 AM
 AVERAGE    80

..........................................................


THE HOQUIAM WA AIRPORT CLIMATE NORMALS FOR TODAY
                         NORMAL    RECORD    YEAR
 MAXIMUM TEMPERATURE (F)   68        84      2007
 MINIMUM TEMPERATURE (F)   53        40      1969
                                             1965


SUNRISE AND SUNSET
AUGUST 29 2016........SUNRISE   632 AM PDT   SUNSET   800 PM PDT
AUGUST 30 2016........SUNRISE   633 AM PDT   SUNSET   758 PM PDT


-  INDICATES NEGATIVE NUMBERS.
R  INDICATES RECORD WAS SET OR TIED.
MM INDICATES DATA IS MISSING.
T  INDICATES TRACE AMOUNT.




$$
