467
CDUS46 KSEW 070832
CLIHQM


CLIMATE REPORT
NATIONAL WEATHER SERVICE SEATTLE WA
1232 AM PST SUN FEB 7 2016


...................................

...THE HOQUIAM WA AIRPORT CLIMATE SUMMARY FOR FEBRUARY 6 2016...

CLIMATE NORMAL PERIOD 1981 TO 2010
CLIMATE RECORD PERIOD 1953 TO 2016


WEATHER ITEM   OBSERVED TIME   RECORD YEAR NORMAL DEPARTURE LAST
                VALUE   (LST)  VALUE       VALUE  FROM      YEAR
                                                  NORMAL
..................................................................
TEMPERATURE (F)
 YESTERDAY
  MAXIMUM         51    331 PM  61    1954  49      2       58
  MINIMUM         42   1159 PM  20    1989  38      4       54
  AVERAGE         47                        43      4       56

PRECIPITATION (IN)
  YESTERDAY        0.08          2.61 1979   0.29  -0.21     0.67
  MONTH TO DATE    1.46                      1.70  -0.24     2.64
  SINCE OCT 1     49.18                     39.69   9.49    45.06
  SINCE JAN 1     15.76                     12.03   3.73    13.64

DEGREE DAYS
 HEATING
  YESTERDAY       18                        22     -4        9
  MONTH TO DATE  120                       132    -12       86
  SINCE DEC 1   1429                      1553   -124     1255

 COOLING
  YESTERDAY        0                         0      0        0
  MONTH TO DATE    0                         0      0        0
  SINCE DEC 1      0                         0      0        0
  SINCE JAN 1      0                         0      0        0
..................................................................


WIND (MPH)
  RESULTANT WIND SPEED   2   RESULTANT WIND DIRECTION   E (70)
  HIGHEST WIND SPEED    30   HIGHEST WIND DIRECTION     W (270)
  HIGHEST GUST SPEED    34   HIGHEST GUST DIRECTION     W (270)
  AVERAGE WIND SPEED     6.9


SKY COVER
  AVERAGE SKY COVER 0.5


WEATHER CONDITIONS
 THE FOLLOWING WEATHER WAS RECORDED YESTERDAY.
  LIGHT RAIN
  FOG


RELATIVE HUMIDITY (PERCENT)
 HIGHEST    96          1000 PM
 LOWEST     74           200 PM
 AVERAGE    85

..........................................................


THE HOQUIAM WA AIRPORT CLIMATE NORMALS FOR TODAY
                         NORMAL    RECORD    YEAR
 MAXIMUM TEMPERATURE (F)   49        63      1993
                                             1963
 MINIMUM TEMPERATURE (F)   38        21      2014


SUNRISE AND SUNSET
FEBRUARY  7 2016......SUNRISE   733 AM PST   SUNSET   527 PM PST
FEBRUARY  8 2016......SUNRISE   731 AM PST   SUNSET   529 PM PST


-  INDICATES NEGATIVE NUMBERS.
R  INDICATES RECORD WAS SET OR TIED.
MM INDICATES DATA IS MISSING.
T  INDICATES TRACE AMOUNT.




$$
