000
CDUS46 KSEW 260828
CLIHQM


CLIMATE REPORT
NATIONAL WEATHER SERVICE SEATTLE WA
128 AM PDT THU MAR 26 2015


...................................

...THE HOQUIAM WA AIRPORT CLIMATE SUMMARY FOR MARCH 25 2015...

CLIMATE NORMAL PERIOD 1981 TO 2010
CLIMATE RECORD PERIOD 1953 TO 2015


WEATHER ITEM   OBSERVED TIME   RECORD YEAR NORMAL DEPARTURE LAST
                VALUE   (LST)  VALUE       VALUE  FROM      YEAR
                                                  NORMAL
..................................................................
TEMPERATURE (F)
 YESTERDAY
  MAXIMUM         55   1159 PM  69    1969  53      2       54
  MINIMUM         48    221 AM  28    1971  40      8       48
  AVERAGE         52                        47      5       51

PRECIPITATION (IN)
  YESTERDAY        1.19          1.41 1978   0.23   0.96     0.51
  MONTH TO DATE    5.87                      5.69   0.18    11.79
  SINCE OCT 1     53.16                     50.89   2.27    38.42
  SINCE JAN 1     21.74                     23.23  -1.49    26.31

DEGREE DAYS
 HEATING
  YESTERDAY       13                        18     -5       14
  MONTH TO DATE  388                       479    -91      437
  SINCE MAR 1    388                       479    -91      437

 COOLING
  YESTERDAY        0                         0      0        0
  MONTH TO DATE    0                         0      0        0
  SINCE MAR 1      0                         0      0        0
  SINCE JAN 1      0                         0      0        0
..................................................................


WIND (MPH)
  RESULTANT WIND SPEED  11   RESULTANT WIND DIRECTION   S (170)
  HIGHEST WIND SPEED    25   HIGHEST WIND DIRECTION     S (180)
  HIGHEST GUST SPEED    32   HIGHEST GUST DIRECTION     S (180)
  AVERAGE WIND SPEED    13.2


SKY COVER
  AVERAGE SKY COVER 1.0


WEATHER CONDITIONS
 THE FOLLOWING WEATHER WAS RECORDED YESTERDAY.
  RAIN
  LIGHT RAIN
  FOG


RELATIVE HUMIDITY (PERCENT)
 HIGHEST   100           400 AM
 LOWEST     93          1200 AM
 AVERAGE    97

..........................................................


THE HOQUIAM WA AIRPORT CLIMATE NORMALS FOR TODAY
                         NORMAL    RECORD    YEAR
 MAXIMUM TEMPERATURE (F)   53        70      1994
                                             1969
 MINIMUM TEMPERATURE (F)   41        29      1972


SUNRISE AND SUNSET
MARCH 26 2015.........SUNRISE   707 AM PDT   SUNSET   737 PM PDT
MARCH 27 2015.........SUNRISE   705 AM PDT   SUNSET   738 PM PDT


-  INDICATES NEGATIVE NUMBERS.
R  INDICATES RECORD WAS SET OR TIED.
MM INDICATES DATA IS MISSING.
T  INDICATES TRACE AMOUNT.




$$
