369
CDUS44 KBRO 310636
CLIHRL


CLIMATE REPORT
NATIONAL WEATHER SERVICE BROWNSVILLE TX
136 AM CDT WED AUG 31 2016


...................................

...THE HARLINGEN CLIMATE SUMMARY FOR AUGUST 30 2016...

CLIMATE NORMAL PERIOD 1981 TO 2010
CLIMATE RECORD PERIOD 1912 TO 2016


WEATHER ITEM   OBSERVED TIME   RECORD YEAR NORMAL DEPARTURE LAST
                VALUE   (LST)  VALUE       VALUE  FROM      YEAR
                                                  NORMAL
..................................................................
TEMPERATURE (F)
 YESTERDAY
  MAXIMUM         93   1247 PM 105    2005  95     -2       94
  MINIMUM         76    548 AM  65    1970  75      1       73
  AVERAGE         85                        85      0       84

PRECIPITATION (IN)
  YESTERDAY        T             3.35 1948   0.14  -0.14      T
  MONTH TO DATE    2.16                      1.73   0.43     2.24
  SINCE JUN 1      7.40                      6.16   1.24     5.57
  SINCE JAN 1     14.29                     14.08   0.21    18.07

SNOWFALL (IN)
  YESTERDAY        0.0
  MONTH TO DATE    0.0
  SINCE JUN 1      0.0
  SINCE JUL 1      0.0

DEGREE DAYS
 HEATING
  YESTERDAY        0                         0      0        0
  MONTH TO DATE    0                         0      0        0
  SINCE JUN 1      0                         0      0        0
  SINCE JUL 1      0                         0      0        0

 COOLING
  YESTERDAY       20                        20      0       19
  MONTH TO DATE  659                       618     41      667
  SINCE JUN 1   1939                      1809    130     1889
  SINCE JAN 1   3300                      2910    390     2973
..................................................................


WIND (MPH)
  HIGHEST WIND SPEED    20   HIGHEST WIND DIRECTION    NE (60)
  HIGHEST GUST SPEED    24   HIGHEST GUST DIRECTION     N (20)
  AVERAGE WIND SPEED     8.1



WEATHER CONDITIONS
 THE FOLLOWING WEATHER WAS RECORDED YESTERDAY.
  THUNDERSTORM
  LIGHT RAIN


RELATIVE HUMIDITY (PERCENT)
 HIGHEST    94
 LOWEST     59
 AVERAGE    77

..........................................................


THE HARLINGEN CLIMATE NORMALS FOR TODAY
                         NORMAL    RECORD    YEAR
 MAXIMUM TEMPERATURE (F)   94       104      1958
 MINIMUM TEMPERATURE (F)   75        65      1915
                                             1923


SUNRISE AND SUNSET
AUGUST 31 2016........SUNRISE   710 AM CDT   SUNSET   751 PM CDT
SEPTEMBER  1 2016.....SUNRISE   711 AM CDT   SUNSET   750 PM CDT


-  INDICATES NEGATIVE NUMBERS.
R  INDICATES RECORD WAS SET OR TIED.
MM INDICATES DATA IS MISSING.
T  INDICATES TRACE AMOUNT.




$$
