000
CDUS44 KBRO 080726
CLIHRL


CLIMATE REPORT
NATIONAL WEATHER SERVICE BROWNSVILLE TX
125 AM CST MON FEB 8 2016


...................................

...THE HARLINGEN CLIMATE SUMMARY FOR FEBRUARY 7 2016...

CLIMATE NORMAL PERIOD 1981 TO 2010
CLIMATE RECORD PERIOD 1912 TO 2016


WEATHER ITEM   OBSERVED TIME   RECORD YEAR NORMAL DEPARTURE LAST
                VALUE   (LST)  VALUE       VALUE  FROM      YEAR
                                                  NORMAL
..................................................................
TEMPERATURE (F)
 YESTERDAY
  MAXIMUM         77    245 PM  90    1957  73      4       77
  MINIMUM         36    708 AM  28    1989  52    -16       50
  AVERAGE         57                        62     -5       64

PRECIPITATION (IN)
  YESTERDAY        0.00          0.61 2012   0.06  -0.06     0.00
  MONTH TO DATE    0.00                      0.40  -0.40     0.69
  SINCE DEC 1      2.21                      2.72  -0.51     4.93
  SINCE JAN 1      1.91                      1.46   0.45     2.62

SNOWFALL (IN)
  YESTERDAY        0.0
  MONTH TO DATE    0.0
  SINCE DEC 1      0.0
  SINCE JUL 1      0.0

DEGREE DAYS
 HEATING
  YESTERDAY        8                         5      3        1
  MONTH TO DATE   41                        35      6       46
  SINCE DEC 1    314                       426   -112      445
  SINCE JUL 1    350                       483   -133      580

 COOLING
  YESTERDAY        0                         2     -2        0
  MONTH TO DATE   12                        14     -2        6
  SINCE DEC 1    173                       121     52      111
  SINCE JAN 1     40                        63    -23       20
..................................................................


WIND (MPH)
  HIGHEST WIND SPEED    17   HIGHEST WIND DIRECTION    SE (150)
  HIGHEST GUST SPEED    20   HIGHEST GUST DIRECTION     S (170)
  AVERAGE WIND SPEED     7.7



WEATHER CONDITIONS
 THE FOLLOWING WEATHER WAS RECORDED YESTERDAY.
  NO SIGNIFICANT WEATHER WAS OBSERVED.


RELATIVE HUMIDITY (PERCENT)
 HIGHEST    71
 LOWEST     18
 AVERAGE    45

..........................................................


THE HARLINGEN CLIMATE NORMALS FOR TODAY
                         NORMAL    RECORD    YEAR
 MAXIMUM TEMPERATURE (F)   73        93      1937
 MINIMUM TEMPERATURE (F)   52        28      1933
                                             1989


SUNRISE AND SUNSET
FEBRUARY  8 2016......SUNRISE   711 AM CST   SUNSET   619 PM CST
FEBRUARY  9 2016......SUNRISE   711 AM CST   SUNSET   619 PM CST


-  INDICATES NEGATIVE NUMBERS.
R  INDICATES RECORD WAS SET OR TIED.
MM INDICATES DATA IS MISSING.
T  INDICATES TRACE AMOUNT.




$$
