000
CDUS44 KBRO 212226
CLIHRL


CLIMATE REPORT
NATIONAL WEATHER SERVICE BROWNSVILLE TX
426 PM CST SUN DEC 21 2014


...................................

...THE HARLINGEN CLIMATE SUMMARY FOR DECEMBER 21 2014...
VALID TODAY AS OF 0400 PM LOCAL TIME.

CLIMATE NORMAL PERIOD 1981 TO 2010
CLIMATE RECORD PERIOD 1912 TO 2014


WEATHER ITEM   OBSERVED TIME   RECORD YEAR NORMAL DEPARTURE LAST
                VALUE   (LST)  VALUE       VALUE  FROM      YEAR
                                                  NORMAL
..................................................................
TEMPERATURE (F)
 TODAY
  MAXIMUM         66    335 PM  92    1920  71     -5       87
  MINIMUM         56    803 AM  25    1973  49      7       69
  AVERAGE         61                        60      1       78

PRECIPITATION (IN)
  TODAY            0.01          0.29 1996   0.04  -0.03     0.00
  MONTH TO DATE    1.06                      1.02   0.04     0.13
  SINCE DEC 1      1.06                      1.02   0.04     0.13
  SINCE JAN 1     22.85                     24.94  -2.09    29.30

SNOWFALL (IN)
  TODAY            0.0
  MONTH TO DATE    0.0
  SINCE DEC 1      0.0
  SINCE JUL 1      0.0
  SNOW DEPTH       0

DEGREE DAYS
 HEATING
  TODAY            4                         7     -3        0
  MONTH TO DATE   27                       121    -94      154
  SINCE DEC 1     27                       121    -94      154
  SINCE JUL 1    162                       178    -16      286

 COOLING
  TODAY            0                         1     -1       13
  MONTH TO DATE   80                        44     36       61
  SINCE DEC 1     80                        44     36       61
  SINCE JAN 1   3907                      3978    -71     4074
..................................................................


WIND (MPH)
  HIGHEST WIND SPEED    13   HIGHEST WIND DIRECTION     N (360)
  HIGHEST GUST SPEED    15   HIGHEST GUST DIRECTION     N (10)
  AVERAGE WIND SPEED     8.9



WEATHER CONDITIONS
 THE FOLLOWING WEATHER WAS RECORDED TODAY.
  LIGHT RAIN
  FOG


RELATIVE HUMIDITY (PERCENT)
 HIGHEST   100
 LOWEST     84
 AVERAGE    92

..........................................................


THE HARLINGEN CLIMATE NORMALS FOR TOMORROW
                         NORMAL    RECORD    YEAR
 MAXIMUM TEMPERATURE (F)   70        89      1948
 MINIMUM TEMPERATURE (F)   49        25      1989


SUNRISE AND SUNSET
DECEMBER 21 2014......SUNRISE   714 AM CST   SUNSET   544 PM CST
DECEMBER 22 2014......SUNRISE   714 AM CST   SUNSET   544 PM CST


-  INDICATES NEGATIVE NUMBERS.
R  INDICATES RECORD WAS SET OR TIED.
MM INDICATES DATA IS MISSING.
T  INDICATES TRACE AMOUNT.




$$
