000
CDUS44 KBRO 092231
CLIHRL


CLIMATE REPORT
NATIONAL WEATHER SERVICE BROWNSVILLE TX
431 PM CST FRI DEC 9 2016


...................................

...THE HARLINGEN CLIMATE SUMMARY FOR DECEMBER 9 2016...
VALID TODAY AS OF 0400 PM LOCAL TIME.

CLIMATE NORMAL PERIOD 1981 TO 2010
CLIMATE RECORD PERIOD 1912 TO 2016


WEATHER ITEM   OBSERVED TIME   RECORD YEAR NORMAL DEPARTURE LAST
                VALUE   (LST)  VALUE       VALUE  FROM      YEAR
                                                  NORMAL
..................................................................
TEMPERATURE (F)
 TODAY
  MAXIMUM         46    359 PM  88    2007  72    -26       84
                                      1922
  MINIMUM         40    949 AM  33    1976  51    -11       54
  AVERAGE         43                        62    -19       69

PRECIPITATION (IN)
  TODAY            T             1.23 1964   0.05  -0.05     0.00
  MONTH TO DATE    1.04                      0.47   0.57     0.02
  SINCE DEC 1      1.04                      0.47   0.57     0.02
  SINCE JAN 1     21.30                     24.39  -3.09    32.92

SNOWFALL (IN)
  TODAY           MM
  MONTH TO DATE    0.0
  SINCE DEC 1      0.0
  SINCE JUL 1      0.0
  SNOW DEPTH       0

DEGREE DAYS
 HEATING
  TODAY           22                         6     16        0
  MONTH TO DATE   43                        46     -3       23
  SINCE DEC 1     43                        46     -3       23
  SINCE JUL 1     58                       103    -45       59

 COOLING
  TODAY            0                         2     -2        4
  MONTH TO DATE   24                        23      1        5
  SINCE DEC 1     24                        23      1        5
  SINCE JAN 1   4662                      3957    705     4249
..................................................................


WIND (MPH)
  HIGHEST WIND SPEED    28   HIGHEST WIND DIRECTION     N (340)
  HIGHEST GUST SPEED    35   HIGHEST GUST DIRECTION     N (350)
  AVERAGE WIND SPEED    19.4



WEATHER CONDITIONS
 THE FOLLOWING WEATHER WAS RECORDED TODAY.
  LIGHT RAIN


RELATIVE HUMIDITY (PERCENT)
 HIGHEST    92
 LOWEST     60
 AVERAGE    76

..........................................................


THE HARLINGEN CLIMATE NORMALS FOR TOMORROW
                         NORMAL    RECORD    YEAR
 MAXIMUM TEMPERATURE (F)   72        93      1939
 MINIMUM TEMPERATURE (F)   51        30      1978


SUNRISE AND SUNSET
DECEMBER  9 2016......SUNRISE   707 AM CST   SUNSET   539 PM CST
DECEMBER 10 2016......SUNRISE   708 AM CST   SUNSET   540 PM CST


-  INDICATES NEGATIVE NUMBERS.
R  INDICATES RECORD WAS SET OR TIED.
MM INDICATES DATA IS MISSING.
T  INDICATES TRACE AMOUNT.




$$
