000
CDUS44 KBRO 200726
CLIHRL


CLIMATE REPORT
NATIONAL WEATHER SERVICE BROWNSVILLE TX
126 AM CST FRI JAN 20 2017


...................................

...THE HARLINGEN CLIMATE SUMMARY FOR JANUARY 19 2017...

CLIMATE NORMAL PERIOD 1981 TO 2010
CLIMATE RECORD PERIOD 1912 TO 2017


WEATHER ITEM   OBSERVED TIME   RECORD YEAR NORMAL DEPARTURE LAST
                VALUE   (LST)  VALUE       VALUE  FROM      YEAR
                                                  NORMAL
..................................................................
TEMPERATURE (F)
 YESTERDAY
  MAXIMUM         68   1159 PM  89    1922  71     -3       76
  MINIMUM         60    834 AM  28    1940  50     10       49
                                      1943
  AVERAGE         64                        60      4       63

PRECIPITATION (IN)
  YESTERDAY        0.78          1.08 1968   0.04   0.74     0.00
  MONTH TO DATE    0.84                      0.52   0.32     1.81
  SINCE DEC 1      2.17                      1.78   0.39     2.11
  SINCE JAN 1      0.84                      0.52   0.32     1.81

SNOWFALL (IN)
  YESTERDAY        0.0
  MONTH TO DATE    0.0
  SINCE DEC 1      0.0
  SINCE JUL 1      0.0

DEGREE DAYS
 HEATING
  YESTERDAY        1                         6     -5        2
  MONTH TO DATE   64                       130    -66      136
  SINCE DEC 1    166                       321   -155      211
  SINCE JUL 1    181                       378   -197      247

 COOLING
  YESTERDAY        0                         1     -1        0
  MONTH TO DATE   94                        37     57        7
  SINCE DEC 1    251                        95    156      140
  SINCE JAN 1     94                        37     57        7
..................................................................


WIND (MPH)
  HIGHEST WIND SPEED    20   HIGHEST WIND DIRECTION     S (180)
  HIGHEST GUST SPEED    24   HIGHEST GUST DIRECTION     S (180)
  AVERAGE WIND SPEED     6.9



WEATHER CONDITIONS
 THE FOLLOWING WEATHER WAS RECORDED YESTERDAY.
  THUNDERSTORM
  HEAVY RAIN
  RAIN
  LIGHT RAIN
  FOG


RELATIVE HUMIDITY (PERCENT)
 HIGHEST   100
 LOWEST     87
 AVERAGE    94

..........................................................


THE HARLINGEN CLIMATE NORMALS FOR TODAY
                         NORMAL    RECORD    YEAR
 MAXIMUM TEMPERATURE (F)   71        86      1929
                                             1950
 MINIMUM TEMPERATURE (F)   50        28      1943


SUNRISE AND SUNSET
JANUARY 20 2017.......SUNRISE   719 AM CST   SUNSET   605 PM CST
JANUARY 21 2017.......SUNRISE   719 AM CST   SUNSET   606 PM CST


-  INDICATES NEGATIVE NUMBERS.
R  INDICATES RECORD WAS SET OR TIED.
MM INDICATES DATA IS MISSING.
T  INDICATES TRACE AMOUNT.




$$
