000
CDUS44 KBRO 212245
CLIHRL


CLIMATE REPORT
NATIONAL WEATHER SERVICE BROWNSVILLE TX
444 PM CST SUN JAN 21 2018


...................................

...THE HARLINGEN CLIMATE SUMMARY FOR JANUARY 21 2018...
VALID TODAY AS OF 0400 PM LOCAL TIME.

CLIMATE NORMAL PERIOD 1981 TO 2010
CLIMATE RECORD PERIOD 1912 TO 2018


WEATHER ITEM   OBSERVED TIME   RECORD YEAR NORMAL DEPARTURE LAST
                VALUE   (LST)  VALUE       VALUE  FROM      YEAR
                                                  NORMAL
..................................................................
TEMPERATURE (F)
 TODAY
  MAXIMUM         80    323 PM  92    2017  71      9       92
  MINIMUM         63   1212 AM  26    1985  50     13       62
  AVERAGE         72                        60     12       77

PRECIPITATION (IN)
  TODAY            T             0.80 1980   0.05  -0.05     0.00
  MONTH TO DATE    0.23                      0.61  -0.38     0.84
  SINCE DEC 1      1.24                      1.87  -0.63     2.17
  SINCE JAN 1      0.23                      0.61  -0.38     0.84

SNOWFALL (IN)
  TODAY            0.0
  MONTH TO DATE    T
  SINCE DEC 1      1.0
  SINCE JUL 1      1.0
  SNOW DEPTH       0

DEGREE DAYS
 HEATING
  TODAY            0                         6     -6        0
  MONTH TO DATE  249                       142    107       64
  SINCE DEC 1    476                       333    143      166
  SINCE JUL 1    519                       390    129      181

 COOLING
  TODAY            7                         1      6       12
  MONTH TO DATE   15                        39    -24      112
  SINCE DEC 1    100                        97      3      269
  SINCE JAN 1     15                        39    -24      112
..................................................................


WIND (MPH)
  HIGHEST WIND SPEED    31   HIGHEST WIND DIRECTION     S (160)
  HIGHEST GUST SPEED    38   HIGHEST GUST DIRECTION     S (170)
  AVERAGE WIND SPEED    19.1



WEATHER CONDITIONS
 THE FOLLOWING WEATHER WAS RECORDED TODAY.
  LIGHT RAIN
  FOG


RELATIVE HUMIDITY (PERCENT)
 HIGHEST   100
 LOWEST     62
 AVERAGE    81

..........................................................


THE HARLINGEN CLIMATE NORMALS FOR TOMORROW
                         NORMAL    RECORD    YEAR
 MAXIMUM TEMPERATURE (F)   71        87      1943
                                             1969
 MINIMUM TEMPERATURE (F)   50        23      1935


SUNRISE AND SUNSET
JANUARY 21 2018.......SUNRISE   719 AM CST   SUNSET   605 PM CST
JANUARY 22 2018.......SUNRISE   719 AM CST   SUNSET   606 PM CST


-  INDICATES NEGATIVE NUMBERS.
R  INDICATES RECORD WAS SET OR TIED.
MM INDICATES DATA IS MISSING.
T  INDICATES TRACE AMOUNT.




$$
