000
CDUS44 KBRO 022125
CLIHRL


CLIMATE REPORT
NATIONAL WEATHER SERVICE BROWNSVILLE TX
425 PM CDT TUE JUN 2 2015


...................................

...THE HARLINGEN CLIMATE SUMMARY FOR JUNE 2 2015...
VALID TODAY AS OF 0400 PM LOCAL TIME.

CLIMATE NORMAL PERIOD 1981 TO 2010
CLIMATE RECORD PERIOD 1912 TO 2015


WEATHER ITEM   OBSERVED TIME   RECORD YEAR NORMAL DEPARTURE LAST
                VALUE   (LST)  VALUE       VALUE  FROM      YEAR
                                                  NORMAL
..................................................................
TEMPERATURE (F)
 TODAY
  MAXIMUM         91   1217 PM 101    1967  93     -2       93
  MINIMUM         68    456 AM  57    1984  73     -5       70
  AVERAGE         80                        83     -3       82

PRECIPITATION (IN)
  TODAY            0.00          2.17 1957   0.07  -0.07     0.01
  MONTH TO DATE    0.00                      0.14  -0.14     0.01
  SINCE JUN 1      0.00                      0.14  -0.14     0.01
  SINCE JAN 1     12.50                      8.06   4.44     4.85

SNOWFALL (IN)
  TODAY            0.0
  MONTH TO DATE    0.0
  SINCE JUN 1      0.0
  SINCE JUL 1      0.0
  SNOW DEPTH       0

DEGREE DAYS
 HEATING
  TODAY            0                         0      0        0
  MONTH TO DATE    0                         0      0        0
  SINCE JUN 1      0                         0      0        0
  SINCE JUL 1    767                       622    145      930

 COOLING
  TODAY           15                        18     -3       17
  MONTH TO DATE   29                        36     -7       33
  SINCE JUN 1     29                        36     -7       33
  SINCE JAN 1   1113                      1137    -24      969
..................................................................


WIND (MPH)
  HIGHEST WIND SPEED    16   HIGHEST WIND DIRECTION     E (80)
  HIGHEST GUST SPEED    20   HIGHEST GUST DIRECTION     E (80)
  AVERAGE WIND SPEED     5.7



WEATHER CONDITIONS
 THE FOLLOWING WEATHER WAS RECORDED TODAY.
  FOG


RELATIVE HUMIDITY (PERCENT)
 HIGHEST   100
 LOWEST     52
 AVERAGE    76

..........................................................


THE HARLINGEN CLIMATE NORMALS FOR TOMORROW
                         NORMAL    RECORD    YEAR
 MAXIMUM TEMPERATURE (F)   93       100      1938
 MINIMUM TEMPERATURE (F)   73        58      1970


SUNRISE AND SUNSET
JUNE  2 2015..........SUNRISE   638 AM CDT   SUNSET   819 PM CDT
JUNE  3 2015..........SUNRISE   638 AM CDT   SUNSET   820 PM CDT


-  INDICATES NEGATIVE NUMBERS.
R  INDICATES RECORD WAS SET OR TIED.
MM INDICATES DATA IS MISSING.
T  INDICATES TRACE AMOUNT.




$$
