000
CDUS44 KBRO 260645
CLIHRL


CLIMATE REPORT
NATIONAL WEATHER SERVICE BROWNSVILLE TX
145 AM CDT TUE JUL 26 2016


...................................

...THE HARLINGEN CLIMATE SUMMARY FOR JULY 25 2016...

CLIMATE NORMAL PERIOD 1981 TO 2010
CLIMATE RECORD PERIOD 1912 TO 2016


WEATHER ITEM   OBSERVED TIME   RECORD YEAR NORMAL DEPARTURE LAST
                VALUE   (LST)  VALUE       VALUE  FROM      YEAR
                                                  NORMAL
..................................................................
TEMPERATURE (F)
 YESTERDAY
  MAXIMUM        100    256 PM 104    1943  96      4       99
  MINIMUM         77    526 AM  66    1915  75      2       76
  AVERAGE         89                        85      4       88

PRECIPITATION (IN)
  YESTERDAY        0.00          1.25 1934   0.05  -0.05     0.00
  MONTH TO DATE    0.09                      1.66  -1.57     1.12
  SINCE JUN 1      5.22                      4.16   1.06     3.33
  SINCE JAN 1     12.11                     12.08   0.03    15.83

SNOWFALL (IN)
  YESTERDAY        0.0
  MONTH TO DATE    0.0
  SINCE JUN 1      0.0
  SINCE JUL 1      0.0

DEGREE DAYS
 HEATING
  YESTERDAY        0                         0      0        0
  MONTH TO DATE    0                         0      0        0
  SINCE JUN 1      0                         0      0        0
  SINCE JUL 1      0                         0      0        0

 COOLING
  YESTERDAY       24                        20      4       23
  MONTH TO DATE  553                       500     53      517
  SINCE JUN 1   1138                      1068     70     1084
  SINCE JAN 1   2499                      2169    330     2168
..................................................................


WIND (MPH)
  HIGHEST WIND SPEED    23   HIGHEST WIND DIRECTION    SE (150)
  HIGHEST GUST SPEED    29   HIGHEST GUST DIRECTION    SE (150)
  AVERAGE WIND SPEED    11.4



WEATHER CONDITIONS
 THE FOLLOWING WEATHER WAS RECORDED YESTERDAY.
  NO SIGNIFICANT WEATHER WAS OBSERVED.


RELATIVE HUMIDITY (PERCENT)
 HIGHEST    97
 LOWEST     38
 AVERAGE    68

..........................................................


THE HARLINGEN CLIMATE NORMALS FOR TODAY
                         NORMAL    RECORD    YEAR
 MAXIMUM TEMPERATURE (F)   96       102      1943
 MINIMUM TEMPERATURE (F)   75        68      1933


SUNRISE AND SUNSET
JULY 26 2016..........SUNRISE   654 AM CDT   SUNSET   821 PM CDT
JULY 27 2016..........SUNRISE   654 AM CDT   SUNSET   820 PM CDT


-  INDICATES NEGATIVE NUMBERS.
R  INDICATES RECORD WAS SET OR TIED.
MM INDICATES DATA IS MISSING.
T  INDICATES TRACE AMOUNT.




$$
