000
CDUS44 KBRO 290635
CLIHRL


CLIMATE REPORT
NATIONAL WEATHER SERVICE BROWNSVILLE TX
133 AM CDT THU SEP 29 2016


...................................

...THE HARLINGEN CLIMATE SUMMARY FOR SEPTEMBER 28 2016...

CLIMATE NORMAL PERIOD 1981 TO 2010
CLIMATE RECORD PERIOD 1912 TO 2016


WEATHER ITEM   OBSERVED TIME   RECORD YEAR NORMAL DEPARTURE LAST
                VALUE   (LST)  VALUE       VALUE  FROM      YEAR
                                                  NORMAL
..................................................................
TEMPERATURE (F)
 YESTERDAY
  MAXIMUM         90    300 PM 102    2005  89      1       93
                                      1953
  MINIMUM         71    700 AM  52    1942  70      1       67
  AVERAGE         81                        80      1       80

PRECIPITATION (IN)
  YESTERDAY        0.17          2.80 1932   0.16   0.01     0.00
  MONTH TO DATE    2.49                      4.92  -2.43     4.68
  SINCE SEP 1      2.49                      4.92  -2.43     4.68
  SINCE JAN 1     17.39                     19.13  -1.74    24.24

SNOWFALL (IN)
  YESTERDAY        0.0
  MONTH TO DATE    0.0
  SINCE SEP 1      0.0
  SINCE JUL 1      0.0

DEGREE DAYS
 HEATING
  YESTERDAY        0                         0      0        0
  MONTH TO DATE    0                         0      0        0
  SINCE SEP 1      0                         0      0        0
  SINCE JUL 1      0                         0      0        0

 COOLING
  YESTERDAY       16                        14      2       15
  MONTH TO DATE  569                       476     93      518
  SINCE SEP 1    569                       476     93      518
  SINCE JAN 1   3888                      3400    488     3509
..................................................................


WIND (MPH)
  HIGHEST WIND SPEED    18   HIGHEST WIND DIRECTION     N (20)
  HIGHEST GUST SPEED    27   HIGHEST GUST DIRECTION     E (70)
  AVERAGE WIND SPEED     9.6



WEATHER CONDITIONS
 THE FOLLOWING WEATHER WAS RECORDED YESTERDAY.
  HEAVY RAIN
  RAIN
  LIGHT RAIN
  FOG


RELATIVE HUMIDITY (PERCENT)
 HIGHEST   100
 LOWEST     59
 AVERAGE    80

..........................................................


THE HARLINGEN CLIMATE NORMALS FOR TODAY
                         NORMAL    RECORD    YEAR
 MAXIMUM TEMPERATURE (F)   89       104      1953
 MINIMUM TEMPERATURE (F)   70        53      1967


SUNRISE AND SUNSET
SEPTEMBER 29 2016.....SUNRISE   722 AM CDT   SUNSET   719 PM CDT
SEPTEMBER 30 2016.....SUNRISE   723 AM CDT   SUNSET   718 PM CDT


-  INDICATES NEGATIVE NUMBERS.
R  INDICATES RECORD WAS SET OR TIED.
MM INDICATES DATA IS MISSING.
T  INDICATES TRACE AMOUNT.




$$
