000
CDUS42 KMHX 252227
CLIHSE


CLIMATE REPORT
NATIONAL WEATHER SERVICE NEWPORT/MOREHEAD CITY NC
526 PM EST TUE NOV 25 2014


...................................

...THE CAPE HATTERAS NC CLIMATE SUMMARY FOR NOVEMBER 25 2014...
VALID TODAY AS OF 0500 PM LOCAL TIME.

CLIMATE NORMAL PERIOD 1981 TO 2010
CLIMATE RECORD PERIOD 1874 TO 2014


WEATHER ITEM   OBSERVED TIME   RECORD YEAR NORMAL DEPARTURE LAST
                VALUE   (LST)  VALUE       VALUE  FROM      YEAR
                                                  NORMAL
..................................................................
TEMPERATURE (F)
 TODAY
  MAXIMUM         69    956 AM  76    1900  61      8       44
  MINIMUM         62    459 PM  26    1950  49     13       33
  AVERAGE         66                        55     11       39

PRECIPITATION (IN)
  TODAY            0.01          2.27 2000   0.14  -0.13     0.00
  MONTH TO DATE    3.43                      4.20  -0.77     1.68
  SINCE SEP 1     17.50                     15.83   1.67    15.96
  SINCE JAN 1     58.55                     53.02   5.53    47.16

SNOWFALL (IN)
  TODAY            0.0
  MONTH TO DATE    0.0
  SINCE NOV 1      0.0
  SINCE JUL 1      0.0
  SNOW DEPTH       0

DEGREE DAYS
 HEATING
  TODAY            0                        10    -10       26
  MONTH TO DATE  257                       186     71      188
  SINCE SEP 1    317                       261     56      239
  SINCE JUL 1    317                       261     56      239

 COOLING
  TODAY            1                         0      1        0
  MONTH TO DATE    3                        22    -19       22
  SINCE SEP 1    389                       406    -17      446
  SINCE JAN 1   1765                      1712     53     1990
..................................................................


WIND (MPH)
  HIGHEST WIND SPEED    13   HIGHEST WIND DIRECTION     S (180)
  HIGHEST GUST SPEED    19   HIGHEST GUST DIRECTION     W (250)
  AVERAGE WIND SPEED     6.5


SKY COVER
  POSSIBLE SUNSHINE  MM
  AVERAGE SKY COVER 0.6


WEATHER CONDITIONS
 THE FOLLOWING WEATHER WAS RECORDED TODAY.
  LIGHT RAIN
  FOG


RELATIVE HUMIDITY (PERCENT)
 HIGHEST   100          1200 AM
 LOWEST     90          1000 AM
 AVERAGE    95

..........................................................


THE CAPE HATTERAS NC CLIMATE NORMALS FOR TOMORROW
                         NORMAL    RECORD    YEAR
 MAXIMUM TEMPERATURE (F)   61        76      1986
 MINIMUM TEMPERATURE (F)   48        29      1970


SUNRISE AND SUNSET
NOVEMBER 25 2014......SUNRISE   647 AM EST   SUNSET   452 PM EST
NOVEMBER 26 2014......SUNRISE   648 AM EST   SUNSET   451 PM EST


-  INDICATES NEGATIVE NUMBERS.
R  INDICATES RECORD WAS SET OR TIED.
MM INDICATES DATA IS MISSING.
T  INDICATES TRACE AMOUNT.




$$
