631
CDUS42 KMHX 170539
CLIHSE


CLIMATE REPORT
NATIONAL WEATHER SERVICE NEWPORT/MOREHEAD CITY NC
1239 AM EST SUN DEC 17 2017


...................................

...THE CAPE HATTERAS NC CLIMATE SUMMARY FOR DECEMBER 16 2017...

CLIMATE NORMAL PERIOD 1981 TO 2010
CLIMATE RECORD PERIOD 1874 TO 2017


WEATHER ITEM   OBSERVED TIME   RECORD YEAR NORMAL DEPARTURE LAST
                VALUE   (LST)  VALUE       VALUE  FROM      YEAR
                                                  NORMAL
..................................................................
TEMPERATURE (F)
 YESTERDAY
  MAXIMUM         46    132 PM  73    1971  56    -10       55
  MINIMUM         34   1141 PM  26    2010  43     -9       29
                                      1968
                                      1955
  AVERAGE         40                        49     -9       42

PRECIPITATION (IN)
  YESTERDAY        0.00          1.74 2007   0.13  -0.13      T
  MONTH TO DATE    3.07                      2.15   0.92     2.90
  SINCE DEC 1      3.07                      2.15   0.92     2.90
  SINCE JAN 1     56.87                     55.92   0.95    71.14

SNOWFALL (IN)
  YESTERDAY        0.0
  MONTH TO DATE    0.0
  SINCE NOV 1      0.0
  SINCE JUL 1      0.0
  SNOW DEPTH       0

DEGREE DAYS
 HEATING
  YESTERDAY       25                        16      9       23
  MONTH TO DATE  225                       225      0      229
  SINCE DEC 1    225                       225      0      229
  SINCE JUL 1    471                       543    -72      501

 COOLING
  YESTERDAY        0                         0      0        0
  MONTH TO DATE    2                         0      2        0
  SINCE DEC 1      2                         0      2        0
  SINCE JAN 1   2352                      1711    641     2221
..................................................................


WIND (MPH)
  HIGHEST WIND SPEED    14   HIGHEST WIND DIRECTION    NW (320)
  HIGHEST GUST SPEED    24   HIGHEST GUST DIRECTION    NW (320)
  AVERAGE WIND SPEED     6.0


SKY COVER
  POSSIBLE SUNSHINE  MM
  AVERAGE SKY COVER 0.0


WEATHER CONDITIONS
 THE FOLLOWING WEATHER WAS RECORDED YESTERDAY.
  NO SIGNIFICANT WEATHER WAS OBSERVED.


RELATIVE HUMIDITY (PERCENT)
 HIGHEST    92          1000 PM
 LOWEST     45           300 PM
 AVERAGE    69

..........................................................


THE CAPE HATTERAS NC CLIMATE NORMALS FOR TODAY
                         NORMAL    RECORD    YEAR
 MAXIMUM TEMPERATURE (F)   55        75      2015
 MINIMUM TEMPERATURE (F)   42        25      1988
                                             1963


SUNRISE AND SUNSET
DECEMBER 17 2017......SUNRISE   705 AM EST   SUNSET   452 PM EST
DECEMBER 18 2017......SUNRISE   706 AM EST   SUNSET   453 PM EST


-  INDICATES NEGATIVE NUMBERS.
R  INDICATES RECORD WAS SET OR TIED.
MM INDICATES DATA IS MISSING.
T  INDICATES TRACE AMOUNT.




$$
