000
CDUS42 KMHX 232139
CLIHSE


CLIMATE REPORT
NATIONAL WEATHER SERVICE NEWPORT/MOREHEAD CITY NC
538 PM EDT SAT JUL 23 2016


...................................

...THE CAPE HATTERAS NC CLIMATE SUMMARY FOR JULY 23 2016...
VALID TODAY AS OF 0500 PM LOCAL TIME.

CLIMATE NORMAL PERIOD 1981 TO 2010
CLIMATE RECORD PERIOD 1874 TO 2016


WEATHER ITEM   OBSERVED TIME   RECORD YEAR NORMAL DEPARTURE LAST
                VALUE   (LST)  VALUE       VALUE  FROM      YEAR
                                                  NORMAL
..................................................................
TEMPERATURE (F)
 TODAY
  MAXIMUM         89    128 PM  92    1972  85      4       88
                                      1940
  MINIMUM         80    353 AM  60    1974  74      6       75
  AVERAGE         85                        79      6       82

PRECIPITATION (IN)
  TODAY            0.00          3.43 1899   0.18  -0.18     0.12
  MONTH TO DATE    1.86                      3.55  -1.69     1.59
  SINCE JUN 1     12.37                      7.58   4.79     7.32
  SINCE JAN 1     46.43                     28.82  17.61    26.95

SNOWFALL (IN)
  TODAY            0.0
  MONTH TO DATE    0.0
  SINCE NOV 1      T
  SINCE JUL 1      0.0
  SNOW DEPTH       0

DEGREE DAYS
 HEATING
  TODAY            0                         0      0        0
  MONTH TO DATE    0                         0      0        0
  SINCE JUN 1      0                         3     -3        0
  SINCE JUL 1      0                         0      0        0

 COOLING
  TODAY           20                        14      6       17
  MONTH TO DATE  377                       319     58      358
  SINCE JUN 1    738                       627    111      786
  SINCE JAN 1    947                       770    177      953
..................................................................


WIND (MPH)
  HIGHEST WIND SPEED    15   HIGHEST WIND DIRECTION    SW (220)
  HIGHEST GUST SPEED    18   HIGHEST GUST DIRECTION    SW (210)
  AVERAGE WIND SPEED     8.4


SKY COVER
  POSSIBLE SUNSHINE  MM
  AVERAGE SKY COVER 0.1


WEATHER CONDITIONS
 THE FOLLOWING WEATHER WAS RECORDED TODAY.
  NO SIGNIFICANT WEATHER WAS OBSERVED.


RELATIVE HUMIDITY (PERCENT)
 HIGHEST    79           400 AM
 LOWEST     68          1200 PM
 AVERAGE    74

..........................................................


THE CAPE HATTERAS NC CLIMATE NORMALS FOR TOMORROW
                         NORMAL    RECORD    YEAR
 MAXIMUM TEMPERATURE (F)   85        91      1952
                                             1914
 MINIMUM TEMPERATURE (F)   74        60      1974


SUNRISE AND SUNSET
JULY 23 2016..........SUNRISE   605 AM EDT   SUNSET   812 PM EDT
JULY 24 2016..........SUNRISE   606 AM EDT   SUNSET   812 PM EDT


-  INDICATES NEGATIVE NUMBERS.
R  INDICATES RECORD WAS SET OR TIED.
MM INDICATES DATA IS MISSING.
T  INDICATES TRACE AMOUNT.




$$
