000
CDUS42 KMHX 240525
CLIHSE


CLIMATE REPORT
NATIONAL WEATHER SERVICE NEWPORT/MOREHEAD CITY NC
125 AM EDT WED MAY 24 2017


...................................

...THE CAPE HATTERAS NC CLIMATE SUMMARY FOR MAY 23 2017...

CLIMATE NORMAL PERIOD 1981 TO 2010
CLIMATE RECORD PERIOD 1874 TO 2017


WEATHER ITEM   OBSERVED TIME   RECORD YEAR NORMAL DEPARTURE LAST
                VALUE   (LST)  VALUE       VALUE  FROM      YEAR
                                                  NORMAL
..................................................................
TEMPERATURE (F)
 YESTERDAY
  MAXIMUM         78        MM  86    1975  76      2       68
  MINIMUM         71        MM  45    1968  62      9       59
  AVERAGE         75                        69      6       64

PRECIPITATION (IN)
  YESTERDAY        0.23          2.56 2003   0.11   0.12     0.08
  MONTH TO DATE    5.30                      2.66   2.64     4.46
  SINCE MAR 1     18.61                     11.07   7.54    12.74
  SINCE JAN 1     24.92                     20.33   4.59    25.85

SNOWFALL (IN)
  YESTERDAY        0.0
  MONTH TO DATE    0.0
  SINCE NOV 1      T
  SINCE JUL 1      T
  SNOW DEPTH       0

DEGREE DAYS
 HEATING
  YESTERDAY        0                         1     -1        1
  MONTH TO DATE    3                        44    -41       21
  SINCE MAR 1    406                       654   -248      387
  SINCE JUL 1   1728                      2578   -850     1700

 COOLING
  YESTERDAY       10                         5      5        0
  MONTH TO DATE  149                        70     79       78
  SINCE MAR 1    327                        98    229      132
  SINCE JAN 1    335                        98    237      133
..................................................................


WIND (MPH)
  HIGHEST WIND SPEED    18   HIGHEST WIND DIRECTION    SW (240)
  HIGHEST GUST SPEED    39   HIGHEST GUST DIRECTION    SW (240)
  AVERAGE WIND SPEED    12.8


SKY COVER
  POSSIBLE SUNSHINE  MM
  AVERAGE SKY COVER 0.6


WEATHER CONDITIONS
 THE FOLLOWING WEATHER WAS RECORDED YESTERDAY.
  HEAVY RAIN
  RAIN
  LIGHT RAIN
  FOG
  HAZE


RELATIVE HUMIDITY (PERCENT)
 HIGHEST    90          1200 AM
 LOWEST     82           400 PM
 AVERAGE    86

..........................................................


THE CAPE HATTERAS NC CLIMATE NORMALS FOR TODAY
                         NORMAL    RECORD    YEAR
 MAXIMUM TEMPERATURE (F)   76        87      1992
 MINIMUM TEMPERATURE (F)   63        47      2002
                                             1990


SUNRISE AND SUNSET
MAY 24 2017...........SUNRISE   552 AM EDT   SUNSET   807 PM EDT
MAY 25 2017...........SUNRISE   552 AM EDT   SUNSET   807 PM EDT


-  INDICATES NEGATIVE NUMBERS.
R  INDICATES RECORD WAS SET OR TIED.
MM INDICATES DATA IS MISSING.
T  INDICATES TRACE AMOUNT.




$$
