000
CDUS42 KMHX 252126
CLIHSE


CLIMATE REPORT
NATIONAL WEATHER SERVICE NEWPORT/MOREHEAD CITY NC
526 PM EDT SAT OCT 25 2014


...................................

...THE CAPE HATTERAS NC CLIMATE SUMMARY FOR OCTOBER 25 2014...
VALID TODAY AS OF 0500 PM LOCAL TIME.

CLIMATE NORMAL PERIOD 1981 TO 2010
CLIMATE RECORD PERIOD 1874 TO 2014


WEATHER ITEM   OBSERVED TIME   RECORD YEAR NORMAL DEPARTURE LAST
                VALUE   (LST)  VALUE       VALUE  FROM      YEAR
                                                  NORMAL
..................................................................
TEMPERATURE (F)
 TODAY
  MAXIMUM         69    220 PM  80    2007  70     -1       58
  MINIMUM         50    535 AM  33    1964  57     -7       49
  AVERAGE         60                        63     -3       54

PRECIPITATION (IN)
  TODAY            0.00          3.49 1913   0.18  -0.18     0.01
  MONTH TO DATE    3.09                      4.39  -1.30     9.44
  SINCE SEP 1     13.93                     10.64   3.29    14.27
  SINCE JAN 1     54.98                     47.83   7.15    45.47

SNOWFALL (IN)
  TODAY            0.0
  MONTH TO DATE    0.0
  SINCE NOV 1      5.7
  SINCE JUL 1      0.0
  SNOW DEPTH       0

DEGREE DAYS
 HEATING
  TODAY            5                         4      1       11
  MONTH TO DATE   42                        47     -5       24
  SINCE SEP 1     42                        50     -8       28
  SINCE JUL 1     42                        50     -8       28

 COOLING
  TODAY            0                         2     -2        0
  MONTH TO DATE   91                        89      2      131
  SINCE SEP 1    378                       375      3      423
  SINCE JAN 1   1754                      1681     73     1967
..................................................................


WIND (MPH)
  HIGHEST WIND SPEED     8   HIGHEST WIND DIRECTION     W (250)
  HIGHEST GUST SPEED    12   HIGHEST GUST DIRECTION     W (250)
  AVERAGE WIND SPEED     4.3


SKY COVER
  POSSIBLE SUNSHINE  MM
  AVERAGE SKY COVER 0.0


WEATHER CONDITIONS
 THE FOLLOWING WEATHER WAS RECORDED TODAY.
  NO SIGNIFICANT WEATHER WAS OBSERVED.


RELATIVE HUMIDITY (PERCENT)
 HIGHEST   100           200 AM
 LOWEST     42           200 PM
 AVERAGE    71

..........................................................


THE CAPE HATTERAS NC CLIMATE NORMALS FOR TOMORROW
                         NORMAL    RECORD    YEAR
 MAXIMUM TEMPERATURE (F)   69        82      2007
 MINIMUM TEMPERATURE (F)   57        36      1965
                                             1960


SUNRISE AND SUNSET
OCTOBER 25 2014.......SUNRISE   717 AM EDT   SUNSET   615 PM EDT
OCTOBER 26 2014.......SUNRISE   718 AM EDT   SUNSET   614 PM EDT


-  INDICATES NEGATIVE NUMBERS.
R  INDICATES RECORD WAS SET OR TIED.
MM INDICATES DATA IS MISSING.
T  INDICATES TRACE AMOUNT.




$$
