000
CDUS42 KMHX 200530
CLIHSE


CLIMATE REPORT
NATIONAL WEATHER SERVICE NEWPORT/MOREHEAD CITY NC
130 AM EDT MON OCT 20 2014


...................................

...THE CAPE HATTERAS NC CLIMATE SUMMARY FOR OCTOBER 19 2014...

CLIMATE NORMAL PERIOD 1981 TO 2010
CLIMATE RECORD PERIOD 1874 TO 2014


WEATHER ITEM   OBSERVED TIME   RECORD YEAR NORMAL DEPARTURE LAST
                VALUE   (LST)  VALUE       VALUE  FROM      YEAR
                                                  NORMAL
..................................................................
TEMPERATURE (F)
 YESTERDAY
  MAXIMUM         64        MM  83    1968  71     -7       77
  MINIMUM         56        MM  39    1978  59     -3       66
  AVERAGE         60                        65     -5       72

PRECIPITATION (IN)
  YESTERDAY        0.09          4.49 2011   0.17  -0.08     0.40
  MONTH TO DATE    2.96                      3.31  -0.35     8.91
  SINCE SEP 1     13.80                      9.56   4.24    13.74
  SINCE JAN 1     54.85                     46.75   8.10    44.94

SNOWFALL (IN)
  YESTERDAY        0.0
  MONTH TO DATE    0.0
  SINCE NOV 1      5.7
  SINCE JUL 1      0.0
  SNOW DEPTH       0

DEGREE DAYS
 HEATING
  YESTERDAY        5                         3      2        0
  MONTH TO DATE   18                        28    -10        0
  SINCE SEP 1     18                        31    -13        4
  SINCE JUL 1     18                        31    -13        4

 COOLING
  YESTERDAY        0                         2     -2        7
  MONTH TO DATE   88                        77     11      130
  SINCE SEP 1    375                       363     12      422
  SINCE JAN 1   1751                      1669     82     1966
..................................................................


WIND (MPH)
  HIGHEST WIND SPEED    14   HIGHEST WIND DIRECTION     N (340)
  HIGHEST GUST SPEED    28   HIGHEST GUST DIRECTION     N (340)
  AVERAGE WIND SPEED     8.6


SKY COVER
  POSSIBLE SUNSHINE  MM
  AVERAGE SKY COVER 0.3


WEATHER CONDITIONS
 THE FOLLOWING WEATHER WAS RECORDED YESTERDAY.
  RAIN
  LIGHT RAIN


RELATIVE HUMIDITY (PERCENT)
 HIGHEST    78           300 AM
 LOWEST     44           300 PM
 AVERAGE    61

..........................................................


THE CAPE HATTERAS NC CLIMATE NORMALS FOR TODAY
                         NORMAL    RECORD    YEAR
 MAXIMUM TEMPERATURE (F)   71        84      1910
 MINIMUM TEMPERATURE (F)   58        41      1992


SUNRISE AND SUNSET
OCTOBER 20 2014.......SUNRISE   713 AM EDT   SUNSET   621 PM EDT
OCTOBER 21 2014.......SUNRISE   714 AM EDT   SUNSET   620 PM EDT


-  INDICATES NEGATIVE NUMBERS.
R  INDICATES RECORD WAS SET OR TIED.
MM INDICATES DATA IS MISSING.
T  INDICATES TRACE AMOUNT.




$$
