000
CDUS42 KMHX 180626
CLIHSE


CLIMATE REPORT
NATIONAL WEATHER SERVICE NEWPORT/MOREHEAD CITY NC
126 AM EST THU DEC 18 2014


...................................

...THE CAPE HATTERAS NC CLIMATE SUMMARY FOR DECEMBER 17 2014...

CLIMATE NORMAL PERIOD 1981 TO 2010
CLIMATE RECORD PERIOD 1874 TO 2014


WEATHER ITEM   OBSERVED TIME   RECORD YEAR NORMAL DEPARTURE LAST
                VALUE   (LST)  VALUE       VALUE  FROM      YEAR
                                                  NORMAL
..................................................................
TEMPERATURE (F)
 YESTERDAY
  MAXIMUM         56    314 PM  72    1933  55      1       64
  MINIMUM         47    737 PM  25    1988  42      5       35
                                      1963
  AVERAGE         52                        49      3       50

PRECIPITATION (IN)
  YESTERDAY        0.00          3.34 1930   0.14  -0.14     0.00
  MONTH TO DATE    1.23                      2.29  -1.06     2.45
  SINCE DEC 1      1.23                      2.29  -1.06     2.45
  SINCE JAN 1     60.62                     56.06   4.56    51.86

SNOWFALL (IN)
  YESTERDAY        0.0
  MONTH TO DATE    0.0
  SINCE NOV 1      0.0
  SINCE JUL 1      0.0
  SNOW DEPTH       0

DEGREE DAYS
 HEATING
  YESTERDAY       13                        16     -3       15
  MONTH TO DATE  241                       241      0      227
  SINCE DEC 1    241                       241      0      227
  SINCE JUL 1    642                       559     83      542

 COOLING
  YESTERDAY        0                         0      0        0
  MONTH TO DATE    0                         0      0        2
  SINCE DEC 1      0                         0      0        2
  SINCE JAN 1   1764                      1711     53     1992
..................................................................


WIND (MPH)
  HIGHEST WIND SPEED    12   HIGHEST WIND DIRECTION    NW (310)
  HIGHEST GUST SPEED    20   HIGHEST GUST DIRECTION    NW (300)
  AVERAGE WIND SPEED     6.7


SKY COVER
  POSSIBLE SUNSHINE  MM
  AVERAGE SKY COVER 0.1


WEATHER CONDITIONS
 THE FOLLOWING WEATHER WAS RECORDED YESTERDAY.
  FOG


RELATIVE HUMIDITY (PERCENT)
 HIGHEST   100          1200 AM
 LOWEST     66           200 PM
 AVERAGE    83

..........................................................


THE CAPE HATTERAS NC CLIMATE NORMALS FOR TODAY
                         NORMAL    RECORD    YEAR
 MAXIMUM TEMPERATURE (F)   55        72      1990
                                             1984
                                             1967
 MINIMUM TEMPERATURE (F)   42        23      1968


SUNRISE AND SUNSET
DECEMBER 18 2014......SUNRISE   706 AM EST   SUNSET   453 PM EST
DECEMBER 19 2014......SUNRISE   706 AM EST   SUNSET   453 PM EST


-  INDICATES NEGATIVE NUMBERS.
R  INDICATES RECORD WAS SET OR TIED.
MM INDICATES DATA IS MISSING.
T  INDICATES TRACE AMOUNT.




$$
