000
CDUS42 KMHX 272145
CLIHSE


CLIMATE REPORT
NATIONAL WEATHER SERVICE NEWPORT/MOREHEAD CITY NC
545 PM EDT TUE JUN 27 2017


...................................

...THE CAPE HATTERAS NC CLIMATE SUMMARY FOR JUNE 27 2017...
VALID TODAY AS OF 0500 PM LOCAL TIME.

CLIMATE NORMAL PERIOD 1981 TO 2010
CLIMATE RECORD PERIOD 1874 TO 2017


WEATHER ITEM   OBSERVED TIME   RECORD YEAR NORMAL DEPARTURE LAST
                VALUE   (LST)  VALUE       VALUE  FROM      YEAR
                                                  NORMAL
..................................................................
TEMPERATURE (F)
 TODAY
  MAXIMUM         MM        MM  97    1952  83     MM       85
  MINIMUM         65        MM  61    2012  72     -7       69
                                      1985
  AVERAGE         MM                        78     MM       77

PRECIPITATION (IN)
  TODAY            0.00          4.23 1974   0.14  -0.14     0.00
  MONTH TO DATE    2.37                      3.57  -1.20    10.18
  SINCE JUN 1      2.37                      3.57  -1.20    10.18
  SINCE JAN 1     29.10                     24.81   4.29    44.24

SNOWFALL (IN)
  TODAY            0.0
  MONTH TO DATE    0.0
  SINCE NOV 1      T
  SINCE JUL 1      T
  SNOW DEPTH       0

DEGREE DAYS
 HEATING
  TODAY           MM                         0     MM        0
  MONTH TO DATE    0                         0      0        0
  SINCE JUN 1      0                         0      0        0
  SINCE JUL 1   1728                      2584   -856     1700

 COOLING
  TODAY           MM                        13     MM       12
  MONTH TO DATE  338                       270     68      314
  SINCE JUN 1    338                       270     68      314
  SINCE JAN 1    765                       413    352      523
..................................................................


WIND (MPH)
  HIGHEST WIND SPEED    MM   HIGHEST WIND DIRECTION    MM
  HIGHEST GUST SPEED    MM   HIGHEST GUST DIRECTION    MM
  AVERAGE WIND SPEED     0.0


SKY COVER
  POSSIBLE SUNSHINE  MM
  AVERAGE SKY COVER 0.2


WEATHER CONDITIONS
 THE FOLLOWING WEATHER WAS RECORDED TODAY.
  NO SIGNIFICANT WEATHER WAS OBSERVED.


RELATIVE HUMIDITY (PERCENT)
 HIGHEST    93           200 AM
 LOWEST     76           700 AM
 AVERAGE    85

..........................................................


THE CAPE HATTERAS NC CLIMATE NORMALS FOR TOMORROW
                         NORMAL    RECORD    YEAR
 MAXIMUM TEMPERATURE (F)   83        95      1978
 MINIMUM TEMPERATURE (F)   72        60      1985
                                             1918


SUNRISE AND SUNSET
JUNE 27 2017..........SUNRISE   550 AM EDT   SUNSET   821 PM EDT
JUNE 28 2017..........SUNRISE   550 AM EDT   SUNSET   821 PM EDT


-  INDICATES NEGATIVE NUMBERS.
R  INDICATES RECORD WAS SET OR TIED.
MM INDICATES DATA IS MISSING.
T  INDICATES TRACE AMOUNT.




$$
