000
CDUS42 KMHX 300541
CLIHSE


CLIMATE REPORT
NATIONAL WEATHER SERVICE NEWPORT/MOREHEAD CITY NC
140 AM EDT THU JUL 30 2015


...................................

...THE CAPE HATTERAS NC CLIMATE SUMMARY FOR JULY 29 2015...

CLIMATE NORMAL PERIOD 1981 TO 2010
CLIMATE RECORD PERIOD 1874 TO 2015


WEATHER ITEM   OBSERVED TIME   RECORD YEAR NORMAL DEPARTURE LAST
                VALUE   (LST)  VALUE       VALUE  FROM      YEAR
                                                  NORMAL
..................................................................
TEMPERATURE (F)
 YESTERDAY
  MAXIMUM         89    209 PM  90    2011  85      4       83
                                      1993
                                      1941
  MINIMUM         77    138 AM  65    1992  74      3       75
                                      1957
  AVERAGE         83                        79      4       79

PRECIPITATION (IN)
  YESTERDAY        0.00          2.19 1944   0.19  -0.19      T
  MONTH TO DATE    5.16                      4.63   0.53     6.50
  SINCE JUN 1     10.89                      8.66   2.23     8.21
  SINCE JAN 1     30.52                     29.90   0.62    31.00

SNOWFALL (IN)
  YESTERDAY        0.0
  MONTH TO DATE    0.0
  SINCE NOV 1      2.0
  SINCE JUL 1      0.0
  SNOW DEPTH       0

DEGREE DAYS
 HEATING
  YESTERDAY        0                         0      0        0
  MONTH TO DATE    0                         0      0        0
  SINCE JUN 1      0                         3     -3        0
  SINCE JUL 1      0                         0      0        0

 COOLING
  YESTERDAY       18                        14      4       14
  MONTH TO DATE  453                       403     50      409
  SINCE JUN 1    881                       711    170      684
  SINCE JAN 1   1048                       854    194      920
..................................................................


WIND (MPH)
  HIGHEST WIND SPEED    16   HIGHEST WIND DIRECTION     E (110)
  HIGHEST GUST SPEED    22   HIGHEST GUST DIRECTION     E (110)
  AVERAGE WIND SPEED     9.9


SKY COVER
  POSSIBLE SUNSHINE  MM
  AVERAGE SKY COVER 0.1


WEATHER CONDITIONS
 THE FOLLOWING WEATHER WAS RECORDED YESTERDAY.
  NO SIGNIFICANT WEATHER WAS OBSERVED.


RELATIVE HUMIDITY (PERCENT)
 HIGHEST    91          1100 PM
 LOWEST     55           200 PM
 AVERAGE    73

..........................................................


THE CAPE HATTERAS NC CLIMATE NORMALS FOR TODAY
                         NORMAL    RECORD    YEAR
 MAXIMUM TEMPERATURE (F)   85        94      2011
 MINIMUM TEMPERATURE (F)   74        65      1987


SUNRISE AND SUNSET
JULY 30 2015..........SUNRISE   610 AM EDT   SUNSET   808 PM EDT
JULY 31 2015..........SUNRISE   610 AM EDT   SUNSET   807 PM EDT


-  INDICATES NEGATIVE NUMBERS.
R  INDICATES RECORD WAS SET OR TIED.
MM INDICATES DATA IS MISSING.
T  INDICATES TRACE AMOUNT.




$$
