000
CDUS42 KMHX 260545
CLIHSE


CLIMATE REPORT
NATIONAL WEATHER SERVICE NEWPORT/MOREHEAD CITY NC
145 AM EDT TUE MAY 26 2015


...................................

...THE CAPE HATTERAS NC CLIMATE SUMMARY FOR MAY 25 2015...

CLIMATE NORMAL PERIOD 1981 TO 2010
CLIMATE RECORD PERIOD 1874 TO 2015


WEATHER ITEM   OBSERVED TIME   RECORD YEAR NORMAL DEPARTURE LAST
                VALUE   (LST)  VALUE       VALUE  FROM      YEAR
                                                  NORMAL
..................................................................
TEMPERATURE (F)
 YESTERDAY
  MAXIMUM         80    238 PM  86    1991  76      4       80
                                      1933
  MINIMUM         55    451 AM  45    1967  63     -8       55
  AVERAGE         68                        70     -2       68

PRECIPITATION (IN)
  YESTERDAY        0.00          2.55 1895   0.11  -0.11     0.00
  MONTH TO DATE    3.21                      2.89   0.32     1.42
  SINCE MAR 1      7.68                     11.30  -3.62    12.70
  SINCE JAN 1     19.63                     20.56  -0.93    22.79

SNOWFALL (IN)
  YESTERDAY        0.0
  MONTH TO DATE    0.0
  SINCE NOV 1      2.0
  SINCE JUL 1      2.0
  SNOW DEPTH       0

DEGREE DAYS
 HEATING
  YESTERDAY        0                         1     -1        0
  MONTH TO DATE   56                        46     10        9
  SINCE MAR 1    633                       656    -23      701
  SINCE JUL 1   2806                      2580    226     2534

 COOLING
  YESTERDAY        3                         5     -2        3
  MONTH TO DATE   78                        80     -2      160
  SINCE MAR 1     95                       108    -13      187
  SINCE JAN 1     97                       108    -11      187
..................................................................


WIND (MPH)
  HIGHEST WIND SPEED    14   HIGHEST WIND DIRECTION     S (190)
  HIGHEST GUST SPEED    17   HIGHEST GUST DIRECTION     S (180)
  AVERAGE WIND SPEED     7.8


SKY COVER
  POSSIBLE SUNSHINE  MM
  AVERAGE SKY COVER 0.0


WEATHER CONDITIONS
 THE FOLLOWING WEATHER WAS RECORDED YESTERDAY.
  NO SIGNIFICANT WEATHER WAS OBSERVED.


RELATIVE HUMIDITY (PERCENT)
 HIGHEST    93           200 AM
 LOWEST     48          1100 AM
 AVERAGE    71

..........................................................


THE CAPE HATTERAS NC CLIMATE NORMALS FOR TODAY
                         NORMAL    RECORD    YEAR
 MAXIMUM TEMPERATURE (F)   76        88      1962
 MINIMUM TEMPERATURE (F)   63        45      1967


SUNRISE AND SUNSET
MAY 26 2015...........SUNRISE   552 AM EDT   SUNSET   808 PM EDT
MAY 27 2015...........SUNRISE   551 AM EDT   SUNSET   808 PM EDT


-  INDICATES NEGATIVE NUMBERS.
R  INDICATES RECORD WAS SET OR TIED.
MM INDICATES DATA IS MISSING.
T  INDICATES TRACE AMOUNT.




$$
