000
CDUS42 KMHX 030632
CLIHSE


CLIMATE REPORT
NATIONAL WEATHER SERVICE NEWPORT/MOREHEAD CITY NC
231 AM EDT FRI JUL 3 2015


...................................

...THE CAPE HATTERAS NC CLIMATE SUMMARY FOR JULY 2 2015...

CLIMATE NORMAL PERIOD 1981 TO 2010
CLIMATE RECORD PERIOD 1874 TO 2015


WEATHER ITEM   OBSERVED TIME   RECORD YEAR NORMAL DEPARTURE LAST
                VALUE   (LST)  VALUE       VALUE  FROM      YEAR
                                                  NORMAL
..................................................................
TEMPERATURE (F)
 YESTERDAY
  MAXIMUM         85    217 PM  90    2014  84      1       MM
                                      1932
  MINIMUM         78   1159 PM  56    1988  73      5       MM
  AVERAGE         82                        78      4       MM

PRECIPITATION (IN)
  YESTERDAY        T             1.89 1931   0.14  -0.14     0.00
  MONTH TO DATE    0.15                      0.29  -0.14     0.00
  SINCE JUN 1      5.88                      4.32   1.56     1.71
  SINCE JAN 1     25.51                     25.56  -0.05    24.50

SNOWFALL (IN)
  YESTERDAY        0.0
  MONTH TO DATE    0.0
  SINCE NOV 1      2.0
  SINCE JUL 1      0.0
  SNOW DEPTH       0

DEGREE DAYS
 HEATING
  YESTERDAY        0                         0      0       MM
  MONTH TO DATE    0                         0      0       MM
  SINCE JUN 1      0                         3     -3        0
  SINCE JUL 1      0                         0      0       MM

 COOLING
  YESTERDAY       17                        13      4       MM
  MONTH TO DATE   29                        26      3       MM
  SINCE JUN 1    457                       334    123      275
  SINCE JAN 1    624                       477    147      511
..................................................................


WIND (MPH)
  HIGHEST WIND SPEED    21   HIGHEST WIND DIRECTION    SW (230)
  HIGHEST GUST SPEED    30   HIGHEST GUST DIRECTION    SW (230)
  AVERAGE WIND SPEED    12.0


SKY COVER
  POSSIBLE SUNSHINE  MM
  AVERAGE SKY COVER 0.1


WEATHER CONDITIONS
 THE FOLLOWING WEATHER WAS RECORDED YESTERDAY.
  LIGHT RAIN


RELATIVE HUMIDITY (PERCENT)
 HIGHEST    91          1200 AM
 LOWEST     74           200 PM
 AVERAGE    83

..........................................................


THE CAPE HATTERAS NC CLIMATE NORMALS FOR TODAY
                         NORMAL    RECORD    YEAR
 MAXIMUM TEMPERATURE (F)   84        93      2014
 MINIMUM TEMPERATURE (F)   73        60      1988
                                             1957


SUNRISE AND SUNSET
JULY  3 2015..........SUNRISE   552 AM EDT   SUNSET   821 PM EDT
JULY  4 2015..........SUNRISE   553 AM EDT   SUNSET   821 PM EDT


-  INDICATES NEGATIVE NUMBERS.
R  INDICATES RECORD WAS SET OR TIED.
MM INDICATES DATA IS MISSING.
T  INDICATES TRACE AMOUNT.




$$
