000
CDUS43 KGID 250632
CLIHSI


CLIMATE REPORT
NATIONAL WEATHER SERVICE HASTINGS NE
132 AM CDT FRI JUL 25 2014


...................................

...THE HASTINGS NE CLIMATE SUMMARY FOR JULY 24 2014...

CLIMATE NORMAL PERIOD 1981 TO 2010
CLIMATE RECORD PERIOD 1894 TO 2014


WEATHER ITEM   OBSERVED TIME   RECORD YEAR NORMAL DEPARTURE LAST
                VALUE   (LST)  VALUE       VALUE  FROM      YEAR
                                                  NORMAL
..................................................................
TEMPERATURE (F)
 YESTERDAY
  MAXIMUM         91    556 PM 116    1936  88      3       85
  MINIMUM         66    607 AM  53    1911  67     -1       59
  AVERAGE         79                        77      2       72

PRECIPITATION (IN)
  YESTERDAY        0.00          1.66 1993   0.10  -0.10     0.00
  MONTH TO DATE    1.45                      3.02  -1.57     0.97
  SINCE JUN 1     10.14                      6.82   3.32     2.21
  SINCE JAN 1     17.08                     16.64   0.44    14.01

SNOWFALL (IN)
  YESTERDAY        0.0                       0.0    0.0      0.0
  MONTH TO DATE    0.0                       0.0    0.0      0.0
  SINCE JUN 1      0.0                       0.0    0.0      0.0
  SINCE JUL 1      0.0                       0.0    0.0      0.0
  SNOW DEPTH       0

DEGREE DAYS
 HEATING
  YESTERDAY        0                         0      0        0
  MONTH TO DATE    6                         0      6        0
  SINCE JUN 1     14                        21     -7       27
  SINCE JUL 1      6                         0      6        0

 COOLING
  YESTERDAY       14                        12      2        7
  MONTH TO DATE  211                       291    -80      312
  SINCE JUN 1    442                       516    -74      548
  SINCE JAN 1    560                       575    -15      622
..................................................................


WIND (MPH)
  HIGHEST WIND SPEED    24   HIGHEST WIND DIRECTION     S (160)
  HIGHEST GUST SPEED    32   HIGHEST GUST DIRECTION     S (160)
  AVERAGE WIND SPEED    14.2


SKY COVER
  AVERAGE SKY COVER 0.0


WEATHER CONDITIONS
 THE FOLLOWING WEATHER WAS RECORDED YESTERDAY.
  NO SIGNIFICANT WEATHER WAS OBSERVED.


RELATIVE HUMIDITY (PERCENT)
 HIGHEST    78           400 AM
 LOWEST     38           600 PM
 AVERAGE    58

..........................................................


THE HASTINGS NE CLIMATE NORMALS FOR TODAY
                         NORMAL    RECORD    YEAR
 MAXIMUM TEMPERATURE (F)   88       112      1936
 MINIMUM TEMPERATURE (F)   67        52      1911


SUNRISE AND SUNSET
JULY 25 2014..........SUNRISE   624 AM CDT   SUNSET   856 PM CDT
JULY 26 2014..........SUNRISE   625 AM CDT   SUNSET   855 PM CDT


-  INDICATES NEGATIVE NUMBERS.
R  INDICATES RECORD WAS SET OR TIED.
MM INDICATES DATA IS MISSING.
T  INDICATES TRACE AMOUNT.




$$
