000
CDUS43 KGID 302225
CLIHSI


CLIMATE REPORT
NATIONAL WEATHER SERVICE HASTINGS NE
525 PM CDT FRI SEP 30 2016


...................................

...THE HASTINGS NE CLIMATE SUMMARY FOR SEPTEMBER 30 2016...
VALID TODAY AS OF 0500 PM LOCAL TIME.

CLIMATE NORMAL PERIOD 1981 TO 2010
CLIMATE RECORD PERIOD 1894 TO 2016


WEATHER ITEM   OBSERVED TIME   RECORD YEAR NORMAL DEPARTURE LAST
                VALUE   (LST)  VALUE       VALUE  FROM      YEAR
                                                  NORMAL
..................................................................
TEMPERATURE (F)
 TODAY
  MAXIMUM         72    246 PM  94    1952  72      0       74
  MINIMUM         41    636 AM  28    1920  48     -7       47
                                      1912
  AVERAGE         57                        60     -3       61

PRECIPITATION (IN)
  TODAY            0.00          1.50 1919   0.07  -0.07     0.00
  MONTH TO DATE    1.80                      2.56  -0.76     1.12
  SINCE SEP 1      1.80                      2.56  -0.76     1.12
  SINCE JAN 1     18.37                     23.22  -4.85    24.17

SNOWFALL (IN)
  TODAY            0.0          MM      MM   0.0    0.0      0.0
  MONTH TO DATE    0.0                       0.2   -0.2      0.0
  SINCE SEP 1      0.0                       0.2   -0.2      0.0
  SINCE JUL 1      0.0                       0.2   -0.2      0.0
  SNOW DEPTH       0

DEGREE DAYS
 HEATING
  TODAY            8                         7      1        4
  MONTH TO DATE   63                        89    -26       19
  SINCE SEP 1     63                        90    -27       19
  SINCE JUL 1     67                        96    -29       34

 COOLING
  TODAY            0                         2     -2        0
  MONTH TO DATE  138                       110     28      226
  SINCE SEP 1    138                       110     28      226
  SINCE JAN 1   1186                      1063    123     1069
..................................................................


WIND (MPH)
  HIGHEST WIND SPEED    12   HIGHEST WIND DIRECTION    SE (150)
  HIGHEST GUST SPEED    20   HIGHEST GUST DIRECTION    SE (140)
  AVERAGE WIND SPEED     2.9


SKY COVER
  AVERAGE SKY COVER 0.0


WEATHER CONDITIONS
 THE FOLLOWING WEATHER WAS RECORDED TODAY.
  NO SIGNIFICANT WEATHER WAS OBSERVED.


RELATIVE HUMIDITY (PERCENT)
 HIGHEST    89           700 AM
 LOWEST     33           200 PM
 AVERAGE    61

..........................................................


THE HASTINGS NE CLIMATE NORMALS FOR TOMORROW
                         NORMAL    RECORD    YEAR
 MAXIMUM TEMPERATURE (F)   71        92      2006
                                             1963
                                             1924
 MINIMUM TEMPERATURE (F)   48        27      1985


SUNRISE AND SUNSET
SEPTEMBER 30 2016.....SUNRISE   730 AM CDT   SUNSET   717 PM CDT
OCTOBER  1 2016.......SUNRISE   731 AM CDT   SUNSET   715 PM CDT


-  INDICATES NEGATIVE NUMBERS.
R  INDICATES RECORD WAS SET OR TIED.
MM INDICATES DATA IS MISSING.
T  INDICATES TRACE AMOUNT.




$$
