106
CDUS43 KGID 220623
CLIHSI


CLIMATE REPORT
NATIONAL WEATHER SERVICE HASTINGS NE
1222 AM CST WED NOV 22 2017


...................................

...THE HASTINGS NE CLIMATE SUMMARY FOR NOVEMBER 21 2017...

CLIMATE NORMAL PERIOD 1981 TO 2010
CLIMATE RECORD PERIOD 1894 TO 2017


WEATHER ITEM   OBSERVED TIME   RECORD YEAR NORMAL DEPARTURE LAST
                VALUE   (LST)  VALUE       VALUE  FROM      YEAR
                                                  NORMAL
..................................................................
TEMPERATURE (F)
 YESTERDAY
  MAXIMUM         44    426 AM  72    2012  46     -2       47
                                      1933
  MINIMUM         13   1152 PM  -1    1964  26    -13       25
  AVERAGE         29                        36     -7       36

PRECIPITATION (IN)
  YESTERDAY        0.00          0.50 1919   0.04  -0.04     0.01
  MONTH TO DATE    0.08                      1.03  -0.95     1.02
  SINCE SEP 1      6.95                      5.58   1.37     3.04
  SINCE JAN 1     30.39                     26.24   4.15    19.61

SNOWFALL (IN)
  YESTERDAY        0.0           3.0  1973   0.1   -0.1      0.0
  MONTH TO DATE    0.0                       1.4   -1.4      0.1
  SINCE SEP 1      0.2                       2.6   -2.4      0.1
  SINCE JUL 1      0.2                       2.6   -2.4      0.1
  SNOW DEPTH       0

DEGREE DAYS
 HEATING
  YESTERDAY       36                        29      7       29
  MONTH TO DATE  544                       507     37      338
  SINCE SEP 1    969                       994    -25      631
  SINCE JUL 1    973                      1000    -27      635

 COOLING
  YESTERDAY        0                         0      0        0
  MONTH TO DATE    0                         0      0        0
  SINCE SEP 1    172                       124     48      147
  SINCE JAN 1   1129                      1077     52     1195
..................................................................


WIND (MPH)
  HIGHEST WIND SPEED    37   HIGHEST WIND DIRECTION     N (350)
  HIGHEST GUST SPEED    53   HIGHEST GUST DIRECTION     N (340)
  AVERAGE WIND SPEED    14.6


SKY COVER
  AVERAGE SKY COVER 0.2


WEATHER CONDITIONS
 THE FOLLOWING WEATHER WAS RECORDED YESTERDAY.
  NO SIGNIFICANT WEATHER WAS OBSERVED.


RELATIVE HUMIDITY (PERCENT)
 HIGHEST    76          1000 PM
 LOWEST     27           200 PM
 AVERAGE    52

..........................................................


THE HASTINGS NE CLIMATE NORMALS FOR TODAY
                         NORMAL    RECORD    YEAR
 MAXIMUM TEMPERATURE (F)   46        71      2006
 MINIMUM TEMPERATURE (F)   25        -4      1929


SUNRISE AND SUNSET
NOVEMBER 22 2017......SUNRISE   729 AM CST   SUNSET   511 PM CST
NOVEMBER 23 2017......SUNRISE   730 AM CST   SUNSET   510 PM CST


-  INDICATES NEGATIVE NUMBERS.
R  INDICATES RECORD WAS SET OR TIED.
MM INDICATES DATA IS MISSING.
T  INDICATES TRACE AMOUNT.




$$
