000
CDUS43 KGID 020630
CLIHSI


CLIMATE REPORT
NATIONAL WEATHER SERVICE HASTINGS NE
1228 AM CST MON MAR 2 2015


...................................

...THE HASTINGS NE CLIMATE SUMMARY FOR MARCH 1 2015...

CLIMATE NORMAL PERIOD 1981 TO 2010
CLIMATE RECORD PERIOD 1894 TO 2015


WEATHER ITEM   OBSERVED TIME   RECORD YEAR NORMAL DEPARTURE LAST
                VALUE   (LST)  VALUE       VALUE  FROM      YEAR
                                                  NORMAL
..................................................................
TEMPERATURE (F)
 YESTERDAY
  MAXIMUM         40    442 PM  80    1967  45     -5       18
  MINIMUM         12    735 AM  -9    1980  24    -12        0
  AVERAGE         26                        34     -8        9

PRECIPITATION (IN)
  YESTERDAY        0.00          0.48 2002   0.03  -0.03      T
  MONTH TO DATE    0.00                      0.03  -0.03      T
  SINCE MAR 1      0.00                      0.03  -0.03      T
  SINCE JAN 1      1.11                      0.93   0.18     0.71

SNOWFALL (IN)
  YESTERDAY        0.0           9.6  2002   0.2   -0.2       T
  MONTH TO DATE    0.0                       0.2   -0.2       T
  SINCE MAR 1      0.0                       0.2   -0.2       T
  SINCE JUL 1     16.2                      22.6   -6.4     18.3
  SNOW DEPTH       0

DEGREE DAYS
 HEATING
  YESTERDAY       39                        31      8       56
  MONTH TO DATE   39                        31      8       56
  SINCE MAR 1     39                        31      8       56
  SINCE JUL 1   4662                      4661      1     4936

 COOLING
  YESTERDAY        0                         0      0        0
  MONTH TO DATE    0                         0      0        0
  SINCE MAR 1      0                         0      0        0
  SINCE JAN 1      0                         0      0        0
..................................................................


WIND (MPH)
  HIGHEST WIND SPEED    13   HIGHEST WIND DIRECTION     N (350)
  HIGHEST GUST SPEED    20   HIGHEST GUST DIRECTION     N (10)
  AVERAGE WIND SPEED     4.9


SKY COVER
  AVERAGE SKY COVER 0.2


WEATHER CONDITIONS
 THE FOLLOWING WEATHER WAS RECORDED YESTERDAY.
  FOG


RELATIVE HUMIDITY (PERCENT)
 HIGHEST    92           600 AM
 LOWEST     30           300 PM
 AVERAGE    61

..........................................................


THE HASTINGS NE CLIMATE NORMALS FOR TODAY
                         NORMAL    RECORD    YEAR
 MAXIMUM TEMPERATURE (F)   45        79      1992
 MINIMUM TEMPERATURE (F)   24        -5      2014
                                             1913


SUNRISE AND SUNSET
MARCH  2 2015.........SUNRISE   706 AM CST   SUNSET   626 PM CST
MARCH  3 2015.........SUNRISE   705 AM CST   SUNSET   627 PM CST


-  INDICATES NEGATIVE NUMBERS.
R  INDICATES RECORD WAS SET OR TIED.
MM INDICATES DATA IS MISSING.
T  INDICATES TRACE AMOUNT.




$$

BRYANT
