000
CDUS43 KGID 210630
CLIHSI


CLIMATE REPORT
NATIONAL WEATHER SERVICE HASTINGS NE
129 AM CDT SUN SEP 21 2014


...................................

...THE HASTINGS NE CLIMATE SUMMARY FOR SEPTEMBER 20 2014...

CLIMATE NORMAL PERIOD 1981 TO 2010
CLIMATE RECORD PERIOD 1894 TO 2014


WEATHER ITEM   OBSERVED TIME   RECORD YEAR NORMAL DEPARTURE LAST
                VALUE   (LST)  VALUE       VALUE  FROM      YEAR
                                                  NORMAL
..................................................................
TEMPERATURE (F)
 YESTERDAY
  MAXIMUM         86    318 PM  96    1940  76     10       73
  MINIMUM         58   1159 PM  32    1991  52      6       46
                                      1983
  AVERAGE         72                        64      8       60

PRECIPITATION (IN)
  YESTERDAY        0.00          1.26 1950   0.08  -0.08     0.00
  MONTH TO DATE    1.34                      1.77  -0.43     0.68
  SINCE SEP 1      1.34                      1.77  -0.43     0.68
  SINCE JAN 1     26.24                     22.43   3.81    18.74

SNOWFALL (IN)
  YESTERDAY        0.0                       0.0    0.0      0.0
  MONTH TO DATE    0.0                       0.1   -0.1      0.0
  SINCE SEP 1      0.0                       0.1   -0.1      0.0
  SINCE JUL 1      0.0                       0.1   -0.1      0.0
  SNOW DEPTH       0

DEGREE DAYS
 HEATING
  YESTERDAY        0                         4     -4        5
  MONTH TO DATE   98                        37     61       15
  SINCE SEP 1     98                        37     61       15
  SINCE JUL 1    104                        43     61       21

 COOLING
  YESTERDAY        7                         3      4        0
  MONTH TO DATE   62                        91    -29      158
  SINCE SEP 1     62                        91    -29      158
  SINCE JAN 1    982                      1044    -62     1116
..................................................................


WIND (MPH)
  HIGHEST WIND SPEED    18   HIGHEST WIND DIRECTION    NE (40)
  HIGHEST GUST SPEED    24   HIGHEST GUST DIRECTION    NE (40)
  AVERAGE WIND SPEED     7.1


SKY COVER
  AVERAGE SKY COVER 0.0


WEATHER CONDITIONS
 THE FOLLOWING WEATHER WAS RECORDED YESTERDAY.
  HAZE


RELATIVE HUMIDITY (PERCENT)
 HIGHEST    78           500 AM
 LOWEST     27           300 PM
 AVERAGE    53

..........................................................


THE HASTINGS NE CLIMATE NORMALS FOR TODAY
                         NORMAL    RECORD    YEAR
 MAXIMUM TEMPERATURE (F)   75        98      2005
 MINIMUM TEMPERATURE (F)   52        28      1995


SUNRISE AND SUNSET
SEPTEMBER 21 2014.....SUNRISE   720 AM CDT   SUNSET   732 PM CDT
SEPTEMBER 22 2014.....SUNRISE   721 AM CDT   SUNSET   731 PM CDT


-  INDICATES NEGATIVE NUMBERS.
R  INDICATES RECORD WAS SET OR TIED.
MM INDICATES DATA IS MISSING.
T  INDICATES TRACE AMOUNT.




$$
