000
CDUS43 KGID 022228
CLIHSI


CLIMATE REPORT
NATIONAL WEATHER SERVICE HASTINGS NE
528 PM CDT MON MAY 2 2016


...................................

...THE HASTINGS NE CLIMATE SUMMARY FOR MAY 2 2016...
VALID TODAY AS OF 0500 PM LOCAL TIME.

CLIMATE NORMAL PERIOD 1981 TO 2010
CLIMATE RECORD PERIOD 1894 TO 2016


WEATHER ITEM   OBSERVED TIME   RECORD YEAR NORMAL DEPARTURE LAST
                VALUE   (LST)  VALUE       VALUE  FROM      YEAR
                                                  NORMAL
..................................................................
TEMPERATURE (F)
 TODAY
  MAXIMUM         61    233 PM  93    1955  68     -7       86
  MINIMUM         38    611 AM  24    1909  45     -7       60
  AVERAGE         50                        56     -6       73

PRECIPITATION (IN)
  TODAY            0.00          1.52 1954   0.16  -0.16     0.00
  MONTH TO DATE    0.03                      0.32  -0.29      T
  SINCE MAR 1      6.26                      4.67   1.59     3.75
  SINCE JAN 1      8.18                      5.57   2.61     4.86

SNOWFALL (IN)
  TODAY            0.0           T    2008   0.0    0.0      0.0
                                      2006
                                      1967
  MONTH TO DATE    0.0                       0.0    0.0      0.0
  SINCE MAR 1      2.1                       6.4   -4.3      0.8
  SINCE JUL 1     32.4                      28.8    3.6     17.0
  SNOW DEPTH       0

DEGREE DAYS
 HEATING
  TODAY           15                         9      6        0
  MONTH TO DATE   35                        18     17        0
  SINCE MAR 1    965                      1227   -262      991
  SINCE JUL 1   4875                      5857   -982     5614

 COOLING
  TODAY            0                         0      0        8
  MONTH TO DATE    0                         0      0        9
  SINCE MAR 1      0                         5     -5       13
  SINCE JAN 1      0                         5     -5       13
..................................................................


WIND (MPH)
  HIGHEST WIND SPEED    13   HIGHEST WIND DIRECTION    NW (330)
  HIGHEST GUST SPEED    18   HIGHEST GUST DIRECTION     N (340)
  AVERAGE WIND SPEED     7.2


SKY COVER
  AVERAGE SKY COVER 0.5


WEATHER CONDITIONS
 THE FOLLOWING WEATHER WAS RECORDED TODAY.
  NO SIGNIFICANT WEATHER WAS OBSERVED.


RELATIVE HUMIDITY (PERCENT)
 HIGHEST    89          1200 AM
 LOWEST     46          1000 AM
 AVERAGE    68

..........................................................


THE HASTINGS NE CLIMATE NORMALS FOR TOMORROW
                         NORMAL    RECORD    YEAR
 MAXIMUM TEMPERATURE (F)   68        91      2015
 MINIMUM TEMPERATURE (F)   45        24      1907


SUNRISE AND SUNSET
MAY  2 2016...........SUNRISE   631 AM CDT   SUNSET   831 PM CDT
MAY  3 2016...........SUNRISE   629 AM CDT   SUNSET   832 PM CDT


-  INDICATES NEGATIVE NUMBERS.
R  INDICATES RECORD WAS SET OR TIED.
MM INDICATES DATA IS MISSING.
T  INDICATES TRACE AMOUNT.




$$
