000
CDUS43 KGID 240634
CLIHSI


CLIMATE REPORT
NATIONAL WEATHER SERVICE HASTINGS NE
1232 AM CST FRI FEB 24 2017


...................................

...THE HASTINGS NE CLIMATE SUMMARY FOR FEBRUARY 23 2017...

CLIMATE NORMAL PERIOD 1981 TO 2010
CLIMATE RECORD PERIOD 1894 TO 2017


WEATHER ITEM   OBSERVED TIME   RECORD YEAR NORMAL DEPARTURE LAST
                VALUE   (LST)  VALUE       VALUE  FROM      YEAR
                                                  NORMAL
..................................................................
TEMPERATURE (F)
 YESTERDAY
  MAXIMUM         43   1211 AM  75    1918  42      1       48
  MINIMUM         29   1159 PM  -7    1910  22      7       27
  AVERAGE         36                        32      4       38

PRECIPITATION (IN)
  YESTERDAY        0.07          0.65 1914   0.02   0.05      T
  MONTH TO DATE    0.10                      0.38  -0.28     1.57
  SINCE DEC 1      1.54                      1.40   0.14     4.10
  SINCE JAN 1      0.93                      0.79   0.14     1.92

SNOWFALL (IN)
  YESTERDAY        0.5           9.0  1994   0.2    0.3      0.0
  MONTH TO DATE    1.6                       5.6   -4.0     16.0
  SINCE DEC 1      6.3                      17.7  -11.4     26.1
  SINCE JUL 1      6.4                      21.5  -15.1     30.3
  SNOW DEPTH       0

DEGREE DAYS
 HEATING
  YESTERDAY       29                        33     -4       27
  MONTH TO DATE  569                       822   -253      721
  SINCE DEC 1   2901                      3190   -289     2846
  SINCE JUL 1   3768                      4471   -703     3772

 COOLING
  YESTERDAY        0                         0      0        0
  MONTH TO DATE    0                         0      0        0
  SINCE DEC 1      0                         0      0        0
  SINCE JAN 1      0                         0      0        0
..................................................................


WIND (MPH)
  HIGHEST WIND SPEED    28   HIGHEST WIND DIRECTION    NE (50)
  HIGHEST GUST SPEED    33   HIGHEST GUST DIRECTION    NE (50)
  AVERAGE WIND SPEED    20.3


SKY COVER
  AVERAGE SKY COVER 0.9


WEATHER CONDITIONS
 THE FOLLOWING WEATHER WAS RECORDED YESTERDAY.
  LIGHT RAIN
  LT FREEZING RAIN
  LIGHT SNOW
  FOG


RELATIVE HUMIDITY (PERCENT)
 HIGHEST    96           900 AM
 LOWEST     67          1200 AM
 AVERAGE    82

..........................................................


THE HASTINGS NE CLIMATE NORMALS FOR TODAY
                         NORMAL    RECORD    YEAR
 MAXIMUM TEMPERATURE (F)   43        76      1981
 MINIMUM TEMPERATURE (F)   22       -10      1914


SUNRISE AND SUNSET
FEBRUARY 24 2017......SUNRISE   715 AM CST   SUNSET   620 PM CST
FEBRUARY 25 2017......SUNRISE   713 AM CST   SUNSET   621 PM CST


-  INDICATES NEGATIVE NUMBERS.
R  INDICATES RECORD WAS SET OR TIED.
MM INDICATES DATA IS MISSING.
T  INDICATES TRACE AMOUNT.

$$

KELLEY
