000
CDUS43 KAPX 290530
CLIHTL


CLIMATE REPORT
NATIONAL WEATHER SERVICE GAYLORD MI
129 AM EDT MON MAY 29 2017


...................................

...THE HOUGHTON LAKE MI CLIMATE SUMMARY FOR MAY 28 2017...

CLIMATE NORMAL PERIOD 1981 TO 2010
CLIMATE RECORD PERIOD 1913 TO 2017


WEATHER ITEM   OBSERVED TIME   RECORD YEAR NORMAL DEPARTURE LAST
                VALUE   (LST)  VALUE       VALUE  FROM      YEAR
                                                  NORMAL
..................................................................
TEMPERATURE (F)
 YESTERDAY
  MAXIMUM         72    107 PM  90    1931  70      2       82
  MINIMUM         53   1149 PM  27    2008  45      8       63
                                      1949
  AVERAGE         63                        58      5       73

PRECIPITATION (IN)
  YESTERDAY        0.03          1.16 1945   0.10  -0.07     0.16
  MONTH TO DATE    2.49                      2.52  -0.03     4.07
  SINCE MAR 1     10.39                      6.84   3.55    10.94
  SINCE JAN 1     15.87                      9.56   6.31    14.06

DEGREE DAYS
 HEATING
  YESTERDAY        2                         8     -6        0
  MONTH TO DATE  344                       334     10      307
  SINCE MAR 1   1963                      2123   -160     1990
  SINCE JUL 1   6813                      7995  -1182     6903

 COOLING
  YESTERDAY        0                         1     -1        8
  MONTH TO DATE   13                         9      4       20
  SINCE MAR 1     14                        11      3       20
  SINCE JAN 1     14                        11      3       20
..................................................................


WIND (MPH)
  HIGHEST WIND SPEED    20   HIGHEST WIND DIRECTION     W (280)
  HIGHEST GUST SPEED    26   HIGHEST GUST DIRECTION     W (290)
  AVERAGE WIND SPEED     5.2




RELATIVE HUMIDITY (PERCENT)
 HIGHEST    93
 LOWEST     53
 AVERAGE    73

..........................................................


THE HOUGHTON LAKE MI CLIMATE NORMALS FOR TODAY
                         NORMAL    RECORD    YEAR
 MAXIMUM TEMPERATURE (F)   70        94      1929
 MINIMUM TEMPERATURE (F)   45        27      1949


SUNRISE AND SUNSET
MAY 29 2017...........SUNRISE   559 AM EDT   SUNSET   914 PM EDT
MAY 30 2017...........SUNRISE   559 AM EDT   SUNSET   915 PM EDT


-  INDICATES NEGATIVE NUMBERS.
R  INDICATES RECORD WAS SET OR TIED.
MM INDICATES DATA IS MISSING.
T  INDICATES TRACE AMOUNT.




$$
