000
CDUS43 KAPX 190629
CLIHTL


CLIMATE REPORT...CORRECTED
NATIONAL WEATHER SERVICE GAYLORD MI
125 AM EST FRI JAN 19 2018


...................................

...THE HOUGHTON LAKE MI CLIMATE SUMMARY FOR JANUARY 18 2018...

CLIMATE NORMAL PERIOD 1981 TO 2010
CLIMATE RECORD PERIOD 1913 TO 2018


WEATHER ITEM   OBSERVED TIME   RECORD YEAR NORMAL DEPARTURE LAST
                VALUE   (LST)  VALUE       VALUE  FROM      YEAR
                                                  NORMAL
..................................................................
TEMPERATURE (F)
 YESTERDAY
  MAXIMUM         31    437 PM  54    1996  26      5       38
  MINIMUM         19    813 AM -28    1948   9     10       32
  AVERAGE         25                        18      7       35

PRECIPITATION (IN)
  YESTERDAY        0.00          0.41 1953   0.05  -0.05     0.00
  MONTH TO DATE    0.84                      0.95  -0.11     1.87
  SINCE DEC 1      2.32                      2.60  -0.28     4.09
  SINCE JAN 1      0.84                      0.95  -0.11     1.87

SNOWFALL (IN)
  YESTERDAY        0.0           4.7  2000   0.6   -0.6      0.0
  MONTH TO DATE    2.6                       9.9   -7.3     10.3
  SINCE OCT 1     22.6                      34.9  -12.3     52.5
  SINCE JUL 1     22.6                      34.9  -12.3     52.5
  SNOW DEPTH       3

DEGREE DAYS
 HEATING
  YESTERDAY       40                        47     -7       30
  MONTH TO DATE  914                       837     77      799
  SINCE DEC 1   2312                      2111    201     2041
  SINCE JUL 1   3913                      3994    -81     3361
..................................................................


WIND (MPH)
  HIGHEST WIND SPEED    18   HIGHEST WIND DIRECTION    SW (220)
  HIGHEST GUST SPEED    27   HIGHEST GUST DIRECTION     W (260)
  AVERAGE WIND SPEED    10.3




RELATIVE HUMIDITY (PERCENT)
 HIGHEST    84
 LOWEST     72
 AVERAGE    78

..........................................................


THE HOUGHTON LAKE MI CLIMATE NORMALS FOR TODAY
                         NORMAL    RECORD    YEAR
 MAXIMUM TEMPERATURE (F)   26        47      1973
 MINIMUM TEMPERATURE (F)    9       -22      1994


SUNRISE AND SUNSET
JANUARY 19 2018.......SUNRISE   809 AM EST   SUNSET   531 PM EST
JANUARY 20 2018.......SUNRISE   808 AM EST   SUNSET   532 PM EST


-  INDICATES NEGATIVE NUMBERS.
R  INDICATES RECORD WAS SET OR TIED.
MM INDICATES DATA IS MISSING.
T  INDICATES TRACE AMOUNT.




$$
