000
CDUS43 KAPX 270538
CLIHTL


CLIMATE REPORT
NATIONAL WEATHER SERVICE GAYLORD MI
138 AM EDT FRI MAR 27 2015


...................................

...THE HOUGHTON LAKE MI CLIMATE SUMMARY FOR MARCH 26 2015...

CLIMATE NORMAL PERIOD 1981 TO 2010
CLIMATE RECORD PERIOD 1913 TO 2015


WEATHER ITEM   OBSERVED TIME   RECORD YEAR NORMAL DEPARTURE LAST
                VALUE   (LST)  VALUE       VALUE  FROM      YEAR
                                                  NORMAL
..................................................................
TEMPERATURE (F)
 YESTERDAY
  MAXIMUM         36    139 PM  75    1925  44     -8       27
  MINIMUM         18   1159 PM -12    2014  22     -4      -12
                                      1923
  AVERAGE         27                        33     -6        8

PRECIPITATION (IN)
  YESTERDAY        T             1.10 1963   0.07  -0.07     0.00
  MONTH TO DATE    0.41                      1.50  -1.09     0.58
  SINCE MAR 1      0.41                      1.50  -1.09     0.58
  SINCE JAN 1      2.22                      4.22  -2.00     3.38

SNOWFALL (IN)
  YESTERDAY        T            11.7  1970   0.2   -0.2      0.0
  MONTH TO DATE    1.4                       7.2   -5.8      5.8
  SINCE OCT 1     43.0                      61.7  -18.7     58.1
  SINCE JUL 1     43.0                      61.7  -18.7     58.1
  SNOW DEPTH       0

DEGREE DAYS
 HEATING
  YESTERDAY       38                        32      6       57
  MONTH TO DATE  985                       962     23     1250
  SINCE MAR 1    985                       962     23     1250
  SINCE JUL 1   7352                      6834    518     7698

 COOLING
  YESTERDAY        0                         0      0        0
  MONTH TO DATE    0                         0      0        0
  SINCE MAR 1      0                         0      0        0
  SINCE JAN 1      0                         0      0        0
..................................................................


WIND (MPH)
  HIGHEST WIND SPEED    22   HIGHEST WIND DIRECTION    NW (320)
  HIGHEST GUST SPEED    29   HIGHEST GUST DIRECTION    NW (320)
  AVERAGE WIND SPEED    11.5




RELATIVE HUMIDITY (PERCENT)
 HIGHEST    75
 LOWEST     64
 AVERAGE    70

..........................................................


THE HOUGHTON LAKE MI CLIMATE NORMALS FOR TODAY
                         NORMAL    RECORD    YEAR
 MAXIMUM TEMPERATURE (F)   45        77      1945
 MINIMUM TEMPERATURE (F)   23        -7      1947


SUNRISE AND SUNSET
MARCH 27 2015.........SUNRISE   729 AM EDT   SUNSET   800 PM EDT
MARCH 28 2015.........SUNRISE   728 AM EDT   SUNSET   801 PM EDT


-  INDICATES NEGATIVE NUMBERS.
R  INDICATES RECORD WAS SET OR TIED.
MM INDICATES DATA IS MISSING.
T  INDICATES TRACE AMOUNT.




$$
