465
CDUS43 KAPX 200527
CLIHTL


CLIMATE REPORT
NATIONAL WEATHER SERVICE GAYLORD MI
127 AM EDT WED SEP 20 2017


...................................

...THE HOUGHTON LAKE MI CLIMATE SUMMARY FOR SEPTEMBER 19 2017...

CLIMATE NORMAL PERIOD 1981 TO 2010
CLIMATE RECORD PERIOD 1913 TO 2017


WEATHER ITEM   OBSERVED TIME   RECORD YEAR NORMAL DEPARTURE LAST
                VALUE   (LST)  VALUE       VALUE  FROM      YEAR
                                                  NORMAL
..................................................................
TEMPERATURE (F)
 YESTERDAY
  MAXIMUM         73    420 PM  88    1932  68      5       81
  MINIMUM         45    350 AM  20    1929  44      1       48
  AVERAGE         59                        56      3       65

PRECIPITATION (IN)
  YESTERDAY        0.00          1.43 1997   0.11  -0.11     0.08
  MONTH TO DATE    0.67                      1.95  -1.28     2.04
  SINCE SEP 1      0.67                      1.95  -1.28     2.04
  SINCE JAN 1     26.28                     21.07   5.21    25.65

DEGREE DAYS
 HEATING
  YESTERDAY        6                         9     -3        0
  MONTH TO DATE  128                       126      2       49
  SINCE SEP 1    128                       126      2       49
  SINCE JUL 1    218                       253    -35       82

 COOLING
  YESTERDAY        0                         0      0        0
  MONTH TO DATE   11                        18     -7       46
  SINCE SEP 1     11                        18     -7       46
  SINCE JAN 1    255                       283    -28      455
..................................................................


WIND (MPH)
  HIGHEST WIND SPEED    13   HIGHEST WIND DIRECTION     E (110)
  HIGHEST GUST SPEED    16   HIGHEST GUST DIRECTION    SE (140)
  AVERAGE WIND SPEED     5.9




RELATIVE HUMIDITY (PERCENT)
 HIGHEST   100
 LOWEST     51
 AVERAGE    76

..........................................................


THE HOUGHTON LAKE MI CLIMATE NORMALS FOR TODAY
                         NORMAL    RECORD    YEAR
 MAXIMUM TEMPERATURE (F)   67        86      1998
                                             1940
                                             1931
 MINIMUM TEMPERATURE (F)   44        25      1937
                                             1929


SUNRISE AND SUNSET
SEPTEMBER 20 2017.....SUNRISE   724 AM EDT   SUNSET   739 PM EDT
SEPTEMBER 21 2017.....SUNRISE   725 AM EDT   SUNSET   738 PM EDT


-  INDICATES NEGATIVE NUMBERS.
R  INDICATES RECORD WAS SET OR TIED.
MM INDICATES DATA IS MISSING.
T  INDICATES TRACE AMOUNT.




$$
