000
CDUS43 KAPX 092138
CLIHTL


CLIMATE REPORT
NATIONAL WEATHER SERVICE GAYLORD MI
534 PM EDT WED JUL 9 2014


...................................

...THE HOUGHTON LAKE MI CLIMATE SUMMARY FOR JULY 9 2014...
VALID TODAY AS OF 0500 PM LOCAL TIME.

CLIMATE NORMAL PERIOD 1981 TO 2010
CLIMATE RECORD PERIOD 1913 TO 2014


WEATHER ITEM   OBSERVED TIME   RECORD YEAR NORMAL DEPARTURE LAST
                VALUE   (LST)  VALUE       VALUE  FROM      YEAR
                                                  NORMAL
..................................................................
TEMPERATURE (F)
 TODAY
  MAXIMUM         69    348 PM 105    1936  80    -11       82
  MINIMUM         50    524 AM  34    1942  54     -4       68
  AVERAGE         60                        67     -7       75

PRECIPITATION (IN)
  TODAY            0.00          1.02 1965   0.09  -0.09     0.01
  MONTH TO DATE    0.21                      0.75  -0.54     0.45
  SINCE JUN 1      2.83                      3.85  -1.02     1.74
  SINCE JAN 1     15.31                     13.71   1.60    17.68

DEGREE DAYS
 HEATING
  TODAY            5                         2      3        0
  MONTH TO DATE   22                        18      4        5
  SINCE JUN 1     96                       142    -46      107
  SINCE JUL 1     22                        18      4        5

 COOLING
  TODAY            0                         4     -4       10
  MONTH TO DATE   20                        33    -13       47
  SINCE JUN 1     93                        92      1      126
  SINCE JAN 1    108                       108      0      166
..................................................................


WIND (MPH)
  RESULTANT WIND SPEED   8   RESULTANT WIND DIRECTION   W (290)
  HIGHEST WIND SPEED    14   HIGHEST WIND DIRECTION     W (280)
  HIGHEST GUST SPEED    20   HIGHEST GUST DIRECTION     W (290)
  AVERAGE WIND SPEED     8.7


SKY COVER
  POSSIBLE SUNSHINE  MM
  AVERAGE SKY COVER 0.5


WEATHER CONDITIONS
 THE FOLLOWING WEATHER WAS RECORDED TODAY.
  NO SIGNIFICANT WEATHER WAS OBSERVED.


RELATIVE HUMIDITY (PERCENT)
 HIGHEST    93           400 AM
 LOWEST     49           400 PM
 AVERAGE    71

..........................................................


THE HOUGHTON LAKE MI CLIMATE NORMALS FOR TOMORROW
                         NORMAL    RECORD    YEAR
 MAXIMUM TEMPERATURE (F)   80       106      1936
 MINIMUM TEMPERATURE (F)   54        31      1926


SUNRISE AND SUNSET
JULY  9 2014..........SUNRISE   604 AM EDT   SUNSET   924 PM EDT
JULY 10 2014..........SUNRISE   604 AM EDT   SUNSET   923 PM EDT


-  INDICATES NEGATIVE NUMBERS.
R  INDICATES RECORD WAS SET OR TIED.
MM INDICATES DATA IS MISSING.
T  INDICATES TRACE AMOUNT.




$$
