000
CDUS43 KAPX 240528
CLIHTL


CLIMATE REPORT
NATIONAL WEATHER SERVICE GAYLORD MI
128 AM EDT MON APR 24 2017


...................................

...THE HOUGHTON LAKE MI CLIMATE SUMMARY FOR APRIL 23 2017...

CLIMATE NORMAL PERIOD 1981 TO 2010
CLIMATE RECORD PERIOD 1913 TO 2017


WEATHER ITEM   OBSERVED TIME   RECORD YEAR NORMAL DEPARTURE LAST
                VALUE   (LST)  VALUE       VALUE  FROM      YEAR
                                                  NORMAL
..................................................................
TEMPERATURE (F)
 YESTERDAY
  MAXIMUM         66    329 PM  89    1925  58      8       58
  MINIMUM         34    118 AM  13    1936  34      0       31
  AVERAGE         50                        46      4       45

PRECIPITATION (IN)
  YESTERDAY        0.00          0.54 2013   0.08  -0.08     0.00
  MONTH TO DATE    4.52                      1.93   2.59     1.46
  SINCE MAR 1      7.20                      3.77   3.43     6.19
  SINCE JAN 1     12.68                      6.49   6.19     9.31

SNOWFALL (IN)
  YESTERDAY        0.0           6.0  1963   0.1   -0.1      0.0
  MONTH TO DATE    T                         3.5   -3.5     11.9
  SINCE OCT 1     76.1                      66.3    9.8     58.4
  SINCE JUL 1     76.1                      66.3    9.8     58.4
  SNOW DEPTH       0

DEGREE DAYS
 HEATING
  YESTERDAY       15                        19     -4       20
  MONTH TO DATE  430                       552   -122      609
  SINCE MAR 1   1527                      1665   -138     1537
  SINCE JUL 1   6377                      7537  -1160     6450

 COOLING
  YESTERDAY        0                         0      0        0
  MONTH TO DATE    0                         0      0        0
  SINCE MAR 1      0                         0      0        0
  SINCE JAN 1      0                         0      0        0
..................................................................


WIND (MPH)
  HIGHEST WIND SPEED    15   HIGHEST WIND DIRECTION     W (290)
  HIGHEST GUST SPEED    20   HIGHEST GUST DIRECTION     W (290)
  AVERAGE WIND SPEED     7.7




RELATIVE HUMIDITY (PERCENT)
 HIGHEST    93
 LOWEST     31
 AVERAGE    62

..........................................................


THE HOUGHTON LAKE MI CLIMATE NORMALS FOR TODAY
                         NORMAL    RECORD    YEAR
 MAXIMUM TEMPERATURE (F)   58        85      1960
                                             1942
 MINIMUM TEMPERATURE (F)   34        18      2015


SUNRISE AND SUNSET
APRIL 24 2017.........SUNRISE   640 AM EDT   SUNSET   835 PM EDT
APRIL 25 2017.........SUNRISE   638 AM EDT   SUNSET   836 PM EDT


-  INDICATES NEGATIVE NUMBERS.
R  INDICATES RECORD WAS SET OR TIED.
MM INDICATES DATA IS MISSING.
T  INDICATES TRACE AMOUNT.




$$
