000
CDUS43 KAPX 080531
CLIHTL


CLIMATE REPORT
NATIONAL WEATHER SERVICE GAYLORD MI
1231 AM EST THU DEC 8 2016


...................................

...THE HOUGHTON LAKE MI CLIMATE SUMMARY FOR DECEMBER 7 2016...

CLIMATE NORMAL PERIOD 1981 TO 2010
CLIMATE RECORD PERIOD 1913 TO 2016


WEATHER ITEM   OBSERVED TIME   RECORD YEAR NORMAL DEPARTURE LAST
                VALUE   (LST)  VALUE       VALUE  FROM      YEAR
                                                  NORMAL
..................................................................
TEMPERATURE (F)
 YESTERDAY
  MAXIMUM         33   1225 AM  55    1946  33      0       39
  MINIMUM         25   1155 PM  -8    1936  20      5       31
  AVERAGE         29                        27      2       35

PRECIPITATION (IN)
  YESTERDAY        T             1.05 2004   0.06  -0.06     0.00
  MONTH TO DATE    0.24                      0.44  -0.20     0.09
  SINCE DEC 1      0.24                      0.44  -0.20     0.09
  SINCE JAN 1     31.29                     27.54   3.75    24.65

SNOWFALL (IN)
  YESTERDAY        T             5.2  1949   0.5   -0.5      0.0
  MONTH TO DATE    2.6                       3.5   -0.9       T
  SINCE OCT 1     13.6                      12.6    1.0      2.2
  SINCE JUL 1     13.6                      12.6    1.0      2.2
  SNOW DEPTH       T

DEGREE DAYS
 HEATING
  YESTERDAY       36                        38     -2       30
  MONTH TO DATE  219                       261    -42      205
  SINCE DEC 1    219                       261    -42      205
  SINCE JUL 1   1539                      2144   -605     1684
..................................................................


WIND (MPH)
  HIGHEST WIND SPEED    24   HIGHEST WIND DIRECTION     W (260)
  HIGHEST GUST SPEED    36   HIGHEST GUST DIRECTION     W (250)
  AVERAGE WIND SPEED    17.4




RELATIVE HUMIDITY (PERCENT)
 HIGHEST    69
 LOWEST     63
 AVERAGE    66

..........................................................


THE HOUGHTON LAKE MI CLIMATE NORMALS FOR TODAY
                         NORMAL    RECORD    YEAR
 MAXIMUM TEMPERATURE (F)   33        56      1946
 MINIMUM TEMPERATURE (F)   20        -8      1989


SUNRISE AND SUNSET
DECEMBER  8 2016......SUNRISE   802 AM EST   SUNSET   459 PM EST
DECEMBER  9 2016......SUNRISE   803 AM EST   SUNSET   459 PM EST


-  INDICATES NEGATIVE NUMBERS.
R  INDICATES RECORD WAS SET OR TIED.
MM INDICATES DATA IS MISSING.
T  INDICATES TRACE AMOUNT.




$$
