000
CDUS43 KAPX 280531
CLIHTL


CLIMATE REPORT
NATIONAL WEATHER SERVICE GAYLORD MI
131 AM EDT FRI AUG 28 2015


...................................

...THE HOUGHTON LAKE MI CLIMATE SUMMARY FOR AUGUST 27 2015...

CLIMATE NORMAL PERIOD 1981 TO 2010
CLIMATE RECORD PERIOD 1913 TO 2015


WEATHER ITEM   OBSERVED TIME   RECORD YEAR NORMAL DEPARTURE LAST
                VALUE   (LST)  VALUE       VALUE  FROM      YEAR
                                                  NORMAL
..................................................................
TEMPERATURE (F)
 YESTERDAY
  MAXIMUM         71    428 PM  95    1930  76     -5       72
  MINIMUM         53    635 AM  31    1919  51      2       44
  AVERAGE         62                        63     -1       58

PRECIPITATION (IN)
  YESTERDAY        0.00          0.90 1965   0.10  -0.10     0.00
  MONTH TO DATE    3.11                      2.98   0.13     1.99
  SINCE JUN 1      7.73                      8.84  -1.11     7.28
  SINCE JAN 1     16.35                     18.70  -2.35    19.76

DEGREE DAYS
 HEATING
  YESTERDAY        3                         3      0        7
  MONTH TO DATE   36                        64    -28       40
  SINCE JUN 1    201                       235    -34      218
  SINCE JUL 1     84                       111    -27      144

 COOLING
  YESTERDAY        0                         2     -2        0
  MONTH TO DATE   91                        70     21       47
  SINCE JUN 1    227                       241    -14      167
  SINCE JAN 1    252                       257     -5      182
..................................................................


WIND (MPH)
  HIGHEST WIND SPEED    10   HIGHEST WIND DIRECTION     S (180)
  HIGHEST GUST SPEED    12   HIGHEST GUST DIRECTION     S (170)
  AVERAGE WIND SPEED     4.3




RELATIVE HUMIDITY (PERCENT)
 HIGHEST   100
 LOWEST     57
 AVERAGE    79

..........................................................


THE HOUGHTON LAKE MI CLIMATE NORMALS FOR TODAY
                         NORMAL    RECORD    YEAR
 MAXIMUM TEMPERATURE (F)   75        91      1953
                                             1948
                                             1926
 MINIMUM TEMPERATURE (F)   51        29      1941


SUNRISE AND SUNSET
AUGUST 28 2015........SUNRISE   657 AM EDT   SUNSET   823 PM EDT
AUGUST 29 2015........SUNRISE   658 AM EDT   SUNSET   821 PM EDT


-  INDICATES NEGATIVE NUMBERS.
R  INDICATES RECORD WAS SET OR TIED.
MM INDICATES DATA IS MISSING.
T  INDICATES TRACE AMOUNT.




$$
