286
CDUS43 KAPX 222143
CLIHTL


CLIMATE REPORT
NATIONAL WEATHER SERVICE GAYLORD MI
542 PM EDT SAT JUL 22 2017


...................................

...THE HOUGHTON LAKE MI CLIMATE SUMMARY FOR JULY 22 2017...
VALID TODAY AS OF 0500 PM LOCAL TIME.

CLIMATE NORMAL PERIOD 1981 TO 2010
CLIMATE RECORD PERIOD 1913 TO 2017


WEATHER ITEM   OBSERVED TIME   RECORD YEAR NORMAL DEPARTURE LAST
                VALUE   (LST)  VALUE       VALUE  FROM      YEAR
                                                  NORMAL
..................................................................
TEMPERATURE (F)
 TODAY
  MAXIMUM         75    355 PM  95    1935  80     -5       92
  MINIMUM         67    756 AM  43    1938  55     12       62
                                      1920
  AVERAGE         71                        67      4       77

PRECIPITATION (IN)
  TODAY            0.11          1.89 2010   0.10   0.01     0.00
  MONTH TO DATE    1.55                      1.89  -0.34     2.60
  SINCE JUN 1      6.39                      4.99   1.40     5.36
  SINCE JAN 1     22.30                     14.85   7.45    19.43

DEGREE DAYS
 HEATING
  TODAY            0                         1     -1        0
  MONTH TO DATE    7                        34    -27       27
  SINCE JUN 1     75                       158    -83      132
  SINCE JUL 1      7                        34    -27       27

 COOLING
  TODAY            6                         4      2       12
  MONTH TO DATE   81                        85     -4      109
  SINCE JUN 1    164                       144     20      153
  SINCE JAN 1    178                       160     18      182
..................................................................


WIND (MPH)
  RESULTANT WIND SPEED   3   RESULTANT WIND DIRECTION   E (110)
  HIGHEST WIND SPEED    14   HIGHEST WIND DIRECTION     S (190)
  HIGHEST GUST SPEED    15   HIGHEST GUST DIRECTION     S (190)
  AVERAGE WIND SPEED     5.2


SKY COVER
  POSSIBLE SUNSHINE  MM
  AVERAGE SKY COVER 1.0


WEATHER CONDITIONS
 THE FOLLOWING WEATHER WAS RECORDED TODAY.
  HEAVY RAIN
  RAIN
  LIGHT RAIN
  FOG


RELATIVE HUMIDITY (PERCENT)
 HIGHEST    90          1200 AM
 LOWEST     64           200 PM
 AVERAGE    77

..........................................................


THE HOUGHTON LAKE MI CLIMATE NORMALS FOR TOMORROW
                         NORMAL    RECORD    YEAR
 MAXIMUM TEMPERATURE (F)   80        95      1940
 MINIMUM TEMPERATURE (F)   55        35      1947


SUNRISE AND SUNSET
JULY 22 2017..........SUNRISE   616 AM EDT   SUNSET   914 PM EDT
JULY 23 2017..........SUNRISE   617 AM EDT   SUNSET   913 PM EDT


-  INDICATES NEGATIVE NUMBERS.
R  INDICATES RECORD WAS SET OR TIED.
MM INDICATES DATA IS MISSING.
T  INDICATES TRACE AMOUNT.




$$
