000
CDUS41 KRLX 290719
CLIHTS


CLIMATE REPORT
NATIONAL WEATHER SERVICE CHARLESTON WV
318 AM EDT FRI MAY 29 2015


...................................

...THE HUNTINGTON WV CLIMATE SUMMARY FOR MAY 28 2015...

CLIMATE NORMAL PERIOD 1981 TO 2010
CLIMATE RECORD PERIOD 1897 TO 2015


WEATHER ITEM   OBSERVED TIME   RECORD YEAR NORMAL DEPARTURE LAST
                VALUE   (LST)  VALUE       VALUE  FROM      YEAR
                                                  NORMAL
..................................................................
TEMPERATURE (F)
 YESTERDAY
  MAXIMUM         83    317 PM  95    1941  78      5       85
  MINIMUM         60    516 AM  37    1994  56      4       62
  AVERAGE         72                        67      5       74

PRECIPITATION (IN)
  YESTERDAY        T             3.73 1990   0.16  -0.16      T
  MONTH TO DATE    0.93                      4.21  -3.28     2.55
  SINCE JAN 1     20.27                     17.59   2.68    19.53

SNOWFALL (IN)
  YESTERDAY        0.0
  MONTH TO DATE    0.0
  SINCE SEP 1     36.6
  SNOW DEPTH       0

DEGREE DAYS
 HEATING
  YESTERDAY        0                         2     -2        0
  MONTH TO DATE   64                       108    -44      106
  SINCE MAR 1    966                       995    -29     1056
  SINCE JUL 1   4982                      4496    486     4817

 COOLING
  YESTERDAY        7                         4      3        9
  MONTH TO DATE  126                        68     58       82
  SINCE MAR 1    135                       100     35       96
  SINCE JAN 1    135                       100     35       96
..................................................................


WIND (MPH)
  HIGHEST WIND SPEED     9   HIGHEST WIND DIRECTION     E (110)
  HIGHEST GUST SPEED    11   HIGHEST GUST DIRECTION    SW (210)
  AVERAGE WIND SPEED     1.7


SKY COVER
  POSSIBLE SUNSHINE  MM


WEATHER CONDITIONS
 THE FOLLOWING WEATHER WAS RECORDED YESTERDAY.
  LIGHT RAIN


RELATIVE HUMIDITY (PERCENT)
 HIGHEST   100           500 AM
 LOWEST     54          1200 PM
 AVERAGE    77

..........................................................


THE HUNTINGTON WV CLIMATE NORMALS FOR TODAY
                         NORMAL    RECORD    YEAR
 MAXIMUM TEMPERATURE (F)   78        96      1914
 MINIMUM TEMPERATURE (F)   56        38      1949


SUNRISE AND SUNSET
MAY 29 2015...........SUNRISE   610 AM EDT   SUNSET   846 PM EDT
MAY 30 2015...........SUNRISE   609 AM EDT   SUNSET   847 PM EDT


-  INDICATES NEGATIVE NUMBERS.
R  INDICATES RECORD WAS SET OR TIED.
MM INDICATES DATA IS MISSING.
T  INDICATES TRACE AMOUNT.




$$
