000
CDUS41 KRLX 270818
CLIHTS


CLIMATE REPORT
NATIONAL WEATHER SERVICE CHARLESTON WV
316 AM EST TUE JAN 27 2015


...................................

...THE HUNTINGTON WV CLIMATE SUMMARY FOR JANUARY 26 2015...

CLIMATE NORMAL PERIOD 1981 TO 2010
CLIMATE RECORD PERIOD 1897 TO 2015


WEATHER ITEM   OBSERVED TIME   RECORD YEAR NORMAL DEPARTURE LAST
                VALUE   (LST)  VALUE       VALUE  FROM      YEAR
                                                  NORMAL
..................................................................
TEMPERATURE (F)
 YESTERDAY
  MAXIMUM         40    239 AM  74    1967  43     -3       50
                                      1962
  MINIMUM         23   1159 PM  -2    1948  25     -2       12
  AVERAGE         32                        34     -2       31

PRECIPITATION (IN)
  YESTERDAY        0.05          1.19 1902   0.10  -0.05     0.00
  MONTH TO DATE    2.08                      2.47  -0.39     2.30
  SINCE JAN 1      2.08                      2.47  -0.39     2.30

SNOWFALL (IN)
  YESTERDAY        0.4
  MONTH TO DATE     MM
  SINCE SEP 1       MM
  SNOW DEPTH        MM

DEGREE DAYS
 HEATING
  YESTERDAY       33                        31      2       34
  MONTH TO DATE  848                       812     36      940
  SINCE DEC 1   1641                      1680    -39     1737
  SINCE JUL 1   2720                      2567    153     2688

 COOLING
  YESTERDAY        0                         0      0        0
  MONTH TO DATE    0                         0      0        0
  SINCE DEC 1      0                         1     -1        2
  SINCE JAN 1      0                         0      0        0
..................................................................


WIND (MPH)
  HIGHEST WIND SPEED    16   HIGHEST WIND DIRECTION    NW (330)
  HIGHEST GUST SPEED    24   HIGHEST GUST DIRECTION     N (340)
  AVERAGE WIND SPEED     6.3


SKY COVER
  POSSIBLE SUNSHINE  MM


WEATHER CONDITIONS
 THE FOLLOWING WEATHER WAS RECORDED YESTERDAY.
  LIGHT RAIN
  LIGHT SNOW
  FOG


RELATIVE HUMIDITY (PERCENT)
 HIGHEST   100          1200 AM
 LOWEST     75           700 PM
 AVERAGE    88

..........................................................


THE HUNTINGTON WV CLIMATE NORMALS FOR TODAY
                         NORMAL    RECORD    YEAR
 MAXIMUM TEMPERATURE (F)   43        71      1999
 MINIMUM TEMPERATURE (F)   25        -5      1936


SUNRISE AND SUNSET
JANUARY 27 2015.......SUNRISE   740 AM EST   SUNSET   547 PM EST
JANUARY 28 2015.......SUNRISE   739 AM EST   SUNSET   548 PM EST


-  INDICATES NEGATIVE NUMBERS.
R  INDICATES RECORD WAS SET OR TIED.
MM INDICATES DATA IS MISSING.
T  INDICATES TRACE AMOUNT.




$$
