000
CDUS41 KRLX 252118
CLIHTS


CLIMATE REPORT
NATIONAL WEATHER SERVICE CHARLESTON WV
516 PM EDT SAT OCT 25 2014


...................................

...THE HUNTINGTON WV CLIMATE SUMMARY FOR OCTOBER 25 2014...
VALID TODAY AS OF 0500 PM LOCAL TIME.

CLIMATE NORMAL PERIOD 1981 TO 2010
CLIMATE RECORD PERIOD 1897 TO 2014


WEATHER ITEM   OBSERVED TIME   RECORD YEAR NORMAL DEPARTURE LAST
                VALUE   (LST)  VALUE       VALUE  FROM      YEAR
                                                  NORMAL
..................................................................
TEMPERATURE (F)
 TODAY
  MAXIMUM         67    359 PM  84    1991  65      2       47
  MINIMUM         40    332 AM  27    1999  43     -3       32
                                      1955
                                      1909
  AVERAGE         54                        54      0       40

PRECIPITATION (IN)
  TODAY            0.00          1.26 1926   0.10  -0.10      T
  MONTH TO DATE    3.93                      2.22   1.71     1.82
  SINCE SEP 1      7.19                      5.00   2.19     3.54
  SINCE JAN 1     41.53                     35.25   6.28    35.96

DEGREE DAYS
 HEATING
  TODAY           11                        11      0       25
  MONTH TO DATE  231                       206     25      190
  SINCE SEP 1    285                       262     23      224
  SINCE JUL 1    288                       264     24      228

 COOLING
  TODAY            0                         0      0        0
  MONTH TO DATE   10                        16     -6       47
  SINCE SEP 1    130                       150    -20      180
  SINCE JAN 1    971                      1127   -156     1212
..................................................................


WIND (MPH)
  HIGHEST WIND SPEED    15   HIGHEST WIND DIRECTION    SW (230)
  HIGHEST GUST SPEED    20   HIGHEST GUST DIRECTION    SW (220)
  AVERAGE WIND SPEED     6.3


SKY COVER
  POSSIBLE SUNSHINE  MM
  AVERAGE SKY COVER 0.3


WEATHER CONDITIONS
 THE FOLLOWING WEATHER WAS RECORDED TODAY.
  NO SIGNIFICANT WEATHER WAS OBSERVED.


RELATIVE HUMIDITY (PERCENT)
 HIGHEST   100          1200 AM
 LOWEST     58           300 PM
 AVERAGE    79

..........................................................


THE HUNTINGTON WV CLIMATE NORMALS FOR TOMORROW
                         NORMAL    RECORD    YEAR
 MAXIMUM TEMPERATURE (F)   65        87      1939
 MINIMUM TEMPERATURE (F)   42        21      1962


SUNRISE AND SUNSET
OCTOBER 25 2014.......SUNRISE   749 AM EDT   SUNSET   639 PM EDT
OCTOBER 26 2014.......SUNRISE   750 AM EDT   SUNSET   638 PM EDT


-  INDICATES NEGATIVE NUMBERS.
R  INDICATES RECORD WAS SET OR TIED.
MM INDICATES DATA IS MISSING.
T  INDICATES TRACE AMOUNT.




$$
