000
CDUS41 KRLX 240724
CLIHTS


CLIMATE REPORT
NATIONAL WEATHER SERVICE CHARLESTON WV
322 AM EDT TUE OCT 24 2017


...................................

...THE HUNTINGTON WV CLIMATE SUMMARY FOR OCTOBER 23 2017...

CLIMATE NORMAL PERIOD 1981 TO 2010
CLIMATE RECORD PERIOD 1897 TO 2017


WEATHER ITEM   OBSERVED TIME   RECORD YEAR NORMAL DEPARTURE LAST
                VALUE   (LST)  VALUE       VALUE  FROM      YEAR
                                                  NORMAL
..................................................................
TEMPERATURE (F)
 YESTERDAY
  MAXIMUM         66    142 AM  85    1947  66      0       71
  MINIMUM         54   1159 PM  22    1952  43     11       40
  AVERAGE         60                        54      6       56

PRECIPITATION (IN)
  YESTERDAY        1.12          1.60 2007   0.09   1.03     0.00
  MONTH TO DATE    4.34                      2.03   2.31     2.22
  SINCE JAN 1     40.47                     35.06   5.41    40.16

SNOWFALL (IN)
  YESTERDAY        0.0           0.0  2016   0.0    0.0      0.0
  MONTH TO DATE    0.0                       0.0    0.0      0.0
  SINCE SEP 1      0.0                       0.0    0.0      0.0
  SNOW DEPTH       0

DEGREE DAYS
 HEATING
  YESTERDAY        5                        11     -6        9
  MONTH TO DATE   71                       184   -113       82
  SINCE SEP 1    103                       240   -137       92
  SINCE JUL 1    103                       242   -139       92

 COOLING
  YESTERDAY        0                         0      0        0
  MONTH TO DATE   54                        16     38       53
  SINCE SEP 1    186                       150     36      328
  SINCE JAN 1   1188                      1127     61     1578
..................................................................


WIND (MPH)
  HIGHEST WIND SPEED    23   HIGHEST WIND DIRECTION     W (260)
  HIGHEST GUST SPEED    33   HIGHEST GUST DIRECTION     W (260)
  AVERAGE WIND SPEED     7.7


SKY COVER
  POSSIBLE SUNSHINE  MM
  AVERAGE SKY COVER 0.7


WEATHER CONDITIONS
 THE FOLLOWING WEATHER WAS RECORDED YESTERDAY.
  HEAVY RAIN
  RAIN
  LIGHT RAIN
  FOG


RELATIVE HUMIDITY (PERCENT)
 HIGHEST    93          1100 AM
 LOWEST     63          1200 AM
 AVERAGE    78

..........................................................


THE HUNTINGTON WV CLIMATE NORMALS FOR TODAY
                         NORMAL    RECORD    YEAR
 MAXIMUM TEMPERATURE (F)   66        84      1991
                                             1963
 MINIMUM TEMPERATURE (F)   43        24      1964


SUNRISE AND SUNSET
OCTOBER 24 2017.......SUNRISE   748 AM EDT   SUNSET   640 PM EDT
OCTOBER 25 2017.......SUNRISE   749 AM EDT   SUNSET   639 PM EDT


-  INDICATES NEGATIVE NUMBERS.
R  INDICATES RECORD WAS SET OR TIED.
MM INDICATES DATA IS MISSING.
T  INDICATES TRACE AMOUNT.




$$
