000
CDUS41 KRLX 302115
CLIHTS


CLIMATE REPORT
NATIONAL WEATHER SERVICE CHARLESTON WV
515 PM EDT THU MAR 30 2017


...................................

...THE HUNTINGTON WV CLIMATE SUMMARY FOR MARCH 30 2017...
VALID TODAY AS OF 0500 PM LOCAL TIME.

CLIMATE NORMAL PERIOD 1981 TO 2010
CLIMATE RECORD PERIOD 1897 TO 2017


WEATHER ITEM   OBSERVED TIME   RECORD YEAR NORMAL DEPARTURE LAST
                VALUE   (LST)  VALUE       VALUE  FROM      YEAR
                                                  NORMAL
..................................................................
TEMPERATURE (F)
 TODAY
  MAXIMUM         82    347 PM  87    1892  62     20       76
  MINIMUM         46    637 AM  19    1964  40      6       34
                                      1941
  AVERAGE         64                        51     13       55

PRECIPITATION (IN)
  TODAY            0.00          1.31 1940   0.13  -0.13     0.00
  MONTH TO DATE    3.14                      3.78  -0.64     2.67
  SINCE MAR 1      3.14                      3.78  -0.64     2.67
  SINCE JAN 1      9.94                      9.82   0.12    10.13

DEGREE DAYS
 HEATING
  TODAY            1                        15    -14       10
  MONTH TO DATE  548                       583    -35      375
  SINCE MAR 1    548                       583    -35      375
  SINCE JUL 1   3197                      4084   -887     3410

 COOLING
  TODAY            0                         0      0        0
  MONTH TO DATE    2                         0      2        5
  SINCE MAR 1      2                         0      2        5
  SINCE JAN 1      3                         0      3        5
..................................................................


WIND (MPH)
  HIGHEST WIND SPEED    22   HIGHEST WIND DIRECTION     S (190)
  HIGHEST GUST SPEED    30   HIGHEST GUST DIRECTION    SW (210)
  AVERAGE WIND SPEED     7.5


SKY COVER
  POSSIBLE SUNSHINE  MM
  AVERAGE SKY COVER 0.3


WEATHER CONDITIONS
 THE FOLLOWING WEATHER WAS RECORDED TODAY.
  NO SIGNIFICANT WEATHER WAS OBSERVED.


RELATIVE HUMIDITY (PERCENT)
 HIGHEST    86           600 AM
 LOWEST     34           300 PM
 AVERAGE    60

..........................................................


THE HUNTINGTON WV CLIMATE NORMALS FOR TOMORROW
                         NORMAL    RECORD    YEAR
 MAXIMUM TEMPERATURE (F)   63        85      1986
 MINIMUM TEMPERATURE (F)   40        18      1923


SUNRISE AND SUNSET
MARCH 30 2017.........SUNRISE   718 AM EDT   SUNSET   752 PM EDT
MARCH 31 2017.........SUNRISE   716 AM EDT   SUNSET   753 PM EDT


-  INDICATES NEGATIVE NUMBERS.
R  INDICATES RECORD WAS SET OR TIED.
MM INDICATES DATA IS MISSING.
T  INDICATES TRACE AMOUNT.




$$
