000
CDUS41 KRLX 202221
CLIHTS


CLIMATE REPORT
NATIONAL WEATHER SERVICE CHARLESTON WV
521 PM EST SAT JAN 20 2018


...................................

...THE HUNTINGTON WV CLIMATE SUMMARY FOR JANUARY 20 2018...
VALID TODAY AS OF 0500 PM LOCAL TIME.

CLIMATE NORMAL PERIOD 1981 TO 2010
CLIMATE RECORD PERIOD 1897 TO 2018


WEATHER ITEM   OBSERVED TIME   RECORD YEAR NORMAL DEPARTURE LAST
                VALUE   (LST)  VALUE       VALUE  FROM      YEAR
                                                  NORMAL
..................................................................
TEMPERATURE (F)
 TODAY
  MAXIMUM         53    322 PM  73    1929  42     11       67
  MINIMUM         35   1239 AM -16    1985  25     10       46
  AVERAGE         44                        34     10       57

PRECIPITATION (IN)
  TODAY            0.00          1.44 1979   0.10  -0.10     0.23
  MONTH TO DATE    2.05                      1.91   0.14     3.19
  SINCE DEC 1      4.40                      5.22  -0.82     7.20
  SINCE JAN 1      2.05                      1.91   0.14     3.19

DEGREE DAYS
 HEATING
  TODAY           21                        31    -10        8
  MONTH TO DATE  775                       626    149      474
  SINCE DEC 1   1685                      1494    191     1283
  SINCE JUL 1   2457                      2381     76     1881

 COOLING
  TODAY            0                         0      0        0
  MONTH TO DATE    0                         0      0        0
  SINCE DEC 1      0                         1     -1        0
  SINCE JAN 1      0                         0      0        0
..................................................................


WIND (MPH)
  HIGHEST WIND SPEED    17   HIGHEST WIND DIRECTION    SW (240)
  HIGHEST GUST SPEED    24   HIGHEST GUST DIRECTION    SW (240)
  AVERAGE WIND SPEED     9.4


SKY COVER
  POSSIBLE SUNSHINE  MM
  AVERAGE SKY COVER 0.3


WEATHER CONDITIONS
 THE FOLLOWING WEATHER WAS RECORDED TODAY.
  NO SIGNIFICANT WEATHER WAS OBSERVED.


RELATIVE HUMIDITY (PERCENT)
 HIGHEST    64           800 AM
 LOWEST     38          1200 AM
 AVERAGE    51

..........................................................


THE HUNTINGTON WV CLIMATE NORMALS FOR TOMORROW
                         NORMAL    RECORD    YEAR
 MAXIMUM TEMPERATURE (F)   42        70      1935
 MINIMUM TEMPERATURE (F)   25       -16      1985


SUNRISE AND SUNSET
JANUARY 20 2018.......SUNRISE   744 AM EST   SUNSET   539 PM EST
JANUARY 21 2018.......SUNRISE   743 AM EST   SUNSET   540 PM EST


-  INDICATES NEGATIVE NUMBERS.
R  INDICATES RECORD WAS SET OR TIED.
MM INDICATES DATA IS MISSING.
T  INDICATES TRACE AMOUNT.




$$
