000
CDUS41 KRLX 261132
CLIHTS


CLIMATE REPORT
NATIONAL WEATHER SERVICE CHARLESTON WV
732 AM EDT MON JUN 26 2017


...................................

...THE HUNTINGTON WV CLIMATE SUMMARY FOR JUNE 25 2017...

CLIMATE NORMAL PERIOD 1981 TO 2010
CLIMATE RECORD PERIOD 1897 TO 2017


WEATHER ITEM   OBSERVED TIME   RECORD YEAR NORMAL DEPARTURE LAST
                VALUE   (LST)  VALUE       VALUE  FROM      YEAR
                                                  NORMAL
..................................................................
TEMPERATURE (F)
 YESTERDAY
  MAXIMUM         80    401 PM 101    1921  85     -5       89
  MINIMUM         58    537 AM  49    1979  64     -6       68
  AVERAGE         69                        74     -5       79

PRECIPITATION (IN)
  YESTERDAY        0.00          1.65 1898   0.12  -0.12     0.00
  MONTH TO DATE    4.83                      3.31   1.52     7.24
  SINCE JAN 1     23.04                     21.39   1.65    26.88

SNOWFALL (IN)
  YESTERDAY        0.0
  MONTH TO DATE    0.0
  SINCE SEP 1      5.9
  SNOW DEPTH       0

DEGREE DAYS
 HEATING
  YESTERDAY        0                         0      0        0
  MONTH TO DATE    4                         9     -5        1
  SINCE JUN 1      4                         9     -5        1
  SINCE JUL 1   3446                      4509  -1063     3789

 COOLING
  YESTERDAY        4                         9     -5       14
  MONTH TO DATE  197                       177     20      228
  SINCE JUN 1    197                       177     20      228
  SINCE JAN 1    369                       290     79      368
..................................................................


WIND (MPH)
  HIGHEST WIND SPEED    14   HIGHEST WIND DIRECTION     W (260)
  HIGHEST GUST SPEED    19   HIGHEST GUST DIRECTION     W (260)
  AVERAGE WIND SPEED     5.8


SKY COVER
  POSSIBLE SUNSHINE  MM


WEATHER CONDITIONS
 THE FOLLOWING WEATHER WAS RECORDED YESTERDAY.
  NO SIGNIFICANT WEATHER WAS OBSERVED.


RELATIVE HUMIDITY (PERCENT)
 HIGHEST    93           600 AM
 LOWEST     35           300 PM
 AVERAGE    64

..........................................................


THE HUNTINGTON WV CLIMATE NORMALS FOR TODAY
                         NORMAL    RECORD    YEAR
 MAXIMUM TEMPERATURE (F)   85        99      1954
                                             1921
 MINIMUM TEMPERATURE (F)   64        47      1905


SUNRISE AND SUNSET
JUNE 26 2017..........SUNRISE   608 AM EDT   SUNSET   858 PM EDT
JUNE 27 2017..........SUNRISE   609 AM EDT   SUNSET   858 PM EDT


-  INDICATES NEGATIVE NUMBERS.
R  INDICATES RECORD WAS SET OR TIED.
MM INDICATES DATA IS MISSING.
T  INDICATES TRACE AMOUNT.




$$
