000
CDUS43 KIND 260531
CLIHUF


CLIMATE REPORT
NATIONAL WEATHER SERVICE INDIANAPOLIS IN
131 AM EDT TUE MAY 26 2015


...................................

...THE TERRE HAUTE IN CLIMATE SUMMARY FOR MAY 25 2015...

CLIMATE NORMAL PERIOD 1981 TO 2010
CLIMATE RECORD PERIOD 9999 TO 9999


WEATHER ITEM   OBSERVED TIME   NORMAL DEPARTURE LAST
                VALUE   (LST)  VALUE  FROM      YEAR
                                      NORMAL
......................................................
TEMPERATURE (F)
 YESTERDAY
  MAXIMUM         79    527 PM  77      2       79
  MINIMUM         66   1159 PM  55     11       57
  AVERAGE         73            66      7       68

PRECIPITATION (IN)
  YESTERDAY        0.03          0.20  -0.17     0.00
  MONTH TO DATE    2.47          5.71  -3.24     2.61
  SINCE MAR 1     10.49         13.23  -2.74    10.64
  SINCE JAN 1     13.39         17.52  -4.13    14.67

DEGREE DAYS
 HEATING
  YESTERDAY        0             3     -3        0
  MONTH TO DATE   77           123    -46      126
  SINCE MAR 1   1196          1180     16     1302
  SINCE JUL 1   5830          5343    487     6037

 COOLING
  YESTERDAY        8             3      5        3
  MONTH TO DATE   98            48     50       66
  SINCE MAR 1    104            63     41       72
  SINCE JAN 1    104            63     41       72
......................................................


WIND (MPH)
  HIGHEST WIND SPEED    26   HIGHEST WIND DIRECTION     S (190)
  HIGHEST GUST SPEED    35   HIGHEST GUST DIRECTION     S (180)
  AVERAGE WIND SPEED    13.7


SKY COVER
  AVERAGE SKY COVER 0.6


WEATHER CONDITIONS
 THE FOLLOWING WEATHER WAS RECORDED YESTERDAY.
  LIGHT RAIN
  FOG


RELATIVE HUMIDITY (PERCENT)
 HIGHEST    90           700 AM
 LOWEST     62           300 PM
 AVERAGE    76

..........................................................


THE TERRE HAUTE IN CLIMATE NORMALS FOR TODAY
                         NORMAL
 MAXIMUM TEMPERATURE (F)   77
 MINIMUM TEMPERATURE (F)   55


SUNRISE AND SUNSET
MAY 26 2015...........SUNRISE   627 AM EDT   SUNSET   906 PM EDT
MAY 27 2015...........SUNRISE   627 AM EDT   SUNSET   906 PM EDT


-  INDICATES NEGATIVE NUMBERS.
R  INDICATES RECORD WAS SET OR TIED.
MM INDICATES DATA IS MISSING.
T  INDICATES TRACE AMOUNT.




$$
