000
CDUS43 KIND 240539
CLIHUF


CLIMATE REPORT
NATIONAL WEATHER SERVICE INDIANAPOLIS IN
139 AM EDT THU APR 24 2014


...................................

...THE TERRE HAUTE IN CLIMATE SUMMARY FOR APRIL 23 2014...

CLIMATE NORMAL PERIOD 1981 TO 2010
CLIMATE RECORD PERIOD 9999 TO 9999


WEATHER ITEM   OBSERVED TIME   NORMAL DEPARTURE LAST
                VALUE   (LST)  VALUE  FROM      YEAR
                                      NORMAL
......................................................
TEMPERATURE (F)
 YESTERDAY
  MAXIMUM         63    404 PM  67     -4       63
  MINIMUM         38    634 AM  45     -7       47
  AVERAGE         51            56     -5       55

PRECIPITATION (IN)
  YESTERDAY        0.00          0.16  -0.16     1.27
  MONTH TO DATE    4.69          2.64   2.05     6.42
  SINCE MAR 1      6.44          6.01   0.43     7.95
  SINCE JAN 1     10.47         10.30   0.17    15.60

DEGREE DAYS
 HEATING
  YESTERDAY       14            10      4       10
  MONTH TO DATE  288           305    -17      296
  SINCE MAR 1   1150           996    154     1180
  SINCE JUL 1   5885          5159    726     5101

 COOLING
  YESTERDAY        0             1     -1        0
  MONTH TO DATE    3             9     -6        5
  SINCE MAR 1      3            10     -7        5
  SINCE JAN 1      3            10     -7        5
......................................................


WIND (MPH)
  HIGHEST WIND SPEED    15   HIGHEST WIND DIRECTION     E (100)
  HIGHEST GUST SPEED    20   HIGHEST GUST DIRECTION    NE (40)
  AVERAGE WIND SPEED     5.9


SKY COVER
  AVERAGE SKY COVER 0.1


WEATHER CONDITIONS
 THE FOLLOWING WEATHER WAS RECORDED YESTERDAY.
  NO SIGNIFICANT WEATHER WAS OBSERVED.


RELATIVE HUMIDITY (PERCENT)
 HIGHEST    70           700 AM
 LOWEST     25           400 PM
 AVERAGE    48

..........................................................


THE TERRE HAUTE IN CLIMATE NORMALS FOR TODAY
                         NORMAL
 MAXIMUM TEMPERATURE (F)   67
 MINIMUM TEMPERATURE (F)   45


SUNRISE AND SUNSET
APRIL 24 2014.........SUNRISE   659 AM EDT   SUNSET   836 PM EDT
APRIL 25 2014.........SUNRISE   658 AM EDT   SUNSET   837 PM EDT


-  INDICATES NEGATIVE NUMBERS.
R  INDICATES RECORD WAS SET OR TIED.
MM INDICATES DATA IS MISSING.
T  INDICATES TRACE AMOUNT.




$$
