000
CDUS43 KIND 240534
CLIHUF


CLIMATE REPORT
NATIONAL WEATHER SERVICE INDIANAPOLIS IN
1233 AM EST WED JAN 24 2018


...................................

...THE TERRE HAUTE IN CLIMATE SUMMARY FOR JANUARY 23 2018...

CLIMATE NORMAL PERIOD 1981 TO 2010
CLIMATE RECORD PERIOD 9999 TO 9999


WEATHER ITEM   OBSERVED TIME   NORMAL DEPARTURE LAST
                VALUE   (LST)  VALUE  FROM      YEAR
                                      NORMAL
......................................................
TEMPERATURE (F)
 YESTERDAY
  MAXIMUM         42   1224 AM  36      6       47
  MINIMUM         32   1159 PM  20     12       39
  AVERAGE         37            28      9       43

PRECIPITATION (IN)
  YESTERDAY        0.14          0.05   0.09     0.00
  MONTH TO DATE    1.05          1.93  -0.88     3.48
  SINCE DEC 1      2.02          4.98  -2.96     5.12
  SINCE JAN 1      1.05          1.93  -0.88     3.48

DEGREE DAYS
 HEATING
  YESTERDAY       28            37     -9       22
  MONTH TO DATE 1010           851    159      673
  SINCE DEC 1   2059          1884    175     1743
  SINCE JUL 1   2996          2962     34     2469

 COOLING
  YESTERDAY        0             0      0        0
  MONTH TO DATE    0             0      0        0
  SINCE DEC 1      0             0      0        0
  SINCE JAN 1      0             0      0        0
......................................................


WIND (MPH)
  HIGHEST WIND SPEED    24   HIGHEST WIND DIRECTION     W (250)
  HIGHEST GUST SPEED    28   HIGHEST GUST DIRECTION     W (250)
  AVERAGE WIND SPEED    11.0


SKY COVER
  AVERAGE SKY COVER 1.0


WEATHER CONDITIONS
 THE FOLLOWING WEATHER WAS RECORDED YESTERDAY.
  LIGHT RAIN
  LT FREEZING RAIN
  LIGHT SNOW
  FOG
  HAZE


RELATIVE HUMIDITY (PERCENT)
 HIGHEST    92          1000 AM
 LOWEST     73          1200 AM
 AVERAGE    83

..........................................................


THE TERRE HAUTE IN CLIMATE NORMALS FOR TODAY
                         NORMAL
 MAXIMUM TEMPERATURE (F)   36
 MINIMUM TEMPERATURE (F)   20


SUNRISE AND SUNSET
JANUARY 24 2018.......SUNRISE   803 AM EST   SUNSET   600 PM EST
JANUARY 25 2018.......SUNRISE   802 AM EST   SUNSET   601 PM EST


-  INDICATES NEGATIVE NUMBERS.
R  INDICATES RECORD WAS SET OR TIED.
MM INDICATES DATA IS MISSING.
T  INDICATES TRACE AMOUNT.




$$
