000
CDUS43 KIND 170533
CLIHUF


CLIMATE REPORT
NATIONAL WEATHER SERVICE INDIANAPOLIS IN
133 AM EDT THU AUG 17 2017


...................................

...THE TERRE HAUTE IN CLIMATE SUMMARY FOR AUGUST 16 2017...

CLIMATE NORMAL PERIOD 1981 TO 2010
CLIMATE RECORD PERIOD 9999 TO 9999


WEATHER ITEM   OBSERVED TIME   NORMAL DEPARTURE LAST
                VALUE   (LST)  VALUE  FROM      YEAR
                                      NORMAL
......................................................
TEMPERATURE (F)
 YESTERDAY
  MAXIMUM         86    517 PM  84      2       82
  MINIMUM         64    522 AM  62      2       70
  AVERAGE         75            73      2       76

PRECIPITATION (IN)
  YESTERDAY        0.05          0.09  -0.04     0.30
  MONTH TO DATE    1.72          1.60   0.12     0.62
  SINCE JUN 1     12.27         10.83   1.44    12.43
  SINCE JAN 1     35.19         29.27   5.92    26.21

DEGREE DAYS
 HEATING
  YESTERDAY        0             0      0        0
  MONTH TO DATE    0             0      0        0
  SINCE JUN 1      6            14     -8        5
  SINCE JUL 1      0             1     -1        4

 COOLING
  YESTERDAY       10             8      2       11
  MONTH TO DATE   97           138    -41      207
  SINCE JUN 1    695           684     11      879
  SINCE JAN 1    811           770     41      967
......................................................


WIND (MPH)
  HIGHEST WIND SPEED    16   HIGHEST WIND DIRECTION     S (190)
  HIGHEST GUST SPEED    21   HIGHEST GUST DIRECTION     S (200)
  AVERAGE WIND SPEED     5.1


SKY COVER
  AVERAGE SKY COVER 0.2


WEATHER CONDITIONS
 THE FOLLOWING WEATHER WAS RECORDED YESTERDAY.
  LIGHT RAIN
  FOG
  FOG W/VISIBILITY <= 1/4 MILE


RELATIVE HUMIDITY (PERCENT)
 HIGHEST   100           700 AM
 LOWEST     65           200 PM
 AVERAGE    83

..........................................................


THE TERRE HAUTE IN CLIMATE NORMALS FOR TODAY
                         NORMAL
 MAXIMUM TEMPERATURE (F)   84
 MINIMUM TEMPERATURE (F)   62


SUNRISE AND SUNSET
AUGUST 17 2017........SUNRISE   704 AM EDT   SUNSET   842 PM EDT
AUGUST 18 2017........SUNRISE   705 AM EDT   SUNSET   840 PM EDT


-  INDICATES NEGATIVE NUMBERS.
R  INDICATES RECORD WAS SET OR TIED.
MM INDICATES DATA IS MISSING.
T  INDICATES TRACE AMOUNT.




$$
