000
CDUS41 KCAR 280530
CLIHUL


CLIMATE REPORT
NATIONAL WEATHER SERVICE CARIBOU, ME
129 AM EDT WED SEP 28 2016


...................................

...THE HOULTON ME CLIMATE SUMMARY FOR SEPTEMBER 27 2016...

CLIMATE NORMAL PERIOD 1981 TO 2010
CLIMATE RECORD PERIOD 1948 TO 2016


WEATHER ITEM   OBSERVED TIME   RECORD YEAR NORMAL DEPARTURE LAST
                VALUE   (LST)  VALUE       VALUE  FROM      YEAR
                                                  NORMAL
..................................................................
TEMPERATURE (F)
 YESTERDAY
  MAXIMUM         56    317 PM  77    2014  62     -6       69
  MINIMUM         43    207 AM  23    1971  39      4       38
  AVERAGE         50                        50      0       54

PRECIPITATION (IN)
  YESTERDAY        T             1.27 1976   0.12  -0.12     0.00
  MONTH TO DATE    0.99                      3.02  -2.03     3.11
  SINCE SEP 1      0.99                      3.02  -2.03     3.11
  SINCE JAN 1     27.85                     28.64  -0.79    21.87

SNOWFALL (IN)
  YESTERDAY       MM             0.0  2003   0.0   MM       MM
  MONTH TO DATE   MM                         0.1   MM       MM
  SINCE SEP 1     MM                         0.1   MM       MM
  SINCE JUL 1     MM                         0.1   MM       MM
  SNOW DEPTH      MM

DEGREE DAYS
 HEATING
  YESTERDAY       15                        15      0       11
  MONTH TO DATE  189                       266    -77      154
  SINCE SEP 1    189                       266    -77      154
  SINCE JUL 1    283                       422   -139      241

 COOLING
  YESTERDAY        0                         0      0        0
  MONTH TO DATE   23                        12     11       46
  SINCE SEP 1     23                        12     11       46
  SINCE JAN 1    229                       190     39      236
..................................................................


WIND (MPH)
  HIGHEST WIND SPEED    15   HIGHEST WIND DIRECTION     E (80)
  HIGHEST GUST SPEED    21   HIGHEST GUST DIRECTION    NE (60)
  AVERAGE WIND SPEED     4.8


SKY COVER
  POSSIBLE SUNSHINE  MM
  AVERAGE SKY COVER 0.7


WEATHER CONDITIONS
 THE FOLLOWING WEATHER WAS RECORDED YESTERDAY.
  LIGHT RAIN


RELATIVE HUMIDITY (PERCENT)
 HIGHEST    96           200 AM
 LOWEST     71           400 PM
 AVERAGE    84

..........................................................


THE HOULTON ME CLIMATE NORMALS FOR TODAY
                         NORMAL    RECORD    YEAR
 MAXIMUM TEMPERATURE (F)   62        84      2014
 MINIMUM TEMPERATURE (F)   38        23      1965


SUNRISE AND SUNSET
SEPTEMBER 28 2016.....SUNRISE   626 AM EDT   SUNSET   616 PM EDT
SEPTEMBER 29 2016.....SUNRISE   628 AM EDT   SUNSET   614 PM EDT


-  INDICATES NEGATIVE NUMBERS.
R  INDICATES RECORD WAS SET OR TIED.
MM INDICATES DATA IS MISSING.
T  INDICATES TRACE AMOUNT.




$$
