000
CDUS41 KCAR 250528
CLIHUL


CLIMATE REPORT
NATIONAL WEATHER SERVICE CARIBOU, ME
128 AM EDT TUE APR 25 2017


...................................

...THE HOULTON ME CLIMATE SUMMARY FOR APRIL 24 2017...

CLIMATE NORMAL PERIOD 1981 TO 2010
CLIMATE RECORD PERIOD 1948 TO 2017


WEATHER ITEM   OBSERVED TIME   RECORD YEAR NORMAL DEPARTURE LAST
                VALUE   (LST)  VALUE       VALUE  FROM      YEAR
                                                  NORMAL
..................................................................
TEMPERATURE (F)
 YESTERDAY
  MAXIMUM         51    512 PM  82    1942  55     -4       48
  MINIMUM         26   1148 PM  17    1985  32     -6       25
  AVERAGE         39                        43     -4       37

PRECIPITATION (IN)
  YESTERDAY        0.00          0.77 1974   0.13  -0.13     0.00
  MONTH TO DATE    3.02                      3.07  -0.05     2.76
  SINCE MAR 1      4.55                      5.66  -1.11     6.76
  SINCE JAN 1      9.00                     10.52  -1.52    11.72

SNOWFALL (IN)
  YESTERDAY        0.0           8.8  1974   0.1   -0.1     MM
  MONTH TO DATE    0.0                       5.6   -5.6     MM
  SINCE MAR 1      0.0                      23.4  -23.4     MM
  SINCE JUL 1      0.0                      89.0  -89.0     MM
  SNOW DEPTH      MM

DEGREE DAYS
 HEATING
  YESTERDAY       26                        22      4       28
  MONTH TO DATE  607                       655    -48      663
  SINCE MAR 1   1935                      1878     57     1840
  SINCE JUL 1   7896                      8451   -555     7458

 COOLING
  YESTERDAY        0                         0      0        0
  MONTH TO DATE    0                         0      0        0
  SINCE MAR 1      0                         0      0        0
  SINCE JAN 1      0                         0      0        0
..................................................................


WIND (MPH)
  HIGHEST WIND SPEED    17   HIGHEST WIND DIRECTION     N (20)
  HIGHEST GUST SPEED    21   HIGHEST GUST DIRECTION    NW (330)
  AVERAGE WIND SPEED     5.3


SKY COVER
  POSSIBLE SUNSHINE  MM
  AVERAGE SKY COVER 0.3


WEATHER CONDITIONS
 THE FOLLOWING WEATHER WAS RECORDED YESTERDAY.
  FOG


RELATIVE HUMIDITY (PERCENT)
 HIGHEST   100           300 AM
 LOWEST     26           600 PM
 AVERAGE    63

..........................................................


THE HOULTON ME CLIMATE NORMALS FOR TODAY
                         NORMAL    RECORD    YEAR
 MAXIMUM TEMPERATURE (F)   55        81      1942
 MINIMUM TEMPERATURE (F)   32        17      1965


SUNRISE AND SUNSET
APRIL 25 2017.........SUNRISE   527 AM EDT   SUNSET   732 PM EDT
APRIL 26 2017.........SUNRISE   525 AM EDT   SUNSET   733 PM EDT


-  INDICATES NEGATIVE NUMBERS.
R  INDICATES RECORD WAS SET OR TIED.
MM INDICATES DATA IS MISSING.
T  INDICATES TRACE AMOUNT.




$$
