000
CDUS41 KCAR 050528
CLIHUL


CLIMATE REPORT
NATIONAL WEATHER SERVICE CARIBOU, ME
127 AM EDT THU MAY 5 2016


...................................

...THE HOULTON ME CLIMATE SUMMARY FOR MAY 4 2016...

CLIMATE NORMAL PERIOD 1981 TO 2010
CLIMATE RECORD PERIOD 1948 TO 2016


WEATHER ITEM   OBSERVED TIME   RECORD YEAR NORMAL DEPARTURE LAST
                VALUE   (LST)  VALUE       VALUE  FROM      YEAR
                                                  NORMAL
..................................................................
TEMPERATURE (F)
 YESTERDAY
  MAXIMUM         54    330 PM  85    1944  60     -6       81
  MINIMUM         39    511 AM  25    2003  35      4       46
  AVERAGE         47                        47      0       64

PRECIPITATION (IN)
  YESTERDAY        0.00          0.45 2011   0.10  -0.10      T
  MONTH TO DATE    0.46                      0.40   0.06      T
  SINCE MAR 1      7.22                      6.87   0.35     3.34
  SINCE JAN 1     12.18                     11.73   0.45     5.44

SNOWFALL (IN)
  YESTERDAY       MM             1.1  1966   0.0   MM       MM
  MONTH TO DATE   MM                         0.0   MM       MM
  SINCE MAR 1     MM                        23.8   MM       MM
  SINCE JUL 1     MM                        89.4   MM       MM
  SNOW DEPTH      MM

DEGREE DAYS
 HEATING
  YESTERDAY       18                        18      0        1
  MONTH TO DATE   80                        74      6       52
  SINCE MAR 1   2108                      2074     34     2287
  SINCE JUL 1   7726                      8647   -921     8855

 COOLING
  YESTERDAY        0                         0      0        0
  MONTH TO DATE    0                         0      0        0
  SINCE MAR 1      0                         0      0        0
  SINCE JAN 1      0                         0      0        0
..................................................................


WIND (MPH)
  HIGHEST WIND SPEED    10   HIGHEST WIND DIRECTION     E (100)
  HIGHEST GUST SPEED    18   HIGHEST GUST DIRECTION    SE (150)
  AVERAGE WIND SPEED     4.8


SKY COVER
  POSSIBLE SUNSHINE  MM
  AVERAGE SKY COVER 0.9


WEATHER CONDITIONS
 THE FOLLOWING WEATHER WAS RECORDED YESTERDAY.
  NO SIGNIFICANT WEATHER WAS OBSERVED.


RELATIVE HUMIDITY (PERCENT)
 HIGHEST    89          1200 AM
 LOWEST     54           100 PM
 AVERAGE    72

..........................................................


THE HOULTON ME CLIMATE NORMALS FOR TODAY
                         NORMAL    RECORD    YEAR
 MAXIMUM TEMPERATURE (F)   60        83      1944
 MINIMUM TEMPERATURE (F)   35        25      1977


SUNRISE AND SUNSET
MAY  5 2016...........SUNRISE   511 AM EDT   SUNSET   745 PM EDT
MAY  6 2016...........SUNRISE   510 AM EDT   SUNSET   747 PM EDT


-  INDICATES NEGATIVE NUMBERS.
R  INDICATES RECORD WAS SET OR TIED.
MM INDICATES DATA IS MISSING.
T  INDICATES TRACE AMOUNT.




$$
