000
CDUS41 KCAR 230527
CLIHUL


CLIMATE REPORT
NATIONAL WEATHER SERVICE CARIBOU, ME
126 AM EDT THU OCT 23 2014


...................................

...THE HOULTON ME CLIMATE SUMMARY FOR OCTOBER 22 2014...

CLIMATE NORMAL PERIOD 1981 TO 2010
CLIMATE RECORD PERIOD 1948 TO 2014


WEATHER ITEM   OBSERVED TIME   RECORD YEAR NORMAL DEPARTURE LAST
                VALUE   (LST)  VALUE       VALUE  FROM      YEAR
                                                  NORMAL
..................................................................
TEMPERATURE (F)
 YESTERDAY
  MAXIMUM         54   1117 AM  78    1979  52      2       58
  MINIMUM         38    328 AM  15    1959  31      7       40
  AVERAGE         46                        41      5       49

PRECIPITATION (IN)
  YESTERDAY        T             1.10 1995   0.12  -0.12     0.47
  MONTH TO DATE    4.01                      2.57   1.44     2.08
  SINCE SEP 1      5.31                      5.97  -0.66     8.14
  SINCE JAN 1     32.97                     31.59   1.38    35.67

SNOWFALL (IN)
  YESTERDAY       MM             T    1997   0.1   MM       MM
  MONTH TO DATE   MM                         0.4   MM       MM
  SINCE SEP 1     MM                         0.5   MM       MM
  SINCE JUL 1     MM                         0.5   MM       MM
  SNOW DEPTH      MM

DEGREE DAYS
 HEATING
  YESTERDAY       19                        24     -5       16
  MONTH TO DATE  335                       442   -107      337
  SINCE SEP 1    626                       754   -128      614
  SINCE JUL 1    711                       910   -199      747

 COOLING
  YESTERDAY        0                         0      0        0
  MONTH TO DATE    3                         0      3        0
  SINCE SEP 1     30                        13     17       19
  SINCE JAN 1    233                       191     42      198
..................................................................


WIND (MPH)
  HIGHEST WIND SPEED    20   HIGHEST WIND DIRECTION    NE (50)
  HIGHEST GUST SPEED    30   HIGHEST GUST DIRECTION    NE (40)
  AVERAGE WIND SPEED    11.8


SKY COVER
  POSSIBLE SUNSHINE  MM
  AVERAGE SKY COVER 0.7


WEATHER CONDITIONS
 THE FOLLOWING WEATHER WAS RECORDED YESTERDAY.
  LIGHT RAIN
  FOG


RELATIVE HUMIDITY (PERCENT)
 HIGHEST    89           700 PM
 LOWEST     50          1200 PM
 AVERAGE    70

..........................................................


THE HOULTON ME CLIMATE NORMALS FOR TODAY
                         NORMAL    RECORD    YEAR
 MAXIMUM TEMPERATURE (F)   51        74      1979
 MINIMUM TEMPERATURE (F)   31        16      1982


SUNRISE AND SUNSET
OCTOBER 23 2014.......SUNRISE   659 AM EDT   SUNSET   531 PM EDT
OCTOBER 24 2014.......SUNRISE   701 AM EDT   SUNSET   530 PM EDT


-  INDICATES NEGATIVE NUMBERS.
R  INDICATES RECORD WAS SET OR TIED.
MM INDICATES DATA IS MISSING.
T  INDICATES TRACE AMOUNT.




$$
