000
CDUS41 KCAR 240544
CLIHUL


CLIMATE REPORT
NATIONAL WEATHER SERVICE CARIBOU, ME
141 AM EDT FRI MAR 24 2017


...................................

...THE HOULTON ME CLIMATE SUMMARY FOR MARCH 23 2017...

CLIMATE NORMAL PERIOD 1981 TO 2010
CLIMATE RECORD PERIOD 1948 TO 2017


WEATHER ITEM   OBSERVED TIME   RECORD YEAR NORMAL DEPARTURE LAST
                VALUE   (LST)  VALUE       VALUE  FROM      YEAR
                                                  NORMAL
..................................................................
TEMPERATURE (F)
 YESTERDAY
  MAXIMUM         24    414 PM  63    1979  38    -14       35
  MINIMUM         -2   1157 PM  -9    1989  18    -20       14
  AVERAGE         11                        28    -17       25

PRECIPITATION (IN)
  YESTERDAY        0.00          0.82 2010   0.09  -0.09      T
  MONTH TO DATE    1.29                      1.91  -0.62     1.72
  SINCE MAR 1      1.29                      1.91  -0.62     1.72
  SINCE JAN 1      5.74                      6.77  -1.03     6.68

SNOWFALL (IN)
  YESTERDAY       MM             7.1  1994   0.5   MM       MM
  MONTH TO DATE   MM                        14.4   MM       MM
  SINCE MAR 1     MM                        14.4   MM       MM
  SINCE JUL 1     MM                        80.0   MM       MM
  SNOW DEPTH      MM

DEGREE DAYS
 HEATING
  YESTERDAY       54                        37     17       40
  MONTH TO DATE 1017                       946     71      909
  SINCE MAR 1   1017                       946     71      909
  SINCE JUL 1   6978                      7519   -541     6527

 COOLING
  YESTERDAY        0                         0      0        0
  MONTH TO DATE    0                         0      0        0
  SINCE MAR 1      0                         0      0        0
  SINCE JAN 1      0                         0      0        0
..................................................................


WIND (MPH)
  HIGHEST WIND SPEED    22   HIGHEST WIND DIRECTION    NW (330)
  HIGHEST GUST SPEED    33   HIGHEST GUST DIRECTION    NW (330)
  AVERAGE WIND SPEED    12.3


SKY COVER
  POSSIBLE SUNSHINE  MM
  AVERAGE SKY COVER 0.0


WEATHER CONDITIONS
 THE FOLLOWING WEATHER WAS RECORDED YESTERDAY.
  NO SIGNIFICANT WEATHER WAS OBSERVED.


RELATIVE HUMIDITY (PERCENT)
 HIGHEST    69          1000 PM
 LOWEST     31           500 PM
 AVERAGE    50

..........................................................


THE HOULTON ME CLIMATE NORMALS FOR TODAY
                         NORMAL    RECORD    YEAR
 MAXIMUM TEMPERATURE (F)   39        61      1979
 MINIMUM TEMPERATURE (F)   19       -16      2008


SUNRISE AND SUNSET
MARCH 24 2017.........SUNRISE   626 AM EDT   SUNSET   649 PM EDT
MARCH 25 2017.........SUNRISE   624 AM EDT   SUNSET   651 PM EDT


-  INDICATES NEGATIVE NUMBERS.
R  INDICATES RECORD WAS SET OR TIED.
MM INDICATES DATA IS MISSING.
T  INDICATES TRACE AMOUNT.




$$
