000
CDUS41 KCAR 220537
CLIHUL


CLIMATE REPORT
NATIONAL WEATHER SERVICE CARIBOU, ME
136 AM EDT TUE JUL 22 2014


...................................

...THE HOULTON ME CLIMATE SUMMARY FOR JULY 21 2014...

CLIMATE NORMAL PERIOD 1981 TO 2010
CLIMATE RECORD PERIOD 1948 TO 2014


WEATHER ITEM   OBSERVED TIME   RECORD YEAR NORMAL DEPARTURE LAST
                VALUE   (LST)  VALUE       VALUE  FROM      YEAR
                                                  NORMAL
..................................................................
TEMPERATURE (F)
 YESTERDAY
  MAXIMUM         81    255 PM  91    1994  78      3       73
  MINIMUM         61   1013 PM  39    1989  54      7       45
  AVERAGE         71                        66      5       59

PRECIPITATION (IN)
  YESTERDAY        0.00          1.82 1954   0.11  -0.11     0.00
  MONTH TO DATE    5.73                      2.46   3.27     3.63
  SINCE JUN 1      9.99                      6.11   3.88     8.71
  SINCE JAN 1     24.69                     20.74   3.95    19.94

SNOWFALL (IN)
  YESTERDAY       MM             0.0  2003   0.0   MM       MM
  MONTH TO DATE   MM                         0.0   MM       MM
  SINCE JUN 1     MM                         0.0   MM       MM
  SINCE JUL 1     MM                         0.0   MM       MM
  SNOW DEPTH      MM

DEGREE DAYS
 HEATING
  YESTERDAY        0                         2     -2        6
  MONTH TO DATE   23                        45    -22       18
  SINCE JUN 1    152                       226    -74      215
  SINCE JUL 1     23                        45    -22       18

 COOLING
  YESTERDAY        6                         3      3        0
  MONTH TO DATE   97                        61     36      105
  SINCE JUN 1    122                        96     26      141
  SINCE JAN 1    123                       100     23      145
..................................................................


WIND (MPH)
  HIGHEST WIND SPEED    10   HIGHEST WIND DIRECTION     W (250)
  HIGHEST GUST SPEED    13   HIGHEST GUST DIRECTION    SW (210)
  AVERAGE WIND SPEED     3.8


SKY COVER
  POSSIBLE SUNSHINE  MM
  AVERAGE SKY COVER 0.5


WEATHER CONDITIONS
 THE FOLLOWING WEATHER WAS RECORDED YESTERDAY.
  NO SIGNIFICANT WEATHER WAS OBSERVED.


RELATIVE HUMIDITY (PERCENT)
 HIGHEST    97           300 AM
 LOWEST     36           300 PM
 AVERAGE    67

..........................................................


THE HOULTON ME CLIMATE NORMALS FOR TODAY
                         NORMAL    RECORD    YEAR
 MAXIMUM TEMPERATURE (F)   78        90      1998
 MINIMUM TEMPERATURE (F)   54        37      1992


SUNRISE AND SUNSET
JULY 22 2014..........SUNRISE   502 AM EDT   SUNSET   813 PM EDT
JULY 23 2014..........SUNRISE   503 AM EDT   SUNSET   812 PM EDT


-  INDICATES NEGATIVE NUMBERS.
R  INDICATES RECORD WAS SET OR TIED.
MM INDICATES DATA IS MISSING.
T  INDICATES TRACE AMOUNT.




$$
