706
CDUS41 KCAR 060532
CLIHUL


CLIMATE REPORT
NATIONAL WEATHER SERVICE CARIBOU, ME
1231 AM EST SAT FEB 6 2016


...................................

...THE HOULTON ME CLIMATE SUMMARY FOR FEBRUARY 5 2016...

CLIMATE NORMAL PERIOD 1981 TO 2010
CLIMATE RECORD PERIOD 1948 TO 2016


WEATHER ITEM   OBSERVED TIME   RECORD YEAR NORMAL DEPARTURE LAST
                VALUE   (LST)  VALUE       VALUE  FROM      YEAR
                                                  NORMAL
..................................................................
TEMPERATURE (F)
 YESTERDAY
  MAXIMUM         37   1205 AM  46    1991  24     13       25
  MINIMUM         13   1159 PM -24    1978   1     12       -4
  AVERAGE         25                        12     13       11

PRECIPITATION (IN)
  YESTERDAY        0.13          0.68 2006   0.08   0.05     0.08
  MONTH TO DATE    0.54                      0.38   0.16     0.12
  SINCE DEC 1      6.15                      6.53  -0.38     7.06
  SINCE JAN 1      1.96                      3.24  -1.28     1.56

SNOWFALL (IN)
  YESTERDAY       MM             7.9  1995   0.7   MM       MM
  MONTH TO DATE   MM                         3.4   MM       MM
  SINCE DEC 1     MM                        43.1   MM       MM
  SINCE JUL 1     MM                        51.2   MM       MM
  SNOW DEPTH      MM

DEGREE DAYS
 HEATING
  YESTERDAY       40                        53    -13       54
  MONTH TO DATE  179                       265    -86      317
  SINCE DEC 1   2702                      3332   -630     3254
  SINCE JUL 1   4497                      5440   -943     5151

 COOLING
  YESTERDAY        0                         0      0        0
  MONTH TO DATE    0                         0      0        0
  SINCE DEC 1      0                         0      0        0
  SINCE JAN 1      0                         0      0        0
..................................................................


WIND (MPH)
  HIGHEST WIND SPEED    20   HIGHEST WIND DIRECTION     N (340)
  HIGHEST GUST SPEED    28   HIGHEST GUST DIRECTION     N (340)
  AVERAGE WIND SPEED     9.2


SKY COVER
  POSSIBLE SUNSHINE  MM
  AVERAGE SKY COVER 0.8


WEATHER CONDITIONS
 THE FOLLOWING WEATHER WAS RECORDED YESTERDAY.
  HEAVY SNOW
  SNOW
  LIGHT SNOW
  FOG
  FOG W/VISIBILITY <= 1/4 MILE
  HAZE


RELATIVE HUMIDITY (PERCENT)
 HIGHEST    92           100 PM
 LOWEST     59          1200 AM
 AVERAGE    76

..........................................................


THE HOULTON ME CLIMATE NORMALS FOR TODAY
                         NORMAL    RECORD    YEAR
 MAXIMUM TEMPERATURE (F)   24        41      2005
                                             1991
 MINIMUM TEMPERATURE (F)    1       -28      1969


SUNRISE AND SUNSET
FEBRUARY  6 2016......SUNRISE   648 AM EST   SUNSET   443 PM EST
FEBRUARY  7 2016......SUNRISE   647 AM EST   SUNSET   445 PM EST


-  INDICATES NEGATIVE NUMBERS.
R  INDICATES RECORD WAS SET OR TIED.
MM INDICATES DATA IS MISSING.
T  INDICATES TRACE AMOUNT.




$$
