000
CDUS41 KCAR 290526
CLIHUL


CLIMATE REPORT
NATIONAL WEATHER SERVICE CARIBOU, ME
126 AM EDT TUE JUL 29 2014


...................................

...THE HOULTON ME CLIMATE SUMMARY FOR JULY 28 2014...

CLIMATE NORMAL PERIOD 1981 TO 2010
CLIMATE RECORD PERIOD 1948 TO 2014


WEATHER ITEM   OBSERVED TIME   RECORD YEAR NORMAL DEPARTURE LAST
                VALUE   (LST)  VALUE       VALUE  FROM      YEAR
                                                  NORMAL
..................................................................
TEMPERATURE (F)
 YESTERDAY
  MAXIMUM         74    218 PM  93    1970  78     -4       80
  MINIMUM         62    605 AM  38    1977  54      8       49
  AVERAGE         68                        66      2       65

PRECIPITATION (IN)
  YESTERDAY        0.09          1.70 2007   0.12  -0.03     0.01
  MONTH TO DATE    6.12                      3.29   2.83     6.44
  SINCE JUN 1     10.38                      6.94   3.44    11.52
  SINCE JAN 1     25.08                     21.57   3.51    22.75

SNOWFALL (IN)
  YESTERDAY       MM             0.0  2003   0.0   MM       MM
  MONTH TO DATE   MM                         0.0   MM       MM
  SINCE JUN 1     MM                         0.0   MM       MM
  SINCE JUL 1     MM                         0.0   MM       MM
  SNOW DEPTH      MM

DEGREE DAYS
 HEATING
  YESTERDAY        0                         2     -2        0
  MONTH TO DATE   30                        59    -29       37
  SINCE JUN 1    159                       240    -81      234
  SINCE JUL 1     30                        59    -29       37

 COOLING
  YESTERDAY        3                         3      0        0
  MONTH TO DATE  129                        82     47      106
  SINCE JUN 1    154                       117     37      142
  SINCE JAN 1    155                       121     34      146
..................................................................


WIND (MPH)
  HIGHEST WIND SPEED    12   HIGHEST WIND DIRECTION    SE (140)
  HIGHEST GUST SPEED    18   HIGHEST GUST DIRECTION    SE (150)
  AVERAGE WIND SPEED     6.2


SKY COVER
  POSSIBLE SUNSHINE  MM
  AVERAGE SKY COVER 1.0


WEATHER CONDITIONS
 THE FOLLOWING WEATHER WAS RECORDED YESTERDAY.
  HEAVY RAIN
  LIGHT RAIN
  FOG


RELATIVE HUMIDITY (PERCENT)
 HIGHEST   100           300 AM
 LOWEST     79           200 PM
 AVERAGE    90

..........................................................


THE HOULTON ME CLIMATE NORMALS FOR TODAY
                         NORMAL    RECORD    YEAR
 MAXIMUM TEMPERATURE (F)   78        92      1970
 MINIMUM TEMPERATURE (F)   54        42      1987


SUNRISE AND SUNSET
JULY 29 2014..........SUNRISE   510 AM EDT   SUNSET   805 PM EDT
JULY 30 2014..........SUNRISE   511 AM EDT   SUNSET   804 PM EDT


-  INDICATES NEGATIVE NUMBERS.
R  INDICATES RECORD WAS SET OR TIED.
MM INDICATES DATA IS MISSING.
T  INDICATES TRACE AMOUNT.




$$
