000
CDUS41 KCAR 190529
CLIHUL


CLIMATE REPORT
NATIONAL WEATHER SERVICE CARIBOU, ME
1228 AM EST SUN NOV 19 2017


...................................

...THE HOULTON ME CLIMATE SUMMARY FOR NOVEMBER 18 2017...

CLIMATE NORMAL PERIOD 1981 TO 2010
CLIMATE RECORD PERIOD 1948 TO 2017


WEATHER ITEM   OBSERVED TIME   RECORD YEAR NORMAL DEPARTURE LAST
                VALUE   (LST)  VALUE       VALUE  FROM      YEAR
                                                  NORMAL
..................................................................
TEMPERATURE (F)
 YESTERDAY
  MAXIMUM         34   1258 PM  62    1987  40     -6       47
  MINIMUM         17    653 AM   2    1943  24     -7       32
  AVERAGE         26                        32     -6       40

PRECIPITATION (IN)
  YESTERDAY        0.00          0.70 1981   0.13  -0.13     0.00
  MONTH TO DATE    2.52                      2.43   0.09     0.94
  SINCE SEP 1     10.80                      9.49   1.31     4.37
  SINCE JAN 1     33.14                     35.11  -1.97    31.23

SNOWFALL (IN)
  YESTERDAY       MM             3.4  1966   0.2   MM       MM
  MONTH TO DATE   MM                         2.6   MM       MM
  SINCE SEP 1     MM                         3.3   MM       MM
  SINCE JUL 1     MM                         3.3   MM       MM
  SNOW DEPTH      MM

DEGREE DAYS
 HEATING
  YESTERDAY       39                        33      6       25
  MONTH TO DATE  572                       538     34      457
  SINCE SEP 1   1150                      1518   -368     1273
  SINCE JUL 1   1298                      1674   -376     1367

 COOLING
  YESTERDAY        0                         0      0        0
  MONTH TO DATE    0                         0      0        0
  SINCE SEP 1     35                        13     22       23
  SINCE JAN 1    211                       191     20      229
..................................................................


WIND (MPH)
  HIGHEST WIND SPEED    17   HIGHEST WIND DIRECTION    NW (320)
  HIGHEST GUST SPEED    24   HIGHEST GUST DIRECTION    NW (330)
  AVERAGE WIND SPEED     4.6


SKY COVER
  POSSIBLE SUNSHINE  MM
  AVERAGE SKY COVER 0.4


WEATHER CONDITIONS
 THE FOLLOWING WEATHER WAS RECORDED YESTERDAY.
  NO SIGNIFICANT WEATHER WAS OBSERVED.


RELATIVE HUMIDITY (PERCENT)
 HIGHEST    92           700 AM
 LOWEST     56           100 PM
 AVERAGE    74

..........................................................


THE HOULTON ME CLIMATE NORMALS FOR TODAY
                         NORMAL    RECORD    YEAR
 MAXIMUM TEMPERATURE (F)   39        61      1953
 MINIMUM TEMPERATURE (F)   23         1      1992


SUNRISE AND SUNSET
NOVEMBER 19 2017......SUNRISE   638 AM EST   SUNSET   355 PM EST
NOVEMBER 20 2017......SUNRISE   639 AM EST   SUNSET   354 PM EST


-  INDICATES NEGATIVE NUMBERS.
R  INDICATES RECORD WAS SET OR TIED.
MM INDICATES DATA IS MISSING.
T  INDICATES TRACE AMOUNT.




$$
