000
CDUS41 KCAR 160537
CLIHUL


CLIMATE REPORT
NATIONAL WEATHER SERVICE CARIBOU, ME
1232 AM EST TUE JAN 16 2018


...................................

...THE HOULTON ME CLIMATE SUMMARY FOR JANUARY 15 2018...

CLIMATE NORMAL PERIOD 1981 TO 2010
CLIMATE RECORD PERIOD 1948 TO 2018


WEATHER ITEM   OBSERVED TIME   RECORD YEAR NORMAL DEPARTURE LAST
                VALUE   (LST)  VALUE       VALUE  FROM      YEAR
                                                  NORMAL
..................................................................
TEMPERATURE (F)
 YESTERDAY
  MAXIMUM         11    153 PM  53    1995  22    -11       15
  MINIMUM        -11    727 AM -33    1957   0    -11       -8
  AVERAGE          0                        11    -11        4

PRECIPITATION (IN)
  YESTERDAY        T             1.30 1999   0.09  -0.09      T
  MONTH TO DATE    2.04                      1.37   0.67     1.41
  SINCE DEC 1      5.28                      4.66   0.62     4.33
  SINCE JAN 1      2.04                      1.37   0.67     1.41

SNOWFALL (IN)
  YESTERDAY       MM            13.4  1968   0.8   MM       MM
  MONTH TO DATE   MM                        11.3   MM       MM
  SINCE DEC 1     MM                        27.7   MM       MM
  SINCE JUL 1     MM                        35.8   MM       MM
  SNOW DEPTH      MM

DEGREE DAYS
 HEATING
  YESTERDAY       65                        54     11       61
  MONTH TO DATE  790                       792     -2      742
  SINCE DEC 1   2348                      2204    144     2186
  SINCE JUL 1   4054                      4312   -258     3929

 COOLING
  YESTERDAY        0                         0      0        0
  MONTH TO DATE    0                         0      0        0
  SINCE DEC 1      0                         0      0        0
  SINCE JAN 1      0                         0      0        0
..................................................................


WIND (MPH)
  HIGHEST WIND SPEED    12   HIGHEST WIND DIRECTION     N (20)
  HIGHEST GUST SPEED    14   HIGHEST GUST DIRECTION     N (20)
  AVERAGE WIND SPEED     5.5


SKY COVER
  POSSIBLE SUNSHINE  MM
  AVERAGE SKY COVER 0.4


WEATHER CONDITIONS
 THE FOLLOWING WEATHER WAS RECORDED YESTERDAY.
  LIGHT SNOW
  FOG
  HAZE


RELATIVE HUMIDITY (PERCENT)
 HIGHEST    88           600 PM
 LOWEST     72          1000 AM
 AVERAGE    80

..........................................................


THE HOULTON ME CLIMATE NORMALS FOR TODAY
                         NORMAL    RECORD    YEAR
 MAXIMUM TEMPERATURE (F)   22        51      1995
 MINIMUM TEMPERATURE (F)    0       -36      2009


SUNRISE AND SUNSET
JANUARY 16 2018.......SUNRISE   709 AM EST   SUNSET   413 PM EST
JANUARY 17 2018.......SUNRISE   708 AM EST   SUNSET   415 PM EST


-  INDICATES NEGATIVE NUMBERS.
R  INDICATES RECORD WAS SET OR TIED.
MM INDICATES DATA IS MISSING.
T  INDICATES TRACE AMOUNT.




$$
