000
CDUS41 KCAR 290540
CLIHUL


CLIMATE REPORT
NATIONAL WEATHER SERVICE CARIBOU, ME
134 AM EDT MON AUG 29 2016


...................................

...THE HOULTON ME CLIMATE SUMMARY FOR AUGUST 28 2016...

CLIMATE NORMAL PERIOD 1981 TO 2010
CLIMATE RECORD PERIOD 1948 TO 2016


WEATHER ITEM   OBSERVED TIME   RECORD YEAR NORMAL DEPARTURE LAST
                VALUE   (LST)  VALUE       VALUE  FROM      YEAR
                                                  NORMAL
..................................................................
TEMPERATURE (F)
 YESTERDAY
  MAXIMUM         73   1205 PM  94    1952  74     -1       74
  MINIMUM         48    234 AM  30    1978  49     -1       47
  AVERAGE         61                        62     -1       61

PRECIPITATION (IN)
  YESTERDAY        0.02          1.95 2011   0.10  -0.08     0.00
  MONTH TO DATE    6.20                      3.39   2.81     3.79
  SINCE JUN 1     12.48                     10.70   1.78     9.41
  SINCE JAN 1     26.86                     25.33   1.53    18.76

SNOWFALL (IN)
  YESTERDAY       MM             0.0  2003   0.0   MM       MM
  MONTH TO DATE   MM                         0.0   MM       MM
  SINCE JUN 1     MM                         0.0   MM       MM
  SINCE JUL 1     MM                         0.0   MM       MM
  SNOW DEPTH      MM

DEGREE DAYS
 HEATING
  YESTERDAY        4                         5     -1        4
  MONTH TO DATE   47                        81    -34       20
  SINCE JUN 1    265                       322    -57      320
  SINCE JUL 1     90                       141    -51       83

 COOLING
  YESTERDAY        0                         1     -1        0
  MONTH TO DATE   65                        52     13      106
  SINCE JUN 1    197                       168     29      159
  SINCE JAN 1    204                       172     32      184
..................................................................


WIND (MPH)
  HIGHEST WIND SPEED    15   HIGHEST WIND DIRECTION     S (200)
  HIGHEST GUST SPEED    25   HIGHEST GUST DIRECTION    SW (210)
  AVERAGE WIND SPEED     5.2


SKY COVER
  POSSIBLE SUNSHINE  MM
  AVERAGE SKY COVER 0.6


WEATHER CONDITIONS
 THE FOLLOWING WEATHER WAS RECORDED YESTERDAY.
  LIGHT RAIN


RELATIVE HUMIDITY (PERCENT)
 HIGHEST   100          1200 AM
 LOWEST     61          1200 PM
 AVERAGE    81

..........................................................


THE HOULTON ME CLIMATE NORMALS FOR TODAY
                         NORMAL    RECORD    YEAR
 MAXIMUM TEMPERATURE (F)   74        91      1977
 MINIMUM TEMPERATURE (F)   49        33      1982


SUNRISE AND SUNSET
AUGUST 29 2016........SUNRISE   549 AM EDT   SUNSET   714 PM EDT
AUGUST 30 2016........SUNRISE   550 AM EDT   SUNSET   713 PM EDT


-  INDICATES NEGATIVE NUMBERS.
R  INDICATES RECORD WAS SET OR TIED.
MM INDICATES DATA IS MISSING.
T  INDICATES TRACE AMOUNT.




$$
