000
CDUS41 KCAR 040529
CLIHUL


CLIMATE REPORT
NATIONAL WEATHER SERVICE CARIBOU, ME
1228 AM EST SUN DEC 4 2016


...................................

...THE HOULTON ME CLIMATE SUMMARY FOR DECEMBER 3 2016...

CLIMATE NORMAL PERIOD 1981 TO 2010
CLIMATE RECORD PERIOD 1948 TO 2016


WEATHER ITEM   OBSERVED TIME   RECORD YEAR NORMAL DEPARTURE LAST
                VALUE   (LST)  VALUE       VALUE  FROM      YEAR
                                                  NORMAL
..................................................................
TEMPERATURE (F)
 YESTERDAY
  MAXIMUM         32    352 AM  53    1939  33     -1       39
  MINIMUM         24   1047 PM -14    1940  17      7       29
  AVERAGE         28                        25      3       34

PRECIPITATION (IN)
  YESTERDAY        0.02          1.18 1989   0.12  -0.10     0.35
  MONTH TO DATE    0.98                      0.37   0.61     0.98
  SINCE DEC 1      0.98                      0.37   0.61     0.98
  SINCE JAN 1     33.80                     37.06  -3.26    34.72

SNOWFALL (IN)
  YESTERDAY       MM            17.4  1989   0.4   MM       MM
  MONTH TO DATE   MM                         1.3   MM       MM
  SINCE DEC 1     MM                         1.3   MM       MM
  SINCE JUL 1     MM                         9.4   MM       MM
  SNOW DEPTH      MM

DEGREE DAYS
 HEATING
  YESTERDAY       37                        40     -3       31
  MONTH TO DATE  102                       119    -17      101
  SINCE DEC 1    102                       119    -17      101
  SINCE JUL 1   1845                      2227   -382     1896

 COOLING
  YESTERDAY        0                         0      0        0
  MONTH TO DATE    0                         0      0        0
  SINCE DEC 1      0                         0      0        0
  SINCE JAN 1    229                       191     38      236
..................................................................


WIND (MPH)
  HIGHEST WIND SPEED    16   HIGHEST WIND DIRECTION     N (360)
  HIGHEST GUST SPEED    20   HIGHEST GUST DIRECTION     N (10)
  AVERAGE WIND SPEED     8.2


SKY COVER
  POSSIBLE SUNSHINE  MM
  AVERAGE SKY COVER 0.9


WEATHER CONDITIONS
 THE FOLLOWING WEATHER WAS RECORDED YESTERDAY.
  LIGHT SNOW
  FOG


RELATIVE HUMIDITY (PERCENT)
 HIGHEST   100          1200 AM
 LOWEST     85          1000 AM
 AVERAGE    93

..........................................................


THE HOULTON ME CLIMATE NORMALS FOR TODAY
                         NORMAL    RECORD    YEAR
 MAXIMUM TEMPERATURE (F)   33        59      1950
 MINIMUM TEMPERATURE (F)   16       -28      1940


SUNRISE AND SUNSET
DECEMBER  4 2016......SUNRISE   657 AM EST   SUNSET   346 PM EST
DECEMBER  5 2016......SUNRISE   658 AM EST   SUNSET   346 PM EST


-  INDICATES NEGATIVE NUMBERS.
R  INDICATES RECORD WAS SET OR TIED.
MM INDICATES DATA IS MISSING.
T  INDICATES TRACE AMOUNT.




$$
