081
CDUS45 KTFX 281004
CLIHVR


CLIMATE REPORT
NATIONAL WEATHER SERVICE GREAT FALLS MT
404 AM MDT TUE MAR 28 2017


...................................

...THE HAVRE MT CLIMATE SUMMARY FOR MARCH 27 2017...

CLIMATE NORMAL PERIOD 1981 TO 2010
CLIMATE RECORD PERIOD 1880 TO 2017


WEATHER ITEM   OBSERVED TIME   RECORD YEAR NORMAL DEPARTURE LAST
                VALUE   (LST)  VALUE       VALUE  FROM      YEAR
                                                  NORMAL
..................................................................
TEMPERATURE (F)
 YESTERDAY
  MAXIMUM         60    317 PM  75    2015  50     10       57
                                      1946
  MINIMUM         35   1155 PM -14    1898  26      9       19
  AVERAGE         48                        38     10       38

PRECIPITATION (IN)
  YESTERDAY        0.00          0.71 2007   0.02  -0.02     0.00
  MONTH TO DATE    0.15                      0.45  -0.30     0.22
  SINCE OCT 1      5.52                      2.47   3.05     2.61
  SINCE JAN 1      1.53                      1.06   0.47     0.68

SNOWFALL (IN)
  YESTERDAY        0.0           7.0  1979   0.2   -0.2      0.0
  MONTH TO DATE    1.0                       5.5   -4.5       T
  SINCE MAR 1      1.0                       5.5   -4.5       T
  SINCE JUL 1     31.9                      33.4   -1.5     14.3
  SNOW DEPTH       0

DEGREE DAYS
 HEATING
  YESTERDAY       17                        27    -10       27
  MONTH TO DATE  842                       893    -51      677
  SINCE MAR 1    842                       893    -51      677
  SINCE JUL 1   6841                      7013   -172     6102

 COOLING
  YESTERDAY        0                         0      0        0
  MONTH TO DATE    0                         0      0        0
  SINCE MAR 1      0                         0      0        0
  SINCE JAN 1      0                         0      0        0
..................................................................


WIND (MPH)
  HIGHEST WIND SPEED    18   HIGHEST WIND DIRECTION     N (350)
  HIGHEST GUST SPEED    25   HIGHEST GUST DIRECTION    NW (320)
  AVERAGE WIND SPEED     6.7


SKY COVER
  AVERAGE SKY COVER 0.7


WEATHER CONDITIONS
 THE FOLLOWING WEATHER WAS RECORDED YESTERDAY.
  NO SIGNIFICANT WEATHER WAS OBSERVED.


RELATIVE HUMIDITY (PERCENT)
 HIGHEST    85          1100 PM
 LOWEST     33           300 PM
 AVERAGE    59

..........................................................


THE HAVRE MT CLIMATE NORMALS FOR TODAY
                         NORMAL    RECORD    YEAR
 MAXIMUM TEMPERATURE (F)   50        74      1986
 MINIMUM TEMPERATURE (F)   26       -17      1894


SUNRISE AND SUNSET
MARCH 28 2017.........SUNRISE   705 AM MDT   SUNSET   744 PM MDT
MARCH 29 2017.........SUNRISE   702 AM MDT   SUNSET   746 PM MDT


-  INDICATES NEGATIVE NUMBERS.
R  INDICATES RECORD WAS SET OR TIED.
MM INDICATES DATA IS MISSING.
T  INDICATES TRACE AMOUNT.




$$
