000
CDUS45 KTFX 030953
CLIHVR


CLIMATE REPORT
NATIONAL WEATHER SERVICE GREAT FALLS MT
250 AM MST TUE MAR 3 2015


...................................

...THE HAVRE MT CLIMATE SUMMARY FOR MARCH 2 2015...

CLIMATE NORMAL PERIOD 1981 TO 2010
CLIMATE RECORD PERIOD 1880 TO 2015


WEATHER ITEM   OBSERVED TIME   RECORD YEAR NORMAL DEPARTURE LAST
                VALUE   (LST)  VALUE       VALUE  FROM      YEAR
                                                  NORMAL
..................................................................
TEMPERATURE (F)
 YESTERDAY
  MAXIMUM         33   1010 AM  71    1905  38     -5        3
  MINIMUM          7    539 AM -23    2002  15     -8       -9
  AVERAGE         20                        27     -7       -3

PRECIPITATION (IN)
  YESTERDAY        T             0.33 1947   0.01  -0.01     0.17
  MONTH TO DATE    T                         0.02  -0.02     0.17
  SINCE OCT 1      3.20                      2.04   1.16     2.84
  SINCE JAN 1      1.63                      0.63   1.00     0.83

SNOWFALL (IN)
  YESTERDAY        T             5.8  1947   0.2   -0.2      0.5
  MONTH TO DATE    T                         0.4   -0.4      0.5
  SINCE MAR 1      T                         0.4   -0.4      0.5
  SINCE JUL 1     20.6                      28.3   -7.7     37.9
  SNOW DEPTH       0

DEGREE DAYS
 HEATING
  YESTERDAY       45                        38      7       68
  MONTH TO DATE   88                        77     11      143
  SINCE MAR 1     88                        77     11      143
  SINCE JUL 1   5756                      6197   -441     6384

 COOLING
  YESTERDAY        0                         0      0        0
  MONTH TO DATE    0                         0      0        0
  SINCE MAR 1      0                         0      0        0
  SINCE JAN 1      0                         0      0        0
..................................................................


WIND (MPH)
  HIGHEST WIND SPEED    26   HIGHEST WIND DIRECTION     N (10)
  HIGHEST GUST SPEED    34   HIGHEST GUST DIRECTION     N (10)
  AVERAGE WIND SPEED    12.3


SKY COVER
  AVERAGE SKY COVER 0.6


WEATHER CONDITIONS
 THE FOLLOWING WEATHER WAS RECORDED YESTERDAY.
  LIGHT SNOW


RELATIVE HUMIDITY (PERCENT)
 HIGHEST    92           300 AM
 LOWEST     47           200 PM
 AVERAGE    70

..........................................................


THE HAVRE MT CLIMATE NORMALS FOR TODAY
                         NORMAL    RECORD    YEAR
 MAXIMUM TEMPERATURE (F)   39        66      1905
 MINIMUM TEMPERATURE (F)   16       -34      1891


SUNRISE AND SUNSET
MARCH  3 2015.........SUNRISE   657 AM MST   SUNSET   606 PM MST
MARCH  4 2015.........SUNRISE   655 AM MST   SUNSET   607 PM MST


-  INDICATES NEGATIVE NUMBERS.
R  INDICATES RECORD WAS SET OR TIED.
MM INDICATES DATA IS MISSING.
T  INDICATES TRACE AMOUNT.




$$
