000
CDUS45 KTFX 030747
CLIHVR


CLIMATE REPORT
NATIONAL WEATHER SERVICE GREAT FALLS MT
146 AM MDT WED JUN 3 2015


...................................

...THE HAVRE MT CLIMATE SUMMARY FOR JUNE 2 2015...

CLIMATE NORMAL PERIOD 1981 TO 2010
CLIMATE RECORD PERIOD 1880 TO 2015


WEATHER ITEM   OBSERVED TIME   RECORD YEAR NORMAL DEPARTURE LAST
                VALUE   (LST)  VALUE       VALUE  FROM      YEAR
                                                  NORMAL
..................................................................
TEMPERATURE (F)
 YESTERDAY
  MAXIMUM         64   1217 AM  91    2006  72     -8       78
  MINIMUM         52   1159 PM  31    1998  46      6       47
  AVERAGE         58                        59     -1       63

PRECIPITATION (IN)
  YESTERDAY        0.22          2.71 1887   0.08   0.14     0.10
  MONTH TO DATE    0.22                      0.15   0.07     0.11
  SINCE OCT 1      5.86                      5.29   0.57     5.81
  SINCE JAN 1      4.29                      3.88   0.41     3.80

SNOWFALL (IN)
  YESTERDAY        0.0           0.2  1902   0.1   -0.1      0.0
  MONTH TO DATE    0.0                       0.1   -0.1      0.0
  SINCE JUN 1      0.0                       0.1   -0.1      0.0
  SINCE JUL 1     20.8                      39.1  -18.3     44.4
  SNOW DEPTH       0

DEGREE DAYS
 HEATING
  YESTERDAY        7                         7      0        2
  MONTH TO DATE    7                        14     -7       10
  SINCE JUN 1      7                        14     -7       10
  SINCE JUL 1   7411                      8102   -691     8390

 COOLING
  YESTERDAY        0                         1     -1        0
  MONTH TO DATE    2                         2      0        0
  SINCE JUN 1      2                         2      0        0
  SINCE JAN 1      2                        13    -11        7
..................................................................


WIND (MPH)
  HIGHEST WIND SPEED    23   HIGHEST WIND DIRECTION     E (80)
  HIGHEST GUST SPEED    27   HIGHEST GUST DIRECTION     E (80)
  AVERAGE WIND SPEED    12.9


SKY COVER
  AVERAGE SKY COVER 1.0


WEATHER CONDITIONS
 THE FOLLOWING WEATHER WAS RECORDED YESTERDAY.
  LIGHT RAIN
  FOG


RELATIVE HUMIDITY (PERCENT)
 HIGHEST    89           400 AM
 LOWEST     43          1200 AM
 AVERAGE    66

..........................................................


THE HAVRE MT CLIMATE NORMALS FOR TODAY
                         NORMAL    RECORD    YEAR
 MAXIMUM TEMPERATURE (F)   72        98      1988
 MINIMUM TEMPERATURE (F)   46        29      1910


SUNRISE AND SUNSET
JUNE  3 2015..........SUNRISE   520 AM MDT   SUNSET   915 PM MDT
JUNE  4 2015..........SUNRISE   520 AM MDT   SUNSET   915 PM MDT


-  INDICATES NEGATIVE NUMBERS.
R  INDICATES RECORD WAS SET OR TIED.
MM INDICATES DATA IS MISSING.
T  INDICATES TRACE AMOUNT.




$$
