000
CDUS45 KTFX 220826
CLIHVR


CLIMATE REPORT
NATIONAL WEATHER SERVICE GREAT FALLS MT
225 AM MDT MON SEP 22 2014


...................................

...THE HAVRE MT CLIMATE SUMMARY FOR SEPTEMBER 21 2014...

CLIMATE NORMAL PERIOD 1981 TO 2010
CLIMATE RECORD PERIOD 1880 TO 2014


WEATHER ITEM   OBSERVED TIME   RECORD YEAR NORMAL DEPARTURE LAST
                VALUE   (LST)  VALUE       VALUE  FROM      YEAR
                                                  NORMAL
..................................................................
TEMPERATURE (F)
 YESTERDAY
  MAXIMUM         81    342 PM  94    1936  69     12       85
  MINIMUM         37    628 AM  18    1995  40     -3       39
  AVERAGE         59                        54      5       62

PRECIPITATION (IN)
  YESTERDAY        0.00          0.48 1945   0.03  -0.03     0.00
  MONTH TO DATE    0.74                      0.80  -0.06     0.97
  SINCE OCT 1     13.07                     10.88   2.19    18.55
  SINCE JAN 1     11.06                      9.47   1.59    16.07

SNOWFALL (IN)
  YESTERDAY        0.0           T    1968   0.0    0.0      0.0
                                      1998
  MONTH TO DATE    T                         0.1   -0.1      0.0
  SINCE SEP 1      T                         0.1   -0.1      0.0
  SINCE JUL 1      T                         0.1   -0.1      0.0
  SNOW DEPTH       0

DEGREE DAYS
 HEATING
  YESTERDAY        6                        11     -5        3
  MONTH TO DATE  191                       161     30       39
  SINCE SEP 1    191                       161     30       39
  SINCE JUL 1    235                       244     -9       57

 COOLING
  YESTERDAY        0                         0      0        0
  MONTH TO DATE    2                        17    -15       70
  SINCE SEP 1      2                        17    -15       70
  SINCE JAN 1    392                       384      8      445
..................................................................


WIND (MPH)
  HIGHEST WIND SPEED    14   HIGHEST WIND DIRECTION    SE (130)
  HIGHEST GUST SPEED    18   HIGHEST GUST DIRECTION    SE (120)
  AVERAGE WIND SPEED     5.9


SKY COVER
  AVERAGE SKY COVER 0.0


WEATHER CONDITIONS
 THE FOLLOWING WEATHER WAS RECORDED YESTERDAY.
  NO SIGNIFICANT WEATHER WAS OBSERVED.


RELATIVE HUMIDITY (PERCENT)
 HIGHEST    92           600 AM
 LOWEST     26           400 PM
 AVERAGE    59

..........................................................


THE HAVRE MT CLIMATE NORMALS FOR TODAY
                         NORMAL    RECORD    YEAR
 MAXIMUM TEMPERATURE (F)   69        92      1938
 MINIMUM TEMPERATURE (F)   39        18      1895


SUNRISE AND SUNSET
SEPTEMBER 22 2014.....SUNRISE   706 AM MDT   SUNSET   717 PM MDT
SEPTEMBER 23 2014.....SUNRISE   707 AM MDT   SUNSET   715 PM MDT


-  INDICATES NEGATIVE NUMBERS.
R  INDICATES RECORD WAS SET OR TIED.
MM INDICATES DATA IS MISSING.
T  INDICATES TRACE AMOUNT.




$$
