000
CDUS45 KTFX 300802
CLIHVR


CLIMATE REPORT
NATIONAL WEATHER SERVICE GREAT FALLS MT
200 AM MDT MON MAR 30 2015


...................................

...THE HAVRE MT CLIMATE SUMMARY FOR MARCH 29 2015...

CLIMATE NORMAL PERIOD 1981 TO 2010
CLIMATE RECORD PERIOD 1880 TO 2015


WEATHER ITEM   OBSERVED TIME   RECORD YEAR NORMAL DEPARTURE LAST
                VALUE   (LST)  VALUE       VALUE  FROM      YEAR
                                                  NORMAL
..................................................................
TEMPERATURE (F)
 YESTERDAY
  MAXIMUM         64    400 PM  75    1966  51     13       55
  MINIMUM         32    553 AM -11    1936  26      6       27
                                      1898
  AVERAGE         48                        38     10       41

PRECIPITATION (IN)
  YESTERDAY        0.00          1.38 1977   0.02  -0.02      T
  MONTH TO DATE    0.53                      0.49   0.04     1.14
  SINCE OCT 1      3.73                      2.51   1.22     3.81
  SINCE JAN 1      2.16                      1.10   1.06     1.80

SNOWFALL (IN)
  YESTERDAY        0.0          20.0  1977   0.2   -0.2      0.0
  MONTH TO DATE    T                         5.9   -5.9      7.0
  SINCE MAR 1      T                         5.9   -5.9      7.0
  SINCE JUL 1     20.6                      33.8  -13.2     44.4
  SNOW DEPTH       0

DEGREE DAYS
 HEATING
  YESTERDAY       17                        27    -10       24
  MONTH TO DATE  712                       947   -235     1093
  SINCE MAR 1    712                       947   -235     1093
  SINCE JUL 1   6380                      7067   -687     7334

 COOLING
  YESTERDAY        0                         0      0        0
  MONTH TO DATE    0                         0      0        0
  SINCE MAR 1      0                         0      0        0
  SINCE JAN 1      0                         0      0        0
..................................................................


WIND (MPH)
  HIGHEST WIND SPEED    31   HIGHEST WIND DIRECTION     W (260)
  HIGHEST GUST SPEED    39   HIGHEST GUST DIRECTION     W (260)
  AVERAGE WIND SPEED    18.8


SKY COVER
  AVERAGE SKY COVER 0.1


WEATHER CONDITIONS
 THE FOLLOWING WEATHER WAS RECORDED YESTERDAY.
  NO SIGNIFICANT WEATHER WAS OBSERVED.


RELATIVE HUMIDITY (PERCENT)
 HIGHEST    92           300 AM
 LOWEST     27           300 PM
 AVERAGE    60

..........................................................


THE HAVRE MT CLIMATE NORMALS FOR TODAY
                         NORMAL    RECORD    YEAR
 MAXIMUM TEMPERATURE (F)   51        79      2004
 MINIMUM TEMPERATURE (F)   27        -7      1936


SUNRISE AND SUNSET
MARCH 30 2015.........SUNRISE   701 AM MDT   SUNSET   747 PM MDT
MARCH 31 2015.........SUNRISE   659 AM MDT   SUNSET   748 PM MDT


-  INDICATES NEGATIVE NUMBERS.
R  INDICATES RECORD WAS SET OR TIED.
MM INDICATES DATA IS MISSING.
T  INDICATES TRACE AMOUNT.




$$
