000
CDUS45 KTFX 231005
CLIHVR


CLIMATE REPORT
NATIONAL WEATHER SERVICE GREAT FALLS MT
404 AM MDT WED APR 23 2014


...................................

...THE HAVRE MT CLIMATE SUMMARY FOR APRIL 22 2014...

CLIMATE NORMAL PERIOD 1981 TO 2010
CLIMATE RECORD PERIOD 1880 TO 2014


WEATHER ITEM   OBSERVED TIME   RECORD YEAR NORMAL DEPARTURE LAST
                VALUE   (LST)  VALUE       VALUE  FROM      YEAR
                                                  NORMAL
..................................................................
TEMPERATURE (F)
 YESTERDAY
  MAXIMUM         79    205 PM  89    1906  61     18       43
  MINIMUM         45    620 AM -14    1967  32     13       14
  AVERAGE         62                        46     16       29

PRECIPITATION (IN)
  YESTERDAY        0.28          0.52 1932   0.03   0.25     0.00
  MONTH TO DATE    0.39                      0.55  -0.16     0.67
  SINCE OCT 1      4.20                      3.11   1.09     5.07
  SINCE JAN 1      2.19                      1.70   0.49     2.59

SNOWFALL (IN)
  YESTERDAY        0.0           1.5  1897   0.0    0.0      0.0
  MONTH TO DATE    T                         2.5   -2.5      3.5
  SINCE MAR 1      7.0                       8.8   -1.8      6.3
  SINCE JUL 1     44.4                      36.7    7.7     50.5
  SNOW DEPTH       0

DEGREE DAYS
 HEATING
  YESTERDAY        3                        19    -16       36
  MONTH TO DATE  461                       481    -20      605
  SINCE MAR 1   1623                      1479    144     1652
  SINCE JUL 1   7864                      7599    265     7468

 COOLING
  YESTERDAY        0                         0      0        0
  MONTH TO DATE    0                         0      0        0
  SINCE MAR 1      0                         0      0        0
  SINCE JAN 1      0                         0      0        0
..................................................................


WIND (MPH)
  HIGHEST WIND SPEED    33   HIGHEST WIND DIRECTION    SW (220)
  HIGHEST GUST SPEED    42   HIGHEST GUST DIRECTION    SW (220)
  AVERAGE WIND SPEED    13.0


SKY COVER
  AVERAGE SKY COVER 0.2


WEATHER CONDITIONS
 THE FOLLOWING WEATHER WAS RECORDED YESTERDAY.
  THUNDERSTORM
  HEAVY RAIN
  RAIN
  LIGHT RAIN
  FOG


RELATIVE HUMIDITY (PERCENT)
 HIGHEST    83           800 PM
 LOWEST     15           200 PM
 AVERAGE    49

..........................................................


THE HAVRE MT CLIMATE NORMALS FOR TODAY
                         NORMAL    RECORD    YEAR
 MAXIMUM TEMPERATURE (F)   61        89      2012
 MINIMUM TEMPERATURE (F)   33        -4      1967


SUNRISE AND SUNSET
APRIL 23 2014.........SUNRISE   613 AM MDT   SUNSET   822 PM MDT
APRIL 24 2014.........SUNRISE   612 AM MDT   SUNSET   824 PM MDT


-  INDICATES NEGATIVE NUMBERS.
R  INDICATES RECORD WAS SET OR TIED.
MM INDICATES DATA IS MISSING.
T  INDICATES TRACE AMOUNT.




$$
