000
CDUS45 KTFX 222230
CLIHVR


CLIMATE REPORT
NATIONAL WEATHER SERVICE GREAT FALLS MT
430 PM MDT SAT JUL 22 2017


...................................

...THE HAVRE MT CLIMATE SUMMARY FOR JULY 22 2017...
VALID TODAY AS OF 0400 PM LOCAL TIME.

CLIMATE NORMAL PERIOD 1981 TO 2010
CLIMATE RECORD PERIOD 1880 TO 2017


WEATHER ITEM   OBSERVED TIME   RECORD YEAR NORMAL DEPARTURE LAST
                VALUE   (LST)  VALUE       VALUE  FROM      YEAR
                                                  NORMAL
..................................................................
TEMPERATURE (F)
 TODAY
  MAXIMUM         88    259 PM 105    1960  87      1       97
                                      1936
  MINIMUM         48    501 AM  40    1984  55     -7       62
  AVERAGE         68                        71     -3       80

PRECIPITATION (IN)
  TODAY            0.00          0.83 1925   0.04  -0.04      T
  MONTH TO DATE    0.23                      1.30  -1.07     2.10
  SINCE OCT 1      7.43                      8.63  -1.20    13.85
  SINCE JAN 1      3.44                      7.22  -3.78    11.92

SNOWFALL (IN)
  TODAY            0.0           0.0  1999   0.0    0.0      0.0
                                      2001
                                      1998
  MONTH TO DATE    0.0                       0.0    0.0      0.0
  SINCE JUN 1      0.0                       0.0    0.0      0.0
  SINCE JUL 1      0.0                       0.0    0.0      0.0

DEGREE DAYS
 HEATING
  TODAY            0                         1     -1        0
  MONTH TO DATE    1                        29    -28       19
  SINCE JUN 1     84                       162    -78      104
  SINCE JUL 1      1                        29    -28       19

 COOLING
  TODAY            3                         6     -3       15
  MONTH TO DATE  217                       102    115       89
  SINCE JUN 1    280                       150    130      143
  SINCE JAN 1    291                       161    130      144
..................................................................


WIND (MPH)
  HIGHEST WIND SPEED    18   HIGHEST WIND DIRECTION     W (290)
  HIGHEST GUST SPEED    24   HIGHEST GUST DIRECTION     W (280)
  AVERAGE WIND SPEED     5.4


SKY COVER
  AVERAGE SKY COVER 0.0


WEATHER CONDITIONS
 THE FOLLOWING WEATHER WAS RECORDED TODAY.
  NO SIGNIFICANT WEATHER WAS OBSERVED.


RELATIVE HUMIDITY (PERCENT)
 HIGHEST    71           500 AM
 LOWEST     17           300 PM
 AVERAGE    44

..........................................................


THE HAVRE MT CLIMATE NORMALS FOR TOMORROW
                         NORMAL    RECORD    YEAR
 MAXIMUM TEMPERATURE (F)   87       106      2007
 MINIMUM TEMPERATURE (F)   55        44      1918


SUNRISE AND SUNSET
JULY 22 2017..........SUNRISE   541 AM MDT   SUNSET   909 PM MDT
JULY 23 2017..........SUNRISE   542 AM MDT   SUNSET   908 PM MDT


-  INDICATES NEGATIVE NUMBERS.
R  INDICATES RECORD WAS SET OR TIED.
MM INDICATES DATA IS MISSING.
T  INDICATES TRACE AMOUNT.




$$
