000
CDUS41 KLWX 062122
CLIIAD


CLIMATE REPORT
NATIONAL WEATHER SERVICE BALTIMORE MD/WASHINGTON DC
422 PM EST SAT FEB 6 2016


...................................

...THE WASHINGTON DULLES DC CLIMATE SUMMARY FOR FEBRUARY 6 2016...
VALID TODAY AS OF 0400 PM LOCAL TIME.

CLIMATE NORMAL PERIOD 1981 TO 2010
CLIMATE RECORD PERIOD 1962 TO 2016


WEATHER ITEM   OBSERVED TIME   RECORD YEAR NORMAL DEPARTURE LAST
                VALUE   (LST)  VALUE       VALUE  FROM      YEAR
                                                  NORMAL
..................................................................
TEMPERATURE (F)
 TODAY
  MAXIMUM         44    243 PM  71    2008  45     -1       36
  MINIMUM         22    702 AM  -9    1996  25     -3        9
  AVERAGE         33                        35     -2       23

PRECIPITATION (IN)
  TODAY            0.00          1.98 2010   0.10  -0.10     0.00
  MONTH TO DATE    0.97                      0.59   0.38     0.20
  SINCE DEC 1      9.20                      6.23   2.97     6.72
  SINCE JAN 1      5.44                      3.27   2.17     3.46

SNOWFALL (IN)
  TODAY            0.0          17.5  2010   0.3   -0.3
  MONTH TO DATE    T                         1.9   -1.9
  SINCE JUL 1     29.9                      13.2   16.7
  SNOW DEPTH       0

DEGREE DAYS
 HEATING
  TODAY           32                        30      2       42
  MONTH TO DATE  140                       185    -45      206
  SINCE DEC 1   1676                      2053   -377     2111
  SINCE JUL 1   2426                      2969   -543     3105

 COOLING
  TODAY            0                         0      0        0
  MONTH TO DATE    0                         0      0        0
  SINCE DEC 1      2                         0      2        0
  SINCE JAN 1      0                         0      0        0
..................................................................


WIND (MPH)
  HIGHEST WIND SPEED    16   HIGHEST WIND DIRECTION     S (190)
  HIGHEST GUST SPEED    19   HIGHEST GUST DIRECTION     S (160)
  AVERAGE WIND SPEED     4.1


SKY COVER
  POSSIBLE SUNSHINE  MM
  AVERAGE SKY COVER 0.7


WEATHER CONDITIONS
 THE FOLLOWING WEATHER WAS RECORDED TODAY.
  NO SIGNIFICANT WEATHER WAS OBSERVED.


RELATIVE HUMIDITY (PERCENT)
 HIGHEST    88           400 AM
 LOWEST     39           300 PM
 AVERAGE    64

..........................................................


THE WASHINGTON DULLES DC CLIMATE NORMALS FOR TOMORROW
                         NORMAL    RECORD    YEAR
 MAXIMUM TEMPERATURE (F)   45        65      2009
 MINIMUM TEMPERATURE (F)   25        -1      1995


SUNRISE AND SUNSET
FEBRUARY  6 2016......SUNRISE   712 AM EST   SUNSET   536 PM EST
FEBRUARY  7 2016......SUNRISE   711 AM EST   SUNSET   538 PM EST


-  INDICATES NEGATIVE NUMBERS.
R  INDICATES RECORD WAS SET OR TIED.
MM INDICATES DATA IS MISSING.
T  INDICATES TRACE AMOUNT.




$$
