000
CDUS41 KLWX 260519
CLIIAD


CLIMATE REPORT
NATIONAL WEATHER SERVICE BALTIMORE MD/WASHINGTON DC
119 AM EDT SUN OCT 26 2014


...................................

...THE WASHINGTON DULLES DC CLIMATE SUMMARY FOR OCTOBER 25 2014...

CLIMATE NORMAL PERIOD 1981 TO 2010
CLIMATE RECORD PERIOD 1962 TO 2014


WEATHER ITEM   OBSERVED TIME   RECORD YEAR NORMAL DEPARTURE LAST
                VALUE   (LST)  VALUE       VALUE  FROM      YEAR
                                                  NORMAL
..................................................................
TEMPERATURE (F)
 YESTERDAY
  MAXIMUM         72    219 PM  77    1963  65      7       54
  MINIMUM         38    302 AM  27    1969  41     -3       29
  AVERAGE         55                        53      2       42

PRECIPITATION (IN)
  YESTERDAY        0.00          3.39 1971   0.10  -0.10     0.00
  MONTH TO DATE    2.96                      2.60   0.36     7.48
  SINCE SEP 1      3.89                      6.52  -2.63     9.09
  SINCE JAN 1     40.10                     34.52   5.58    36.94

SNOWFALL (IN)
  YESTERDAY        0.0          MM      MM   0.0    0.0
  MONTH TO DATE    0.0                       0.0    0.0
  SINCE JUL 1      0.0                       0.0    0.0
  SNOW DEPTH       0

DEGREE DAYS
 HEATING
  YESTERDAY       10                        12     -2       23
  MONTH TO DATE  178                       219    -41      162
  SINCE SEP 1    223                       275    -52      229
  SINCE JUL 1    226                       277    -51      229

 COOLING
  YESTERDAY        0                         0      0        0
  MONTH TO DATE    6                        16    -10       47
  SINCE SEP 1    132                       157    -25      180
  SINCE JAN 1    965                      1173   -208     1271
..................................................................


WIND (MPH)
  HIGHEST WIND SPEED    16   HIGHEST WIND DIRECTION     W (290)
  HIGHEST GUST SPEED    21   HIGHEST GUST DIRECTION     W (260)
  AVERAGE WIND SPEED     5.9


SKY COVER
  POSSIBLE SUNSHINE  MM
  AVERAGE SKY COVER 0.1


WEATHER CONDITIONS
 THE FOLLOWING WEATHER WAS RECORDED YESTERDAY.
  NO SIGNIFICANT WEATHER WAS OBSERVED.


RELATIVE HUMIDITY (PERCENT)
 HIGHEST    89           700 AM
 LOWEST     34           200 PM
 AVERAGE    62

..........................................................


THE WASHINGTON DULLES DC CLIMATE NORMALS FOR TODAY
                         NORMAL    RECORD    YEAR
 MAXIMUM TEMPERATURE (F)   65        82      1978
 MINIMUM TEMPERATURE (F)   41        26      1988
                                             1987
                                             1972


SUNRISE AND SUNSET
OCTOBER 26 2014.......SUNRISE   731 AM EDT   SUNSET   616 PM EDT
OCTOBER 27 2014.......SUNRISE   732 AM EDT   SUNSET   615 PM EDT


-  INDICATES NEGATIVE NUMBERS.
R  INDICATES RECORD WAS SET OR TIED.
MM INDICATES DATA IS MISSING.
T  INDICATES TRACE AMOUNT.




$$
