000
CDUS43 KUNR 290841
CLIICR


CLIMATE REPORT
NATIONAL WEATHER SERVICE RAPID CITY SD
239 AM MDT FRI MAY 29 2015


...................................

...THE WINNER REGIONAL AIRPORT SD CLIMATE SUMMARY FOR MAY 28 2015...

CLIMATE NORMAL PERIOD 1981 TO 2010
CLIMATE RECORD PERIOD 9999 TO 9999


WEATHER ITEM   OBSERVED TIME   NORMAL DEPARTURE LAST
                VALUE   (LST)  VALUE  FROM      YEAR
                                      NORMAL
......................................................
TEMPERATURE (F)
 YESTERDAY
  MAXIMUM         84    303 PM  74     10       88
  MINIMUM         60   1159 PM  50     10       55
  AVERAGE         72            62     10       72

PRECIPITATION (IN)
  YESTERDAY        0.03          0.13  -0.10     0.00
  MONTH TO DATE    2.72          3.03  -0.31     1.89
  SINCE MAR 1      3.57          6.90  -3.33     4.24
  SINCE JAN 1      3.66          7.66  -4.00     4.32

DEGREE DAYS
 HEATING
  YESTERDAY        0             5     -5        0
  MONTH TO DATE  228           229     -1      246
  SINCE MAR 1   1241          1624   -383     1675
  SINCE JUL 1   6001          6633   -632     7008

 COOLING
  YESTERDAY        7             2      5        7
  MONTH TO DATE   23            24     -1       48
  SINCE MAR 1     35            26      9       51
  SINCE JAN 1     35            26      9       51
......................................................


WIND (MPH)
  HIGHEST WIND SPEED    23   HIGHEST WIND DIRECTION     S (190)
  HIGHEST GUST SPEED    29   HIGHEST GUST DIRECTION     S (190)
  AVERAGE WIND SPEED    12.1


SKY COVER
  AVERAGE SKY COVER 0.2


WEATHER CONDITIONS
 THE FOLLOWING WEATHER WAS RECORDED YESTERDAY.
  THUNDERSTORM
  LIGHT RAIN


RELATIVE HUMIDITY (PERCENT)
 HIGHEST    84          1000 PM
 LOWEST     40           100 PM
 AVERAGE    62

..........................................................




SUNRISE AND SUNSET
MAY 29 2015...........SUNRISE   603 AM CDT   SUNSET   910 PM CDT
MAY 30 2015...........SUNRISE   603 AM CDT   SUNSET   911 PM CDT


-  INDICATES NEGATIVE NUMBERS.
R  INDICATES RECORD WAS SET OR TIED.
MM INDICATES DATA IS MISSING.
T  INDICATES TRACE AMOUNT.




$$
