000
CDUS43 KUNR 260831
CLIICR


CLIMATE REPORT
NATIONAL WEATHER SERVICE RAPID CITY SD
230 AM MDT MON JUN 26 2017


...................................

...THE WINNER REGIONAL AIRPORT SD CLIMATE SUMMARY FOR JUNE 25 2017...

CLIMATE NORMAL PERIOD 1981 TO 2010
CLIMATE RECORD PERIOD 9999 TO 9999


WEATHER ITEM   OBSERVED TIME   NORMAL DEPARTURE LAST
                VALUE   (LST)  VALUE  FROM      YEAR
                                      NORMAL
......................................................
TEMPERATURE (F)
 YESTERDAY
  MAXIMUM         84    353 PM  84      0       88
  MINIMUM         44    505 AM  59    -15       59
  AVERAGE         64            71     -7       74

PRECIPITATION (IN)
  YESTERDAY        0.00          0.10  -0.10     0.00
  MONTH TO DATE    0.22          3.26  -3.04     0.71
  SINCE JUN 1      0.22          3.26  -3.04     0.71
  SINCE JAN 1      7.31         11.33  -4.02    10.06

DEGREE DAYS
 HEATING
  YESTERDAY        1             1      0        0
  MONTH TO DATE    6            52    -46        3
  SINCE JUN 1      6            52    -46        3
  SINCE JUL 1   5551          6697  -1146     5573

 COOLING
  YESTERDAY        0             7     -7        9
  MONTH TO DATE  195           106     89      244
  SINCE JUN 1    195           106     89      244
  SINCE JAN 1    223           136     87      291
......................................................


WIND (MPH)
  HIGHEST WIND SPEED    16   HIGHEST WIND DIRECTION    NW (320)
  HIGHEST GUST SPEED    20   HIGHEST GUST DIRECTION    NW (320)
  AVERAGE WIND SPEED     6.2


SKY COVER
  AVERAGE SKY COVER 0.1


WEATHER CONDITIONS
 THE FOLLOWING WEATHER WAS RECORDED YESTERDAY.
  NO SIGNIFICANT WEATHER WAS OBSERVED.


RELATIVE HUMIDITY (PERCENT)
 HIGHEST    76           200 AM
 LOWEST     16           400 PM
 AVERAGE    46

..........................................................




SUNRISE AND SUNSET
JUNE 26 2017..........SUNRISE   600 AM CDT   SUNSET   924 PM CDT
JUNE 27 2017..........SUNRISE   601 AM CDT   SUNSET   924 PM CDT


-  INDICATES NEGATIVE NUMBERS.
R  INDICATES RECORD WAS SET OR TIED.
MM INDICATES DATA IS MISSING.
T  INDICATES TRACE AMOUNT.




$$
