000
CDUS43 KUNR 060904
CLIICR


CLIMATE REPORT
NATIONAL WEATHER SERVICE RAPID CITY SD
203 AM MST SAT FEB 6 2016


...................................

...THE WINNER REGIONAL AIRPORT SD CLIMATE SUMMARY FOR FEBRUARY 5 2016...

CLIMATE NORMAL PERIOD 1981 TO 2010
CLIMATE RECORD PERIOD 9999 TO 9999


WEATHER ITEM   OBSERVED TIME   NORMAL DEPARTURE LAST
                VALUE   (LST)  VALUE  FROM      YEAR
                                      NORMAL
......................................................
TEMPERATURE (F)
 YESTERDAY
  MAXIMUM         38   1041 AM  36      2       43
  MINIMUM         28   1159 PM  15     13        8
  AVERAGE         33            25      8       26

PRECIPITATION (IN)
  YESTERDAY        T             0.02  -0.02     0.00
  MONTH TO DATE    0.01          0.09  -0.08     0.01
  SINCE DEC 1      1.53          0.68   0.85     0.29
  SINCE JAN 1      0.08          0.34  -0.26     0.09

DEGREE DAYS
 HEATING
  YESTERDAY       32            40     -8       39
  MONTH TO DATE  185           200    -15      253
  SINCE DEC 1   2560          2684   -124     2442
  SINCE JUL 1   3655          4155   -500     3898

 COOLING
  YESTERDAY        0             0      0        0
  MONTH TO DATE    0             0      0        0
  SINCE DEC 1      0             0      0        0
  SINCE JAN 1      0             0      0        0
......................................................


WIND (MPH)
  HIGHEST WIND SPEED    24   HIGHEST WIND DIRECTION    NW (310)
  HIGHEST GUST SPEED    28   HIGHEST GUST DIRECTION    NW (310)
  AVERAGE WIND SPEED    11.2


SKY COVER
  AVERAGE SKY COVER 0.6


WEATHER CONDITIONS
 THE FOLLOWING WEATHER WAS RECORDED YESTERDAY.
  LIGHT SNOW
  FOG


RELATIVE HUMIDITY (PERCENT)
 HIGHEST    82           300 PM
 LOWEST     58          1200 AM
 AVERAGE    70

..........................................................




SUNRISE AND SUNSET
FEBRUARY  6 2016......SUNRISE   750 AM CST   SUNSET   557 PM CST
FEBRUARY  7 2016......SUNRISE   749 AM CST   SUNSET   559 PM CST


-  INDICATES NEGATIVE NUMBERS.
R  INDICATES RECORD WAS SET OR TIED.
MM INDICATES DATA IS MISSING.
T  INDICATES TRACE AMOUNT.




$$
