000
CDUS43 KUNR 260837
CLIICR


CLIMATE REPORT
NATIONAL WEATHER SERVICE RAPID CITY SD
233 AM MDT SUN MAR 26 2017


...................................

...THE WINNER REGIONAL AIRPORT SD CLIMATE SUMMARY FOR MARCH 25 2017...

CLIMATE NORMAL PERIOD 1981 TO 2010
CLIMATE RECORD PERIOD 9999 TO 9999


WEATHER ITEM   OBSERVED TIME   NORMAL DEPARTURE LAST
                VALUE   (LST)  VALUE  FROM      YEAR
                                      NORMAL
......................................................
TEMPERATURE (F)
 YESTERDAY
  MAXIMUM         63    338 PM  52     11       59
  MINIMUM         24    205 AM  28     -4       32
  AVERAGE         44            40      4       46

PRECIPITATION (IN)
  YESTERDAY        T             0.06  -0.06     0.06
  MONTH TO DATE    0.07          0.90  -0.83     0.33
  SINCE MAR 1      0.07          0.90  -0.83     0.33
  SINCE JAN 1      1.71          1.66   0.05     0.72

DEGREE DAYS
 HEATING
  YESTERDAY       21            25     -4       19
  MONTH TO DATE  624           733   -109      503
  SINCE MAR 1    624           733   -109      503
  SINCE JUL 1   4776          5742   -966     4796

 COOLING
  YESTERDAY        0             0      0        0
  MONTH TO DATE    0             0      0        1
  SINCE MAR 1      0             0      0        1
  SINCE JAN 1      0             0      0        1
......................................................


WIND (MPH)
  HIGHEST WIND SPEED    28   HIGHEST WIND DIRECTION    SE (130)
  HIGHEST GUST SPEED    32   HIGHEST GUST DIRECTION    SE (130)
  AVERAGE WIND SPEED    11.8


SKY COVER
  AVERAGE SKY COVER 0.5


WEATHER CONDITIONS
 THE FOLLOWING WEATHER WAS RECORDED YESTERDAY.
  LIGHT SNOW
  FOG
  FOG W/VISIBILITY <= 1/4 MILE


RELATIVE HUMIDITY (PERCENT)
 HIGHEST   100           700 AM
 LOWEST     32           300 PM
 AVERAGE    66

..........................................................




SUNRISE AND SUNSET
MARCH 26 2017.........SUNRISE   731 AM CDT   SUNSET   759 PM CDT
MARCH 27 2017.........SUNRISE   730 AM CDT   SUNSET   800 PM CDT


-  INDICATES NEGATIVE NUMBERS.
R  INDICATES RECORD WAS SET OR TIED.
MM INDICATES DATA IS MISSING.
T  INDICATES TRACE AMOUNT.




$$
