000
CDUS43 KUNR 290832
CLIICR


CLIMATE REPORT
NATIONAL WEATHER SERVICE RAPID CITY SD
231 AM MDT SAT APR 29 2017


...................................

...THE WINNER REGIONAL AIRPORT SD CLIMATE SUMMARY FOR APRIL 28 2017...

CLIMATE NORMAL PERIOD 1981 TO 2010
CLIMATE RECORD PERIOD 9999 TO 9999


WEATHER ITEM   OBSERVED TIME   NORMAL DEPARTURE LAST
                VALUE   (LST)  VALUE  FROM      YEAR
                                      NORMAL
......................................................
TEMPERATURE (F)
 YESTERDAY
  MAXIMUM         54    518 PM  64    -10       45
  MINIMUM         34    606 AM  41     -7       37
  AVERAGE         44            52     -8       41

PRECIPITATION (IN)
  YESTERDAY        0.00          0.11  -0.11      T
  MONTH TO DATE    2.10          2.26  -0.16     4.52
  SINCE MAR 1      2.42          3.64  -1.22     5.29
  SINCE JAN 1      4.06          4.40  -0.34     5.68

DEGREE DAYS
 HEATING
  YESTERDAY       21            13      8       24
  MONTH TO DATE  414           494    -80      416
  SINCE MAR 1   1148          1370   -222     1057
  SINCE JUL 1   5300          6379  -1079     5350

 COOLING
  YESTERDAY        0             0      0        0
  MONTH TO DATE    2             0      2        8
  SINCE MAR 1      2             0      2        9
  SINCE JAN 1      2             0      2        9
......................................................


WIND (MPH)
  HIGHEST WIND SPEED    23   HIGHEST WIND DIRECTION    NE (50)
  HIGHEST GUST SPEED    28   HIGHEST GUST DIRECTION    NE (60)
  AVERAGE WIND SPEED    12.4


SKY COVER
  AVERAGE SKY COVER 0.4


WEATHER CONDITIONS
 THE FOLLOWING WEATHER WAS RECORDED YESTERDAY.
  NO SIGNIFICANT WEATHER WAS OBSERVED.


RELATIVE HUMIDITY (PERCENT)
 HIGHEST    82           400 AM
 LOWEST     35           300 PM
 AVERAGE    59

..........................................................




SUNRISE AND SUNSET
APRIL 29 2017.........SUNRISE   635 AM CDT   SUNSET   839 PM CDT
APRIL 30 2017.........SUNRISE   633 AM CDT   SUNSET   840 PM CDT


-  INDICATES NEGATIVE NUMBERS.
R  INDICATES RECORD WAS SET OR TIED.
MM INDICATES DATA IS MISSING.
T  INDICATES TRACE AMOUNT.




$$
