000
CDUS43 KUNR 190843
CLIICR


CLIMATE REPORT
NATIONAL WEATHER SERVICE RAPID CITY SD
141 AM MST FRI JAN 19 2018


...................................

...THE WINNER REGIONAL AIRPORT SD CLIMATE SUMMARY FOR JANUARY 18 2018...

CLIMATE NORMAL PERIOD 1981 TO 2010
CLIMATE RECORD PERIOD 9999 TO 9999


WEATHER ITEM   OBSERVED TIME   NORMAL DEPARTURE LAST
                VALUE   (LST)  VALUE  FROM      YEAR
                                      NORMAL
......................................................
TEMPERATURE (F)
 YESTERDAY
  MAXIMUM         46    500 PM  36     10       55
  MINIMUM         30   1203 AM  14     16       24
  AVERAGE         38            25     13       40

PRECIPITATION (IN)
  YESTERDAY        0.00          0.01  -0.01     0.00
  MONTH TO DATE    0.01          0.13  -0.12     0.01
  SINCE DEC 1      0.18          0.47  -0.29     0.56
  SINCE JAN 1      0.01          0.13  -0.12     0.01

DEGREE DAYS
 HEATING
  YESTERDAY       27            40    -13       25
  MONTH TO DATE  739           725     14      843
  SINCE DEC 1   1929          1960    -31     2027
  SINCE JUL 1   3153          3431   -278     2897

 COOLING
  YESTERDAY        0             0      0        0
  MONTH TO DATE    0             0      0        0
  SINCE DEC 1      0             0      0        0
  SINCE JAN 1      0             0      0        0
......................................................


WIND (MPH)
  HIGHEST WIND SPEED    16   HIGHEST WIND DIRECTION    SW (210)
  HIGHEST GUST SPEED    20   HIGHEST GUST DIRECTION    SW (220)
  AVERAGE WIND SPEED     9.9


SKY COVER
  AVERAGE SKY COVER 0.0


WEATHER CONDITIONS
 THE FOLLOWING WEATHER WAS RECORDED YESTERDAY.
  NO SIGNIFICANT WEATHER WAS OBSERVED.


RELATIVE HUMIDITY (PERCENT)
 HIGHEST    69          1200 AM
 LOWEST     49          1200 PM
 AVERAGE    59

..........................................................




SUNRISE AND SUNSET
JANUARY 19 2018.......SUNRISE   807 AM CST   SUNSET   534 PM CST
JANUARY 20 2018.......SUNRISE   806 AM CST   SUNSET   535 PM CST


-  INDICATES NEGATIVE NUMBERS.
R  INDICATES RECORD WAS SET OR TIED.
MM INDICATES DATA IS MISSING.
T  INDICATES TRACE AMOUNT.




$$
