000
CDUS43 KUNR 300831
CLIICR


CLIMATE REPORT
NATIONAL WEATHER SERVICE RAPID CITY SD
231 AM MDT THU JUL 30 2015


...................................

...THE WINNER REGIONAL AIRPORT SD CLIMATE SUMMARY FOR JULY 29 2015...

CLIMATE NORMAL PERIOD 1981 TO 2010
CLIMATE RECORD PERIOD 9999 TO 9999


WEATHER ITEM   OBSERVED TIME   NORMAL DEPARTURE LAST
                VALUE   (LST)  VALUE  FROM      YEAR
                                      NORMAL
......................................................
TEMPERATURE (F)
 YESTERDAY
  MAXIMUM         89    302 PM  89      0       83
  MINIMUM         60    540 AM  64     -4       52
  AVERAGE         75            77     -2       68

PRECIPITATION (IN)
  YESTERDAY        0.00          0.11  -0.11     0.00
  MONTH TO DATE    2.02          2.73  -0.71     0.25
  SINCE JUN 1      6.04          6.38  -0.34     4.41
  SINCE JAN 1      9.71         14.45  -4.74     9.20

DEGREE DAYS
 HEATING
  YESTERDAY        0             0      0        0
  MONTH TO DATE    0             0      0       12
  SINCE JUN 1      3            54    -51       49
  SINCE JUL 1      0             0      0       12

 COOLING
  YESTERDAY       10            12     -2        3
  MONTH TO DATE  348           308     40      272
  SINCE JUN 1    566           453    113      389
  SINCE JAN 1    601           483    118      470
......................................................


WIND (MPH)
  HIGHEST WIND SPEED    22   HIGHEST WIND DIRECTION    NW (300)
  HIGHEST GUST SPEED    29   HIGHEST GUST DIRECTION    NW (310)
  AVERAGE WIND SPEED    10.9


SKY COVER
  AVERAGE SKY COVER 0.0


WEATHER CONDITIONS
 THE FOLLOWING WEATHER WAS RECORDED YESTERDAY.
  NO SIGNIFICANT WEATHER WAS OBSERVED.


RELATIVE HUMIDITY (PERCENT)
 HIGHEST    60          1200 AM
 LOWEST     21           100 PM
 AVERAGE    41

..........................................................




SUNRISE AND SUNSET
JULY 30 2015..........SUNRISE   627 AM CDT   SUNSET   904 PM CDT
JULY 31 2015..........SUNRISE   628 AM CDT   SUNSET   903 PM CDT


-  INDICATES NEGATIVE NUMBERS.
R  INDICATES RECORD WAS SET OR TIED.
MM INDICATES DATA IS MISSING.
T  INDICATES TRACE AMOUNT.




$$
