000
CDUS43 KUNR 290837
CLIICR


CLIMATE REPORT
NATIONAL WEATHER SERVICE RAPID CITY SD
135 AM MST THU JAN 29 2015


...................................

...THE WINNER REGIONAL AIRPORT SD CLIMATE SUMMARY FOR JANUARY 28 2015...

CLIMATE NORMAL PERIOD 1981 TO 2010
CLIMATE RECORD PERIOD 9999 TO 9999


WEATHER ITEM   OBSERVED TIME   NORMAL DEPARTURE LAST
                VALUE   (LST)  VALUE  FROM      YEAR
                                      NORMAL
......................................................
TEMPERATURE (F)
 YESTERDAY
  MAXIMUM         63    222 PM  36     27       20
  MINIMUM         37   1159 PM  14     23       -4
  AVERAGE         50            25     25        8

PRECIPITATION (IN)
  YESTERDAY        T             0.01  -0.01     0.00
  MONTH TO DATE    0.05          0.22  -0.17     0.02
  SINCE DEC 1      0.25          0.56  -0.31     0.10
  SINCE JAN 1      0.05          0.22  -0.17     0.02

DEGREE DAYS
 HEATING
  YESTERDAY       15            40    -25       57
  MONTH TO DATE 1056          1125    -69     1116
  SINCE DEC 1   2089          2360   -271     2520
  SINCE JUL 1   3545          3831   -286     3957

 COOLING
  YESTERDAY        0             0      0        0
  MONTH TO DATE    0             0      0        0
  SINCE DEC 1      0             0      0        0
  SINCE JAN 1      0             0      0        0
......................................................


WIND (MPH)
  HIGHEST WIND SPEED    38   HIGHEST WIND DIRECTION    NW (320)
  HIGHEST GUST SPEED    45   HIGHEST GUST DIRECTION    NW (320)
  AVERAGE WIND SPEED    19.9


SKY COVER
  AVERAGE SKY COVER 0.2


WEATHER CONDITIONS
 THE FOLLOWING WEATHER WAS RECORDED YESTERDAY.
  NO SIGNIFICANT WEATHER WAS OBSERVED.


RELATIVE HUMIDITY (PERCENT)
 HIGHEST    76           900 PM
 LOWEST     30           300 PM
 AVERAGE    53

..........................................................




SUNRISE AND SUNSET
JANUARY 29 2015.......SUNRISE   759 AM CST   SUNSET   547 PM CST
JANUARY 30 2015.......SUNRISE   758 AM CST   SUNSET   548 PM CST


-  INDICATES NEGATIVE NUMBERS.
R  INDICATES RECORD WAS SET OR TIED.
MM INDICATES DATA IS MISSING.
T  INDICATES TRACE AMOUNT.




$$
