000
CDUS43 KUNR 300831
CLIICR


CLIMATE REPORT
NATIONAL WEATHER SERVICE RAPID CITY SD
231 AM MDT TUE SEP 30 2014


...................................

...THE WINNER REGIONAL AIRPORT SD CLIMATE SUMMARY FOR SEPTEMBER 29 2014...

CLIMATE NORMAL PERIOD 1981 TO 2010
CLIMATE RECORD PERIOD 9999 TO 9999


WEATHER ITEM   OBSERVED TIME   NORMAL DEPARTURE LAST
                VALUE   (LST)  VALUE  FROM      YEAR
                                      NORMAL
......................................................
TEMPERATURE (F)
 YESTERDAY
  MAXIMUM         67    603 PM  71     -4       86
  MINIMUM         53    657 AM  45      8       51
  AVERAGE         60            58      2       69

PRECIPITATION (IN)
  YESTERDAY        0.10          0.05   0.05     0.00
  MONTH TO DATE    1.01          1.93  -0.92     0.74
  SINCE SEP 1      1.01          1.93  -0.92     0.74
  SINCE JAN 1     14.08         18.93  -4.85    16.73

DEGREE DAYS
 HEATING
  YESTERDAY        5             8     -3        0
  MONTH TO DATE  107           120    -13       48
  SINCE SEP 1    107           120    -13       48
  SINCE JUL 1    120           134    -14       55

 COOLING
  YESTERDAY        0             1     -1        4
  MONTH TO DATE  122           100     22      212
  SINCE SEP 1    122           100     22      212
  SINCE JAN 1    852           906    -54     1003
......................................................


WIND (MPH)
  HIGHEST WIND SPEED    24   HIGHEST WIND DIRECTION    SE (120)
  HIGHEST GUST SPEED    30   HIGHEST GUST DIRECTION    SE (120)
  AVERAGE WIND SPEED    12.4


SKY COVER
  AVERAGE SKY COVER 0.8


WEATHER CONDITIONS
 THE FOLLOWING WEATHER WAS RECORDED YESTERDAY.
  RAIN
  LIGHT RAIN
  FOG
  FOG W/VISIBILITY <= 1/4 MILE


RELATIVE HUMIDITY (PERCENT)
 HIGHEST   100           800 AM
 LOWEST     78           300 PM
 AVERAGE    89

..........................................................




SUNRISE AND SUNSET
SEPTEMBER 30 2014.....SUNRISE   736 AM CDT   SUNSET   722 PM CDT
OCTOBER  1 2014.......SUNRISE   737 AM CDT   SUNSET   720 PM CDT


-  INDICATES NEGATIVE NUMBERS.
R  INDICATES RECORD WAS SET OR TIED.
MM INDICATES DATA IS MISSING.
T  INDICATES TRACE AMOUNT.




$$
