000
CDUS43 KICT 012312
CLIICT


CLIMATE REPORT
NATIONAL WEATHER SERVICE WICHITA KS
511 PM CST SUN FEB 1 2015


...................................

...THE WICHITA MID CONTINENT CLIMATE SUMMARY FOR FEBRUARY 1 2015...
VALID TODAY AS OF 0500 PM LOCAL TIME.

CLIMATE NORMAL PERIOD 1981 TO 2010
CLIMATE RECORD PERIOD 1888 TO 2015


WEATHER ITEM   OBSERVED TIME   RECORD YEAR NORMAL DEPARTURE LAST
                VALUE   (LST)  VALUE       VALUE  FROM      YEAR
                                                  NORMAL
..................................................................
TEMPERATURE (F)
 TODAY
  MAXIMUM         42    400 AM  75    1911  45     -3       29
  MINIMUM         21    459 PM  -8    1917  23     -2       21
  AVERAGE         32                        34     -2       25

PRECIPITATION (IN)
  TODAY            0.02          0.89 1973   0.03  -0.01     0.06
  MONTH TO DATE    0.02                      0.03  -0.01     0.06
  SINCE DEC 1      2.42                      2.06   0.36     0.79
  SINCE JAN 1      1.13                      0.86   0.27     0.19

SNOWFALL (IN)
  TODAY           MM             6.1  1983   0.1   MM         T
  MONTH TO DATE   MM                         0.1   MM         T
  SINCE DEC 1      8.2                       7.9    0.3      6.4
  SINCE JUL 1     10.0                       9.3    0.7      6.4
  SNOW DEPTH       0

DEGREE DAYS
 HEATING
  TODAY           33                        31      2       40
  MONTH TO DATE   33                        31      2       40
  SINCE DEC 1   1807                      2015   -208     2129
  SINCE JUL 1   2687                      2891   -204     3014

 COOLING
  TODAY            0                         0      0        0
  MONTH TO DATE    0                         0      0        0
  SINCE DEC 1      0                         0      0        0
  SINCE JAN 1      0                         0      0        0
..................................................................


WIND (MPH)
  HIGHEST WIND SPEED    38   HIGHEST WIND DIRECTION    NW (330)
  HIGHEST GUST SPEED    49   HIGHEST GUST DIRECTION    NW (330)
  AVERAGE WIND SPEED    24.2


SKY COVER
  POSSIBLE SUNSHINE  MM
  AVERAGE SKY COVER 1.0


WEATHER CONDITIONS
 THE FOLLOWING WEATHER WAS RECORDED TODAY.
  LIGHT RAIN
  LIGHT SNOW
  FOG


RELATIVE HUMIDITY (PERCENT)
 HIGHEST   100          1200 AM
 LOWEST     57           500 PM
 AVERAGE    79

..........................................................


THE WICHITA MID CONTINENT CLIMATE NORMALS FOR TOMORROW
                         NORMAL    RECORD    YEAR
 MAXIMUM TEMPERATURE (F)   45        73      1924
 MINIMUM TEMPERATURE (F)   23       -12      1902


SUNRISE AND SUNSET
FEBRUARY  1 2015......SUNRISE   734 AM CST   SUNSET   553 PM CST
FEBRUARY  2 2015......SUNRISE   733 AM CST   SUNSET   554 PM CST


-  INDICATES NEGATIVE NUMBERS.
R  INDICATES RECORD WAS SET OR TIED.
MM INDICATES DATA IS MISSING.
T  INDICATES TRACE AMOUNT.




$$
