000
CDUS43 KICT 250640
CLIICT


CLIMATE REPORT
NATIONAL WEATHER SERVICE WICHITA KS
1239 AM CST SAT NOV 25 2017


...................................

...THE WICHITA EISENHOWER NATIONAL CLIMATE SUMMARY FOR NOVEMBER 24 2017...

CLIMATE NORMAL PERIOD 1981 TO 2010
CLIMATE RECORD PERIOD 1888 TO 2017


WEATHER ITEM   OBSERVED TIME   RECORD YEAR NORMAL DEPARTURE LAST
                VALUE   (LST)  VALUE       VALUE  FROM      YEAR
                                                  NORMAL
..................................................................
TEMPERATURE (F)
 YESTERDAY
  MAXIMUM         76R   225 PM  70    1915  52     24       63
  MINIMUM         43    725 AM  11    1970  31     12       32
                                      1950
                                      1938
  AVERAGE         60                        41     19       48

PRECIPITATION (IN)
  YESTERDAY        0.00          0.60 1992   0.04  -0.04     0.00
  MONTH TO DATE    0.12                      1.18  -1.06     0.19
  SINCE SEP 1      6.06                      7.10  -1.04    13.53
  SINCE JAN 1     33.41                     31.19   2.22    49.87

SNOWFALL (IN)
  YESTERDAY        0.0           2.0  2007   0.1   -0.1      0.0
  MONTH TO DATE    0.0                       0.8   -0.8      0.0
  SINCE SEP 1      0.0                       0.9   -0.9      0.0
  SINCE JUL 1      0.0                       0.9   -0.9      0.0
  SNOW DEPTH       0

DEGREE DAYS
 HEATING
  YESTERDAY        5                        24    -19       17
  MONTH TO DATE  419                       435    -16      249
  SINCE SEP 1    643                       720    -77      339
  SINCE JUL 1    643                       721    -78      339

 COOLING
  YESTERDAY        0                         0      0        0
  MONTH TO DATE    2                         0      2       11
  SINCE SEP 1    346                       257     89      382
  SINCE JAN 1   1785                      1684    101     2054
..................................................................


WIND (MPH)
  HIGHEST WIND SPEED    23   HIGHEST WIND DIRECTION     N (20)
  HIGHEST GUST SPEED    30   HIGHEST GUST DIRECTION     N (20)
  AVERAGE WIND SPEED    11.3


SKY COVER
  POSSIBLE SUNSHINE  MM
  AVERAGE SKY COVER 0.4


WEATHER CONDITIONS
 THE FOLLOWING WEATHER WAS RECORDED YESTERDAY.
  NO SIGNIFICANT WEATHER WAS OBSERVED.


RELATIVE HUMIDITY (PERCENT)
 HIGHEST    82           700 AM
 LOWEST     27           200 PM
 AVERAGE    55

..........................................................


THE WICHITA EISENHOWER NATIONAL CLIMATE NORMALS FOR TODAY
                         NORMAL    RECORD    YEAR
 MAXIMUM TEMPERATURE (F)   51        74      1910
 MINIMUM TEMPERATURE (F)   30        11      1993


SUNRISE AND SUNSET
NOVEMBER 25 2017......SUNRISE   720 AM CST   SUNSET   513 PM CST
NOVEMBER 26 2017......SUNRISE   721 AM CST   SUNSET   513 PM CST


-  INDICATES NEGATIVE NUMBERS.
R  INDICATES RECORD WAS SET OR TIED.
MM INDICATES DATA IS MISSING.
T  INDICATES TRACE AMOUNT.




$$
