000
CDUS45 KPIH 170736
CLIIDA


CLIMATE REPORT
NATIONAL WEATHER SERVICE POCATELLO ID
135 AM MDT THU AUG 17 2017


...................................

...THE IDAHO FALLS ID CLIMATE SUMMARY FOR AUGUST 16 2017...

CLIMATE NORMAL PERIOD 1981 TO 2010
CLIMATE RECORD PERIOD 1948 TO 2017


WEATHER ITEM   OBSERVED TIME   RECORD YEAR NORMAL DEPARTURE LAST
                VALUE   (LST)  VALUE       VALUE  FROM      YEAR
                                                  NORMAL
..................................................................
TEMPERATURE (F)
 YESTERDAY
  MAXIMUM         84    528 PM  96    2013  86     -2       94
  MINIMUM         44    611 AM  37    1974  49     -5       48
  AVERAGE         64                        67     -3       71

PRECIPITATION (IN)
  YESTERDAY        0.00          0.61 1984   0.02  -0.02     0.00
  MONTH TO DATE    0.03                      0.24  -0.21     0.09
  SINCE OCT 1     10.37                      9.25   1.12     7.76
  SINCE JAN 1      6.09                      6.68  -0.59     5.44

SNOWFALL (IN)
  YESTERDAY       MM
  MONTH TO DATE   MM
  SINCE JUN 1     MM
  SINCE JUL 1     MM
  SNOW DEPTH      MM

DEGREE DAYS
 HEATING
  YESTERDAY        1                         1      0        0
  MONTH TO DATE    9                         8      1       14
  SINCE JUN 1    117                       188    -71      121
  SINCE JUL 1      9                        35    -26       47

 COOLING
  YESTERDAY        0                         3     -3        6
  MONTH TO DATE   49                        61    -12       40
  SINCE JUN 1    283                       214     69      216
  SINCE JAN 1    285                       216     69      216
..................................................................


WIND (MPH)
  HIGHEST WIND SPEED    20   HIGHEST WIND DIRECTION     S (200)
  HIGHEST GUST SPEED    29   HIGHEST GUST DIRECTION    SW (220)
  AVERAGE WIND SPEED     8.7


SKY COVER
  POSSIBLE SUNSHINE  MM
  AVERAGE SKY COVER 0.1


WEATHER CONDITIONS
 THE FOLLOWING WEATHER WAS RECORDED YESTERDAY.
  NO SIGNIFICANT WEATHER WAS OBSERVED.


RELATIVE HUMIDITY (PERCENT)
 HIGHEST    93           300 AM
 LOWEST     17           500 PM
 AVERAGE    55

..........................................................


THE IDAHO FALLS ID CLIMATE NORMALS FOR TODAY
                         NORMAL    RECORD    YEAR
 MAXIMUM TEMPERATURE (F)   86        95      2013
 MINIMUM TEMPERATURE (F)   48        39      1985


SUNRISE AND SUNSET
AUGUST 17 2017........SUNRISE   636 AM MDT   SUNSET   828 PM MDT
AUGUST 18 2017........SUNRISE   637 AM MDT   SUNSET   826 PM MDT


-  INDICATES NEGATIVE NUMBERS.
R  INDICATES RECORD WAS SET OR TIED.
MM INDICATES DATA IS MISSING.
T  INDICATES TRACE AMOUNT.




$$
