000
CDUS45 KPIH 250730
CLIIDA


CLIMATE REPORT
NATIONAL WEATHER SERVICE POCATELLO ID
129 AM MDT SAT MAR 25 2017


...................................

...THE IDAHO FALLS ID CLIMATE SUMMARY FOR MARCH 24 2017...

CLIMATE NORMAL PERIOD 1981 TO 2010
CLIMATE RECORD PERIOD 1948 TO 2017


WEATHER ITEM   OBSERVED TIME   RECORD YEAR NORMAL DEPARTURE LAST
                VALUE   (LST)  VALUE       VALUE  FROM      YEAR
                                                  NORMAL
..................................................................
TEMPERATURE (F)
 YESTERDAY
  MAXIMUM         58    330 PM  70    2012  50      8       51
  MINIMUM         28    639 AM   5    1964  28      0       33
  AVERAGE         43                        39      4       42

PRECIPITATION (IN)
  YESTERDAY        T             0.10 1976   0.03  -0.03      T
  MONTH TO DATE    0.09                      0.66  -0.57     1.55
  SINCE OCT 1      6.51                      4.58   1.93     4.93
  SINCE JAN 1      2.23                      2.01   0.22     2.61

SNOWFALL (IN)
  YESTERDAY       MM
  MONTH TO DATE   MM
  SINCE MAR 1     MM
  SINCE JUL 1     MM
  SNOW DEPTH      MM

DEGREE DAYS
 HEATING
  YESTERDAY       22                        26     -4       23
  MONTH TO DATE  578                       728   -150      618
  SINCE MAR 1    578                       728   -150      618
  SINCE JUL 1   6375                      6530   -155     6200

 COOLING
  YESTERDAY        0                         0      0        0
  MONTH TO DATE    0                         0      0        0
  SINCE MAR 1      0                         0      0        0
  SINCE JAN 1      0                         0      0        0
..................................................................


WIND (MPH)
  HIGHEST WIND SPEED    26   HIGHEST WIND DIRECTION     S (200)
  HIGHEST GUST SPEED    39   HIGHEST GUST DIRECTION     S (200)
  AVERAGE WIND SPEED    11.9


SKY COVER
  POSSIBLE SUNSHINE  MM
  AVERAGE SKY COVER 0.3


WEATHER CONDITIONS
 THE FOLLOWING WEATHER WAS RECORDED YESTERDAY.
  LIGHT RAIN


RELATIVE HUMIDITY (PERCENT)
 HIGHEST    85           700 AM
 LOWEST     24           400 PM
 AVERAGE    55

..........................................................


THE IDAHO FALLS ID CLIMATE NORMALS FOR TODAY
                         NORMAL    RECORD    YEAR
 MAXIMUM TEMPERATURE (F)   50        71      2012
 MINIMUM TEMPERATURE (F)   28         3      1964


SUNRISE AND SUNSET
MARCH 25 2017.........SUNRISE   722 AM MDT   SUNSET   747 PM MDT
MARCH 26 2017.........SUNRISE   720 AM MDT   SUNSET   748 PM MDT


-  INDICATES NEGATIVE NUMBERS.
R  INDICATES RECORD WAS SET OR TIED.
MM INDICATES DATA IS MISSING.
T  INDICATES TRACE AMOUNT.




$$
