000
CDUS45 KPIH 040732
CLIIDA


CLIMATE REPORT
NATIONAL WEATHER SERVICE POCATELLO ID
131 AM MDT SAT JUL 4 2015


...................................

...THE IDAHO FALLS ID CLIMATE SUMMARY FOR JULY 3 2015...

CLIMATE NORMAL PERIOD 1981 TO 2010
CLIMATE RECORD PERIOD 1948 TO 2015


WEATHER ITEM   OBSERVED TIME   RECORD YEAR NORMAL DEPARTURE LAST
                VALUE   (LST)  VALUE       VALUE  FROM      YEAR
                                                  NORMAL
..................................................................
TEMPERATURE (F)
 YESTERDAY
  MAXIMUM         96R   347 PM  95    2011  83     13       91
                                      2008
  MINIMUM         52    541 AM  39    2005  49      3       50
  AVERAGE         74                        66      8       71

PRECIPITATION (IN)
  YESTERDAY        0.00          0.57 1967   0.01  -0.01      T
  MONTH TO DATE    0.00                      0.04  -0.04      T
  SINCE OCT 1      6.87                      8.55  -1.68     5.14
  SINCE JAN 1      5.41                      5.98  -0.57     3.84

SNOWFALL (IN)
  YESTERDAY       MM
  MONTH TO DATE   MM
  SINCE JUN 1     MM
  SINCE JUL 1     MM
  SNOW DEPTH      MM

DEGREE DAYS
 HEATING
  YESTERDAY        0                         2     -2        0
  MONTH TO DATE    0                         6     -6        2
  SINCE JUN 1     46                       159   -113      130
  SINCE JUL 1      0                         6     -6        2

 COOLING
  YESTERDAY        9                         3      6        6
  MONTH TO DATE   30                         8     22        9
  SINCE JUN 1    126                        38     88       18
  SINCE JAN 1    127                        40     87       19
..................................................................


WIND (MPH)
  HIGHEST WIND SPEED    20   HIGHEST WIND DIRECTION     S (200)
  HIGHEST GUST SPEED    25   HIGHEST GUST DIRECTION     S (200)
  AVERAGE WIND SPEED    10.0


SKY COVER
  POSSIBLE SUNSHINE  MM
  AVERAGE SKY COVER 0.0


WEATHER CONDITIONS
 THE FOLLOWING WEATHER WAS RECORDED YESTERDAY.
  HAZE


RELATIVE HUMIDITY (PERCENT)
 HIGHEST    89           600 AM
 LOWEST     17           400 PM
 AVERAGE    53

..........................................................


THE IDAHO FALLS ID CLIMATE NORMALS FOR TODAY
                         NORMAL    RECORD    YEAR
 MAXIMUM TEMPERATURE (F)   83        97      2014
 MINIMUM TEMPERATURE (F)   49        39      1983


SUNRISE AND SUNSET
JULY  4 2015..........SUNRISE   553 AM MDT   SUNSET   912 PM MDT
JULY  5 2015..........SUNRISE   553 AM MDT   SUNSET   912 PM MDT


-  INDICATES NEGATIVE NUMBERS.
R  INDICATES RECORD WAS SET OR TIED.
MM INDICATES DATA IS MISSING.
T  INDICATES TRACE AMOUNT.




$$
