000
CDUS45 KPIH 190731
CLIIDA


CLIMATE REPORT
NATIONAL WEATHER SERVICE POCATELLO ID
131 AM MDT FRI SEP 19 2014


...................................

...THE IDAHO FALLS ID CLIMATE SUMMARY FOR SEPTEMBER 18 2014...

CLIMATE NORMAL PERIOD 1981 TO 2010
CLIMATE RECORD PERIOD 1948 TO 2014


WEATHER ITEM   OBSERVED TIME   RECORD YEAR NORMAL DEPARTURE LAST
                VALUE   (LST)  VALUE       VALUE  FROM      YEAR
                                                  NORMAL
..................................................................
TEMPERATURE (F)
 YESTERDAY
  MAXIMUM         86   1248 PM  90    1956  73     13       62
  MINIMUM         55   1213 AM  21    1965  40     15       40
  AVERAGE         71                        56     15       51

PRECIPITATION (IN)
  YESTERDAY        0.02          0.66 1961   0.03  -0.01     0.05
  MONTH TO DATE    0.02                      0.49  -0.47     2.05
  SINCE OCT 1      7.66                     10.04  -2.38     7.44
  SINCE JAN 1      6.36                      7.47  -1.11     4.75

SNOWFALL (IN)
  YESTERDAY       MM
  MONTH TO DATE   MM
  SINCE SEP 1     MM
  SINCE JUL 1     MM
  SNOW DEPTH      MM

DEGREE DAYS
 HEATING
  YESTERDAY        0                         9     -9       14
  MONTH TO DATE  102                       104     -2       17
  SINCE SEP 1    102                       104     -2       17
  SINCE JUL 1    157                       169    -12       17

 COOLING
  YESTERDAY        6                         0      6        0
  MONTH TO DATE   14                        10      4       50
  SINCE SEP 1     14                        10      4       50
  SINCE JAN 1    296                       262     34      510
..................................................................


WIND (MPH)
  HIGHEST WIND SPEED    28   HIGHEST WIND DIRECTION     S (190)
  HIGHEST GUST SPEED    37   HIGHEST GUST DIRECTION     S (200)
  AVERAGE WIND SPEED     9.3


SKY COVER
  POSSIBLE SUNSHINE  MM
  AVERAGE SKY COVER 0.5


WEATHER CONDITIONS
 THE FOLLOWING WEATHER WAS RECORDED YESTERDAY.
  THUNDERSTORM
  LIGHT RAIN


RELATIVE HUMIDITY (PERCENT)
 HIGHEST    72          1100 PM
 LOWEST     28           300 PM
 AVERAGE    50

..........................................................


THE IDAHO FALLS ID CLIMATE NORMALS FOR TODAY
                         NORMAL    RECORD    YEAR
 MAXIMUM TEMPERATURE (F)   73        90      1956
 MINIMUM TEMPERATURE (F)   39        22      1965


SUNRISE AND SUNSET
SEPTEMBER 19 2014.....SUNRISE   712 AM MDT   SUNSET   731 PM MDT
SEPTEMBER 20 2014.....SUNRISE   713 AM MDT   SUNSET   729 PM MDT


-  INDICATES NEGATIVE NUMBERS.
R  INDICATES RECORD WAS SET OR TIED.
MM INDICATES DATA IS MISSING.
T  INDICATES TRACE AMOUNT.




$$
