000
CDUS45 KPIH 260732
CLIIDA


CLIMATE REPORT
NATIONAL WEATHER SERVICE POCATELLO ID
1232 AM MST THU FEB 26 2015


...................................

...THE IDAHO FALLS ID CLIMATE SUMMARY FOR FEBRUARY 25 2015...

CLIMATE NORMAL PERIOD 1981 TO 2010
CLIMATE RECORD PERIOD 1948 TO 2015


WEATHER ITEM   OBSERVED TIME   RECORD YEAR NORMAL DEPARTURE LAST
                VALUE   (LST)  VALUE       VALUE  FROM      YEAR
                                                  NORMAL
..................................................................
TEMPERATURE (F)
 YESTERDAY
  MAXIMUM         47    239 PM  60    1986  38      9       46
  MINIMUM         24    948 PM -10    1964  18      6       25
  AVERAGE         36                        28      8       36

PRECIPITATION (IN)
  YESTERDAY        0.00          0.43 1958   0.03  -0.03     0.00
  MONTH TO DATE    0.17                      0.58  -0.41     0.26
  SINCE OCT 1      1.91                      3.84  -1.93     2.07
  SINCE JAN 1      0.45                      1.27  -0.82     0.77

SNOWFALL (IN)
  YESTERDAY       MM
  MONTH TO DATE   MM
  SINCE DEC 1     MM
  SINCE JUL 1     MM
  SNOW DEPTH      MM

DEGREE DAYS
 HEATING
  YESTERDAY       29                        37     -8       29
  MONTH TO DATE  681                      1031   -350      906
  SINCE DEC 1   3028                      3791   -763     3718
  SINCE JUL 1   4717                      5694   -977     5442

 COOLING
  YESTERDAY        0                         0      0        0
  MONTH TO DATE    0                         0      0        0
  SINCE DEC 1      0                         0      0        0
  SINCE JAN 1      0                         0      0        0
..................................................................


WIND (MPH)
  HIGHEST WIND SPEED    25   HIGHEST WIND DIRECTION     N (10)
  HIGHEST GUST SPEED    32   HIGHEST GUST DIRECTION     N (10)
  AVERAGE WIND SPEED     7.7


SKY COVER
  POSSIBLE SUNSHINE  MM
  AVERAGE SKY COVER 0.8


WEATHER CONDITIONS
 THE FOLLOWING WEATHER WAS RECORDED YESTERDAY.
  NO SIGNIFICANT WEATHER WAS OBSERVED.


RELATIVE HUMIDITY (PERCENT)
 HIGHEST    69           400 AM
 LOWEST     23           200 PM
 AVERAGE    46

..........................................................


THE IDAHO FALLS ID CLIMATE NORMALS FOR TODAY
                         NORMAL    RECORD    YEAR
 MAXIMUM TEMPERATURE (F)   38        59      1950
 MINIMUM TEMPERATURE (F)   18       -14      1964


SUNRISE AND SUNSET
FEBRUARY 26 2015......SUNRISE   710 AM MST   SUNSET   613 PM MST
FEBRUARY 27 2015......SUNRISE   708 AM MST   SUNSET   614 PM MST


-  INDICATES NEGATIVE NUMBERS.
R  INDICATES RECORD WAS SET OR TIED.
MM INDICATES DATA IS MISSING.
T  INDICATES TRACE AMOUNT.




$$
