000
CDUS45 KPIH 190732
CLIIDA


CLIMATE REPORT
NATIONAL WEATHER SERVICE POCATELLO ID
130 AM MDT THU OCT 19 2017


...................................

...THE IDAHO FALLS ID CLIMATE SUMMARY FOR OCTOBER 18 2017...

CLIMATE NORMAL PERIOD 1981 TO 2010
CLIMATE RECORD PERIOD 1948 TO 2017


WEATHER ITEM   OBSERVED TIME   RECORD YEAR NORMAL DEPARTURE LAST
                VALUE   (LST)  VALUE       VALUE  FROM      YEAR
                                                  NORMAL
..................................................................
TEMPERATURE (F)
 YESTERDAY
  MAXIMUM         66    345 PM  78    2003  59      7       44
                                      1955
  MINIMUM         28    706 AM  18    1966  30     -2       31
  AVERAGE         47                        44      3       38

PRECIPITATION (IN)
  YESTERDAY        0.00          0.33 1971   0.03  -0.03     0.01
  MONTH TO DATE    0.84                      0.50   0.34     1.56
  SINCE OCT 1      0.84                      0.50   0.34     1.56
  SINCE JAN 1      9.83                      8.32   1.51     8.78

SNOWFALL (IN)
  YESTERDAY       MM
  MONTH TO DATE   MM
  SINCE SEP 1     MM
  SINCE JUL 1     MM
  SNOW DEPTH      MM

DEGREE DAYS
 HEATING
  YESTERDAY       18                        21     -3       27
  MONTH TO DATE  417                       314    103      310
  SINCE SEP 1    692                       557    135      550
  SINCE JUL 1    701                       622     79      627

 COOLING
  YESTERDAY        0                         0      0        0
  MONTH TO DATE    0                         0      0        0
  SINCE SEP 1     40                        12     28       16
  SINCE JAN 1    362                       264     98      260
..................................................................


WIND (MPH)
  HIGHEST WIND SPEED    24   HIGHEST WIND DIRECTION    SW (210)
  HIGHEST GUST SPEED    29   HIGHEST GUST DIRECTION    SW (210)
  AVERAGE WIND SPEED     8.7


SKY COVER
  POSSIBLE SUNSHINE  MM
  AVERAGE SKY COVER 0.1


WEATHER CONDITIONS
 THE FOLLOWING WEATHER WAS RECORDED YESTERDAY.
  NO SIGNIFICANT WEATHER WAS OBSERVED.


RELATIVE HUMIDITY (PERCENT)
 HIGHEST    82          1100 PM
 LOWEST     22           300 PM
 AVERAGE    52

..........................................................


THE IDAHO FALLS ID CLIMATE NORMALS FOR TODAY
                         NORMAL    RECORD    YEAR
 MAXIMUM TEMPERATURE (F)   58        75      2003
                                             1954
 MINIMUM TEMPERATURE (F)   30        14      1982


SUNRISE AND SUNSET
OCTOBER 19 2017.......SUNRISE   748 AM MDT   SUNSET   638 PM MDT
OCTOBER 20 2017.......SUNRISE   749 AM MDT   SUNSET   636 PM MDT


-  INDICATES NEGATIVE NUMBERS.
R  INDICATES RECORD WAS SET OR TIED.
MM INDICATES DATA IS MISSING.
T  INDICATES TRACE AMOUNT.




$$
