000
CDUS43 KUNR 280832
CLIIEN


CLIMATE REPORT
NATIONAL WEATHER SERVICE RAPID CITY SD
131 AM MST SUN DEC 28 2014


...................................

...THE PINE RIDGE SD CLIMATE SUMMARY FOR DECEMBER 27 2014...

CLIMATE NORMAL PERIOD 1981 TO 2010
CLIMATE RECORD PERIOD 9999 TO 9999


WEATHER ITEM   OBSERVED TIME   NORMAL DEPARTURE LAST
                VALUE   (LST)  VALUE  FROM      YEAR
                                      NORMAL
......................................................
TEMPERATURE (F)
 YESTERDAY
  MAXIMUM         26    223 PM  36    -10       49
  MINIMUM          4    741 AM   9     -5       25
  AVERAGE         15            22     -7       37

PRECIPITATION (IN)
  YESTERDAY        0.00          0.01  -0.01     0.00
  MONTH TO DATE    0.51          0.30   0.21     0.23
  SINCE DEC 1      0.51          0.30   0.21     0.23
  SINCE JAN 1     22.61         17.47   5.14    20.19

DEGREE DAYS
 HEATING
  YESTERDAY       50            43      7       28
  MONTH TO DATE  936          1131   -195     1122
  SINCE DEC 1    936          1131   -195     1122
  SINCE JUL 1   2735          2821    -86     2837

 COOLING
  YESTERDAY        0             0      0        0
  MONTH TO DATE    0             0      0        0
  SINCE DEC 1      0             0      0        0
  SINCE JAN 1    482           717   -235      804
......................................................


WIND (MPH)
  HIGHEST WIND SPEED    15   HIGHEST WIND DIRECTION     W (250)
  HIGHEST GUST SPEED    18   HIGHEST GUST DIRECTION     W (250)
  AVERAGE WIND SPEED     5.9


SKY COVER
  AVERAGE SKY COVER 0.2


WEATHER CONDITIONS
 THE FOLLOWING WEATHER WAS RECORDED YESTERDAY.
  NO SIGNIFICANT WEATHER WAS OBSERVED.


RELATIVE HUMIDITY (PERCENT)
 HIGHEST    88           500 AM
 LOWEST     59           400 PM
 AVERAGE    74

..........................................................




SUNRISE AND SUNSET
DECEMBER 28 2014......SUNRISE   721 AM MST   SUNSET   423 PM MST
DECEMBER 29 2014......SUNRISE   721 AM MST   SUNSET   423 PM MST


-  INDICATES NEGATIVE NUMBERS.
R  INDICATES RECORD WAS SET OR TIED.
MM INDICATES DATA IS MISSING.
T  INDICATES TRACE AMOUNT.




$$
