000
CDUS43 KUNR 030831
CLIIEN


CLIMATE REPORT
NATIONAL WEATHER SERVICE RAPID CITY SD
130 AM MST SAT DEC 3 2016


...................................

...THE PINE RIDGE SD CLIMATE SUMMARY FOR DECEMBER 2 2016...

CLIMATE NORMAL PERIOD 1981 TO 2010
CLIMATE RECORD PERIOD 9999 TO 9999


WEATHER ITEM   OBSERVED TIME   NORMAL DEPARTURE LAST
                VALUE   (LST)  VALUE  FROM      YEAR
                                      NORMAL
......................................................
TEMPERATURE (F)
 YESTERDAY
  MAXIMUM         38    208 PM  39     -1       37
  MINIMUM         10    444 AM  13     -3        5
  AVERAGE         24            26     -2       21

PRECIPITATION (IN)
  YESTERDAY        0.00          0.01  -0.01     0.00
  MONTH TO DATE    0.00          0.02  -0.02     0.17
  SINCE DEC 1      0.00          0.02  -0.02     0.17
  SINCE JAN 1     14.56         17.19  -2.63    18.86

DEGREE DAYS
 HEATING
  YESTERDAY       41            39      2       44
  MONTH TO DATE   81            78      3       83
  SINCE DEC 1     81            78      3       83
  SINCE JUL 1   1254          1768   -514     1571

 COOLING
  YESTERDAY        0             0      0        0
  MONTH TO DATE    0             0      0        0
  SINCE DEC 1      0             0      0        0
  SINCE JAN 1    774           717     57      615
......................................................


WIND (MPH)
  HIGHEST WIND SPEED     8   HIGHEST WIND DIRECTION    NE (50)
  HIGHEST GUST SPEED     9   HIGHEST GUST DIRECTION    NE (50)
  AVERAGE WIND SPEED     2.0


SKY COVER
  AVERAGE SKY COVER 0.2


WEATHER CONDITIONS
 THE FOLLOWING WEATHER WAS RECORDED YESTERDAY.
  NO SIGNIFICANT WEATHER WAS OBSERVED.


RELATIVE HUMIDITY (PERCENT)
 HIGHEST   100           300 AM
 LOWEST     70          1200 PM
 AVERAGE    85

..........................................................




SUNRISE AND SUNSET
DECEMBER  3 2016......SUNRISE   704 AM MST   SUNSET   416 PM MST
DECEMBER  4 2016......SUNRISE   705 AM MST   SUNSET   416 PM MST


-  INDICATES NEGATIVE NUMBERS.
R  INDICATES RECORD WAS SET OR TIED.
MM INDICATES DATA IS MISSING.
T  INDICATES TRACE AMOUNT.




$$
