000
CDUS43 KUNR 310836
CLIIEN


CLIMATE REPORT
NATIONAL WEATHER SERVICE RAPID CITY SD
235 AM MDT SUN AUG 31 2014


...................................

...THE PINE RIDGE SD CLIMATE SUMMARY FOR AUGUST 30 2014...

CLIMATE NORMAL PERIOD 1981 TO 2010
CLIMATE RECORD PERIOD 9999 TO 9999


WEATHER ITEM   OBSERVED TIME   NORMAL DEPARTURE LAST
                VALUE   (LST)  VALUE  FROM      YEAR
                                      NORMAL
......................................................
TEMPERATURE (F)
 YESTERDAY
  MAXIMUM         89    316 PM  85      4       98
  MINIMUM         47    312 AM  52     -5       59
  AVERAGE         68            68      0       79

PRECIPITATION (IN)
  YESTERDAY        0.08          0.05   0.03    MM
  MONTH TO DATE    3.39          1.80   1.59     2.58
  SINCE JUN 1     10.49          7.50   2.99     6.51
  SINCE JAN 1     18.09         13.74   4.35    14.27

DEGREE DAYS
 HEATING
  YESTERDAY        0             2     -2        0
  MONTH TO DATE   13            21     -8        0
  SINCE JUN 1    149           120     29       80
  SINCE JUL 1     41            33      8        2

 COOLING
  YESTERDAY        3             5     -2       14
  MONTH TO DATE  160           236    -76      262
  SINCE JUN 1    393           627   -234      629
  SINCE JAN 1    418           644   -226      646
......................................................


WIND (MPH)
  HIGHEST WIND SPEED    25   HIGHEST WIND DIRECTION     W (280)
  HIGHEST GUST SPEED    34   HIGHEST GUST DIRECTION     W (280)
  AVERAGE WIND SPEED     9.8


SKY COVER
  AVERAGE SKY COVER 0.2


WEATHER CONDITIONS
 THE FOLLOWING WEATHER WAS RECORDED YESTERDAY.
  THUNDERSTORM
  LIGHT RAIN


RELATIVE HUMIDITY (PERCENT)
 HIGHEST   100          1200 AM
 LOWEST     29           300 PM
 AVERAGE    65

..........................................................




SUNRISE AND SUNSET
AUGUST 31 2014........SUNRISE   613 AM MDT   SUNSET   726 PM MDT
SEPTEMBER  1 2014.....SUNRISE   614 AM MDT   SUNSET   725 PM MDT


-  INDICATES NEGATIVE NUMBERS.
R  INDICATES RECORD WAS SET OR TIED.
MM INDICATES DATA IS MISSING.
T  INDICATES TRACE AMOUNT.




$$
