000
CDUS43 KUNR 280848
CLIIEN


CLIMATE REPORT
NATIONAL WEATHER SERVICE RAPID CITY SD
246 AM MDT THU MAY 28 2015


...................................

...THE PINE RIDGE SD CLIMATE SUMMARY FOR MAY 27 2015...

CLIMATE NORMAL PERIOD 1981 TO 2010
CLIMATE RECORD PERIOD 9999 TO 9999


WEATHER ITEM   OBSERVED TIME   NORMAL DEPARTURE LAST
                VALUE   (LST)  VALUE  FROM      YEAR
                                      NORMAL
......................................................
TEMPERATURE (F)
 YESTERDAY
  MAXIMUM         76    135 PM  73      3       85
  MINIMUM         51   1222 AM  46      5       49
  AVERAGE         64            59      5       67

PRECIPITATION (IN)
  YESTERDAY        0.31          0.09   0.22     0.00
  MONTH TO DATE    7.06          2.20   4.86     3.54
  SINCE MAR 1      9.12          4.98   4.14     7.04
  SINCE JAN 1      9.58          5.77   3.81     7.31

DEGREE DAYS
 HEATING
  YESTERDAY        1             6     -5        0
  MONTH TO DATE  357           281     76      323
  SINCE MAR 1   1617          1751   -134     1878
  SINCE JUL 1   6827          7101   -274     7360

 COOLING
  YESTERDAY        0             1     -1        2
  MONTH TO DATE    0            10    -10        3
  SINCE MAR 1      0            10    -10        4
  SINCE JAN 1      0            10    -10        4
......................................................


WIND (MPH)
  HIGHEST WIND SPEED    26   HIGHEST WIND DIRECTION     S (190)
  HIGHEST GUST SPEED    35   HIGHEST GUST DIRECTION     S (190)
  AVERAGE WIND SPEED    11.9


SKY COVER
  AVERAGE SKY COVER 0.4


WEATHER CONDITIONS
 THE FOLLOWING WEATHER WAS RECORDED YESTERDAY.
  THUNDERSTORM
  HEAVY RAIN
  LIGHT RAIN
  FOG


RELATIVE HUMIDITY (PERCENT)
 HIGHEST    86           800 AM
 LOWEST     46           200 PM
 AVERAGE    66

..........................................................




SUNRISE AND SUNSET
MAY 28 2015...........SUNRISE   516 AM MDT   SUNSET   819 PM MDT
MAY 29 2015...........SUNRISE   515 AM MDT   SUNSET   820 PM MDT


-  INDICATES NEGATIVE NUMBERS.
R  INDICATES RECORD WAS SET OR TIED.
MM INDICATES DATA IS MISSING.
T  INDICATES TRACE AMOUNT.




$$
