000
CDUS43 KUNR 260836
CLIIEN


CLIMATE REPORT
NATIONAL WEATHER SERVICE RAPID CITY SD
232 AM MDT SAT JUL 26 2014


...................................

...THE PINE RIDGE SD CLIMATE SUMMARY FOR JULY 25 2014...

CLIMATE NORMAL PERIOD 1981 TO 2010
CLIMATE RECORD PERIOD 9999 TO 9999


WEATHER ITEM   OBSERVED TIME   NORMAL DEPARTURE LAST
                VALUE   (LST)  VALUE  FROM      YEAR
                                      NORMAL
......................................................
TEMPERATURE (F)
 YESTERDAY
  MAXIMUM         83    423 PM  91     -8       83
  MINIMUM         61    452 AM  59      2       57
  AVERAGE         72            75     -3       70

PRECIPITATION (IN)
  YESTERDAY        T             0.08  -0.08      T
  MONTH TO DATE    2.56          1.76   0.80     1.44
  SINCE JUN 1      7.10          5.19   1.91     3.55
  SINCE JAN 1     14.70         11.43   3.27    11.31

DEGREE DAYS
 HEATING
  YESTERDAY        0             0      0        0
  MONTH TO DATE   24             4     20        0
  SINCE JUN 1    132            91     41       78
  SINCE JUL 1     24             4     20        0

 COOLING
  YESTERDAY        7            10     -3        5
  MONTH TO DATE  168           219    -51      256
  SINCE JUN 1    225           329   -104      339
  SINCE JAN 1    250           346    -96      356
......................................................


WIND (MPH)
  HIGHEST WIND SPEED    18   HIGHEST WIND DIRECTION     S (180)
  HIGHEST GUST SPEED    24   HIGHEST GUST DIRECTION     S (170)
  AVERAGE WIND SPEED     9.1


SKY COVER
  AVERAGE SKY COVER 0.0


WEATHER CONDITIONS
 THE FOLLOWING WEATHER WAS RECORDED YESTERDAY.
  NO SIGNIFICANT WEATHER WAS OBSERVED.


RELATIVE HUMIDITY (PERCENT)
 HIGHEST    81           300 AM
 LOWEST     31          1000 AM
 AVERAGE    56

..........................................................




SUNRISE AND SUNSET
JULY 26 2014..........SUNRISE   535 AM MDT   SUNSET   818 PM MDT
JULY 27 2014..........SUNRISE   536 AM MDT   SUNSET   817 PM MDT


-  INDICATES NEGATIVE NUMBERS.
R  INDICATES RECORD WAS SET OR TIED.
MM INDICATES DATA IS MISSING.
T  INDICATES TRACE AMOUNT.




$$
