000
CDUS43 KUNR 250850
CLIIEN


CLIMATE REPORT
NATIONAL WEATHER SERVICE RAPID CITY SD
244 AM MDT THU MAY 25 2017


...................................

...THE PINE RIDGE SD CLIMATE SUMMARY FOR MAY 24 2017...

CLIMATE NORMAL PERIOD 1981 TO 2010
CLIMATE RECORD PERIOD 9999 TO 9999


WEATHER ITEM   OBSERVED TIME   NORMAL DEPARTURE LAST
                VALUE   (LST)  VALUE  FROM      YEAR
                                      NORMAL
......................................................
TEMPERATURE (F)
 YESTERDAY
  MAXIMUM         79    406 PM  72      7       79
  MINIMUM         33    244 AM  45    -12       35
  AVERAGE         56            58     -2       57

PRECIPITATION (IN)
  YESTERDAY        0.00          0.08  -0.08     0.09
  MONTH TO DATE    3.77          1.96   1.81     0.53
  SINCE MAR 1      8.03          4.74   3.29     5.38
  SINCE JAN 1      9.17          5.53   3.64     5.88

DEGREE DAYS
 HEATING
  YESTERDAY        9             7      2        8
  MONTH TO DATE  256           261     -5      296
  SINCE MAR 1   1459          1731   -272     1559
  SINCE JUL 1   6625          7081   -456     6428

 COOLING
  YESTERDAY        0             1     -1        0
  MONTH TO DATE   15             7      8        6
  SINCE MAR 1     16             7      9        7
  SINCE JAN 1     16             7      9        7
......................................................


WIND (MPH)
  HIGHEST WIND SPEED    30   HIGHEST WIND DIRECTION     S (180)
  HIGHEST GUST SPEED    42   HIGHEST GUST DIRECTION     S (170)
  AVERAGE WIND SPEED    14.7


SKY COVER
  AVERAGE SKY COVER 0.0


WEATHER CONDITIONS
 THE FOLLOWING WEATHER WAS RECORDED YESTERDAY.
  NO SIGNIFICANT WEATHER WAS OBSERVED.


RELATIVE HUMIDITY (PERCENT)
 HIGHEST    92           100 AM
 LOWEST     33           300 PM
 AVERAGE    63

..........................................................




SUNRISE AND SUNSET
MAY 25 2017...........SUNRISE   518 AM MDT   SUNSET   817 PM MDT
MAY 26 2017...........SUNRISE   517 AM MDT   SUNSET   818 PM MDT


-  INDICATES NEGATIVE NUMBERS.
R  INDICATES RECORD WAS SET OR TIED.
MM INDICATES DATA IS MISSING.
T  INDICATES TRACE AMOUNT.




$$
