000
CDUS43 KUNR 260832
CLIIEN


CLIMATE REPORT
NATIONAL WEATHER SERVICE RAPID CITY SD
232 AM MDT WED JUL 26 2017


...................................

...THE PINE RIDGE SD CLIMATE SUMMARY FOR JULY 25 2017...

CLIMATE NORMAL PERIOD 1981 TO 2010
CLIMATE RECORD PERIOD 9999 TO 9999


WEATHER ITEM   OBSERVED TIME   NORMAL DEPARTURE LAST
                VALUE   (LST)  VALUE  FROM      YEAR
                                      NORMAL
......................................................
TEMPERATURE (F)
 YESTERDAY
  MAXIMUM         96    148 PM  91      5       93
  MINIMUM         66    449 AM  59      7       62
  AVERAGE         81            75      6       78

PRECIPITATION (IN)
  YESTERDAY        0.00          0.08  -0.08     0.00
  MONTH TO DATE    0.96          1.76  -0.80     2.22
  SINCE JUN 1      2.47          5.19  -2.72     3.72
  SINCE JAN 1     11.93         11.43   0.50     9.80

DEGREE DAYS
 HEATING
  YESTERDAY        0             0      0        0
  MONTH TO DATE    0             4     -4        2
  SINCE JUN 1     35            91    -56       28
  SINCE JUL 1      0             4     -4        2

 COOLING
  YESTERDAY       16            10      6       13
  MONTH TO DATE  328           219    109      241
  SINCE JUN 1    426           329     97      458
  SINCE JAN 1    442           346     96      466
......................................................


WIND (MPH)
  HIGHEST WIND SPEED    23   HIGHEST WIND DIRECTION     N (20)
  HIGHEST GUST SPEED    30   HIGHEST GUST DIRECTION    NE (40)
  AVERAGE WIND SPEED    10.1


SKY COVER
  AVERAGE SKY COVER 0.2


WEATHER CONDITIONS
 THE FOLLOWING WEATHER WAS RECORDED YESTERDAY.
  NO SIGNIFICANT WEATHER WAS OBSERVED.


RELATIVE HUMIDITY (PERCENT)
 HIGHEST    81           500 AM
 LOWEST     33          1100 AM
 AVERAGE    57

..........................................................




SUNRISE AND SUNSET
JULY 26 2017..........SUNRISE   535 AM MDT   SUNSET   818 PM MDT
JULY 27 2017..........SUNRISE   536 AM MDT   SUNSET   817 PM MDT


-  INDICATES NEGATIVE NUMBERS.
R  INDICATES RECORD WAS SET OR TIED.
MM INDICATES DATA IS MISSING.
T  INDICATES TRACE AMOUNT.




$$
