000
CDUS43 KUNR 290833
CLIIEN


CLIMATE REPORT
NATIONAL WEATHER SERVICE RAPID CITY SD
232 AM MDT SUN MAY 29 2016


...................................

...THE PINE RIDGE SD CLIMATE SUMMARY FOR MAY 28 2016...

CLIMATE NORMAL PERIOD 1981 TO 2010
CLIMATE RECORD PERIOD 9999 TO 9999


WEATHER ITEM   OBSERVED TIME   NORMAL DEPARTURE LAST
                VALUE   (LST)  VALUE  FROM      YEAR
                                      NORMAL
......................................................
TEMPERATURE (F)
 YESTERDAY
  MAXIMUM         75   1253 PM  74      1       76
  MINIMUM         36    403 AM  46    -10       52
  AVERAGE         56            60     -4       64

PRECIPITATION (IN)
  YESTERDAY        0.06          0.09  -0.03     0.03
  MONTH TO DATE    0.62          2.29  -1.67     7.09
  SINCE MAR 1      5.47          5.07   0.40     9.15
  SINCE JAN 1      5.97          5.86   0.11     9.61

DEGREE DAYS
 HEATING
  YESTERDAY        9             6      3        1
  MONTH TO DATE  333           287     46      358
  SINCE MAR 1   1596          1757   -161     1618
  SINCE JUL 1   6465          7107   -642     6828

 COOLING
  YESTERDAY        0             1     -1        0
  MONTH TO DATE    6            11     -5        0
  SINCE MAR 1      7            11     -4        0
  SINCE JAN 1      7            11     -4        0
......................................................


WIND (MPH)
  HIGHEST WIND SPEED    30   HIGHEST WIND DIRECTION     W (280)
  HIGHEST GUST SPEED    40   HIGHEST GUST DIRECTION     W (280)
  AVERAGE WIND SPEED     4.6


SKY COVER
  AVERAGE SKY COVER 0.2


WEATHER CONDITIONS
 THE FOLLOWING WEATHER WAS RECORDED YESTERDAY.
  THUNDERSTORM
  LIGHT RAIN
  FOG
  FOG W/VISIBILITY <= 1/4 MILE


RELATIVE HUMIDITY (PERCENT)
 HIGHEST   100           200 AM
 LOWEST     33           100 PM
 AVERAGE    67

..........................................................




SUNRISE AND SUNSET
MAY 29 2016...........SUNRISE   515 AM MDT   SUNSET   821 PM MDT
MAY 30 2016...........SUNRISE   514 AM MDT   SUNSET   821 PM MDT


-  INDICATES NEGATIVE NUMBERS.
R  INDICATES RECORD WAS SET OR TIED.
MM INDICATES DATA IS MISSING.
T  INDICATES TRACE AMOUNT.




$$
