000
CDUS43 KUNR 100832
CLIIEN


CLIMATE REPORT
NATIONAL WEATHER SERVICE RAPID CITY SD
232 AM MDT THU JUL 10 2014


...................................

...THE PINE RIDGE SD CLIMATE SUMMARY FOR JULY 9 2014...

CLIMATE NORMAL PERIOD 1981 TO 2010
CLIMATE RECORD PERIOD 9999 TO 9999


WEATHER ITEM   OBSERVED TIME   NORMAL DEPARTURE LAST
                VALUE   (LST)  VALUE  FROM      YEAR
                                      NORMAL
......................................................
TEMPERATURE (F)
 YESTERDAY
  MAXIMUM         85   1224 PM  88     -3       87
  MINIMUM         55    115 AM  58     -3       55
  AVERAGE         70            73     -3       71

PRECIPITATION (IN)
  YESTERDAY        0.00          0.08  -0.08     0.00
  MONTH TO DATE    0.04          0.75  -0.71     0.56
  SINCE JUN 1      4.58          4.18   0.40     2.67
  SINCE JAN 1     12.18         10.42   1.76    10.43

DEGREE DAYS
 HEATING
  YESTERDAY        0             0      0        0
  MONTH TO DATE   13             4      9        0
  SINCE JUN 1    121            91     30       78
  SINCE JUL 1     13             4      9        0

 COOLING
  YESTERDAY        5             8     -3        6
  MONTH TO DATE   46            67    -21       81
  SINCE JUN 1    103           177    -74      164
  SINCE JAN 1    128           194    -66      181
......................................................


WIND (MPH)
  HIGHEST WIND SPEED    21   HIGHEST WIND DIRECTION     E (80)
  HIGHEST GUST SPEED    27   HIGHEST GUST DIRECTION     E (70)
  AVERAGE WIND SPEED    10.7


SKY COVER
  AVERAGE SKY COVER 0.2


WEATHER CONDITIONS
 THE FOLLOWING WEATHER WAS RECORDED YESTERDAY.
  NO SIGNIFICANT WEATHER WAS OBSERVED.


RELATIVE HUMIDITY (PERCENT)
 HIGHEST    86           100 AM
 LOWEST     43          1200 PM
 AVERAGE    65

..........................................................




SUNRISE AND SUNSET
JULY 10 2014..........SUNRISE   520 AM MDT   SUNSET   830 PM MDT
JULY 11 2014..........SUNRISE   521 AM MDT   SUNSET   830 PM MDT


-  INDICATES NEGATIVE NUMBERS.
R  INDICATES RECORD WAS SET OR TIED.
MM INDICATES DATA IS MISSING.
T  INDICATES TRACE AMOUNT.




$$
