000
CDUS45 KIGM 240026
CLIIGM


CLIMATE REPORT
NATIONAL WEATHER SERVICE LAS VEGAS, NV
525 PM PDT TUE SEP 23 2014


...................................

...THE KINGMAN AZ CLIMATE SUMMARY FOR SEPTEMBER 23 2014...
VALID TODAY AS OF 0500 PM LOCAL TIME.

CLIMATE NORMAL PERIOD 1981 TO 2010
CLIMATE RECORD PERIOD 1901 TO 2014


WEATHER ITEM   OBSERVED TIME   RECORD YEAR NORMAL DEPARTURE LAST
                VALUE   (LST)  VALUE       VALUE  FROM      YEAR
                                                  NORMAL
..................................................................
TEMPERATURE (F)
 TODAY
  MAXIMUM         91    323 PM 105    1922  87      4       85
  MINIMUM         57    639 AM  38    1941  59     -2       44
  AVERAGE         74                        73      1       65

PRECIPITATION (IN)
  TODAY            0.00          0.18 1935   0.03  -0.03     0.00
  MONTH TO DATE    1.52                      0.92   0.60     1.80
  SINCE OCT 1      6.49                      8.29  -1.80     7.01
  SINCE JAN 1      5.61                      6.19  -0.58     5.84

DEGREE DAYS
 HEATING
  TODAY            0                         0      0        0
  MONTH TO DATE    0                         0      0        1
  SINCE SEP 1      0                         0      0        1
  SINCE JUL 1      0                         0      0        1

 COOLING
  TODAY            9                         8      1        0
  MONTH TO DATE  296                       278     18      215
  SINCE SEP 1    296                       278     18      215
  SINCE JAN 1   1978                      1979     -1     2089
..................................................................


WIND (MPH)
  RESULTANT WIND SPEED   3   RESULTANT WIND DIRECTION   S (170)
  HIGHEST WIND SPEED    14   HIGHEST WIND DIRECTION    SE (140)
  HIGHEST GUST SPEED    18   HIGHEST GUST DIRECTION     W (250)
  AVERAGE WIND SPEED     4.5


SKY COVER
  POSSIBLE SUNSHINE  MM
  AVERAGE SKY COVER 0.0


WEATHER CONDITIONS
 THE FOLLOWING WEATHER WAS RECORDED TODAY.
  NO SIGNIFICANT WEATHER WAS OBSERVED.


RELATIVE HUMIDITY (PERCENT)
 HIGHEST    47           600 AM
 LOWEST     11           200 PM
 AVERAGE    29

..........................................................


THE KINGMAN AZ CLIMATE NORMALS FOR TOMORROW
                         NORMAL    RECORD    YEAR
 MAXIMUM TEMPERATURE (F)   87       105      1922
 MINIMUM TEMPERATURE (F)   58        31      1920


SUNRISE AND SUNSET
SEPTEMBER 23 2014.....SUNRISE   625 AM MST   SUNSET   631 PM MST
SEPTEMBER 24 2014.....SUNRISE   625 AM MST   SUNSET   630 PM MST


-  INDICATES NEGATIVE NUMBERS.
R  INDICATES RECORD WAS SET OR TIED.
MM INDICATES DATA IS MISSING.
T  INDICATES TRACE AMOUNT.




$$
