000
CDUS45 KVEF 260027
CLIIGM


CLIMATE REPORT
NATIONAL WEATHER SERVICE LAS VEGAS, NV
527 PM PDT MON MAY 25 2015


...................................

...THE KINGMAN AZ CLIMATE SUMMARY FOR MAY 25 2015...
VALID TODAY AS OF 0500 PM LOCAL TIME.

CLIMATE NORMAL PERIOD 1981 TO 2010
CLIMATE RECORD PERIOD 1901 TO 2015


WEATHER ITEM   OBSERVED TIME   RECORD YEAR NORMAL DEPARTURE LAST
                VALUE   (LST)  VALUE       VALUE  FROM      YEAR
                                                  NORMAL
..................................................................
TEMPERATURE (F)
 TODAY
  MAXIMUM         83    426 PM  99    2001  88     -5       89
  MINIMUM         49    547 AM  36    2010  55     -6       55
  AVERAGE         66                        72     -6       72

PRECIPITATION (IN)
  TODAY            0.00          0.21 1996   0.00   0.00     0.00
  MONTH TO DATE    0.18                      0.11   0.07      T
  SINCE OCT 1      5.12                      5.54  -0.42     1.67
  SINCE JAN 1      2.99                      3.44  -0.45     0.79

DEGREE DAYS
 HEATING
  TODAY            0                         1     -1        0
  MONTH TO DATE   88                        50     38       42
  SINCE MAR 1    550                       683   -133      512
  SINCE JUL 1   2530                      3096   -566     2834

 COOLING
  TODAY            1                         7     -6        7
  MONTH TO DATE   28                       119    -91       95
  SINCE MAR 1     46                       150   -104      128
  SINCE JAN 1     46                       150   -104      128
..................................................................


WIND (MPH)
  RESULTANT WIND SPEED   4   RESULTANT WIND DIRECTION  SW (210)
  HIGHEST WIND SPEED    21   HIGHEST WIND DIRECTION    SW (230)
  HIGHEST GUST SPEED    27   HIGHEST GUST DIRECTION     W (250)
  AVERAGE WIND SPEED     7.7


SKY COVER
  POSSIBLE SUNSHINE  MM
  AVERAGE SKY COVER 0.4


WEATHER CONDITIONS
 THE FOLLOWING WEATHER WAS RECORDED TODAY.
  NO SIGNIFICANT WEATHER WAS OBSERVED.


RELATIVE HUMIDITY (PERCENT)
 HIGHEST    89           400 AM
 LOWEST     20           400 PM
 AVERAGE    55

..........................................................


THE KINGMAN AZ CLIMATE NORMALS FOR TOMORROW
                         NORMAL    RECORD    YEAR
 MAXIMUM TEMPERATURE (F)   88       101      1951
 MINIMUM TEMPERATURE (F)   55        34      1911


SUNRISE AND SUNSET
MAY 25 2015...........SUNRISE   525 AM MST   SUNSET   740 PM MST
MAY 26 2015...........SUNRISE   525 AM MST   SUNSET   741 PM MST


-  INDICATES NEGATIVE NUMBERS.
R  INDICATES RECORD WAS SET OR TIED.
MM INDICATES DATA IS MISSING.
T  INDICATES TRACE AMOUNT.




$$
