000
CDUS45 KIGM 210825
CLIIGM


CLIMATE REPORT
NATIONAL WEATHER SERVICE LAS VEGAS, NV
125 AM PDT MON APR 21 2014


...................................

...THE KINGMAN AZ CLIMATE SUMMARY FOR APRIL 20 2014...

CLIMATE NORMAL PERIOD 1981 TO 2010
CLIMATE RECORD PERIOD 1901 TO 2014


WEATHER ITEM   OBSERVED TIME   RECORD YEAR NORMAL DEPARTURE LAST
                VALUE   (LST)  VALUE       VALUE  FROM      YEAR
                                                  NORMAL
..................................................................
TEMPERATURE (F)
 YESTERDAY
  MAXIMUM         84    356 PM  95    1938  75      9       77
  MINIMUM         54    616 AM  30    1941  45      9       41
  AVERAGE         69                        60      9       59

PRECIPITATION (IN)
  YESTERDAY        0.00          2.50 1933   0.01  -0.01     0.00
  MONTH TO DATE    0.02                      0.32  -0.30     0.05
  SINCE OCT 1      1.45                      5.34  -3.89     2.35
  SINCE JAN 1      0.57                      3.24  -2.67     1.18

DEGREE DAYS
 HEATING
  YESTERDAY        0                         6     -6        6
  MONTH TO DATE  108                       167    -59      140
  SINCE MAR 1    414                       585   -171      398
  SINCE JUL 1   2736                      2998   -262     2865

 COOLING
  YESTERDAY        4                         1      3        0
  MONTH TO DATE   24                        13     11        2
  SINCE MAR 1     24                        16      8        8
  SINCE JAN 1     24                        16      8        8
..................................................................


WIND (MPH)
  RESULTANT WIND SPEED   6   RESULTANT WIND DIRECTION  SW (210)
  HIGHEST WIND SPEED    18   HIGHEST WIND DIRECTION    SW (230)
  HIGHEST GUST SPEED    23   HIGHEST GUST DIRECTION    SW (230)
  AVERAGE WIND SPEED     9.0


SKY COVER
  POSSIBLE SUNSHINE  MM
  AVERAGE SKY COVER 0.0


WEATHER CONDITIONS
 THE FOLLOWING WEATHER WAS RECORDED YESTERDAY.
  NO SIGNIFICANT WEATHER WAS OBSERVED.


RELATIVE HUMIDITY (PERCENT)
 HIGHEST    51           500 AM
 LOWEST     15           400 PM
 AVERAGE    33

..........................................................


THE KINGMAN AZ CLIMATE NORMALS FOR TODAY
                         NORMAL    RECORD    YEAR
 MAXIMUM TEMPERATURE (F)   75        91      2012
                                             2009
 MINIMUM TEMPERATURE (F)   45        28      2005


SUNRISE AND SUNSET
APRIL 21 2014.........SUNRISE   556 AM MST   SUNSET   714 PM MST
APRIL 22 2014.........SUNRISE   555 AM MST   SUNSET   714 PM MST


-  INDICATES NEGATIVE NUMBERS.
R  INDICATES RECORD WAS SET OR TIED.
MM INDICATES DATA IS MISSING.
T  INDICATES TRACE AMOUNT.




$$
