000
CDUS45 KVEF 260830
CLIIGM


CLIMATE REPORT
NATIONAL WEATHER SERVICE LAS VEGAS, NV
129 AM PDT THU MAY 26 2016


...................................

...THE KINGMAN AZ CLIMATE SUMMARY FOR MAY 25 2016...

CLIMATE NORMAL PERIOD 1981 TO 2010
CLIMATE RECORD PERIOD 1901 TO 2016


WEATHER ITEM   OBSERVED TIME   RECORD YEAR NORMAL DEPARTURE LAST
                VALUE   (LST)  VALUE       VALUE  FROM      YEAR
                                                  NORMAL
..................................................................
TEMPERATURE (F)
 YESTERDAY
  MAXIMUM         78    345 PM  99    2001  88    -10       83
  MINIMUM         43    557 AM  36    2010  55    -12       49
  AVERAGE         61                        72    -11       66

PRECIPITATION (IN)
  YESTERDAY        0.00          0.21 1996   0.00   0.00     0.00
  MONTH TO DATE    0.38                      0.11   0.27     0.18
  SINCE OCT 1      4.61                      5.54  -0.93     5.12
  SINCE JAN 1      3.09                      3.44  -0.35     2.99

DEGREE DAYS
 HEATING
  YESTERDAY        4                         1      3        0
  MONTH TO DATE   45                        50     -5       88
  SINCE MAR 1    474                       683   -209      550
  SINCE JUL 1   2826                      3096   -270     2530

 COOLING
  YESTERDAY        0                         7     -7        1
  MONTH TO DATE   83                       119    -36       28
  SINCE MAR 1    103                       150    -47       46
  SINCE JAN 1    103                       150    -47       46
..................................................................


WIND (MPH)
  RESULTANT WIND SPEED  10   RESULTANT WIND DIRECTION  SW (210)
  HIGHEST WIND SPEED    30   HIGHEST WIND DIRECTION    SW (220)
  HIGHEST GUST SPEED    36   HIGHEST GUST DIRECTION    SW (240)
  AVERAGE WIND SPEED    14.4


SKY COVER
  POSSIBLE SUNSHINE  MM
  AVERAGE SKY COVER 0.1


WEATHER CONDITIONS
 THE FOLLOWING WEATHER WAS RECORDED YESTERDAY.
  THUNDERSTORM


RELATIVE HUMIDITY (PERCENT)
 HIGHEST    34           300 AM
 LOWEST     11          1100 AM
 AVERAGE    23

..........................................................


THE KINGMAN AZ CLIMATE NORMALS FOR TODAY
                         NORMAL    RECORD    YEAR
 MAXIMUM TEMPERATURE (F)   88       101      1951
 MINIMUM TEMPERATURE (F)   55        34      1911


SUNRISE AND SUNSET
MAY 26 2016...........SUNRISE   524 AM MST   SUNSET   742 PM MST
MAY 27 2016...........SUNRISE   524 AM MST   SUNSET   742 PM MST


-  INDICATES NEGATIVE NUMBERS.
R  INDICATES RECORD WAS SET OR TIED.
MM INDICATES DATA IS MISSING.
T  INDICATES TRACE AMOUNT.




$$
