000
CDUS45 KVEF 220826
CLIIGM


CLIMATE REPORT
NATIONAL WEATHER SERVICE LAS VEGAS, NV
126 AM PDT MON MAY 22 2017


...................................

...THE KINGMAN AZ CLIMATE SUMMARY FOR MAY 21 2017...

CLIMATE NORMAL PERIOD 1981 TO 2010
CLIMATE RECORD PERIOD 1901 TO 2017


WEATHER ITEM   OBSERVED TIME   RECORD YEAR NORMAL DEPARTURE LAST
                VALUE   (LST)  VALUE       VALUE  FROM      YEAR
                                                  NORMAL
..................................................................
TEMPERATURE (F)
 YESTERDAY
  MAXIMUM         92    422 PM 106    1923  87      5       75
  MINIMUM         51    506 AM  30    1975  54     -3       56
  AVERAGE         72                        70      2       66

PRECIPITATION (IN)
  YESTERDAY        0.00          1.05 1920   0.00   0.00     0.00
  MONTH TO DATE    0.19                      0.10   0.09     0.38
  SINCE OCT 1      6.45                      5.53   0.92     4.61
  SINCE JAN 1      2.89                      3.43  -0.54     3.09

DEGREE DAYS
 HEATING
  YESTERDAY        0                         1     -1        0
  MONTH TO DATE   85                        46     39       35
  SINCE MAR 1    494                       679   -185      464
  SINCE JUL 1   2491                      3092   -601     2816

 COOLING
  YESTERDAY        7                         6      1        1
  MONTH TO DATE   48                        91    -43       83
  SINCE MAR 1     63                       122    -59      103
  SINCE JAN 1     63                       122    -59      103
..................................................................


WIND (MPH)
  RESULTANT WIND SPEED   1   RESULTANT WIND DIRECTION  NE (50)
  HIGHEST WIND SPEED    17   HIGHEST WIND DIRECTION    SW (230)
  HIGHEST GUST SPEED    25   HIGHEST GUST DIRECTION    SW (240)
  AVERAGE WIND SPEED     6.6


SKY COVER
  POSSIBLE SUNSHINE  MM
  AVERAGE SKY COVER 0.0


WEATHER CONDITIONS
 THE FOLLOWING WEATHER WAS RECORDED YESTERDAY.
  HAZE


RELATIVE HUMIDITY (PERCENT)
 HIGHEST    38           500 AM
 LOWEST     10          1100 AM
 AVERAGE    24

..........................................................


THE KINGMAN AZ CLIMATE NORMALS FOR TODAY
                         NORMAL    RECORD    YEAR
 MAXIMUM TEMPERATURE (F)   87       103      1967
 MINIMUM TEMPERATURE (F)   54        38      1975


SUNRISE AND SUNSET
MAY 22 2017...........SUNRISE   527 AM MST   SUNSET   739 PM MST
MAY 23 2017...........SUNRISE   526 AM MST   SUNSET   739 PM MST


-  INDICATES NEGATIVE NUMBERS.
R  INDICATES RECORD WAS SET OR TIED.
MM INDICATES DATA IS MISSING.
T  INDICATES TRACE AMOUNT.




$$
