000
CDUS45 KVEF 230826
CLIIGM


CLIMATE REPORT
NATIONAL WEATHER SERVICE LAS VEGAS, NV
126 AM PDT MON OCT 23 2017


...................................

...THE KINGMAN AZ CLIMATE SUMMARY FOR OCTOBER 22 2017...

CLIMATE NORMAL PERIOD 1981 TO 2010
CLIMATE RECORD PERIOD 1901 TO 2017


WEATHER ITEM   OBSERVED TIME   RECORD YEAR NORMAL DEPARTURE LAST
                VALUE   (LST)  VALUE       VALUE  FROM      YEAR
                                                  NORMAL
..................................................................
TEMPERATURE (F)
 YESTERDAY
  MAXIMUM         83    341 PM  93    2003  75      8       89
  MINIMUM         44    657 AM  30    1996  46     -2       58
  AVERAGE         64                        60      4       74

PRECIPITATION (IN)
  YESTERDAY        0.00          0.42 1977   0.03  -0.03     0.00
  MONTH TO DATE    0.00                      0.46  -0.46      T
  SINCE OCT 1      0.00                      0.46  -0.46      T
  SINCE JAN 1      7.97                      6.75   1.22     7.43

DEGREE DAYS
 HEATING
  YESTERDAY        1                         6     -5        0
  MONTH TO DATE   38                        66    -28       18
  SINCE SEP 1     65                        72     -7       28
  SINCE JUL 1     65                        72     -7       28

 COOLING
  YESTERDAY        0                         1     -1        9
  MONTH TO DATE   24                        60    -36       77
  SINCE SEP 1    300                       385    -85      335
  SINCE JAN 1   2170                      2086     84     2211
..................................................................


WIND (MPH)
  RESULTANT WIND SPEED   6   RESULTANT WIND DIRECTION  NE (60)
  HIGHEST WIND SPEED    14   HIGHEST WIND DIRECTION    SE (120)
  HIGHEST GUST SPEED    18   HIGHEST GUST DIRECTION    NE (30)
  AVERAGE WIND SPEED     8.2


SKY COVER
  POSSIBLE SUNSHINE  MM
  AVERAGE SKY COVER 0.0


WEATHER CONDITIONS
 THE FOLLOWING WEATHER WAS RECORDED YESTERDAY.
  NO SIGNIFICANT WEATHER WAS OBSERVED.


RELATIVE HUMIDITY (PERCENT)
 HIGHEST    33          1100 PM
 LOWEST     10           300 PM
 AVERAGE    22

..........................................................


THE KINGMAN AZ CLIMATE NORMALS FOR TODAY
                         NORMAL    RECORD    YEAR
 MAXIMUM TEMPERATURE (F)   74        90      2003
 MINIMUM TEMPERATURE (F)   46        30      1996


SUNRISE AND SUNSET
OCTOBER 23 2017.......SUNRISE   649 AM MST   SUNSET   550 PM MST
OCTOBER 24 2017.......SUNRISE   650 AM MST   SUNSET   549 PM MST


-  INDICATES NEGATIVE NUMBERS.
R  INDICATES RECORD WAS SET OR TIED.
MM INDICATES DATA IS MISSING.
T  INDICATES TRACE AMOUNT.




$$
