000
CDUS45 KVEF 210842
CLIIGM


CLIMATE REPORT
NATIONAL WEATHER SERVICE LAS VEGAS, NV
1242 AM PST SUN JAN 21 2018


...................................

...THE KINGMAN AZ CLIMATE SUMMARY FOR JANUARY 20 2018...

CLIMATE NORMAL PERIOD 1981 TO 2010
CLIMATE RECORD PERIOD 1901 TO 2018


WEATHER ITEM   OBSERVED TIME   RECORD YEAR NORMAL DEPARTURE LAST
                VALUE   (LST)  VALUE       VALUE  FROM      YEAR
                                                  NORMAL
..................................................................
TEMPERATURE (F)
 YESTERDAY
  MAXIMUM         MM        MM  75    1971  57     MM       46
  MINIMUM         MM        MM  12    1937  31     MM       38
  AVERAGE         MM                        44     MM       42

PRECIPITATION (IN)
  YESTERDAY        0.01          1.08 1954   0.03  -0.02     0.14
  MONTH TO DATE    0.59                      0.63  -0.04     1.20
  SINCE OCT 1      0.59                      2.73  -2.14     4.76
  SINCE JAN 1      0.59                      0.63  -0.04     1.20

DEGREE DAYS
 HEATING
  YESTERDAY       MM                        21     MM       23
  MONTH TO DATE  272                       433   -161      386
  SINCE DEC 1    849                      1116   -267     1027
  SINCE JUL 1   1140                      1682   -542     1349

 COOLING
  YESTERDAY       MM                         0     MM        0
  MONTH TO DATE    0                         0      0        0
  SINCE DEC 1      0                         0      0        0
  SINCE JAN 1      0                         0      0        0
..................................................................


WIND (MPH)
  RESULTANT WIND SPEED  13   RESULTANT WIND DIRECTION  SW (220)
  HIGHEST WIND SPEED    24   HIGHEST WIND DIRECTION    SW (220)
  HIGHEST GUST SPEED    38   HIGHEST GUST DIRECTION    NW (330)
  AVERAGE WIND SPEED    14.5


SKY COVER
  POSSIBLE SUNSHINE  MM
  AVERAGE SKY COVER 0.6


WEATHER CONDITIONS
 THE FOLLOWING WEATHER WAS RECORDED YESTERDAY.
  LIGHT RAIN


RELATIVE HUMIDITY (PERCENT)
 HIGHEST    58           800 AM
 LOWEST     30          1200 AM
 AVERAGE    44

..........................................................


THE KINGMAN AZ CLIMATE NORMALS FOR TODAY
                         NORMAL    RECORD    YEAR
 MAXIMUM TEMPERATURE (F)   57        72      1912
 MINIMUM TEMPERATURE (F)   32         8      1937


SUNRISE AND SUNSET
JANUARY 21 2018.......SUNRISE   742 AM MST   SUNSET   553 PM MST
JANUARY 22 2018.......SUNRISE   741 AM MST   SUNSET   554 PM MST


-  INDICATES NEGATIVE NUMBERS.
R  INDICATES RECORD WAS SET OR TIED.
MM INDICATES DATA IS MISSING.
T  INDICATES TRACE AMOUNT.




$$
