000
CDUS45 KVEF 010828
CLIIGM


CLIMATE REPORT
NATIONAL WEATHER SERVICE LAS VEGAS, NV
1228 AM PST SUN FEB 1 2015


...................................

...THE KINGMAN AZ CLIMATE SUMMARY FOR JANUARY 31 2015...

CLIMATE NORMAL PERIOD 1981 TO 2010
CLIMATE RECORD PERIOD 1901 TO 2015


WEATHER ITEM   OBSERVED TIME   RECORD YEAR NORMAL DEPARTURE LAST
                VALUE   (LST)  VALUE       VALUE  FROM      YEAR
                                                  NORMAL
..................................................................
TEMPERATURE (F)
 YESTERDAY
  MAXIMUM         58    359 PM  75    2003  58      0       56
  MINIMUM         43   1147 PM  10    1979  32     11       40
  AVERAGE         51                        45      6       48

PRECIPITATION (IN)
  YESTERDAY        0.01          0.91 1923   0.04  -0.03     0.01
  MONTH TO DATE    0.82                      1.02  -0.20     0.01
  SINCE OCT 1      2.95                      3.12  -0.17     0.89
  SINCE JAN 1      0.82                      1.02  -0.20     0.01

DEGREE DAYS
 HEATING
  YESTERDAY       14                        20     -6       17
  MONTH TO DATE  596                       655    -59      554
  SINCE DEC 1   1237                      1339   -102     1297
  SINCE JUL 1   1651                      1905   -254     1930

 COOLING
  YESTERDAY        0                         0      0        0
  MONTH TO DATE    0                         0      0        0
  SINCE DEC 1      0                         0      0        0
  SINCE JAN 1      0                         0      0        0
..................................................................


WIND (MPH)
  RESULTANT WIND SPEED   6   RESULTANT WIND DIRECTION  NE (30)
  HIGHEST WIND SPEED    22   HIGHEST WIND DIRECTION     N (340)
  HIGHEST GUST SPEED    26   HIGHEST GUST DIRECTION     N (340)
  AVERAGE WIND SPEED     7.7


SKY COVER
  POSSIBLE SUNSHINE  MM
  AVERAGE SKY COVER 0.7


WEATHER CONDITIONS
 THE FOLLOWING WEATHER WAS RECORDED YESTERDAY.
  LIGHT RAIN
  FOG


RELATIVE HUMIDITY (PERCENT)
 HIGHEST   100           500 AM
 LOWEST     61           400 PM
 AVERAGE    81

..........................................................


THE KINGMAN AZ CLIMATE NORMALS FOR TODAY
                         NORMAL    RECORD    YEAR
 MAXIMUM TEMPERATURE (F)   58        77      2003
 MINIMUM TEMPERATURE (F)   32        14      1985


SUNRISE AND SUNSET
FEBRUARY  1 2015......SUNRISE   735 AM MST   SUNSET   604 PM MST
FEBRUARY  2 2015......SUNRISE   734 AM MST   SUNSET   605 PM MST


-  INDICATES NEGATIVE NUMBERS.
R  INDICATES RECORD WAS SET OR TIED.
MM INDICATES DATA IS MISSING.
T  INDICATES TRACE AMOUNT.




$$
