000
CDUS45 KVEF 100028
CLIIGM


CLIMATE REPORT
NATIONAL WEATHER SERVICE LAS VEGAS, NV
427 PM PST TUE FEB 9 2016


...................................

...THE KINGMAN AZ CLIMATE SUMMARY FOR FEBRUARY 9 2016...
VALID TODAY AS OF 0400 PM LOCAL TIME.

CLIMATE NORMAL PERIOD 1981 TO 2010
CLIMATE RECORD PERIOD 1901 TO 2016


WEATHER ITEM   OBSERVED TIME   RECORD YEAR NORMAL DEPARTURE LAST
                VALUE   (LST)  VALUE       VALUE  FROM      YEAR
                                                  NORMAL
..................................................................
TEMPERATURE (F)
 TODAY
  MAXIMUM         70    426 PM  79    1951  59     11       75
  MINIMUM         38    723 AM  11    1939  33      5       43
  AVERAGE         54                        46      8       59

PRECIPITATION (IN)
  TODAY            0.00          2.03 1920   0.05  -0.05     0.00
  MONTH TO DATE    T                         0.39  -0.39     0.00
  SINCE OCT 1      2.70                      3.51  -0.81     2.95
  SINCE JAN 1      1.18                      1.41  -0.23     0.82

DEGREE DAYS
 HEATING
  TODAY           11                        19     -8        6
  MONTH TO DATE  202                       174     28       86
  SINCE DEC 1   1584                      1513     71     1323
  SINCE JUL 1   2160                      2079     81     1737

 COOLING
  TODAY            0                         0      0        0
  MONTH TO DATE    0                         0      0        0
  SINCE DEC 1      0                         0      0        0
  SINCE JAN 1      0                         0      0        0
..................................................................


WIND (MPH)
  RESULTANT WIND SPEED   7   RESULTANT WIND DIRECTION  NE (40)
  HIGHEST WIND SPEED    17   HIGHEST WIND DIRECTION     N (360)
  HIGHEST GUST SPEED    21   HIGHEST GUST DIRECTION     N (360)
  AVERAGE WIND SPEED     9.8


SKY COVER
  POSSIBLE SUNSHINE  MM
  AVERAGE SKY COVER 0.0


WEATHER CONDITIONS
 THE FOLLOWING WEATHER WAS RECORDED TODAY.
  NO SIGNIFICANT WEATHER WAS OBSERVED.


RELATIVE HUMIDITY (PERCENT)
 HIGHEST    51           800 AM
 LOWEST     16           300 PM
 AVERAGE    34

..........................................................


THE KINGMAN AZ CLIMATE NORMALS FOR TOMORROW
                         NORMAL    RECORD    YEAR
 MAXIMUM TEMPERATURE (F)   59        78      1951
 MINIMUM TEMPERATURE (F)   33         9      1933


SUNRISE AND SUNSET
FEBRUARY  9 2016......SUNRISE   729 AM MST   SUNSET   612 PM MST
FEBRUARY 10 2016......SUNRISE   728 AM MST   SUNSET   613 PM MST


-  INDICATES NEGATIVE NUMBERS.
R  INDICATES RECORD WAS SET OR TIED.
MM INDICATES DATA IS MISSING.
T  INDICATES TRACE AMOUNT.




$$
