000
CDUS45 KVEF 230835
CLIIGM


CLIMATE REPORT
NATIONAL WEATHER SERVICE LAS VEGAS, NV
1234 AM PST MON JAN 23 2017


...................................

...THE KINGMAN AZ CLIMATE SUMMARY FOR JANUARY 22 2017...

CLIMATE NORMAL PERIOD 1981 TO 2010
CLIMATE RECORD PERIOD 1901 TO 2017


WEATHER ITEM   OBSERVED TIME   RECORD YEAR NORMAL DEPARTURE LAST
                VALUE   (LST)  VALUE       VALUE  FROM      YEAR
                                                  NORMAL
..................................................................
TEMPERATURE (F)
 YESTERDAY
  MAXIMUM         48    817 PM  74    1910  57     -9       63
  MINIMUM         37   1228 AM   6    1937  32      5       30
  AVERAGE         43                        44     -1       47

PRECIPITATION (IN)
  YESTERDAY        0.07          1.10 1939   0.03   0.04     0.00
  MONTH TO DATE    1.32                      0.69   0.63     0.67
  SINCE OCT 1      4.88                      2.79   2.09     2.19
  SINCE JAN 1      1.32                      0.69   0.63     0.67

DEGREE DAYS
 HEATING
  YESTERDAY       22                        21      1       18
  MONTH TO DATE  431                       475    -44      487
  SINCE DEC 1   1072                      1158    -86     1217
  SINCE JUL 1   1394                      1724   -330     1793

 COOLING
  YESTERDAY        0                         0      0        0
  MONTH TO DATE    0                         0      0        0
  SINCE DEC 1      0                         0      0        0
  SINCE JAN 1      0                         0      0        0
..................................................................


WIND (MPH)
  RESULTANT WIND SPEED  11   RESULTANT WIND DIRECTION  SE (140)
  HIGHEST WIND SPEED    35   HIGHEST WIND DIRECTION     E (110)
  HIGHEST GUST SPEED    45   HIGHEST GUST DIRECTION     E (110)
  AVERAGE WIND SPEED    13.8


SKY COVER
  POSSIBLE SUNSHINE  MM
  AVERAGE SKY COVER 0.9


WEATHER CONDITIONS
 THE FOLLOWING WEATHER WAS RECORDED YESTERDAY.
  LIGHT RAIN


RELATIVE HUMIDITY (PERCENT)
 HIGHEST    70           100 PM
 LOWEST     41          1000 AM
 AVERAGE    56

..........................................................


THE KINGMAN AZ CLIMATE NORMALS FOR TODAY
                         NORMAL    RECORD    YEAR
 MAXIMUM TEMPERATURE (F)   57        71      1919
 MINIMUM TEMPERATURE (F)   32        18      1929


SUNRISE AND SUNSET
JANUARY 23 2017.......SUNRISE   741 AM MST   SUNSET   555 PM MST
JANUARY 24 2017.......SUNRISE   740 AM MST   SUNSET   556 PM MST


-  INDICATES NEGATIVE NUMBERS.
R  INDICATES RECORD WAS SET OR TIED.
MM INDICATES DATA IS MISSING.
T  INDICATES TRACE AMOUNT.




$$
