000
CDUS41 KPHI 060627
CLIILG


CLIMATE REPORT
NATIONAL WEATHER SERVICE MOUNT HOLLY NJ
227 AM EDT FRI MAY 6 2016


...................................

...THE WILMINGTON DE CLIMATE SUMMARY FOR MAY 5 2016...

CLIMATE NORMAL PERIOD 1981 TO 2010
CLIMATE RECORD PERIOD 1894 TO 2016


WEATHER ITEM   OBSERVED TIME   RECORD YEAR NORMAL DEPARTURE LAST
                VALUE   (LST)  VALUE       VALUE  FROM      YEAR
                                                  NORMAL
..................................................................
TEMPERATURE (F)
 YESTERDAY
  MAXIMUM         56   1055 PM  88    1955  70    -14       83
  MINIMUM         49    654 AM  35    1920  49      0       60
  AVERAGE         53                        59     -6       72

PRECIPITATION (IN)
  YESTERDAY        T             1.57 1948   0.13  -0.13     0.01
  MONTH TO DATE    0.95                      0.58   0.37     0.01
  SINCE MAR 1      4.59                      8.00  -3.41     9.69
  SINCE JAN 1     11.32                     13.69  -2.37    16.30

SNOWFALL (IN)
  YESTERDAY        0.0           0.0  1894   0.0    0.0      0.0
  MONTH TO DATE    0.0                       0.0    0.0      0.0
  SINCE MAR 1      2.7                       2.2    0.5      8.6
  SINCE JUL 1     25.4                      20.2    5.2     23.4
  SNOW DEPTH       0

DEGREE DAYS
 HEATING
  YESTERDAY       12                         6      6        0
  MONTH TO DATE   57                        34     23       17
  SINCE MAR 1    938                      1080   -142     1179
  SINCE JUL 1   3946                      4703   -757     5018

 COOLING
  YESTERDAY        0                         1     -1        7
  MONTH TO DATE    0                         5     -5       11
  SINCE MAR 1     14                        17     -3       15
  SINCE JAN 1     14                        17     -3       15
..................................................................


WIND (MPH)
  HIGHEST WIND SPEED    16   HIGHEST WIND DIRECTION    NE (50)
  HIGHEST GUST SPEED    21   HIGHEST GUST DIRECTION    NE (50)
  AVERAGE WIND SPEED     9.7


SKY COVER
  POSSIBLE SUNSHINE  MM
  AVERAGE SKY COVER 1.0


WEATHER CONDITIONS
 THE FOLLOWING WEATHER WAS RECORDED YESTERDAY.
  LIGHT RAIN


RELATIVE HUMIDITY (PERCENT)
 HIGHEST    86          1200 AM
 LOWEST     66           900 PM
 AVERAGE    76

..........................................................


THE WILMINGTON DE CLIMATE NORMALS FOR TODAY
                         NORMAL    RECORD    YEAR
 MAXIMUM TEMPERATURE (F)   70        89      1986
                                             1949
 MINIMUM TEMPERATURE (F)   49        37      1917


SUNRISE AND SUNSET
MAY  6 2016...........SUNRISE   557 AM EDT   SUNSET   802 PM EDT
MAY  7 2016...........SUNRISE   556 AM EDT   SUNSET   803 PM EDT


-  INDICATES NEGATIVE NUMBERS.
R  INDICATES RECORD WAS SET OR TIED.
MM INDICATES DATA IS MISSING.
T  INDICATES TRACE AMOUNT.




$$
