000
CDUS41 KPHI 232127
CLIILG


CLIMATE REPORT
NATIONAL WEATHER SERVICE MOUNT HOLLY NJ
526 PM EDT TUE MAY 23 2017


...................................

...THE WILMINGTON DE CLIMATE SUMMARY FOR MAY 23 2017...
VALID TODAY AS OF 0500 PM LOCAL TIME.

CLIMATE NORMAL PERIOD 1981 TO 2010
CLIMATE RECORD PERIOD 1894 TO 2017


WEATHER ITEM   OBSERVED TIME   RECORD YEAR NORMAL DEPARTURE LAST
                VALUE   (LST)  VALUE       VALUE  FROM      YEAR
                                                  NORMAL
..................................................................
TEMPERATURE (F)
 TODAY
  MAXIMUM         67    359 PM  94    1925  75     -8       74
  MINIMUM         54    358 AM  36    1935  55     -1       54
  AVERAGE         61                        65     -4       64

PRECIPITATION (IN)
  TODAY            0.00          1.28 1951   0.13  -0.13     0.74
  MONTH TO DATE    3.79                      2.89   0.90     5.55
  SINCE MAR 1     11.09                     10.31   0.78     9.19
  SINCE JAN 1     15.11                     16.00  -0.89    15.92

SNOWFALL (IN)
  TODAY            0.0           0.0  1894   0.0    0.0      0.0
  MONTH TO DATE    0.0                       0.0    0.0      0.0
  SINCE MAR 1      3.4                       2.2    1.2      2.7
  SINCE JUL 1      9.0                      20.2  -11.2     25.4
  SNOW DEPTH       0

DEGREE DAYS
 HEATING
  TODAY            4                         3      1        1
  MONTH TO DATE  136                       115     21      171
  SINCE MAR 1   1063                      1161    -98     1052
  SINCE JUL 1   4065                      4784   -719     4060

 COOLING
  TODAY            0                         3     -3        0
  MONTH TO DATE   50                        38     12        0
  SINCE MAR 1     80                        50     30       14
  SINCE JAN 1     80                        50     30       14
..................................................................


WIND (MPH)
  HIGHEST WIND SPEED    12   HIGHEST WIND DIRECTION     E (90)
  HIGHEST GUST SPEED    14   HIGHEST GUST DIRECTION    NE (40)
  AVERAGE WIND SPEED     6.0


SKY COVER
  POSSIBLE SUNSHINE  MM
  AVERAGE SKY COVER 0.3


WEATHER CONDITIONS
 THE FOLLOWING WEATHER WAS RECORDED TODAY.
  FOG
  FOG W/VISIBILITY <= 1/4 MILE


RELATIVE HUMIDITY (PERCENT)
 HIGHEST   100           100 AM
 LOWEST     68           100 PM
 AVERAGE    84

..........................................................


THE WILMINGTON DE CLIMATE NORMALS FOR TOMORROW
                         NORMAL    RECORD    YEAR
 MAXIMUM TEMPERATURE (F)   75        94      1925
 MINIMUM TEMPERATURE (F)   55        36      1963


SUNRISE AND SUNSET
MAY 23 2017...........SUNRISE   541 AM EDT   SUNSET   817 PM EDT
MAY 24 2017...........SUNRISE   541 AM EDT   SUNSET   818 PM EDT


-  INDICATES NEGATIVE NUMBERS.
R  INDICATES RECORD WAS SET OR TIED.
MM INDICATES DATA IS MISSING.
T  INDICATES TRACE AMOUNT.




$$
