000
CDUS41 KPHI 310631
CLIILG


CLIMATE REPORT
NATIONAL WEATHER SERVICE MOUNT HOLLY NJ
231 AM EDT THU JUL 31 2014


...................................

...THE WILMINGTON DE CLIMATE SUMMARY FOR JULY 30 2014...

CLIMATE NORMAL PERIOD 1981 TO 2010
CLIMATE RECORD PERIOD 1894 TO 2014


WEATHER ITEM   OBSERVED TIME   RECORD YEAR NORMAL DEPARTURE LAST
                VALUE   (LST)  VALUE       VALUE  FROM      YEAR
                                                  NORMAL
..................................................................
TEMPERATURE (F)
 YESTERDAY
  MAXIMUM         79    343 PM  97    1954  86     -7       82
  MINIMUM         57    527 AM  55    1956  68    -11       60
  AVERAGE         68                        77     -9       71

PRECIPITATION (IN)
  YESTERDAY        0.00          2.53 1971   0.14  -0.14     0.00
  MONTH TO DATE    5.94                      4.43   1.51     4.05
  SINCE JUN 1     10.97                      8.31   2.66    17.71
  SINCE JAN 1     33.30                     25.37   7.93    31.11

SNOWFALL (IN)
  YESTERDAY        0.0           0.0  1894   0.0    0.0      0.0
  MONTH TO DATE    0.0                       0.0    0.0      0.0
  SINCE JUN 1      0.0                       0.0    0.0      0.0
  SINCE JUL 1      0.0                       0.0    0.0      0.0
  SNOW DEPTH       0

DEGREE DAYS
 HEATING
  YESTERDAY        0                         0      0        0
  MONTH TO DATE    0                         0      0        0
  SINCE JUN 1      2                        15    -13        0
  SINCE JUL 1      0                         0      0        0

 COOLING
  YESTERDAY        3                        12     -9        6
  MONTH TO DATE  344                       356    -12      448
  SINCE JUN 1    584                       587     -3      701
  SINCE JAN 1    651                       666    -15      808
..................................................................


WIND (MPH)
  HIGHEST WIND SPEED    12   HIGHEST WIND DIRECTION    SW (240)
  HIGHEST GUST SPEED    16   HIGHEST GUST DIRECTION     W (260)
  AVERAGE WIND SPEED     4.8


SKY COVER
  POSSIBLE SUNSHINE  MM
  AVERAGE SKY COVER 0.2


WEATHER CONDITIONS
 THE FOLLOWING WEATHER WAS RECORDED YESTERDAY.
  NO SIGNIFICANT WEATHER WAS OBSERVED.


RELATIVE HUMIDITY (PERCENT)
 HIGHEST    87           200 AM
 LOWEST     40          1200 PM
 AVERAGE    64

..........................................................


THE WILMINGTON DE CLIMATE NORMALS FOR TODAY
                         NORMAL    RECORD    YEAR
 MAXIMUM TEMPERATURE (F)   86       102      1954
                                             1940
 MINIMUM TEMPERATURE (F)   68        55      1928


SUNRISE AND SUNSET
JULY 31 2014..........SUNRISE   601 AM EDT   SUNSET   816 PM EDT
AUGUST  1 2014........SUNRISE   602 AM EDT   SUNSET   815 PM EDT


-  INDICATES NEGATIVE NUMBERS.
R  INDICATES RECORD WAS SET OR TIED.
MM INDICATES DATA IS MISSING.
T  INDICATES TRACE AMOUNT.




$$
