000
CDUS41 KPHI 020635
CLIILG


CLIMATE REPORT
NATIONAL WEATHER SERVICE MOUNT HOLLY NJ
231 AM EDT TUE SEP 2 2014


...................................

...THE WILMINGTON DE CLIMATE SUMMARY FOR SEPTEMBER 1 2014...

CLIMATE NORMAL PERIOD 1981 TO 2010
CLIMATE RECORD PERIOD 1894 TO 2014


WEATHER ITEM   OBSERVED TIME   RECORD YEAR NORMAL DEPARTURE LAST
                VALUE   (LST)  VALUE       VALUE  FROM      YEAR
                                                  NORMAL
..................................................................
TEMPERATURE (F)
 YESTERDAY
  MAXIMUM         87    258 PM  97    1953  82      5       87
                                      1932
  MINIMUM         73    457 AM  47    1934  63     10       73
  AVERAGE         80                        73      7       80

PRECIPITATION (IN)
  YESTERDAY        T             1.73 1952   0.11  -0.11     0.00
  MONTH TO DATE    T                         0.11  -0.11     0.00
  SINCE SEP 1      T                         0.11  -0.11     0.00
  SINCE JAN 1     38.07                     28.87   9.20    36.33

SNOWFALL (IN)
  YESTERDAY        0.0           0.0  1894   0.0    0.0      0.0
  MONTH TO DATE    0.0                       0.0    0.0      0.0
  SINCE SEP 1      0.0                       0.0    0.0      0.0
  SINCE JUL 1      0.0                       0.0    0.0      0.0
  SNOW DEPTH       0

DEGREE DAYS
 HEATING
  YESTERDAY        0                         0      0        0
  MONTH TO DATE    0                         0      0        0
  SINCE SEP 1      0                         0      0        0
  SINCE JUL 1      0                         2     -2        0

 COOLING
  YESTERDAY       15                         8      7       15
  MONTH TO DATE   15                         8      7       15
  SINCE SEP 1     15                         8      7       15
  SINCE JAN 1    921                      1001    -80     1100
..................................................................


WIND (MPH)
  HIGHEST WIND SPEED    14   HIGHEST WIND DIRECTION     S (170)
  HIGHEST GUST SPEED    16   HIGHEST GUST DIRECTION     S (170)
  AVERAGE WIND SPEED     5.0


SKY COVER
  POSSIBLE SUNSHINE  MM
  AVERAGE SKY COVER 0.5


WEATHER CONDITIONS
 THE FOLLOWING WEATHER WAS RECORDED YESTERDAY.
  LIGHT RAIN
  FOG


RELATIVE HUMIDITY (PERCENT)
 HIGHEST   100           700 AM
 LOWEST     61           200 PM
 AVERAGE    81

..........................................................


THE WILMINGTON DE CLIMATE NORMALS FOR TODAY
                         NORMAL    RECORD    YEAR
 MAXIMUM TEMPERATURE (F)   82       100      1953
 MINIMUM TEMPERATURE (F)   63        49      1948


SUNRISE AND SUNSET
SEPTEMBER  2 2014.....SUNRISE   631 AM EDT   SUNSET   732 PM EDT
SEPTEMBER  3 2014.....SUNRISE   632 AM EDT   SUNSET   730 PM EDT


-  INDICATES NEGATIVE NUMBERS.
R  INDICATES RECORD WAS SET OR TIED.
MM INDICATES DATA IS MISSING.
T  INDICATES TRACE AMOUNT.




$$
