000
CDUS41 KPHI 250628
CLIILG


CLIMATE REPORT
NATIONAL WEATHER SERVICE MOUNT HOLLY NJ
227 AM EDT SUN JUN 25 2017


...................................

...THE WILMINGTON DE CLIMATE SUMMARY FOR JUNE 24 2017...

CLIMATE NORMAL PERIOD 1981 TO 2010
CLIMATE RECORD PERIOD 1894 TO 2017


WEATHER ITEM   OBSERVED TIME   RECORD YEAR NORMAL DEPARTURE LAST
                VALUE   (LST)  VALUE       VALUE  FROM      YEAR
                                                  NORMAL
..................................................................
TEMPERATURE (F)
 YESTERDAY
  MAXIMUM         86    403 PM 102    1894  84      2       79
  MINIMUM         71    626 AM  49    1947  65      6       68
  AVERAGE         79                        75      4       74

PRECIPITATION (IN)
  YESTERDAY        0.77          1.85 1944   0.13   0.64     0.06
  MONTH TO DATE    3.87                      3.10   0.77     3.34
  SINCE JUN 1      3.87                      3.10   0.77     3.34
  SINCE JAN 1     21.05                     20.16   0.89    21.01

SNOWFALL (IN)
  YESTERDAY        0.0           T    1992   0.0    0.0      0.0
  MONTH TO DATE    0.0                       0.0    0.0      0.0
  SINCE JUN 1      0.0                       0.0    0.0      0.0
  SINCE JUL 1      9.0                      20.2  -11.2     25.4
  SNOW DEPTH       0

DEGREE DAYS
 HEATING
  YESTERDAY        0                         0      0        0
  MONTH TO DATE   10                        13     -3        5
  SINCE JUN 1     10                        13     -3        5
  SINCE JUL 1   4087                      4817   -730     4065

 COOLING
  YESTERDAY       14                        10      4        9
  MONTH TO DATE  211                       169     42      174
  SINCE JUN 1    211                       169     42      174
  SINCE JAN 1    302                       248     54      266
..................................................................


WIND (MPH)
  HIGHEST WIND SPEED    33   HIGHEST WIND DIRECTION    NW (300)
  HIGHEST GUST SPEED    42   HIGHEST GUST DIRECTION    NW (300)
  AVERAGE WIND SPEED    10.9


SKY COVER
  POSSIBLE SUNSHINE  MM
  AVERAGE SKY COVER 0.4


WEATHER CONDITIONS
 THE FOLLOWING WEATHER WAS RECORDED YESTERDAY.
  HEAVY RAIN
  LIGHT RAIN
  FOG


RELATIVE HUMIDITY (PERCENT)
 HIGHEST    91           500 AM
 LOWEST     42           200 PM
 AVERAGE    67

..........................................................


THE WILMINGTON DE CLIMATE NORMALS FOR TODAY
                         NORMAL    RECORD    YEAR
 MAXIMUM TEMPERATURE (F)   84        98      1894
 MINIMUM TEMPERATURE (F)   65        49      1979


SUNRISE AND SUNSET
JUNE 25 2017..........SUNRISE   536 AM EDT   SUNSET   834 PM EDT
JUNE 26 2017..........SUNRISE   536 AM EDT   SUNSET   834 PM EDT


-  INDICATES NEGATIVE NUMBERS.
R  INDICATES RECORD WAS SET OR TIED.
MM INDICATES DATA IS MISSING.
T  INDICATES TRACE AMOUNT.




$$
