000
CDUS41 KPHI 230631
CLIILG


CLIMATE REPORT
NATIONAL WEATHER SERVICE MOUNT HOLLY NJ
231 AM EDT SUN APR 23 2017


...................................

...THE WILMINGTON DE CLIMATE SUMMARY FOR APRIL 22 2017...

CLIMATE NORMAL PERIOD 1981 TO 2010
CLIMATE RECORD PERIOD 1894 TO 2017


WEATHER ITEM   OBSERVED TIME   RECORD YEAR NORMAL DEPARTURE LAST
                VALUE   (LST)  VALUE       VALUE  FROM      YEAR
                                                  NORMAL
..................................................................
TEMPERATURE (F)
 YESTERDAY
  MAXIMUM         58    103 AM  94    1985  66     -8       76
  MINIMUM         48   1159 PM  30    1975  45      3       58
                                      1922
  AVERAGE         53                        55     -2       67

PRECIPITATION (IN)
  YESTERDAY        0.07          2.13 2006   0.11  -0.04      T
  MONTH TO DATE    1.76                      2.60  -0.84     1.44
  SINCE MAR 1      6.74                      6.52   0.22     3.24
  SINCE JAN 1     10.76                     12.21  -1.45     9.97

SNOWFALL (IN)
  YESTERDAY        0.0           T    1984   0.0    0.0      0.0
  MONTH TO DATE    0.0                       0.3   -0.3       T
  SINCE MAR 1      3.4                       2.2    1.2      2.7
  SINCE JUL 1      9.0                      20.2  -11.2     25.4
  SNOW DEPTH       0

DEGREE DAYS
 HEATING
  YESTERDAY       12                        10      2        0
  MONTH TO DATE  175                       293   -118      305
  SINCE MAR 1    892                       976    -84      807
  SINCE JUL 1   3894                      4599   -705     3815

 COOLING
  YESTERDAY        0                         1     -1        2
  MONTH TO DATE   10                         2      8        7
  SINCE MAR 1     10                         3      7        9
  SINCE JAN 1     10                         3      7        9
..................................................................


WIND (MPH)
  HIGHEST WIND SPEED    16   HIGHEST WIND DIRECTION    NE (30)
  HIGHEST GUST SPEED    20   HIGHEST GUST DIRECTION     N (20)
  AVERAGE WIND SPEED     7.6


SKY COVER
  POSSIBLE SUNSHINE  MM
  AVERAGE SKY COVER 0.9


WEATHER CONDITIONS
 THE FOLLOWING WEATHER WAS RECORDED YESTERDAY.
  LIGHT RAIN
  FOG


RELATIVE HUMIDITY (PERCENT)
 HIGHEST   100           400 AM
 LOWEST     72           900 AM
 AVERAGE    86

..........................................................


THE WILMINGTON DE CLIMATE NORMALS FOR TODAY
                         NORMAL    RECORD    YEAR
 MAXIMUM TEMPERATURE (F)   66        89      1960
 MINIMUM TEMPERATURE (F)   45        25      1933


SUNRISE AND SUNSET
APRIL 23 2017.........SUNRISE   613 AM EDT   SUNSET   749 PM EDT
APRIL 24 2017.........SUNRISE   612 AM EDT   SUNSET   750 PM EDT


-  INDICATES NEGATIVE NUMBERS.
R  INDICATES RECORD WAS SET OR TIED.
MM INDICATES DATA IS MISSING.
T  INDICATES TRACE AMOUNT.




$$
