000
CDUS42 KILM 250946
CLIILM


CLIMATE REPORT
NATIONAL WEATHER SERVICE WILMINGTON NC
446 AM EST THU DEC 25 2014


...................................

...THE WILMINGTON NC CLIMATE SUMMARY FOR DECEMBER 24 2014...

CLIMATE NORMAL PERIOD 1981 TO 2010
CLIMATE RECORD PERIOD 1871 TO 2014


WEATHER ITEM   OBSERVED TIME   RECORD YEAR NORMAL DEPARTURE LAST
                VALUE   (LST)  VALUE       VALUE  FROM      YEAR
                                                  NORMAL
..................................................................
TEMPERATURE (F)
 YESTERDAY
  MAXIMUM         72    316 PM  78    1879  57     15       59
  MINIMUM         55   1257 AM  11    1983  36     19       36
  AVERAGE         64                        47     17       48

PRECIPITATION (IN)
  YESTERDAY        3.66          3.85 1978   0.13   3.53     0.15
  MONTH TO DATE    4.72                      2.83   1.89     1.51
  SINCE DEC 1      4.72                      2.83   1.89     1.51
  SINCE JAN 1     59.50                     56.82   2.68    50.92

SNOWFALL (IN)
  YESTERDAY        0.0           4.7  1989   0.1   -0.1      0.0
  MONTH TO DATE    0.0                       0.6   -0.6      0.0
  SINCE DEC 1      0.0                       0.6   -0.6      0.0
  SINCE JUL 1      0.0                       0.6   -0.6       T
  SNOW DEPTH       0

DEGREE DAYS
 HEATING
  YESTERDAY        1                        18    -17       17
  MONTH TO DATE  359                       381    -22      276
  SINCE DEC 1    359                       381    -22      276
  SINCE JUL 1    812                       750     62      678

 COOLING
  YESTERDAY        0                         0      0        0
  MONTH TO DATE    0                         0      0       22
  SINCE DEC 1      0                         0      0       22
  SINCE JAN 1   2190                      2037    153     1914
..................................................................


WIND (MPH)
  HIGHEST WIND SPEED    26   HIGHEST WIND DIRECTION     W (270)
  HIGHEST GUST SPEED    37   HIGHEST GUST DIRECTION     W (280)
  AVERAGE WIND SPEED    10.4


SKY COVER
  POSSIBLE SUNSHINE  MM
  AVERAGE SKY COVER 0.9


WEATHER CONDITIONS
 THE FOLLOWING WEATHER WAS RECORDED YESTERDAY.
  THUNDERSTORM
  HEAVY RAIN
  RAIN
  LIGHT RAIN
  FOG
  FOG W/VISIBILITY <= 1/4 MILE


RELATIVE HUMIDITY (PERCENT)
 HIGHEST   100           100 AM
 LOWEST     87           500 PM
 AVERAGE    94

..........................................................


THE WILMINGTON NC CLIMATE NORMALS FOR TODAY
                         NORMAL    RECORD    YEAR
 MAXIMUM TEMPERATURE (F)   57        77      1955
 MINIMUM TEMPERATURE (F)   36         0      1989


SUNRISE AND SUNSET
DECEMBER 25 2014......SUNRISE   716 AM EST   SUNSET   508 PM EST
DECEMBER 26 2014......SUNRISE   716 AM EST   SUNSET   509 PM EST


-  INDICATES NEGATIVE NUMBERS.
R  INDICATES RECORD WAS SET OR TIED.
MM INDICATES DATA IS MISSING.
T  INDICATES TRACE AMOUNT.




$$
