419
CDUS42 KILM 182040
CLIILM


CLIMATE REPORT
NATIONAL WEATHER SERVICE WILMINGTON NC
440 PM EDT FRI AUG 18 2017


...................................

...THE WILMINGTON NC CLIMATE SUMMARY FOR AUGUST 18 2017...
VALID TODAY AS OF 0400 PM LOCAL TIME.

CLIMATE NORMAL PERIOD 1981 TO 2010
CLIMATE RECORD PERIOD 1871 TO 2017


WEATHER ITEM   OBSERVED TIME   RECORD YEAR NORMAL DEPARTURE LAST
                VALUE   (LST)  VALUE       VALUE  FROM      YEAR
                                                  NORMAL
..................................................................
TEMPERATURE (F)
 TODAY
  MAXIMUM         95    142 PM  99    1988  88      7       94
                                      1968
  MINIMUM         79   1206 AM  60    1979  71      8       76
                                      1880
  AVERAGE         87                        80      7       85

PRECIPITATION (IN)
  TODAY            0.00          8.04 1879   0.23  -0.23      T
  MONTH TO DATE    7.13                      4.33   2.80     4.84
  SINCE JUN 1     23.83                     16.99   6.84    16.18
  SINCE JAN 1     44.33                     35.89   8.44    38.87

DEGREE DAYS
 HEATING
  TODAY            0                         0      0        0
  MONTH TO DATE    0                         0      0        0
  SINCE JUN 1      2                         2      0        0
  SINCE JUL 1      0                         0      0        0

 COOLING
  TODAY           22                        15      7       20
  MONTH TO DATE  266                       276    -10      330
  SINCE JUN 1   1191                      1162     29     1335
  SINCE JAN 1   1628                      1443    185     1670
..................................................................


WIND (MPH)
  HIGHEST WIND SPEED    15   HIGHEST WIND DIRECTION    SW (230)
  HIGHEST GUST SPEED    18   HIGHEST GUST DIRECTION    SW (240)
  AVERAGE WIND SPEED     6.7


SKY COVER
  POSSIBLE SUNSHINE  MM
  AVERAGE SKY COVER 0.2


WEATHER CONDITIONS
 THE FOLLOWING WEATHER WAS RECORDED TODAY.
  THUNDERSTORM
  FOG


RELATIVE HUMIDITY (PERCENT)
 HIGHEST   100          1200 AM
 LOWEST     56          1200 PM
 AVERAGE    78

..........................................................


THE WILMINGTON NC CLIMATE NORMALS FOR TOMORROW
                         NORMAL    RECORD    YEAR
 MAXIMUM TEMPERATURE (F)   88        97      1876
 MINIMUM TEMPERATURE (F)   71        63      1976
                                             1958
                                             1948


SUNRISE AND SUNSET
AUGUST 18 2017........SUNRISE   635 AM EDT   SUNSET   755 PM EDT
AUGUST 19 2017........SUNRISE   636 AM EDT   SUNSET   754 PM EDT


-  INDICATES NEGATIVE NUMBERS.
R  INDICATES RECORD WAS SET OR TIED.
MM INDICATES DATA IS MISSING.
T  INDICATES TRACE AMOUNT.




$$
