000
CDUS42 KILM 200841
CLIILM


CLIMATE REPORT
NATIONAL WEATHER SERVICE WILMINGTON NC
441 AM EDT SAT SEP 20 2014


...................................

...THE WILMINGTON NC CLIMATE SUMMARY FOR SEPTEMBER 19 2014...

CLIMATE NORMAL PERIOD 1981 TO 2010
CLIMATE RECORD PERIOD 1871 TO 2014


WEATHER ITEM   OBSERVED TIME   RECORD YEAR NORMAL DEPARTURE LAST
                VALUE   (LST)  VALUE       VALUE  FROM      YEAR
                                                  NORMAL
..................................................................
TEMPERATURE (F)
 YESTERDAY
  MAXIMUM         80   1230 PM  95    1970  83     -3       81
                                      1925
  MINIMUM         63    529 AM  50    1889  65     -2       57
  AVERAGE         72                        74     -2       69

PRECIPITATION (IN)
  YESTERDAY        0.00          6.57 1955   0.25  -0.25     0.00
  MONTH TO DATE    5.23                      5.16   0.07     0.23
  SINCE SEP 1      5.23                      5.16   0.07     0.23
  SINCE JAN 1     47.74                     44.13   3.61    42.72

DEGREE DAYS
 HEATING
  YESTERDAY        0                         0      0        0
  MONTH TO DATE    0                         0      0        0
  SINCE SEP 1      0                         0      0        0
  SINCE JUL 1      0                         0      0        0

 COOLING
  YESTERDAY        7                         9     -2        4
  MONTH TO DATE  243                       214     29      230
  SINCE SEP 1    243                       214     29      230
  SINCE JAN 1   2000                      1837    163     1720
..................................................................


WIND (MPH)
  HIGHEST WIND SPEED    22   HIGHEST WIND DIRECTION    NE (60)
  HIGHEST GUST SPEED    29   HIGHEST GUST DIRECTION    NE (50)
  AVERAGE WIND SPEED    11.7


SKY COVER
  POSSIBLE SUNSHINE  MM
  AVERAGE SKY COVER 0.1


WEATHER CONDITIONS
 THE FOLLOWING WEATHER WAS RECORDED YESTERDAY.
  NO SIGNIFICANT WEATHER WAS OBSERVED.


RELATIVE HUMIDITY (PERCENT)
 HIGHEST    93          1200 AM
 LOWEST     62          1200 PM
 AVERAGE    78

..........................................................


THE WILMINGTON NC CLIMATE NORMALS FOR TODAY
                         NORMAL    RECORD    YEAR
 MAXIMUM TEMPERATURE (F)   83        95      1942
                                             1893
 MINIMUM TEMPERATURE (F)   64        51      1981
                                             1929
                                             1889


SUNRISE AND SUNSET
SEPTEMBER 20 2014.....SUNRISE   658 AM EDT   SUNSET   711 PM EDT
SEPTEMBER 21 2014.....SUNRISE   659 AM EDT   SUNSET   710 PM EDT


-  INDICATES NEGATIVE NUMBERS.
R  INDICATES RECORD WAS SET OR TIED.
MM INDICATES DATA IS MISSING.
T  INDICATES TRACE AMOUNT.




$$
