000
CDUS42 KILM 010900
CLIILM


CLIMATE REPORT
NATIONAL WEATHER SERVICE WILMINGTON NC
500 AM EDT SAT NOV 1 2014


...................................

...THE WILMINGTON NC CLIMATE SUMMARY FOR OCTOBER 31 2014...

CLIMATE NORMAL PERIOD 1981 TO 2010
CLIMATE RECORD PERIOD 1871 TO 2014


WEATHER ITEM   OBSERVED TIME   RECORD YEAR NORMAL DEPARTURE LAST
                VALUE   (LST)  VALUE       VALUE  FROM      YEAR
                                                  NORMAL
..................................................................
TEMPERATURE (F)
 YESTERDAY
  MAXIMUM         68    140 PM  85    2004  72     -4       81
                                      1961
  MINIMUM         47   1159 PM  32    2008  50     -3       53
  AVERAGE         58                        61     -3       67

PRECIPITATION (IN)
  YESTERDAY        0.00          1.84 1887   0.09  -0.09     0.00
  MONTH TO DATE    1.59                      3.89  -2.30     2.27
  SINCE SEP 1      7.59                     11.73  -4.14     3.25
  SINCE JAN 1     50.10                     50.70  -0.60    45.74

DEGREE DAYS
 HEATING
  YESTERDAY        7                         6      1        0
  MONTH TO DATE   57                        92    -35       72
  SINCE SEP 1     59                        97    -38       72
  SINCE JUL 1     59                        97    -38       72

 COOLING
  YESTERDAY        0                         1     -1        2
  MONTH TO DATE  113                        97     16      101
  SINCE SEP 1    423                       391     32      379
  SINCE JAN 1   2180                      2014    166     1869
..................................................................


WIND (MPH)
  HIGHEST WIND SPEED    17   HIGHEST WIND DIRECTION    NE (30)
  HIGHEST GUST SPEED    24   HIGHEST GUST DIRECTION     N (20)
  AVERAGE WIND SPEED     7.3


SKY COVER
  POSSIBLE SUNSHINE  MM
  AVERAGE SKY COVER 0.0


WEATHER CONDITIONS
 THE FOLLOWING WEATHER WAS RECORDED YESTERDAY.
  NO SIGNIFICANT WEATHER WAS OBSERVED.


RELATIVE HUMIDITY (PERCENT)
 HIGHEST    96           200 AM
 LOWEST     42           300 PM
 AVERAGE    69

..........................................................


THE WILMINGTON NC CLIMATE NORMALS FOR TODAY
                         NORMAL    RECORD    YEAR
 MAXIMUM TEMPERATURE (F)   72        85      2004
 MINIMUM TEMPERATURE (F)   49        32      1878


SUNRISE AND SUNSET
NOVEMBER  1 2014......SUNRISE   732 AM EDT   SUNSET   619 PM EDT
NOVEMBER  2 2014......SUNRISE   632 AM EST   SUNSET   518 PM EST


-  INDICATES NEGATIVE NUMBERS.
R  INDICATES RECORD WAS SET OR TIED.
MM INDICATES DATA IS MISSING.
T  INDICATES TRACE AMOUNT.




$$
