000
CDUS42 KILM 252042
CLIILM


CLIMATE REPORT
NATIONAL WEATHER SERVICE WILMINGTON NC
442 PM EDT SAT OCT 25 2014


...................................

...THE WILMINGTON NC CLIMATE SUMMARY FOR OCTOBER 25 2014...
VALID TODAY AS OF 0400 PM LOCAL TIME.

CLIMATE NORMAL PERIOD 1981 TO 2010
CLIMATE RECORD PERIOD 1871 TO 2014


WEATHER ITEM   OBSERVED TIME   RECORD YEAR NORMAL DEPARTURE LAST
                VALUE   (LST)  VALUE       VALUE  FROM      YEAR
                                                  NORMAL
..................................................................
TEMPERATURE (F)
 TODAY
  MAXIMUM         76    214 PM  87    2001  73      3       61
  MINIMUM         45    656 AM  34    2006  51     -6       38
  AVERAGE         61                        62     -1       50

PRECIPITATION (IN)
  TODAY            0.00          1.80 1963   0.09  -0.09     0.00
  MONTH TO DATE    1.36                      3.35  -1.99     2.27
  SINCE SEP 1      7.36                     11.19  -3.83     3.25
  SINCE JAN 1     49.87                     50.16  -0.29    45.74

DEGREE DAYS
 HEATING
  TODAY            4                         4      0       15
  MONTH TO DATE   47                        61    -14       42
  SINCE SEP 1     49                        66    -17       42
  SINCE JUL 1     49                        66    -17       42

 COOLING
  TODAY            0                         2     -2        0
  MONTH TO DATE   99                        87     12       99
  SINCE SEP 1    409                       381     28      377
  SINCE JAN 1   2166                      2004    162     1867
..................................................................


WIND (MPH)
  HIGHEST WIND SPEED    10   HIGHEST WIND DIRECTION    NW (330)
  HIGHEST GUST SPEED    13   HIGHEST GUST DIRECTION     N (350)
  AVERAGE WIND SPEED     1.9


SKY COVER
  POSSIBLE SUNSHINE  MM
  AVERAGE SKY COVER 0.0


WEATHER CONDITIONS
 THE FOLLOWING WEATHER WAS RECORDED TODAY.
  FOG


RELATIVE HUMIDITY (PERCENT)
 HIGHEST   100           700 AM
 LOWEST     31           200 PM
 AVERAGE    66

..........................................................


THE WILMINGTON NC CLIMATE NORMALS FOR TOMORROW
                         NORMAL    RECORD    YEAR
 MAXIMUM TEMPERATURE (F)   73        83      1978
                                             1977
                                             1940
 MINIMUM TEMPERATURE (F)   51        32      1962


SUNRISE AND SUNSET
OCTOBER 25 2014.......SUNRISE   725 AM EDT   SUNSET   626 PM EDT
OCTOBER 26 2014.......SUNRISE   726 AM EDT   SUNSET   625 PM EDT


-  INDICATES NEGATIVE NUMBERS.
R  INDICATES RECORD WAS SET OR TIED.
MM INDICATES DATA IS MISSING.
T  INDICATES TRACE AMOUNT.




$$
