000
CDUS42 KILM 060842
CLIILM


CLIMATE REPORT
NATIONAL WEATHER SERVICE WILMINGTON NC
442 AM EDT FRI MAY 6 2016


...................................

...THE WILMINGTON NC CLIMATE SUMMARY FOR MAY 5 2016...

CLIMATE NORMAL PERIOD 1981 TO 2010
CLIMATE RECORD PERIOD 1871 TO 2016


WEATHER ITEM   OBSERVED TIME   RECORD YEAR NORMAL DEPARTURE LAST
                VALUE   (LST)  VALUE       VALUE  FROM      YEAR
                                                  NORMAL
..................................................................
TEMPERATURE (F)
 YESTERDAY
  MAXIMUM         71        MM  92    2012  79     -8       77
                                      1952
  MINIMUM         52        MM  44    1997  57     -5       52
                                      1940
  AVERAGE         62                        68     -6       65

PRECIPITATION (IN)
  YESTERDAY        0.49          1.19 1988   0.11   0.38     0.00
  MONTH TO DATE    2.54                      0.57   1.97     0.18
  SINCE MAR 1      7.28                      7.60  -0.32     5.77
  SINCE JAN 1     19.35                     14.98   4.37    15.09

DEGREE DAYS
 HEATING
  YESTERDAY        3                         2      1        0
  MONTH TO DATE    3                        10     -7       10
  SINCE MAR 1    303                       463   -160      414
  SINCE JUL 1   1790                      2392   -602     2597

 COOLING
  YESTERDAY        0                         4     -4        0
  MONTH TO DATE   31                        20     11        1
  SINCE MAR 1    174                       103     71       84
  SINCE JAN 1    177                       108     69       90
..................................................................


WIND (MPH)
  HIGHEST WIND SPEED    17   HIGHEST WIND DIRECTION    NW (330)
  HIGHEST GUST SPEED    31   HIGHEST GUST DIRECTION    NW (320)
  AVERAGE WIND SPEED     7.4


SKY COVER
  POSSIBLE SUNSHINE   0 PERCENT
  AVERAGE SKY COVER 0.0


WEATHER CONDITIONS
 THE FOLLOWING WEATHER WAS RECORDED YESTERDAY.
  THUNDERSTORM
  HEAVY RAIN
  RAIN
  LIGHT RAIN


RELATIVE HUMIDITY (PERCENT)
 HIGHEST     0          1200 AM
 LOWEST      0          1200 AM
 AVERAGE     0

..........................................................


THE WILMINGTON NC CLIMATE NORMALS FOR TODAY
                         NORMAL    RECORD    YEAR
 MAXIMUM TEMPERATURE (F)   79        95      1952
 MINIMUM TEMPERATURE (F)   57        42      1920


SUNRISE AND SUNSET
MAY  6 2016...........SUNRISE   617 AM EDT   SUNSET   800 PM EDT
MAY  7 2016...........SUNRISE   616 AM EDT   SUNSET   801 PM EDT


-  INDICATES NEGATIVE NUMBERS.
R  INDICATES RECORD WAS SET OR TIED.
MM INDICATES DATA IS MISSING.
T  INDICATES TRACE AMOUNT.




$$
