000
CDUS42 KILM 060842
CLIILM


CLIMATE REPORT
NATIONAL WEATHER SERVICE WILMINGTON NC
442 AM EDT MON JUL 6 2015


...................................

...THE WILMINGTON NC CLIMATE SUMMARY FOR JULY 5 2015...

CLIMATE NORMAL PERIOD 1981 TO 2010
CLIMATE RECORD PERIOD 1871 TO 2015


WEATHER ITEM   OBSERVED TIME   RECORD YEAR NORMAL DEPARTURE LAST
                VALUE   (LST)  VALUE       VALUE  FROM      YEAR
                                                  NORMAL
..................................................................
TEMPERATURE (F)
 YESTERDAY
  MAXIMUM         91    111 PM 100    1902  90      1       82
  MINIMUM         75    544 AM  58    1933  72      3       67
  AVERAGE         83                        81      2       75

PRECIPITATION (IN)
  YESTERDAY        0.00          4.60 1946   0.20  -0.20     0.00
  MONTH TO DATE    0.20                      1.05  -0.85     3.76
  SINCE JUN 1      7.31                      6.23   1.08     6.24
  SINCE JAN 1     27.88                     25.13   2.75    25.48

DEGREE DAYS
 HEATING
  YESTERDAY        0                         0      0        0
  MONTH TO DATE    0                         0      0        0
  SINCE JUN 1      0                         2     -2        0
  SINCE JUL 1      0                         0      0        0

 COOLING
  YESTERDAY       18                        16      2       10
  MONTH TO DATE   84                        80      4       75
  SINCE JUN 1    578                       465    113      515
  SINCE JAN 1    871                       746    125      922
..................................................................


WIND (MPH)
  HIGHEST WIND SPEED    18   HIGHEST WIND DIRECTION    SW (230)
  HIGHEST GUST SPEED    23   HIGHEST GUST DIRECTION     S (180)
  AVERAGE WIND SPEED     9.2


SKY COVER
  POSSIBLE SUNSHINE  MM
  AVERAGE SKY COVER 0.1


WEATHER CONDITIONS
 THE FOLLOWING WEATHER WAS RECORDED YESTERDAY.
  NO SIGNIFICANT WEATHER WAS OBSERVED.


RELATIVE HUMIDITY (PERCENT)
 HIGHEST    85          1000 PM
 LOWEST     47           200 PM
 AVERAGE    66

..........................................................


THE WILMINGTON NC CLIMATE NORMALS FOR TODAY
                         NORMAL    RECORD    YEAR
 MAXIMUM TEMPERATURE (F)   90       100      1902
 MINIMUM TEMPERATURE (F)   72        61      1988


SUNRISE AND SUNSET
JULY  6 2015..........SUNRISE   606 AM EDT   SUNSET   827 PM EDT
JULY  7 2015..........SUNRISE   606 AM EDT   SUNSET   827 PM EDT


-  INDICATES NEGATIVE NUMBERS.
R  INDICATES RECORD WAS SET OR TIED.
MM INDICATES DATA IS MISSING.
T  INDICATES TRACE AMOUNT.




$$
