000
CDUS42 KILM 260845
CLIILM


CLIMATE REPORT
NATIONAL WEATHER SERVICE WILMINGTON NC
445 AM EDT SUN MAR 26 2017


...................................

...THE WILMINGTON NC CLIMATE SUMMARY FOR MARCH 25 2017...

CLIMATE NORMAL PERIOD 1981 TO 2010
CLIMATE RECORD PERIOD 1871 TO 2017


WEATHER ITEM   OBSERVED TIME   RECORD YEAR NORMAL DEPARTURE LAST
                VALUE   (LST)  VALUE       VALUE  FROM      YEAR
                                                  NORMAL
..................................................................
TEMPERATURE (F)
 YESTERDAY
  MAXIMUM         75   1258 PM  83    1935  69      6       82
  MINIMUM         48    515 AM  28    1983  46      2       67
  AVERAGE         62                        57      5       75

PRECIPITATION (IN)
  YESTERDAY        0.00          1.76 1994   0.13  -0.13     0.01
  MONTH TO DATE    1.98                      3.43  -1.45     1.96
  SINCE MAR 1      1.98                      3.43  -1.45     1.96
  SINCE JAN 1      7.53                     10.81  -3.28    14.03

SNOWFALL (IN)
  YESTERDAY        0.0           1.3  1983   0.1   -0.1      0.0
  MONTH TO DATE    1.1                       0.2    0.9      0.0
  SINCE MAR 1      1.1                       0.2    0.9      0.0
  SINCE JUL 1      1.1                       1.7   -0.6       T
  SNOW DEPTH       0

DEGREE DAYS
 HEATING
  YESTERDAY        3                         8     -5        0
  MONTH TO DATE  363                       277     86      158
  SINCE MAR 1    363                       277     86      158
  SINCE JUL 1   1878                      2206   -328     1645

 COOLING
  YESTERDAY        0                         1     -1       10
  MONTH TO DATE   11                        10      1       65
  SINCE MAR 1     11                        10      1       65
  SINCE JAN 1     17                        15      2       68
..................................................................


WIND (MPH)
  HIGHEST WIND SPEED    17   HIGHEST WIND DIRECTION     S (170)
  HIGHEST GUST SPEED    22   HIGHEST GUST DIRECTION     S (170)
  AVERAGE WIND SPEED     5.3


SKY COVER
  POSSIBLE SUNSHINE  MM
  AVERAGE SKY COVER 0.4


WEATHER CONDITIONS
 THE FOLLOWING WEATHER WAS RECORDED YESTERDAY.
  NO SIGNIFICANT WEATHER WAS OBSERVED.


RELATIVE HUMIDITY (PERCENT)
 HIGHEST   100           600 AM
 LOWEST     41          1200 PM
 AVERAGE    71

..........................................................


THE WILMINGTON NC CLIMATE NORMALS FOR TODAY
                         NORMAL    RECORD    YEAR
 MAXIMUM TEMPERATURE (F)   69        81      1949
                                             1944
                                             1939
 MINIMUM TEMPERATURE (F)   46        26      1940


SUNRISE AND SUNSET
MARCH 26 2017.........SUNRISE   707 AM EDT   SUNSET   728 PM EDT
MARCH 27 2017.........SUNRISE   705 AM EDT   SUNSET   729 PM EDT


-  INDICATES NEGATIVE NUMBERS.
R  INDICATES RECORD WAS SET OR TIED.
MM INDICATES DATA IS MISSING.
T  INDICATES TRACE AMOUNT.




$$
