000
CDUS43 KILX 200642
CLIILX


CLIMATE REPORT
NATIONAL WEATHER SERVICE LINCOLN IL
1240 AM CST MON FEB 20 2017


...................................

...THE LINCOLN IL CLIMATE SUMMARY FOR FEBRUARY 19 2017...

CLIMATE NORMAL PERIOD 1981 TO 2010
CLIMATE RECORD PERIOD 1905 TO 2017


WEATHER ITEM   OBSERVED TIME   RECORD YEAR NORMAL DEPARTURE LAST
                VALUE   (LST)  VALUE       VALUE  FROM      YEAR
                                                  NORMAL
..................................................................
TEMPERATURE (F)
 YESTERDAY
  MAXIMUM         69        MM  71    1930  40     29       65
  MINIMUM         36        MM  -7    1979  23     13       40
  AVERAGE         53                        32     21       53

PRECIPITATION (IN)
  YESTERDAY        0.00          1.20 1908   0.07  -0.07     0.00
  MONTH TO DATE    0.33                      1.18  -0.85     1.12
  SINCE DEC 1      3.45                      5.75  -2.30     8.92
  SINCE JAN 1      2.09                      3.11  -1.02     2.11

SNOWFALL (IN)
  YESTERDAY        0.0          12.0  1908   0.2   -0.2      0.0
  MONTH TO DATE    3.4                       4.2   -0.8      4.8
  SINCE DEC 1      7.2                      16.3   -9.1     10.4
  SINCE JUL 1      7.2                      16.9   -9.7     11.4
  SNOW DEPTH       0

DEGREE DAYS
 HEATING
  YESTERDAY       12                        33    -21       12
  MONTH TO DATE  539                       684   -145      672
  SINCE DEC 1   2677                      2995   -318     2632
  SINCE JUL 1   3454                      4138   -684     3559

 COOLING
  YESTERDAY        0                         0      0        0
  MONTH TO DATE    0                         0      0        0
  SINCE DEC 1      0                         0      0        0
  SINCE JAN 1      0                         0      0        0
..................................................................


WIND (MPH)
  HIGHEST WIND SPEED    MM   HIGHEST WIND DIRECTION    MM
  HIGHEST GUST SPEED    MM   HIGHEST GUST DIRECTION    MM
  AVERAGE WIND SPEED    MM


SKY COVER
  POSSIBLE SUNSHINE  MM


WEATHER CONDITIONS
 THE FOLLOWING WEATHER WAS RECORDED YESTERDAY.
  FOG
  FOG W/VISIBILITY <= 1/4 MILE


..........................................................


THE LINCOLN IL CLIMATE NORMALS FOR TODAY
                         NORMAL    RECORD    YEAR
 MAXIMUM TEMPERATURE (F)   41        70      2016
 MINIMUM TEMPERATURE (F)   24       -11      1929


SUNRISE AND SUNSET
FEBRUARY 20 2017......SUNRISE   643 AM CST   SUNSET   539 PM CST
FEBRUARY 21 2017......SUNRISE   642 AM CST   SUNSET   540 PM CST


-  INDICATES NEGATIVE NUMBERS.
R  INDICATES RECORD WAS SET OR TIED.
MM INDICATES DATA IS MISSING.
T  INDICATES TRACE AMOUNT.




$$
