000
CDUS43 KILX 180645
CLIILX


CLIMATE REPORT
NATIONAL WEATHER SERVICE LINCOLN IL
1245 AM CST WED JAN 18 2017


...................................

...THE LINCOLN IL CLIMATE SUMMARY FOR JANUARY 17 2017...

CLIMATE NORMAL PERIOD 1981 TO 2010
CLIMATE RECORD PERIOD 1905 TO 2017


WEATHER ITEM   OBSERVED TIME   RECORD YEAR NORMAL DEPARTURE LAST
                VALUE   (LST)  VALUE       VALUE  FROM      YEAR
                                                  NORMAL
..................................................................
TEMPERATURE (F)
 YESTERDAY
  MAXIMUM         MM        MM  67    1952  34     MM       19
  MINIMUM         MM        MM -21    1977  18     MM        1
  AVERAGE         MM                        26     MM       10

PRECIPITATION (IN)
  YESTERDAY       MM             1.35 1907   0.07  MM        0.03
  MONTH TO DATE    0.92                      1.18  -0.26     0.73
  SINCE DEC 1      2.28                      3.82  -1.54     7.54
  SINCE JAN 1      0.92                      1.18  -0.26     0.73

SNOWFALL (IN)
  YESTERDAY       MM             5.5  1911   0.2   MM        0.8
  MONTH TO DATE    0.5                       3.3   -2.8      2.1
  SINCE DEC 1      3.7                       9.5   -5.8      2.2
  SINCE JUL 1      3.7                      10.1   -6.4      3.2
  SNOW DEPTH      MM

DEGREE DAYS
 HEATING
  YESTERDAY       MM                        39     MM       55
  MONTH TO DATE  619                       663    -44      650
  SINCE DEC 1   1734                      1762    -28     1410
  SINCE JUL 1   2511                      2905   -394     2337

 COOLING
  YESTERDAY       MM                         0     MM        0
  MONTH TO DATE    0                         0      0        0
  SINCE DEC 1      0                         0      0        0
  SINCE JAN 1      0                         0      0        0
..................................................................


WIND (MPH)
  HIGHEST WIND SPEED    MM   HIGHEST WIND DIRECTION    MM
  HIGHEST GUST SPEED    MM   HIGHEST GUST DIRECTION    MM
  AVERAGE WIND SPEED    MM


SKY COVER
  POSSIBLE SUNSHINE  MM


WEATHER CONDITIONS
 THE FOLLOWING WEATHER WAS RECORDED YESTERDAY.
  NO SIGNIFICANT WEATHER WAS OBSERVED.


..........................................................


THE LINCOLN IL CLIMATE NORMALS FOR TODAY
                         NORMAL    RECORD    YEAR
 MAXIMUM TEMPERATURE (F)   34        60      1951
 MINIMUM TEMPERATURE (F)   18       -19      1930


SUNRISE AND SUNSET
JANUARY 18 2017.......SUNRISE   716 AM CST   SUNSET   500 PM CST
JANUARY 19 2017.......SUNRISE   716 AM CST   SUNSET   501 PM CST


-  INDICATES NEGATIVE NUMBERS.
R  INDICATES RECORD WAS SET OR TIED.
MM INDICATES DATA IS MISSING.
T  INDICATES TRACE AMOUNT.




$$
