000
CDUS43 KILX 220643
CLIILX


CLIMATE REPORT
NATIONAL WEATHER SERVICE LINCOLN IL
142 AM CDT FRI AUG 22 2014


...................................

...THE LINCOLN IL CLIMATE SUMMARY FOR AUGUST 21 2014...

CLIMATE NORMAL PERIOD 1981 TO 2010
CLIMATE RECORD PERIOD 1905 TO 2014


WEATHER ITEM   OBSERVED TIME   RECORD YEAR NORMAL DEPARTURE LAST
                VALUE   (LST)  VALUE       VALUE  FROM      YEAR
                                                  NORMAL
..................................................................
TEMPERATURE (F)
 YESTERDAY
  MAXIMUM         88        MM 104    1983  84      4       87
  MINIMUM         70        MM  43    1950  62      8       59
  AVERAGE         79                        73      6       73

PRECIPITATION (IN)
  YESTERDAY        0.00          1.77 1964   0.12  -0.12     0.00
  MONTH TO DATE    2.61                      2.72  -0.11     1.87
  SINCE JUN 1     13.81                     12.10   1.71     7.98
  SINCE JAN 1     25.13                     26.22  -1.09    29.14

SNOWFALL (IN)
  YESTERDAY        0.0           0.0    MM   0.0    0.0      0.0
  MONTH TO DATE    0.0                       0.0    0.0      0.0
  SINCE JUN 1      0.0                       0.0    0.0       T
  SINCE JUL 1      0.0                       0.0    0.0       T
  SNOW DEPTH       0

DEGREE DAYS
 HEATING
  YESTERDAY        0                         0      0        0
  MONTH TO DATE    1                         0      1       11
  SINCE JUN 1     17                        19     -2       39
  SINCE JUL 1     10                         2      8       22

 COOLING
  YESTERDAY       14                         8      6        8
  MONTH TO DATE  120                       181    -61       88
  SINCE JUN 1    486                       724   -238      550
  SINCE JAN 1    615                       815   -200      652
..................................................................


WIND (MPH)
  HIGHEST WIND SPEED    MM   HIGHEST WIND DIRECTION    MM
  HIGHEST GUST SPEED    MM   HIGHEST GUST DIRECTION    MM
  AVERAGE WIND SPEED    MM


SKY COVER
  POSSIBLE SUNSHINE  MM


WEATHER CONDITIONS
 THE FOLLOWING WEATHER WAS RECORDED YESTERDAY.
  FOG


..........................................................


THE LINCOLN IL CLIMATE NORMALS FOR TODAY
                         NORMAL    RECORD    YEAR
 MAXIMUM TEMPERATURE (F)   84       103      1936
 MINIMUM TEMPERATURE (F)   62        46      1923


SUNRISE AND SUNSET
AUGUST 22 2014........SUNRISE   615 AM CDT   SUNSET   744 PM CDT
AUGUST 23 2014........SUNRISE   616 AM CDT   SUNSET   743 PM CDT


-  INDICATES NEGATIVE NUMBERS.
R  INDICATES RECORD WAS SET OR TIED.
MM INDICATES DATA IS MISSING.
T  INDICATES TRACE AMOUNT.




$$
