000
CDUS43 KILX 260639
CLIILX

CLIMATE REPORT
NATIONAL WEATHER SERVICE LINCOLN IL
136 AM CDT FRI MAY 26 2017

...................................

...THE LINCOLN IL CLIMATE SUMMARY FOR MAY 25 2017...

CLIMATE NORMAL PERIOD 1981 TO 2010
CLIMATE RECORD PERIOD 1905 TO 2017


WEATHER ITEM   OBSERVED TIME   RECORD YEAR NORMAL DEPARTURE LAST
                VALUE   (LST)  VALUE       VALUE  FROM      YEAR
                                                  NORMAL
..................................................................
TEMPERATURE (F)
 YESTERDAY
  MAXIMUM         73        MM  93    1921  77     -4       84
  MINIMUM         53        MM  28    1925  55     -2       60
  AVERAGE         63                        66     -3       72

PRECIPITATION (IN)
  YESTERDAY        0.00          1.71 1989   0.15  -0.15      T
  MONTH TO DATE    3.28                      3.36  -0.08     2.53
  SINCE MAR 1     13.29                      9.57   3.72     8.99
  SINCE JAN 1     15.94                     13.32   2.62    11.23

SNOWFALL (IN)
  YESTERDAY        0.0           0.0    MM   0.0    0.0      0.0
  MONTH TO DATE    0.0                       0.0    0.0      0.0
  SINCE MAR 1      3.7                       2.0    1.7       T
  SINCE JUL 1     10.9                      20.5   -9.6     12.3
  SNOW DEPTH       0

DEGREE DAYS
 HEATING
  YESTERDAY        2                         3     -1        0
  MONTH TO DATE  152                       124     28      155
  SINCE MAR 1   1105                      1256   -151     1078
  SINCE JUL 1   4713                      5679   -966     4873

 COOLING
  YESTERDAY        0                         4     -4        7
  MONTH TO DATE   53                        50      3       26
  SINCE MAR 1     67                        65      2       34
  SINCE JAN 1     67                        65      2       34
..................................................................


WIND (MPH)
  HIGHEST WIND SPEED    MM   HIGHEST WIND DIRECTION    MM
  HIGHEST GUST SPEED    MM   HIGHEST GUST DIRECTION    MM
  AVERAGE WIND SPEED    MM


SKY COVER
  POSSIBLE SUNSHINE  MM


WEATHER CONDITIONS
 THE FOLLOWING WEATHER WAS RECORDED YESTERDAY.
  NO SIGNIFICANT WEATHER WAS OBSERVED.


..........................................................


THE LINCOLN IL CLIMATE NORMALS FOR TODAY
                         NORMAL    RECORD    YEAR
 MAXIMUM TEMPERATURE (F)   77        94      1926
 MINIMUM TEMPERATURE (F)   55        29      1925


SUNRISE AND SUNSET
MAY 26 2017...........SUNRISE   533 AM CDT   SUNSET   816 PM CDT
MAY 27 2017...........SUNRISE   533 AM CDT   SUNSET   817 PM CDT


-  INDICATES NEGATIVE NUMBERS.
R  INDICATES RECORD WAS SET OR TIED.
MM INDICATES DATA IS MISSING.
T  INDICATES TRACE AMOUNT.


$$
