000
CDUS43 KILX 040631
CLIILX


CLIMATE REPORT
NATIONAL WEATHER SERVICE LINCOLN IL
131 AM CDT TUE AUG 4 2015


...................................

...THE LINCOLN IL CLIMATE SUMMARY FOR AUGUST 3 2015...

CLIMATE NORMAL PERIOD 1981 TO 2010
CLIMATE RECORD PERIOD 1905 TO 2015


WEATHER ITEM   OBSERVED TIME   RECORD YEAR NORMAL DEPARTURE LAST
                VALUE   (LST)  VALUE       VALUE  FROM      YEAR
                                                  NORMAL
..................................................................
TEMPERATURE (F)
 YESTERDAY
  MAXIMUM         84        MM 103    1930  84      0       82
  MINIMUM         62        MM  43    1912  63     -1       56
  AVERAGE         73                        74     -1       69

PRECIPITATION (IN)
  YESTERDAY        0.00          2.48 1941   0.13  -0.13     0.00
  MONTH TO DATE    0.17                      0.41  -0.24     0.46
  SINCE JUN 1     15.77                      9.79   5.98    11.66
  SINCE JAN 1     30.16                     23.91   6.25    22.98

SNOWFALL (IN)
  YESTERDAY        0.0           0.0    MM   0.0    0.0      0.0
  MONTH TO DATE    0.0                       0.0    0.0      0.0
  SINCE JUN 1      0.0                       0.0    0.0      0.0
  SINCE JUL 1      0.0                       0.0    0.0      0.0
  SNOW DEPTH       0

DEGREE DAYS
 HEATING
  YESTERDAY        0                         0      0        0
  MONTH TO DATE    0                         0      0        0
  SINCE JUN 1     14                        19     -5       16
  SINCE JUL 1      6                         2      4        9

 COOLING
  YESTERDAY        8                         9     -1        4
  MONTH TO DATE   28                        27      1       12
  SINCE JUN 1    514                       570    -56      378
  SINCE JAN 1    625                       661    -36      507
..................................................................


WIND (MPH)
  HIGHEST WIND SPEED    MM   HIGHEST WIND DIRECTION    MM
  HIGHEST GUST SPEED    MM   HIGHEST GUST DIRECTION    MM
  AVERAGE WIND SPEED    MM


SKY COVER
  POSSIBLE SUNSHINE  MM


WEATHER CONDITIONS
 THE FOLLOWING WEATHER WAS RECORDED YESTERDAY.
  NO SIGNIFICANT WEATHER WAS OBSERVED.


..........................................................


THE LINCOLN IL CLIMATE NORMALS FOR TODAY
                         NORMAL    RECORD    YEAR
 MAXIMUM TEMPERATURE (F)   84       102      1918
 MINIMUM TEMPERATURE (F)   63        40      1912


SUNRISE AND SUNSET
AUGUST  4 2015........SUNRISE   558 AM CDT   SUNSET   808 PM CDT
AUGUST  5 2015........SUNRISE   559 AM CDT   SUNSET   807 PM CDT


-  INDICATES NEGATIVE NUMBERS.
R  INDICATES RECORD WAS SET OR TIED.
MM INDICATES DATA IS MISSING.
T  INDICATES TRACE AMOUNT.




$$
