000
CDUS43 KILX 300628
CLIILX


CLIMATE REPORT
NATIONAL WEATHER SERVICE LINCOLN IL
127 AM CDT TUE JUN 30 2015


...................................

...THE LINCOLN IL CLIMATE SUMMARY FOR JUNE 29 2015...

CLIMATE NORMAL PERIOD 1981 TO 2010
CLIMATE RECORD PERIOD 1905 TO 2015


WEATHER ITEM   OBSERVED TIME   RECORD YEAR NORMAL DEPARTURE LAST
                VALUE   (LST)  VALUE       VALUE  FROM      YEAR
                                                  NORMAL
..................................................................
TEMPERATURE (F)
 YESTERDAY
  MAXIMUM         78        MM 103    1936  86     -8       84
  MINIMUM         63        MM  42    1923  64     -1       68
  AVERAGE         71                        75     -4       76

PRECIPITATION (IN)
  YESTERDAY        0.00          1.68 1993   0.17  -0.17     0.10
  MONTH TO DATE    9.67                      4.17   5.50     5.59
  SINCE JUN 1      9.67                      4.17   5.50     5.59
  SINCE JAN 1     24.06                     18.29   5.77    16.91

SNOWFALL (IN)
  YESTERDAY        0.0           0.0    MM   0.0    0.0      0.0
  MONTH TO DATE    0.0                       0.0    0.0      0.0
  SINCE JUN 1      0.0                       0.0    0.0      0.0
  SINCE JUL 1     21.9                      20.5    1.4     46.3
  SNOW DEPTH       0

DEGREE DAYS
 HEATING
  YESTERDAY        0                         0      0        0
  MONTH TO DATE    8                        15     -7        7
  SINCE JUN 1      8                        15     -7        7
  SINCE JUL 1   6205                      5706    499     6676

 COOLING
  YESTERDAY        6                        10     -4       11
  MONTH TO DATE  218                       223     -5      224
  SINCE JUN 1    218                       223     -5      224
  SINCE JAN 1    329                       314     15      353
..................................................................


WIND (MPH)
  HIGHEST WIND SPEED    MM   HIGHEST WIND DIRECTION    MM
  HIGHEST GUST SPEED    MM   HIGHEST GUST DIRECTION    MM
  AVERAGE WIND SPEED    MM


SKY COVER
  POSSIBLE SUNSHINE  MM


WEATHER CONDITIONS
 THE FOLLOWING WEATHER WAS RECORDED YESTERDAY.
  FOG


..........................................................


THE LINCOLN IL CLIMATE NORMALS FOR TODAY
                         NORMAL    RECORD    YEAR
 MAXIMUM TEMPERATURE (F)   86       100      1913
 MINIMUM TEMPERATURE (F)   65        45      1923


SUNRISE AND SUNSET
JUNE 30 2015..........SUNRISE   531 AM CDT   SUNSET   831 PM CDT
JULY  1 2015..........SUNRISE   532 AM CDT   SUNSET   831 PM CDT


-  INDICATES NEGATIVE NUMBERS.
R  INDICATES RECORD WAS SET OR TIED.
MM INDICATES DATA IS MISSING.
T  INDICATES TRACE AMOUNT.




$$
