000
CDUS43 KIND 230532
CLIIND


CLIMATE REPORT
NATIONAL WEATHER SERVICE INDIANAPOLIS IN
132 AM EDT SUN APR 23 2017


...................................

...THE INDIANAPOLIS IN CLIMATE SUMMARY FOR APRIL 22 2017...

CLIMATE NORMAL PERIOD 1981 TO 2010
CLIMATE RECORD PERIOD 1871 TO 2017


WEATHER ITEM   OBSERVED TIME   RECORD YEAR NORMAL DEPARTURE LAST
                VALUE   (LST)  VALUE       VALUE  FROM      YEAR
                                                  NORMAL
..................................................................
TEMPERATURE (F)
 YESTERDAY
  MAXIMUM         58    444 PM  85    1980  66     -8       67
                                      1960
  MINIMUM         45    716 AM  27    1936  45      0       50
  AVERAGE         52                        55     -3       59

PRECIPITATION (IN)
  YESTERDAY        0.00          2.34 2005   0.13  -0.13     0.37
  MONTH TO DATE    1.47                      2.73  -1.26     3.70
  SINCE MAR 1      6.19                      6.29  -0.10     7.90
  SINCE JAN 1     11.64                     11.27   0.37    11.61

SNOWFALL (IN)
  YESTERDAY        0.0           0.1  1927   0.0    0.0      0.0
  MONTH TO DATE    0.0                       0.2   -0.2       T
  SINCE MAR 1      1.0                       2.8   -1.8      1.2
  SINCE JUL 1      9.7                      25.9  -16.2     13.3
  SNOW DEPTH       0

DEGREE DAYS
 HEATING
  YESTERDAY       13                        10      3        6
  MONTH TO DATE  159                       299   -140      311
  SINCE MAR 1    810                      1006   -196      793
  SINCE JUL 1   4094                      5149  -1055     4246

 COOLING
  YESTERDAY        0                         1     -1        0
  MONTH TO DATE   22                         5     17        9
  SINCE MAR 1     24                         7     17        9
  SINCE JAN 1     24                         7     17        9
..................................................................


WIND (MPH)
  HIGHEST WIND SPEED    24   HIGHEST WIND DIRECTION    NE (30)
  HIGHEST GUST SPEED    30   HIGHEST GUST DIRECTION    NE (50)
  AVERAGE WIND SPEED    14.6


SKY COVER
  AVERAGE SKY COVER 0.8


WEATHER CONDITIONS
 THE FOLLOWING WEATHER WAS RECORDED YESTERDAY.
  NO SIGNIFICANT WEATHER WAS OBSERVED.


RELATIVE HUMIDITY (PERCENT)
 HIGHEST    71           900 AM
 LOWEST     43           400 PM
 AVERAGE    57

..........................................................


THE INDIANAPOLIS IN CLIMATE NORMALS FOR TODAY
                         NORMAL    RECORD    YEAR
 MAXIMUM TEMPERATURE (F)   66        88      1925
 MINIMUM TEMPERATURE (F)   45        26      1986


SUNRISE AND SUNSET
APRIL 23 2017.........SUNRISE   656 AM EDT   SUNSET   832 PM EDT
APRIL 24 2017.........SUNRISE   654 AM EDT   SUNSET   833 PM EDT


-  INDICATES NEGATIVE NUMBERS.
R  INDICATES RECORD WAS SET OR TIED.
MM INDICATES DATA IS MISSING.
T  INDICATES TRACE AMOUNT.




$$
