000
CDUS43 KIND 290532
CLIIND


CLIMATE REPORT
NATIONAL WEATHER SERVICE INDIANAPOLIS IN
131 AM EDT SUN MAY 29 2016


...................................

...THE INDIANAPOLIS IN CLIMATE SUMMARY FOR MAY 28 2016...

CLIMATE NORMAL PERIOD 1981 TO 2010
CLIMATE RECORD PERIOD 1871 TO 2016


WEATHER ITEM   OBSERVED TIME   RECORD YEAR NORMAL DEPARTURE LAST
                VALUE   (LST)  VALUE       VALUE  FROM      YEAR
                                                  NORMAL
..................................................................
TEMPERATURE (F)
 YESTERDAY
  MAXIMUM         83    219 PM  96    1911  76      7       84
  MINIMUM         71   1159 PM  39    1907  57     14       60
  AVERAGE         77                        66     11       72

PRECIPITATION (IN)
  YESTERDAY        T             1.50 1912   0.16  -0.16     0.00
  MONTH TO DATE    3.74                      4.58  -0.84     1.09
  SINCE MAR 1     13.80                     11.95   1.85     8.62
  SINCE JAN 1     17.51                     16.93   0.58    11.77

SNOWFALL (IN)
  YESTERDAY        0.0           0.0    MM   0.0    0.0      0.0
  MONTH TO DATE    T                         0.0    0.0      0.0
  SINCE MAR 1      1.2                       2.8   -1.6      5.9
  SINCE JUL 1     13.3                      25.9  -12.6     25.6
  SNOW DEPTH       0

DEGREE DAYS
 HEATING
  YESTERDAY        0                         2     -2        0
  MONTH TO DATE  159                       135     24       75
  SINCE MAR 1    991                      1214   -223     1178
  SINCE JUL 1   4444                      5357   -913     5904

 COOLING
  YESTERDAY       12                         4      8        7
  MONTH TO DATE   51                        57     -6      122
  SINCE MAR 1     69                        72     -3      128
  SINCE JAN 1     69                        72     -3      128
..................................................................


WIND (MPH)
  HIGHEST WIND SPEED    24   HIGHEST WIND DIRECTION     S (180)
  HIGHEST GUST SPEED    29   HIGHEST GUST DIRECTION     S (180)
  AVERAGE WIND SPEED    12.7


SKY COVER
  AVERAGE SKY COVER 0.8


WEATHER CONDITIONS
 THE FOLLOWING WEATHER WAS RECORDED YESTERDAY.
  LIGHT RAIN


RELATIVE HUMIDITY (PERCENT)
 HIGHEST    79           500 AM
 LOWEST     55           200 PM
 AVERAGE    67

..........................................................


THE INDIANAPOLIS IN CLIMATE NORMALS FOR TODAY
                         NORMAL    RECORD    YEAR
 MAXIMUM TEMPERATURE (F)   77        93      1895
 MINIMUM TEMPERATURE (F)   57        36      1965


SUNRISE AND SUNSET
MAY 29 2016...........SUNRISE   620 AM EDT   SUNSET   905 PM EDT
MAY 30 2016...........SUNRISE   620 AM EDT   SUNSET   906 PM EDT


-  INDICATES NEGATIVE NUMBERS.
R  INDICATES RECORD WAS SET OR TIED.
MM INDICATES DATA IS MISSING.
T  INDICATES TRACE AMOUNT.




$$
