000
CDUS43 KIND 190538
CLIIND


CLIMATE REPORT
NATIONAL WEATHER SERVICE INDIANAPOLIS IN
138 AM EDT SAT APR 19 2014


...................................

...THE INDIANAPOLIS IN CLIMATE SUMMARY FOR APRIL 18 2014...

CLIMATE NORMAL PERIOD 1981 TO 2010
CLIMATE RECORD PERIOD 1871 TO 2014


WEATHER ITEM   OBSERVED TIME   RECORD YEAR NORMAL DEPARTURE LAST
                VALUE   (LST)  VALUE       VALUE  FROM      YEAR
                                                  NORMAL
..................................................................
TEMPERATURE (F)
 YESTERDAY
  MAXIMUM         70    252 PM  87    1977  64      6       77
  MINIMUM         41    509 AM  19    1875  44     -3       49
  AVERAGE         56                        54      2       63

PRECIPITATION (IN)
  YESTERDAY        0.00          2.29 2013   0.13  -0.13     2.29
  MONTH TO DATE    4.09                      2.22   1.87     5.94
  SINCE MAR 1      6.47                      5.78   0.69     7.90
  SINCE JAN 1     11.26                     10.76   0.50    15.68

SNOWFALL (IN)
  YESTERDAY        0.0           1.2  1901   0.0    0.0      0.0
  MONTH TO DATE    0.3                       0.2    0.1      0.0
  SINCE MAR 1      3.4                       2.8    0.6     14.5
  SINCE JUL 1     55.7                      25.9   29.8     34.5
  SNOW DEPTH       0

DEGREE DAYS
 HEATING
  YESTERDAY        9                        12     -3        2
  MONTH TO DATE  263                       256      7      209
  SINCE MAR 1   1162                       963    199     1115
  SINCE JUL 1   5959                      5106    853     5126

 COOLING
  YESTERDAY        0                         1     -1        0
  MONTH TO DATE    4                         1      3        9
  SINCE MAR 1      4                         3      1        9
  SINCE JAN 1      4                         3      1        9
..................................................................


WIND (MPH)
  HIGHEST WIND SPEED    17   HIGHEST WIND DIRECTION     N (20)
  HIGHEST GUST SPEED    21   HIGHEST GUST DIRECTION     N (10)
  AVERAGE WIND SPEED     5.9


SKY COVER
  AVERAGE SKY COVER 0.3


WEATHER CONDITIONS
 THE FOLLOWING WEATHER WAS RECORDED YESTERDAY.
  NO SIGNIFICANT WEATHER WAS OBSERVED.


RELATIVE HUMIDITY (PERCENT)
 HIGHEST    83           700 AM
 LOWEST     32           200 PM
 AVERAGE    58

..........................................................


THE INDIANAPOLIS IN CLIMATE NORMALS FOR TODAY
                         NORMAL    RECORD    YEAR
 MAXIMUM TEMPERATURE (F)   65        85      2002
 MINIMUM TEMPERATURE (F)   44        23      1983


SUNRISE AND SUNSET
APRIL 19 2014.........SUNRISE   702 AM EDT   SUNSET   827 PM EDT
APRIL 20 2014.........SUNRISE   700 AM EDT   SUNSET   828 PM EDT


-  INDICATES NEGATIVE NUMBERS.
R  INDICATES RECORD WAS SET OR TIED.
MM INDICATES DATA IS MISSING.
T  INDICATES TRACE AMOUNT.




$$
