000
CDUS43 KIND 040545
CLIIND


CLIMATE REPORT
NATIONAL WEATHER SERVICE INDIANAPOLIS IN
144 AM EDT SAT JUL 4 2015


...................................

...THE INDIANAPOLIS IN CLIMATE SUMMARY FOR JULY 3 2015...

CLIMATE NORMAL PERIOD 1981 TO 2010
CLIMATE RECORD PERIOD 1871 TO 2015


WEATHER ITEM   OBSERVED TIME   RECORD YEAR NORMAL DEPARTURE LAST
                VALUE   (LST)  VALUE       VALUE  FROM      YEAR
                                                  NORMAL
..................................................................
TEMPERATURE (F)
 YESTERDAY
  MAXIMUM         76    335 PM 100    1911  85     -9       73
  MINIMUM         63    730 AM  49    1968  66     -3       60
  AVERAGE         70                        75     -5       67

PRECIPITATION (IN)
  YESTERDAY        0.07          1.89 1926   0.15  -0.08      T
  MONTH TO DATE    0.07                      0.47  -0.40     0.13
  SINCE JUN 1      8.43                      4.72   3.71     7.17
  SINCE JAN 1     21.56                     22.12  -0.56    24.60

SNOWFALL (IN)
  YESTERDAY        0.0           0.0    MM   0.0    0.0      0.0
  MONTH TO DATE    0.0                       0.0    0.0      0.0
  SINCE JUN 1      T                         0.0    0.0      0.0
  SINCE JUL 1      0.0                       0.0    0.0      0.0
  SNOW DEPTH       0

DEGREE DAYS
 HEATING
  YESTERDAY        0                         0      0        0
  MONTH TO DATE    0                         0      0        0
  SINCE JUN 1     16                        16      0        2
  SINCE JUL 1      0                         0      0        0

 COOLING
  YESTERDAY        5                        10     -5        2
  MONTH TO DATE   16                        30    -14       19
  SINCE JUN 1    267                       256     11      257
  SINCE JAN 1    415                       340     75      361
..................................................................


WIND (MPH)
  HIGHEST WIND SPEED    17   HIGHEST WIND DIRECTION    NE (60)
  HIGHEST GUST SPEED    21   HIGHEST GUST DIRECTION    NE (60)
  AVERAGE WIND SPEED     9.6


SKY COVER
  AVERAGE SKY COVER 1.0


WEATHER CONDITIONS
 THE FOLLOWING WEATHER WAS RECORDED YESTERDAY.
  LIGHT RAIN
  FOG


RELATIVE HUMIDITY (PERCENT)
 HIGHEST    90           500 AM
 LOWEST     66           200 AM
 AVERAGE    78

..........................................................


THE INDIANAPOLIS IN CLIMATE NORMALS FOR TODAY
                         NORMAL    RECORD    YEAR
 MAXIMUM TEMPERATURE (F)   85       103      1911
 MINIMUM TEMPERATURE (F)   66        48      1968


SUNRISE AND SUNSET
JULY  4 2015..........SUNRISE   622 AM EDT   SUNSET   917 PM EDT
JULY  5 2015..........SUNRISE   623 AM EDT   SUNSET   916 PM EDT


-  INDICATES NEGATIVE NUMBERS.
R  INDICATES RECORD WAS SET OR TIED.
MM INDICATES DATA IS MISSING.
T  INDICATES TRACE AMOUNT.




$$
