000
CDUS43 KIND 210534
CLIIND


CLIMATE REPORT
NATIONAL WEATHER SERVICE INDIANAPOLIS IN
131 AM EDT THU SEP 21 2017


...................................

...THE INDIANAPOLIS IN CLIMATE SUMMARY FOR SEPTEMBER 20 2017...

CLIMATE NORMAL PERIOD 1981 TO 2010
CLIMATE RECORD PERIOD 1871 TO 2017


WEATHER ITEM   OBSERVED TIME   RECORD YEAR NORMAL DEPARTURE LAST
                VALUE   (LST)  VALUE       VALUE  FROM      YEAR
                                                  NORMAL
..................................................................
TEMPERATURE (F)
 YESTERDAY
  MAXIMUM         89    414 PM  94    1940  76     13       86
  MINIMUM         65    602 AM  36    1991  54     11       61
  AVERAGE         77                        65     12       74

PRECIPITATION (IN)
  YESTERDAY        0.00          2.20 1950   0.10  -0.10     0.00
  MONTH TO DATE    0.66                      2.05  -1.39     3.01
  SINCE SEP 1      0.66                      2.05  -1.39     3.01
  SINCE JAN 1     39.42                     31.38   8.04    38.03

SNOWFALL (IN)
  YESTERDAY        0.0           0.0    MM   0.0    0.0      0.0
  MONTH TO DATE    0.0                       0.0    0.0      0.0
  SINCE SEP 1      0.0                       0.0    0.0      0.0
  SINCE JUL 1      0.0                       0.0    0.0      0.0
  SNOW DEPTH       0

DEGREE DAYS
 HEATING
  YESTERDAY        0                         3     -3        0
  MONTH TO DATE   23                        25     -2        0
  SINCE SEP 1     23                        25     -2        0
  SINCE JUL 1     23                        29     -6        2

 COOLING
  YESTERDAY       12                         3      9        9
  MONTH TO DATE   82                       106    -24      161
  SINCE SEP 1     82                       106    -24      161
  SINCE JAN 1   1022                      1027     -5     1341
..................................................................


WIND (MPH)
  HIGHEST WIND SPEED    14   HIGHEST WIND DIRECTION     S (170)
  HIGHEST GUST SPEED    17   HIGHEST GUST DIRECTION    SW (220)
  AVERAGE WIND SPEED     6.9


SKY COVER
  AVERAGE SKY COVER 0.3


WEATHER CONDITIONS
 THE FOLLOWING WEATHER WAS RECORDED YESTERDAY.
  FOG
  FOG W/VISIBILITY <= 1/4 MILE
  HAZE


RELATIVE HUMIDITY (PERCENT)
 HIGHEST   100           200 AM
 LOWEST     50           400 PM
 AVERAGE    75

..........................................................


THE INDIANAPOLIS IN CLIMATE NORMALS FOR TODAY
                         NORMAL    RECORD    YEAR
 MAXIMUM TEMPERATURE (F)   76        96      2010
 MINIMUM TEMPERATURE (F)   54        35      1875


SUNRISE AND SUNSET
SEPTEMBER 21 2017.....SUNRISE   732 AM EDT   SUNSET   743 PM EDT
SEPTEMBER 22 2017.....SUNRISE   733 AM EDT   SUNSET   742 PM EDT


-  INDICATES NEGATIVE NUMBERS.
R  INDICATES RECORD WAS SET OR TIED.
MM INDICATES DATA IS MISSING.
T  INDICATES TRACE AMOUNT.




$$
