000
CDUS43 KIND 280543
CLIIND


CLIMATE REPORT
NATIONAL WEATHER SERVICE INDIANAPOLIS IN
143 AM EDT FRI JUL 28 2017


...................................

...THE INDIANAPOLIS IN CLIMATE SUMMARY FOR JULY 27 2017...

CLIMATE NORMAL PERIOD 1981 TO 2010
CLIMATE RECORD PERIOD 1871 TO 2017


WEATHER ITEM   OBSERVED TIME   RECORD YEAR NORMAL DEPARTURE LAST
                VALUE   (LST)  VALUE       VALUE  FROM      YEAR
                                                  NORMAL
..................................................................
TEMPERATURE (F)
 YESTERDAY
  MAXIMUM         82    420 PM 100    1916  85     -3       90
  MINIMUM         73   1159 PM  51    1962  66      7       70
  AVERAGE         78                        75      3       80

PRECIPITATION (IN)
  YESTERDAY        0.23          1.86 1981   0.12   0.11     0.00
  MONTH TO DATE    6.18                      4.05   2.13     5.50
  SINCE JUN 1     12.71                      8.30   4.41    10.03
  SINCE JAN 1     36.99                     25.70  11.29    27.54

SNOWFALL (IN)
  YESTERDAY        0.0           0.0    MM   0.0    0.0      0.0
  MONTH TO DATE    0.0                       0.0    0.0      0.0
  SINCE JUN 1      0.0                       0.0    0.0      0.0
  SINCE JUL 1      0.0                       0.0    0.0      0.0
  SNOW DEPTH       0

DEGREE DAYS
 HEATING
  YESTERDAY        0                         0      0        0
  MONTH TO DATE    0                         0      0        2
  SINCE JUN 1      3                        16    -13        3
  SINCE JUL 1      0                         0      0        2

 COOLING
  YESTERDAY       13                        10      3       15
  MONTH TO DATE  322                       285     37      316
  SINCE JUN 1    542                       511     31      611
  SINCE JAN 1    648                       595     53      712
..................................................................


WIND (MPH)
  HIGHEST WIND SPEED    21   HIGHEST WIND DIRECTION     W (250)
  HIGHEST GUST SPEED    28   HIGHEST GUST DIRECTION     W (250)
  AVERAGE WIND SPEED     8.5


SKY COVER
  AVERAGE SKY COVER 0.9


WEATHER CONDITIONS
 THE FOLLOWING WEATHER WAS RECORDED YESTERDAY.
  RAIN
  LIGHT RAIN
  FOG


RELATIVE HUMIDITY (PERCENT)
 HIGHEST    94           700 AM
 LOWEST     74           600 PM
 AVERAGE    84

..........................................................


THE INDIANAPOLIS IN CLIMATE NORMALS FOR TODAY
                         NORMAL    RECORD    YEAR
 MAXIMUM TEMPERATURE (F)   85       101      1930
 MINIMUM TEMPERATURE (F)   66        51      2013


SUNRISE AND SUNSET
JULY 28 2017..........SUNRISE   641 AM EDT   SUNSET   902 PM EDT
JULY 29 2017..........SUNRISE   642 AM EDT   SUNSET   901 PM EDT


-  INDICATES NEGATIVE NUMBERS.
R  INDICATES RECORD WAS SET OR TIED.
MM INDICATES DATA IS MISSING.
T  INDICATES TRACE AMOUNT.




$$
