885
CDUS43 KIND 210549
CLIIND


CLIMATE REPORT
NATIONAL WEATHER SERVICE INDIANAPOLIS IN
1245 AM EST TUE FEB 21 2017


...................................

...THE INDIANAPOLIS IN CLIMATE SUMMARY FOR FEBRUARY 20 2017...

CLIMATE NORMAL PERIOD 1981 TO 2010
CLIMATE RECORD PERIOD 1871 TO 2017


WEATHER ITEM   OBSERVED TIME   RECORD YEAR NORMAL DEPARTURE LAST
                VALUE   (LST)  VALUE       VALUE  FROM      YEAR
                                                  NORMAL
..................................................................
TEMPERATURE (F)
 YESTERDAY
  MAXIMUM         66    426 PM  72    2016  42     24       72
  MINIMUM         41    751 AM  -8    1885  25     16       42
  AVERAGE         54                        34     20       57

PRECIPITATION (IN)
  YESTERDAY        0.00          3.02 1882   0.08  -0.08     0.00
  MONTH TO DATE    0.41                      1.63  -1.22     0.46
  SINCE DEC 1      6.28                      7.46  -1.18     7.51
  SINCE JAN 1      4.76                      4.29   0.47     1.92

SNOWFALL (IN)
  YESTERDAY        0.0           1.7  1927   0.2   -0.2      0.0
  MONTH TO DATE    2.1                       5.0   -2.9      3.6
  SINCE DEC 1      8.7                      20.5  -11.8     10.0
  SINCE JUL 1      8.7                      21.6  -12.9     11.3
  SNOW DEPTH       0

DEGREE DAYS
 HEATING
  YESTERDAY       11                        32    -21        8
  MONTH TO DATE  487                       682   -195      656
  SINCE DEC 1   2479                      2861   -382     2453
  SINCE JUL 1   3172                      3903   -731     3240

 COOLING
  YESTERDAY        0                         0      0        0
  MONTH TO DATE    0                         0      0        0
  SINCE DEC 1      0                         0      0        0
  SINCE JAN 1      0                         0      0        0
..................................................................


WIND (MPH)
  HIGHEST WIND SPEED    15   HIGHEST WIND DIRECTION    SE (120)
  HIGHEST GUST SPEED    17   HIGHEST GUST DIRECTION    SE (130)
  AVERAGE WIND SPEED     8.4


SKY COVER
  AVERAGE SKY COVER 0.7


WEATHER CONDITIONS
 THE FOLLOWING WEATHER WAS RECORDED YESTERDAY.
  FOG
  FOG W/VISIBILITY <= 1/4 MILE
  HAZE


RELATIVE HUMIDITY (PERCENT)
 HIGHEST   100           300 AM
 LOWEST     52           400 PM
 AVERAGE    76

..........................................................


THE INDIANAPOLIS IN CLIMATE NORMALS FOR TODAY
                         NORMAL    RECORD    YEAR
 MAXIMUM TEMPERATURE (F)   42        68      1930
 MINIMUM TEMPERATURE (F)   26        -4      1963


SUNRISE AND SUNSET
FEBRUARY 21 2017......SUNRISE   729 AM EST   SUNSET   629 PM EST
FEBRUARY 22 2017......SUNRISE   728 AM EST   SUNSET   630 PM EST


-  INDICATES NEGATIVE NUMBERS.
R  INDICATES RECORD WAS SET OR TIED.
MM INDICATES DATA IS MISSING.
T  INDICATES TRACE AMOUNT.




$$
