000
CDUS43 KIND 260542
CLIIND


CLIMATE REPORT
NATIONAL WEATHER SERVICE INDIANAPOLIS IN
141 AM EDT THU MAR 26 2015


...................................

...THE INDIANAPOLIS IN CLIMATE SUMMARY FOR MARCH 25 2015...

CLIMATE NORMAL PERIOD 1981 TO 2010
CLIMATE RECORD PERIOD 1871 TO 2015


WEATHER ITEM   OBSERVED TIME   RECORD YEAR NORMAL DEPARTURE LAST
                VALUE   (LST)  VALUE       VALUE  FROM      YEAR
                                                  NORMAL
..................................................................
TEMPERATURE (F)
 YESTERDAY
  MAXIMUM         54    441 PM  81    2007  56     -2       35
  MINIMUM         42    121 AM   5    1974  36      6       23
  AVERAGE         48                        46      2       29

PRECIPITATION (IN)
  YESTERDAY        0.63          4.70 1904   0.13   0.50      T
  MONTH TO DATE    2.97                      2.80   0.17     1.58
  SINCE MAR 1      2.97                      2.80   0.17     1.58
  SINCE JAN 1      6.12                      7.78  -1.66     6.37

SNOWFALL (IN)
  YESTERDAY       MM             3.1  1955   0.1   MM        0.3
  MONTH TO DATE    5.9                       2.4    3.5      3.1
  SINCE MAR 1      5.9                       2.4    3.5      3.1
  SINCE JUL 1     25.6                      25.5    0.1     55.4
  SNOW DEPTH       0

DEGREE DAYS
 HEATING
  YESTERDAY       17                        19     -2       36
  MONTH TO DATE  638                       597     41      750
  SINCE MAR 1    638                       597     41      750
  SINCE JUL 1   5364                      4740    624     5547

 COOLING
  YESTERDAY        0                         0      0        0
  MONTH TO DATE    0                         0      0        0
  SINCE MAR 1      0                         0      0        0
  SINCE JAN 1      0                         0      0        0
..................................................................


WIND (MPH)
  HIGHEST WIND SPEED    22   HIGHEST WIND DIRECTION    SW (230)
  HIGHEST GUST SPEED    29   HIGHEST GUST DIRECTION    SW (240)
  AVERAGE WIND SPEED    10.5


SKY COVER
  AVERAGE SKY COVER 0.9


WEATHER CONDITIONS
 THE FOLLOWING WEATHER WAS RECORDED YESTERDAY.
  THUNDERSTORM
  HEAVY RAIN
  RAIN
  LIGHT RAIN
  FOG
  HAZE


RELATIVE HUMIDITY (PERCENT)
 HIGHEST    92           400 AM
 LOWEST     66           300 PM
 AVERAGE    79

..........................................................


THE INDIANAPOLIS IN CLIMATE NORMALS FOR TODAY
                         NORMAL    RECORD    YEAR
 MAXIMUM TEMPERATURE (F)   56        80      1907
 MINIMUM TEMPERATURE (F)   36         8      1955


SUNRISE AND SUNSET
MARCH 26 2015.........SUNRISE   739 AM EDT   SUNSET   803 PM EDT
MARCH 27 2015.........SUNRISE   738 AM EDT   SUNSET   804 PM EDT


-  INDICATES NEGATIVE NUMBERS.
R  INDICATES RECORD WAS SET OR TIED.
MM INDICATES DATA IS MISSING.
T  INDICATES TRACE AMOUNT.




$$
