000
CDUS43 KIND 210541
CLIIND


CLIMATE REPORT
NATIONAL WEATHER SERVICE INDIANAPOLIS IN
1241 AM EST TUE NOV 21 2017


...................................

...THE INDIANAPOLIS IN CLIMATE SUMMARY FOR NOVEMBER 20 2017...

CLIMATE NORMAL PERIOD 1981 TO 2010
CLIMATE RECORD PERIOD 1871 TO 2017


WEATHER ITEM   OBSERVED TIME   RECORD YEAR NORMAL DEPARTURE LAST
                VALUE   (LST)  VALUE       VALUE  FROM      YEAR
                                                  NORMAL
..................................................................
TEMPERATURE (F)
 YESTERDAY
  MAXIMUM         50    338 PM  75    1942  50      0       37
  MINIMUM         24    402 AM   8    1914  33     -9       25
  AVERAGE         37                        42     -5       31

PRECIPITATION (IN)
  YESTERDAY        0.00          1.73 1991   0.13  -0.13     0.00
  MONTH TO DATE    3.87                      2.45   1.42     0.99
  SINCE SEP 1      7.48                      8.69  -1.21     7.62
  SINCE JAN 1     46.24                     38.02   8.22    42.64

SNOWFALL (IN)
  YESTERDAY        0.0           2.4  1967   0.0    0.0      0.0
  MONTH TO DATE    T                         0.3   -0.3       T
  SINCE SEP 1      T                         0.7   -0.7       T
  SINCE JUL 1      T                         0.7   -0.7       T
  SNOW DEPTH       0

DEGREE DAYS
 HEATING
  YESTERDAY       28                        23      5       34
  MONTH TO DATE  412                       381     31      279
  SINCE SEP 1    692                       778    -86      467
  SINCE JUL 1    692                       782    -90      469

 COOLING
  YESTERDAY        0                         0      0        0
  MONTH TO DATE    0                         0      0        5
  SINCE SEP 1    224                       144     80      263
  SINCE JAN 1   1164                      1065     99     1443
..................................................................


WIND (MPH)
  HIGHEST WIND SPEED    21   HIGHEST WIND DIRECTION     S (190)
  HIGHEST GUST SPEED    24   HIGHEST GUST DIRECTION     S (180)
  AVERAGE WIND SPEED    11.7


SKY COVER
  AVERAGE SKY COVER 0.4


WEATHER CONDITIONS
 THE FOLLOWING WEATHER WAS RECORDED YESTERDAY.
  NO SIGNIFICANT WEATHER WAS OBSERVED.


RELATIVE HUMIDITY (PERCENT)
 HIGHEST    88           600 AM
 LOWEST     38           600 PM
 AVERAGE    63

..........................................................


THE INDIANAPOLIS IN CLIMATE NORMALS FOR TODAY
                         NORMAL    RECORD    YEAR
 MAXIMUM TEMPERATURE (F)   49        73      1990
                                             1934
 MINIMUM TEMPERATURE (F)   33         2      1880


SUNRISE AND SUNSET
NOVEMBER 21 2017......SUNRISE   737 AM EST   SUNSET   525 PM EST
NOVEMBER 22 2017......SUNRISE   738 AM EST   SUNSET   525 PM EST


-  INDICATES NEGATIVE NUMBERS.
R  INDICATES RECORD WAS SET OR TIED.
MM INDICATES DATA IS MISSING.
T  INDICATES TRACE AMOUNT.




$$
