000
CDUS43 KIND 240532
CLIIND


CLIMATE REPORT
NATIONAL WEATHER SERVICE INDIANAPOLIS IN
132 AM EDT FRI MAR 24 2017


...................................

...THE INDIANAPOLIS IN CLIMATE SUMMARY FOR MARCH 23 2017...

CLIMATE NORMAL PERIOD 1981 TO 2010
CLIMATE RECORD PERIOD 1871 TO 2017


WEATHER ITEM   OBSERVED TIME   RECORD YEAR NORMAL DEPARTURE LAST
                VALUE   (LST)  VALUE       VALUE  FROM      YEAR
                                                  NORMAL
..................................................................
TEMPERATURE (F)
 YESTERDAY
  MAXIMUM         57    419 PM  80    1939  55      2       62
                                      1910
                                      1907
  MINIMUM         28    655 AM  12    1885  35     -7       54
  AVERAGE         43                        45     -2       58

PRECIPITATION (IN)
  YESTERDAY        0.00          1.48 1938   0.12  -0.12     0.00
  MONTH TO DATE    2.14                      2.54  -0.40     1.90
  SINCE MAR 1      2.14                      2.54  -0.40     1.90
  SINCE JAN 1      7.59                      7.52   0.07     5.61

SNOWFALL (IN)
  YESTERDAY        0.0           3.0  1974   0.1   -0.1      0.0
  MONTH TO DATE    1.0                       2.3   -1.3      1.2
  SINCE MAR 1      1.0                       2.3   -1.3      1.2
  SINCE JUL 1      9.7                      25.4  -15.7     13.3
  SNOW DEPTH       0

DEGREE DAYS
 HEATING
  YESTERDAY       22                        20      2        7
  MONTH TO DATE  588                       558     30      368
  SINCE MAR 1    588                       558     30      368
  SINCE JUL 1   3872                      4701   -829     3821

 COOLING
  YESTERDAY        0                         0      0        0
  MONTH TO DATE    0                         0      0        0
  SINCE MAR 1      0                         0      0        0
  SINCE JAN 1      0                         0      0        0
..................................................................


WIND (MPH)
  HIGHEST WIND SPEED    17   HIGHEST WIND DIRECTION    SE (120)
  HIGHEST GUST SPEED    20   HIGHEST GUST DIRECTION    SE (120)
  AVERAGE WIND SPEED    11.3


SKY COVER
  AVERAGE SKY COVER 0.5


WEATHER CONDITIONS
 THE FOLLOWING WEATHER WAS RECORDED YESTERDAY.
  NO SIGNIFICANT WEATHER WAS OBSERVED.


RELATIVE HUMIDITY (PERCENT)
 HIGHEST    69           500 AM
 LOWEST     30           500 PM
 AVERAGE    50

..........................................................


THE INDIANAPOLIS IN CLIMATE NORMALS FOR TODAY
                         NORMAL    RECORD    YEAR
 MAXIMUM TEMPERATURE (F)   55        84      1910
 MINIMUM TEMPERATURE (F)   35         2      1974


SUNRISE AND SUNSET
MARCH 24 2017.........SUNRISE   742 AM EDT   SUNSET   801 PM EDT
MARCH 25 2017.........SUNRISE   740 AM EDT   SUNSET   803 PM EDT


-  INDICATES NEGATIVE NUMBERS.
R  INDICATES RECORD WAS SET OR TIED.
MM INDICATES DATA IS MISSING.
T  INDICATES TRACE AMOUNT.




$$
