000
CDUS43 KDLH 042218
CLIINL


CLIMATE REPORT
NATIONAL WEATHER SERVICE DULUTH MN
518 PM CDT TUE AUG 4 2015


...................................

...THE INTERNATIONAL FALLS MN CLIMATE SUMMARY FOR AUGUST 4 2015...
VALID TODAY AS OF 0515 PM LOCAL TIME.

CLIMATE NORMAL PERIOD 1981 TO 2010
CLIMATE RECORD PERIOD 1895 TO 2015


WEATHER ITEM   OBSERVED TIME   RECORD YEAR NORMAL DEPARTURE LAST
                VALUE   (LST)  VALUE       VALUE  FROM      YEAR
                                                  NORMAL
..................................................................
TEMPERATURE (F)
 TODAY
  MAXIMUM         66    412 PM  93    1914  78    -12       76
  MINIMUM         41    247 AM  38    2013  52    -11       41
                                      1907
  AVERAGE         54                        65    -11       59

PRECIPITATION (IN)
  TODAY            0.00                      0.09  -0.09     0.00
  MONTH TO DATE    0.26                      0.35  -0.09     0.01
  SINCE JUN 1      4.93                      7.97  -3.04    14.83
  SINCE JAN 1     13.10                     14.50  -1.40    23.65

SNOWFALL (IN)
  TODAY            0.0                       0.0    0.0      0.0
  MONTH TO DATE    0.0                       0.0    0.0      0.0
  SINCE JUL 1      0.0                       0.0    0.0      0.0
  SNOW DEPTH       0

DEGREE DAYS
 HEATING
  TODAY           11                         2      9        6
  MONTH TO DATE   21                         8     13       17
  SINCE JUN 1    217                       242    -25      249
  SINCE JUL 1     68                        78    -10      120

 COOLING
  TODAY            0                         2     -2        0
  MONTH TO DATE    2                         8     -6        0
  SINCE JUN 1     97                       122    -25       72
  SINCE JAN 1     97                       131    -34       95
..................................................................


WIND (MPH)
  HIGHEST WIND SPEED    15   HIGHEST WIND DIRECTION    NE (30)
  HIGHEST GUST SPEED    19   HIGHEST GUST DIRECTION     N (20)


SKY COVER
  AVERAGE SKY COVER 0.7


WEATHER CONDITIONS
 THE FOLLOWING WEATHER WAS RECORDED TODAY.
  FOG


RELATIVE HUMIDITY (PERCENT)
 HIGHEST   100           200 AM
 LOWEST     56           100 PM
 AVERAGE    78

..........................................................


THE INTERNATIONAL FALLS MN CLIMATE NORMALS FOR TOMORROW
                         NORMAL    RECORD    YEAR
 MAXIMUM TEMPERATURE (F)   78        92      2001
                                             1964
                                             1959
 MINIMUM TEMPERATURE (F)   52        33      1910


SUNRISE AND SUNSET
AUGUST  4 2015........SUNRISE   552 AM CDT   SUNSET   847 PM CDT
AUGUST  5 2015........SUNRISE   553 AM CDT   SUNSET   845 PM CDT


-  INDICATES NEGATIVE NUMBERS.
R  INDICATES RECORD WAS SET OR TIED.
MM INDICATES DATA IS MISSING.
T  INDICATES TRACE AMOUNT.




$$
