000
CDUS43 KDLH 230636
CLIINL


CLIMATE REPORT
NATIONAL WEATHER SERVICE DULUTH MN
1225 AM CST MON JAN 23 2017


...................................

...THE INTERNATIONAL FALLS MN CLIMATE SUMMARY FOR JANUARY 22 2017...

CLIMATE NORMAL PERIOD 1981 TO 2010
CLIMATE RECORD PERIOD 1895 TO 2017


WEATHER ITEM   OBSERVED TIME   RECORD YEAR NORMAL DEPARTURE LAST
                VALUE   (LST)  VALUE       VALUE  FROM      YEAR
                                                  NORMAL
..................................................................
TEMPERATURE (F)
 YESTERDAY
  MAXIMUM         39R   221 PM  38    1968  16     23       18
                                      1919
  MINIMUM         33    731 AM -38    1907  -7     40        9
  AVERAGE         36                         4     32       14

PRECIPITATION (IN)
  YESTERDAY        0.00          0.36 2012   0.02  -0.02      T
  MONTH TO DATE    1.16                      0.48   0.68     0.20
  SINCE DEC 1      3.35                      1.29   2.06     1.27
  SINCE JAN 1      1.16                      0.48   0.68     0.20

SNOWFALL (IN)
  YESTERDAY        0.0           6.9  1982   0.5   -0.5       T
  MONTH TO DATE   14.8                      11.3    3.5      3.8
  SINCE DEC 1     40.3                      26.3   14.0     13.3
  SINCE JUL 1     48.7                      42.3    6.4     17.1
  SNOW DEPTH      13

DEGREE DAYS
 HEATING
  YESTERDAY       29                        61    -32       51
  MONTH TO DATE 1275                      1338    -63     1307
  SINCE DEC 1   2941                      3052   -111     2620
  SINCE JUL 1   4747                      5513   -766     4626

 COOLING
  YESTERDAY        0                         0      0        0
  MONTH TO DATE    0                         0      0        0
  SINCE DEC 1      0                         0      0        0
  SINCE JAN 1      0                         0      0        0
..................................................................


WIND (MPH)
  HIGHEST WIND SPEED     6   HIGHEST WIND DIRECTION     N (20)
  HIGHEST GUST SPEED     7   HIGHEST GUST DIRECTION     W (260)
  AVERAGE WIND SPEED     1.9


SKY COVER
  AVERAGE SKY COVER 1.0


WEATHER CONDITIONS
 THE FOLLOWING WEATHER WAS RECORDED YESTERDAY.
  FOG
  FOG W/VISIBILITY <= 1/4 MILE


RELATIVE HUMIDITY (PERCENT)
 HIGHEST   100          1200 AM
 LOWEST     85           100 PM
 AVERAGE    93

..........................................................


THE INTERNATIONAL FALLS MN CLIMATE NORMALS FOR TODAY
                         NORMAL    RECORD    YEAR
 MAXIMUM TEMPERATURE (F)   16        41      1981
 MINIMUM TEMPERATURE (F)   -7       -43      1907


SUNRISE AND SUNSET
JANUARY 23 2017.......SUNRISE   753 AM CST   SUNSET   458 PM CST
JANUARY 24 2017.......SUNRISE   752 AM CST   SUNSET   500 PM CST


-  INDICATES NEGATIVE NUMBERS.
R  INDICATES RECORD WAS SET OR TIED.
MM INDICATES DATA IS MISSING.
T  INDICATES TRACE AMOUNT.




$$
