000
CDUS45 KFGZ 270800
CLIINW
CLIMATE REPORT
NATIONAL WEATHER SERVICE FLAGSTAFF, AZ
1250 AM MST TUE JUN 27 2017


...................................

...THE WINSLOW AZ AIRPORT CLIMATE SUMMARY FOR JUNE 26 2017...

CLIMATE NORMAL PERIOD 1981 TO 2010
CLIMATE RECORD PERIOD 1915 TO 2017


WEATHER ITEM   OBSERVED TIME   RECORD YEAR NORMAL DEPARTURE LAST
                VALUE   (LST)  VALUE       VALUE  FROM      YEAR
                                                  NORMAL
..................................................................
TEMPERATURE (F)
 YESTERDAY
  MAXIMUM        100    251 PM 106    1970  94      6      100
  MINIMUM         57    509 AM  44    1975  57      0       63
  AVERAGE         79                        76      3       82

PRECIPITATION (IN)
  YESTERDAY        0.00          0.28 1920   0.01  -0.01     0.00
  MONTH TO DATE    0.00                      0.14  -0.14      T
  SINCE SEP 1      5.22                      4.73   0.49     5.62
  SINCE JAN 1      2.14                      2.25  -0.11     1.60

DEGREE DAYS
 HEATING
  YESTERDAY        0                         0      0        0
  MONTH TO DATE    4                         8     -4        0
  SINCE JUL 1   3637                      4495   -858     4253

 COOLING
  YESTERDAY       14                        11      3       17
  MONTH TO DATE  308                       195    113      325
  SINCE JAN 1    349                       262     87      342
..................................................................


WIND (MPH)
  HIGHEST WIND SPEED    26   HIGHEST WIND DIRECTION     W (290)
  HIGHEST GUST SPEED    34   HIGHEST GUST DIRECTION    NW (310)
  AVERAGE WIND SPEED     7.5


SKY COVER
  POSSIBLE SUNSHINE  MM
  AVERAGE SKY COVER 0.0


WEATHER CONDITIONS
 THE FOLLOWING WEATHER WAS RECORDED YESTERDAY.
  NO SIGNIFICANT WEATHER WAS OBSERVED.


RELATIVE HUMIDITY (PERCENT)
 HIGHEST    60           300 AM
 LOWEST      8           600 PM
 AVERAGE    34

..........................................................


THE WINSLOW AZ AIRPORT CLIMATE NORMALS FOR TODAY
                         NORMAL    RECORD    YEAR
 MAXIMUM TEMPERATURE (F)   95       104      2015
 MINIMUM TEMPERATURE (F)   58        37      1965


SUNRISE AND SUNSET
JUNE 27 2017..........SUNRISE   511 AM MST   SUNSET   741 PM MST
JUNE 28 2017..........SUNRISE   512 AM MST   SUNSET   741 PM MST


-  INDICATES NEGATIVE NUMBERS.
R  INDICATES RECORD WAS SET OR TIED.
MM INDICATES DATA IS MISSING.
T  INDICATES TRACE AMOUNT.




$$
