000
CDUS45 KFGZ 270828
CLIINW
CLIMATE REPORT
NATIONAL WEATHER SERVICE FLAGSTAFF, AZ
126 AM MST FRI MAY 27 2016


...................................

...THE WINSLOW AZ AIRPORT CLIMATE SUMMARY FOR MAY 26 2016...

CLIMATE NORMAL PERIOD 1981 TO 2010
CLIMATE RECORD PERIOD 1915 TO 2016


WEATHER ITEM   OBSERVED TIME   RECORD YEAR NORMAL DEPARTURE LAST
                VALUE   (LST)  VALUE       VALUE  FROM      YEAR
                                                  NORMAL
..................................................................
TEMPERATURE (F)
 YESTERDAY
  MAXIMUM         74    334 PM 101    1951  85    -11       82
  MINIMUM         45    304 AM  30    1917  48     -3       47
  AVERAGE         60                        66     -6       65

PRECIPITATION (IN)
  YESTERDAY        T             0.07 1936   0.01  -0.01     0.00
  MONTH TO DATE    0.43                      0.28   0.15     0.82
  SINCE SEP 1      5.62                      4.54   1.08     6.26
  SINCE JAN 1      1.60                      2.06  -0.46     3.41

DEGREE DAYS
 HEATING
  YESTERDAY        5                         2      3        0
  MONTH TO DATE  128                       100     28      151
  SINCE JUL 1   4247                      4479   -232     3825

 COOLING
  YESTERDAY        0                         3     -3        0
  MONTH TO DATE   15                        45    -30        3
  SINCE JAN 1     15                        49    -34        3
..................................................................


WIND (MPH)
  HIGHEST WIND SPEED    31   HIGHEST WIND DIRECTION     W (260)
  HIGHEST GUST SPEED    40   HIGHEST GUST DIRECTION    NW (300)
  AVERAGE WIND SPEED    12.8


SKY COVER
  POSSIBLE SUNSHINE  MM
  AVERAGE SKY COVER 0.2


WEATHER CONDITIONS
 THE FOLLOWING WEATHER WAS RECORDED YESTERDAY.
  LIGHT RAIN


RELATIVE HUMIDITY (PERCENT)
 HIGHEST    45           300 AM
 LOWEST     16           200 PM
 AVERAGE    31

..........................................................


THE WINSLOW AZ AIRPORT CLIMATE NORMALS FOR TODAY
                         NORMAL    RECORD    YEAR
 MAXIMUM TEMPERATURE (F)   85        99      1951
 MINIMUM TEMPERATURE (F)   48        30      1916


SUNRISE AND SUNSET
MAY 27 2016...........SUNRISE   512 AM MST   SUNSET   729 PM MST
MAY 28 2016...........SUNRISE   511 AM MST   SUNSET   730 PM MST


-  INDICATES NEGATIVE NUMBERS.
R  INDICATES RECORD WAS SET OR TIED.
MM INDICATES DATA IS MISSING.
T  INDICATES TRACE AMOUNT.




$$
