000
CDUS45 KFGZ 040743
CLIINW
CLIMATE REPORT
NATIONAL WEATHER SERVICE FLAGSTAFF, AZ
1242 AM MST FRI SEP 4 2015


...................................

...THE WINSLOW AZ AIRPORT CLIMATE SUMMARY FOR SEPTEMBER 3 2015...

CLIMATE NORMAL PERIOD 1981 TO 2010
CLIMATE RECORD PERIOD 1915 TO 2015


WEATHER ITEM   OBSERVED TIME   RECORD YEAR NORMAL DEPARTURE LAST
                VALUE   (LST)  VALUE       VALUE  FROM      YEAR
                                                  NORMAL
..................................................................
TEMPERATURE (F)
 YESTERDAY
  MAXIMUM         85    243 PM  99    1948  89     -4       94
  MINIMUM         55    617 AM  42    1973  57     -2       58
  AVERAGE         70                        73     -3       76

PRECIPITATION (IN)
  YESTERDAY        0.51          0.53 1977   0.03   0.48     0.00
  MONTH TO DATE    0.55                      0.11   0.44     0.00
  SINCE SEP 1      0.55                      0.11   0.44     0.00
  SINCE JAN 1      9.45                      4.64   4.81     4.18

DEGREE DAYS
 HEATING
  YESTERDAY        0                         0      0        0
  MONTH TO DATE    0                         0      0        0
  SINCE JUL 1      0                         0      0        0

 COOLING
  YESTERDAY        5                         8     -3       11
  MONTH TO DATE   19                        25     -6       33
  SINCE JAN 1   1128                      1083     45     1149
..................................................................


WIND (MPH)
  HIGHEST WIND SPEED    26   HIGHEST WIND DIRECTION     E (110)
  HIGHEST GUST SPEED    34   HIGHEST GUST DIRECTION     E (110)
  AVERAGE WIND SPEED     8.3


SKY COVER
  POSSIBLE SUNSHINE  MM
  AVERAGE SKY COVER 0.3


WEATHER CONDITIONS
 THE FOLLOWING WEATHER WAS RECORDED YESTERDAY.
  THUNDERSTORM
  HEAVY RAIN
  RAIN
  LIGHT RAIN
  HAZE


RELATIVE HUMIDITY (PERCENT)
 HIGHEST    93           200 AM
 LOWEST     36          1100 AM
 AVERAGE    65

..........................................................


THE WINSLOW AZ AIRPORT CLIMATE NORMALS FOR TODAY
                         NORMAL    RECORD    YEAR
 MAXIMUM TEMPERATURE (F)   89        97      1979
                                             1948
 MINIMUM TEMPERATURE (F)   57        41      1961


SUNRISE AND SUNSET
SEPTEMBER  4 2015.....SUNRISE   558 AM MST   SUNSET   646 PM MST
SEPTEMBER  5 2015.....SUNRISE   558 AM MST   SUNSET   644 PM MST


-  INDICATES NEGATIVE NUMBERS.
R  INDICATES RECORD WAS SET OR TIED.
MM INDICATES DATA IS MISSING.
T  INDICATES TRACE AMOUNT.




$$
