000
CDUS45 KFGZ 180801
CLIINW
CLIMATE REPORT
NATIONAL WEATHER SERVICE FLAGSTAFF, AZ
1259 AM MST SUN FEB 18 2018


...................................

...THE WINSLOW AZ AIRPORT CLIMATE SUMMARY FOR FEBRUARY 17 2018...

CLIMATE NORMAL PERIOD 1981 TO 2010
CLIMATE RECORD PERIOD 1915 TO 2018


WEATHER ITEM   OBSERVED TIME   RECORD YEAR NORMAL DEPARTURE LAST
                VALUE   (LST)  VALUE       VALUE  FROM      YEAR
                                                  NORMAL
..................................................................
TEMPERATURE (F)
 YESTERDAY
  MAXIMUM         59    458 PM  79    2016  56      3       59
  MINIMUM         19    641 AM   8    1938  25     -6       42
  AVERAGE         39                        41     -2       51

PRECIPITATION (IN)
  YESTERDAY        0.00          0.63 1927   0.02  -0.02     0.01
  MONTH TO DATE    0.01                      0.29  -0.28     0.11
  SINCE SEP 1      0.27                      3.29  -3.02     4.00
  SINCE JAN 1      0.04                      0.81  -0.77     0.92

DEGREE DAYS
 HEATING
  YESTERDAY       26                        24      2       14
  MONTH TO DATE  352                       441    -89      294
  SINCE JUL 1   2719                      3244   -525     2581

 COOLING
  YESTERDAY        0                         0      0        0
  MONTH TO DATE    0                         0      0        0
  SINCE JAN 1      0                         0      0        0
..................................................................


WIND (MPH)
  HIGHEST WIND SPEED    12   HIGHEST WIND DIRECTION     S (160)
  HIGHEST GUST SPEED    13   HIGHEST GUST DIRECTION     S (160)
  AVERAGE WIND SPEED     3.7


SKY COVER
  POSSIBLE SUNSHINE  MM
  AVERAGE SKY COVER 0.0


WEATHER CONDITIONS
 THE FOLLOWING WEATHER WAS RECORDED YESTERDAY.
  NO SIGNIFICANT WEATHER WAS OBSERVED.


RELATIVE HUMIDITY (PERCENT)
 HIGHEST    88           600 AM
 LOWEST     19           400 PM
 AVERAGE    54

..........................................................


THE WINSLOW AZ AIRPORT CLIMATE NORMALS FOR TODAY
                         NORMAL    RECORD    YEAR
 MAXIMUM TEMPERATURE (F)   57        73      2016
                                             1958
 MINIMUM TEMPERATURE (F)   26        12      1942


SUNRISE AND SUNSET
FEBRUARY 18 2018......SUNRISE   705 AM MST   SUNSET   609 PM MST
FEBRUARY 19 2018......SUNRISE   704 AM MST   SUNSET   610 PM MST


-  INDICATES NEGATIVE NUMBERS.
R  INDICATES RECORD WAS SET OR TIED.
MM INDICATES DATA IS MISSING.
T  INDICATES TRACE AMOUNT.




$$
