000
CDUS45 KFGZ 210042
CLIINW
CLIMATE REPORT
NATIONAL WEATHER SERVICE FLAGSTAFF, AZ
541 PM MST MON FEB 20 2017


...................................

...THE WINSLOW AZ AIRPORT CLIMATE SUMMARY FOR FEBRUARY 20 2017...
VALID TODAY AS OF 0500 PM LOCAL TIME.

CLIMATE NORMAL PERIOD 1981 TO 2010
CLIMATE RECORD PERIOD 1915 TO 2017


WEATHER ITEM   OBSERVED TIME   RECORD YEAR NORMAL DEPARTURE LAST
                VALUE   (LST)  VALUE       VALUE  FROM      YEAR
                                                  NORMAL
..................................................................
TEMPERATURE (F)
 TODAY
  MAXIMUM         60    300 PM  75    1935  57      3       73
  MINIMUM         29        MM   6    1955  26      3       30
  AVERAGE         45                        42      3       52

PRECIPITATION (IN)
  TODAY            0.00          0.29 1998   0.01  -0.01     0.00
  MONTH TO DATE    0.15                      0.33  -0.18     0.22
  SINCE SEP 1      4.04                      3.33   0.71     4.59
  SINCE JAN 1      0.96                      0.85   0.11     0.57

DEGREE DAYS
 HEATING
  TODAY           20                        23     -3       13
  MONTH TO DATE  345                       512   -167      481
  SINCE JUL 1   2632                      3315   -683     3169

 COOLING
  TODAY            0                         0      0        0
  MONTH TO DATE    0                         0      0        0
  SINCE JAN 1      0                         0      0        0
..................................................................


WIND (MPH)
  HIGHEST WIND SPEED     7   HIGHEST WIND DIRECTION    SE (130)
  HIGHEST GUST SPEED    MM   HIGHEST GUST DIRECTION    MM
  AVERAGE WIND SPEED     3.0


SKY COVER
  POSSIBLE SUNSHINE  MM
  AVERAGE SKY COVER 0.0


WEATHER CONDITIONS
 THE FOLLOWING WEATHER WAS RECORDED TODAY.
  NO SIGNIFICANT WEATHER WAS OBSERVED.


RELATIVE HUMIDITY (PERCENT)
 HIGHEST   100           100 AM
 LOWEST     39           300 PM
 AVERAGE    70

..........................................................


THE WINSLOW AZ AIRPORT CLIMATE NORMALS FOR TOMORROW
                         NORMAL    RECORD    YEAR
 MAXIMUM TEMPERATURE (F)   58        76      1977
 MINIMUM TEMPERATURE (F)   26         5      1955


SUNRISE AND SUNSET
FEBRUARY 20 2017......SUNRISE   703 AM MST   SUNSET   611 PM MST
FEBRUARY 21 2017......SUNRISE   702 AM MST   SUNSET   612 PM MST


-  INDICATES NEGATIVE NUMBERS.
R  INDICATES RECORD WAS SET OR TIED.
MM INDICATES DATA IS MISSING.
T  INDICATES TRACE AMOUNT.




$$
