074
CDUS45 KFGZ 180821
CLIINW
CLIMATE REPORT
NATIONAL WEATHER SERVICE FLAGSTAFF, AZ
121 AM MST WED OCT 18 2017


...................................

...THE WINSLOW AZ AIRPORT CLIMATE SUMMARY FOR OCTOBER 17 2017...

CLIMATE NORMAL PERIOD 1981 TO 2010
CLIMATE RECORD PERIOD 1915 TO 2017


WEATHER ITEM   OBSERVED TIME   RECORD YEAR NORMAL DEPARTURE LAST
                VALUE   (LST)  VALUE       VALUE  FROM      YEAR
                                                  NORMAL
..................................................................
TEMPERATURE (F)
 YESTERDAY
  MAXIMUM         82    405 PM  85    2001  73      9       83
  MINIMUM         36    638 AM  22    1998  39     -3       44
  AVERAGE         59                        56      3       64

PRECIPITATION (IN)
  YESTERDAY        0.00          0.94 1962   0.01  -0.01     0.00
  MONTH TO DATE    0.00                      0.30  -0.30      T
  SINCE SEP 1      0.21                      1.18  -0.97     0.85
  SINCE JAN 1      4.24                      5.71  -1.47     4.47

DEGREE DAYS
 HEATING
  YESTERDAY        6                         9     -3        1
  MONTH TO DATE  106                       107     -1       58
  SINCE JUL 1    157                       138     19       88

 COOLING
  YESTERDAY        0                         0      0        0
  MONTH TO DATE   10                         6      4        6
  SINCE JAN 1   1443                      1207    236     1275
..................................................................


WIND (MPH)
  HIGHEST WIND SPEED    10   HIGHEST WIND DIRECTION    NE (60)
  HIGHEST GUST SPEED    12   HIGHEST GUST DIRECTION    NE (60)
  AVERAGE WIND SPEED     2.5


SKY COVER
  POSSIBLE SUNSHINE  MM
  AVERAGE SKY COVER 0.0


WEATHER CONDITIONS
 THE FOLLOWING WEATHER WAS RECORDED YESTERDAY.
  NO SIGNIFICANT WEATHER WAS OBSERVED.


RELATIVE HUMIDITY (PERCENT)
 HIGHEST    44           600 AM
 LOWEST     13           400 PM
 AVERAGE    29

..........................................................


THE WINSLOW AZ AIRPORT CLIMATE NORMALS FOR TODAY
                         NORMAL    RECORD    YEAR
 MAXIMUM TEMPERATURE (F)   73        88      2009
 MINIMUM TEMPERATURE (F)   38        22      1938


SUNRISE AND SUNSET
OCTOBER 18 2017.......SUNRISE   632 AM MST   SUNSET   544 PM MST
OCTOBER 19 2017.......SUNRISE   633 AM MST   SUNSET   543 PM MST


-  INDICATES NEGATIVE NUMBERS.
R  INDICATES RECORD WAS SET OR TIED.
MM INDICATES DATA IS MISSING.
T  INDICATES TRACE AMOUNT.




$$
