000
CDUS45 KFGZ 290821
CLIINW
CLIMATE REPORT
NATIONAL WEATHER SERVICE FLAGSTAFF, AZ
118 AM MST THU JAN 29 2015


...................................

...THE WINSLOW AZ AIRPORT CLIMATE SUMMARY FOR JANUARY 28 2015...

CLIMATE NORMAL PERIOD 1981 TO 2010
CLIMATE RECORD PERIOD 1915 TO 2015


WEATHER ITEM   OBSERVED TIME   RECORD YEAR NORMAL DEPARTURE LAST
                VALUE   (LST)  VALUE       VALUE  FROM      YEAR
                                                  NORMAL
..................................................................
TEMPERATURE (F)
 YESTERDAY
  MAXIMUM         59    434 PM  64    2003  52      7       57
                                      1986
                                      1938
  MINIMUM         26    727 AM  -9    1937  22      4       20
  AVERAGE         43                        37      6       39

PRECIPITATION (IN)
  YESTERDAY        0.00          0.13 1994   0.01  -0.01     0.00
                                      1932
  MONTH TO DATE    1.13                      0.47   0.66     0.00
  SINCE SEP 1      3.98                      2.95   1.03     3.81
  SINCE JAN 1      1.13                      0.47   0.66     0.00

DEGREE DAYS
 HEATING
  YESTERDAY       22                        28     -6       26
  MONTH TO DATE  796                       840    -44      805
  SINCE JUL 1   2380                      2718   -338     2766

 COOLING
  YESTERDAY        0                         0      0        0
  MONTH TO DATE    0                         0      0        0
  SINCE JAN 1      0                         0      0        0
..................................................................


WIND (MPH)
  HIGHEST WIND SPEED     9   HIGHEST WIND DIRECTION    NW (310)
  HIGHEST GUST SPEED    12   HIGHEST GUST DIRECTION     N (340)
  AVERAGE WIND SPEED     2.9


SKY COVER
  POSSIBLE SUNSHINE  MM
  AVERAGE SKY COVER 0.1


WEATHER CONDITIONS
 THE FOLLOWING WEATHER WAS RECORDED YESTERDAY.
  FOG
  FOG W/VISIBILITY <= 1/4 MILE


RELATIVE HUMIDITY (PERCENT)
 HIGHEST   100           800 AM
 LOWEST     33           400 PM
 AVERAGE    67

..........................................................


THE WINSLOW AZ AIRPORT CLIMATE NORMALS FOR TODAY
                         NORMAL    RECORD    YEAR
 MAXIMUM TEMPERATURE (F)   52        71      1986
 MINIMUM TEMPERATURE (F)   22        -4      1932


SUNRISE AND SUNSET
JANUARY 29 2015.......SUNRISE   724 AM MST   SUNSET   548 PM MST
JANUARY 30 2015.......SUNRISE   723 AM MST   SUNSET   550 PM MST


-  INDICATES NEGATIVE NUMBERS.
R  INDICATES RECORD WAS SET OR TIED.
MM INDICATES DATA IS MISSING.
T  INDICATES TRACE AMOUNT.




$$
