000
CDUS45 KFGZ 220741
CLIINW
CLIMATE REPORT
NATIONAL WEATHER SERVICE FLAGSTAFF, AZ
1240 AM MST TUE AUG 22 2017


...................................

...THE WINSLOW AZ AIRPORT CLIMATE SUMMARY FOR AUGUST 21 2017...

CLIMATE NORMAL PERIOD 1981 TO 2010
CLIMATE RECORD PERIOD 1915 TO 2017


WEATHER ITEM   OBSERVED TIME   RECORD YEAR NORMAL DEPARTURE LAST
                VALUE   (LST)  VALUE       VALUE  FROM      YEAR
                                                  NORMAL
..................................................................
TEMPERATURE (F)
 YESTERDAY
  MAXIMUM         91    353 PM 104    1928  91      0       87
  MINIMUM         63    548 AM  46    1980  60      3       60
  AVERAGE         77                        76      1       74

PRECIPITATION (IN)
  YESTERDAY        0.00          1.13 1963   0.04  -0.04     0.21
  MONTH TO DATE    0.21                      0.83  -0.62     1.28
  SINCE SEP 1      6.94                      6.64   0.30     7.27
  SINCE JAN 1      3.86                      4.16  -0.30     3.25

DEGREE DAYS
 HEATING
  YESTERDAY        0                         0      0        0
  MONTH TO DATE    0                         0      0        0
  SINCE JUL 1      0                         0      0        0

 COOLING
  YESTERDAY       12                        10      2        9
  MONTH TO DATE  248                       245      3      245
  SINCE JAN 1   1114                       962    152     1098
..................................................................


WIND (MPH)
  HIGHEST WIND SPEED    18   HIGHEST WIND DIRECTION     W (270)
  HIGHEST GUST SPEED    23   HIGHEST GUST DIRECTION     W (270)
  AVERAGE WIND SPEED     5.1


SKY COVER
  POSSIBLE SUNSHINE  MM
  AVERAGE SKY COVER 0.1


WEATHER CONDITIONS
 THE FOLLOWING WEATHER WAS RECORDED YESTERDAY.
  NO SIGNIFICANT WEATHER WAS OBSERVED.


RELATIVE HUMIDITY (PERCENT)
 HIGHEST    63           500 AM
 LOWEST     19           400 PM
 AVERAGE    41

..........................................................


THE WINSLOW AZ AIRPORT CLIMATE NORMALS FOR TODAY
                         NORMAL    RECORD    YEAR
 MAXIMUM TEMPERATURE (F)   91       103      1928
 MINIMUM TEMPERATURE (F)   60        46      1926


SUNRISE AND SUNSET
AUGUST 22 2017........SUNRISE   548 AM MST   SUNSET   702 PM MST
AUGUST 23 2017........SUNRISE   549 AM MST   SUNSET   701 PM MST


-  INDICATES NEGATIVE NUMBERS.
R  INDICATES RECORD WAS SET OR TIED.
MM INDICATES DATA IS MISSING.
T  INDICATES TRACE AMOUNT.




$$
