000
CDUS43 KDVN 222223
CLIIOW


CLIMATE REPORT
NATIONAL WEATHER SERVICE QUAD CITIES IA IL
423 PM CST MON DEC 22 2014


...................................

...THE IOWA CITY IA CLIMATE SUMMARY FOR DECEMBER 22 2014...
VALID TODAY AS OF 0400 PM LOCAL TIME.

CLIMATE NORMAL PERIOD 1981 TO 2010
CLIMATE RECORD PERIOD 9999 TO 9999


WEATHER ITEM   OBSERVED TIME   RECORD YEAR NORMAL DEPARTURE LAST
                VALUE   (LST)  VALUE       VALUE  FROM      YEAR
                                                  NORMAL
..................................................................
TEMPERATURE (F)
 TODAY
  MAXIMUM         38    359 PM  MM      MM  31      7       29
  MINIMUM         36    410 AM  MM      MM  16     20       10
  AVERAGE         37                        23     14       20

PRECIPITATION (IN)
  TODAY            0.09         MM      MM   0.04   0.05     0.37
  MONTH TO DATE    0.57                      1.27  -0.70     0.64
  SINCE DEC 1      0.57                      1.27  -0.70     0.64
  SINCE JAN 1     37.84                     36.03   1.81    35.06

DEGREE DAYS
 HEATING
  TODAY           28                        42    -14       45
  MONTH TO DATE  733                       849   -116      966
  SINCE DEC 1    733                       849   -116      966
  SINCE JUL 1   2293                      2156    137     2334

 COOLING
  TODAY            0                         0      0        0
  MONTH TO DATE    0                         0      0        0
  SINCE DEC 1      0                         0      0        0
  SINCE JAN 1    779                       912   -133     1064
..................................................................


WIND (MPH)
  HIGHEST WIND SPEED    13   HIGHEST WIND DIRECTION    SE (120)
  HIGHEST GUST SPEED    18   HIGHEST GUST DIRECTION    SE (140)
  AVERAGE WIND SPEED     9.2


SKY COVER
  POSSIBLE SUNSHINE  MM
  AVERAGE SKY COVER 1.0


WEATHER CONDITIONS
 THE FOLLOWING WEATHER WAS RECORDED TODAY.
  LIGHT RAIN
  FOG


RELATIVE HUMIDITY (PERCENT)
 HIGHEST   100           100 PM
 LOWEST     85          1200 AM
 AVERAGE    93

..........................................................


THE IOWA CITY IA CLIMATE NORMALS FOR TOMORROW
                         NORMAL    RECORD    YEAR
 MAXIMUM TEMPERATURE (F)   31        MM        MM
 MINIMUM TEMPERATURE (F)   15        MM        MM


SUNRISE AND SUNSET
DECEMBER 22 2014......SUNRISE   730 AM CST   SUNSET   440 PM CST
DECEMBER 23 2014......SUNRISE   731 AM CST   SUNSET   440 PM CST


-  INDICATES NEGATIVE NUMBERS.
R  INDICATES RECORD WAS SET OR TIED.
MM INDICATES DATA IS MISSING.
T  INDICATES TRACE AMOUNT.




$$
