000
CDUS43 KDVN 132222
CLIIOW


CLIMATE REPORT
NATIONAL WEATHER SERVICE QUAD CITIES IA IL
420 PM CST WED DEC 13 2017


...................................

...THE IOWA CITY IA CLIMATE SUMMARY FOR DECEMBER 13 2017...
VALID TODAY AS OF 0400 PM LOCAL TIME.

CLIMATE NORMAL PERIOD 1981 TO 2010
CLIMATE RECORD PERIOD 9999 TO 9999


WEATHER ITEM   OBSERVED TIME   RECORD YEAR NORMAL DEPARTURE LAST
                VALUE   (LST)  VALUE       VALUE  FROM      YEAR
                                                  NORMAL
..................................................................
TEMPERATURE (F)
 TODAY
  MAXIMUM         47   1056 AM  MM      MM  33     14       25
  MINIMUM         27   1209 AM  MM      MM  18      9        3
  AVERAGE         37                        26     11       14

PRECIPITATION (IN)
  TODAY            0.01         MM      MM   0.06  -0.05     0.00
  MONTH TO DATE    0.24                      0.84  -0.60     0.49
  SINCE DEC 1      0.24                      0.84  -0.60     0.49
  SINCE JAN 1     30.82                     35.60  -4.78    32.20

DEGREE DAYS
 HEATING
  TODAY           28                        39    -11       51
  MONTH TO DATE  402                       481    -79      492
  SINCE DEC 1    402                       481    -79      492
  SINCE JUL 1   1497                      1788   -291     1294

 COOLING
  TODAY            0                         0      0        0
  MONTH TO DATE    0                         0      0        0
  SINCE DEC 1      0                         0      0        0
  SINCE JAN 1   1073                       912    161     1192
..................................................................


WIND (MPH)
  HIGHEST WIND SPEED    35   HIGHEST WIND DIRECTION    NW (300)
  HIGHEST GUST SPEED    49   HIGHEST GUST DIRECTION    NW (310)
  AVERAGE WIND SPEED    15.0


SKY COVER
  POSSIBLE SUNSHINE  MM
  AVERAGE SKY COVER 0.5


WEATHER CONDITIONS
 THE FOLLOWING WEATHER WAS RECORDED TODAY.
  LIGHT RAIN


RELATIVE HUMIDITY (PERCENT)
 HIGHEST    79          1200 PM
 LOWEST     49          1000 AM
 AVERAGE    64

..........................................................


THE IOWA CITY IA CLIMATE NORMALS FOR TOMORROW
                         NORMAL    RECORD    YEAR
 MAXIMUM TEMPERATURE (F)   33        MM        MM
 MINIMUM TEMPERATURE (F)   18        MM        MM


SUNRISE AND SUNSET
DECEMBER 13 2017......SUNRISE   725 AM CST   SUNSET   436 PM CST
DECEMBER 14 2017......SUNRISE   725 AM CST   SUNSET   437 PM CST


-  INDICATES NEGATIVE NUMBERS.
R  INDICATES RECORD WAS SET OR TIED.
MM INDICATES DATA IS MISSING.
T  INDICATES TRACE AMOUNT.




$$
