000
CDUS43 KDVN 220908
CLIIOW


CLIMATE REPORT
NATIONAL WEATHER SERVICE QUAD CITIES IA IL
408 AM CDT FRI MAY 22 2015


...................................

...THE IOWA CITY IA CLIMATE SUMMARY FOR MAY 21 2015...

CLIMATE NORMAL PERIOD 1981 TO 2010
CLIMATE RECORD PERIOD 9999 TO 9999


WEATHER ITEM   OBSERVED TIME   RECORD YEAR NORMAL DEPARTURE LAST
                VALUE   (LST)  VALUE       VALUE  FROM      YEAR
                                                  NORMAL
..................................................................
TEMPERATURE (F)
 YESTERDAY
  MAXIMUM         74    519 PM  MM      MM  74      0       84
  MINIMUM         36    506 AM  MM      MM  53    -17       62
  AVERAGE         55                        63     -8       73

PRECIPITATION (IN)
  YESTERDAY        0.00         MM      MM   0.15  -0.15     0.38
  MONTH TO DATE    3.26                      2.94   0.32     2.71
  SINCE MAR 1      6.89                      8.66  -1.77     9.16
  SINCE JAN 1      8.47                     10.82  -2.35    10.99

DEGREE DAYS
 HEATING
  YESTERDAY       10                         4      6        0
  MONTH TO DATE  112                       140    -28      168
  SINCE MAR 1   1340                      1383    -43     1687
  SINCE JUL 1   6705                      6333    372     7480

 COOLING
  YESTERDAY        0                         2     -2        8
  MONTH TO DATE   34                        25      9       30
  SINCE MAR 1     34                        29      5       33
  SINCE JAN 1     34                        29      5       33
..................................................................


WIND (MPH)
  HIGHEST WIND SPEED    17   HIGHEST WIND DIRECTION     W (280)
  HIGHEST GUST SPEED    21   HIGHEST GUST DIRECTION     W (290)
  AVERAGE WIND SPEED     7.2


SKY COVER
  POSSIBLE SUNSHINE  MM
  AVERAGE SKY COVER 0.1


WEATHER CONDITIONS
 THE FOLLOWING WEATHER WAS RECORDED YESTERDAY.
  FOG


RELATIVE HUMIDITY (PERCENT)
 HIGHEST   100          1200 AM
 LOWEST     29           400 PM
 AVERAGE    65

..........................................................


THE IOWA CITY IA CLIMATE NORMALS FOR TODAY
                         NORMAL    RECORD    YEAR
 MAXIMUM TEMPERATURE (F)   74        MM        MM
 MINIMUM TEMPERATURE (F)   53        MM        MM


SUNRISE AND SUNSET
MAY 22 2015...........SUNRISE   541 AM CDT   SUNSET   825 PM CDT
MAY 23 2015...........SUNRISE   540 AM CDT   SUNSET   826 PM CDT


-  INDICATES NEGATIVE NUMBERS.
R  INDICATES RECORD WAS SET OR TIED.
MM INDICATES DATA IS MISSING.
T  INDICATES TRACE AMOUNT.




$$
