000
CDUS43 KDVN 240906
CLIIOW


CLIMATE REPORT
NATIONAL WEATHER SERVICE QUAD CITIES IA IL
405 AM CDT FRI MAR 24 2017


...................................

...THE IOWA CITY IA CLIMATE SUMMARY FOR MARCH 23 2017...

CLIMATE NORMAL PERIOD 1981 TO 2010
CLIMATE RECORD PERIOD 9999 TO 9999


WEATHER ITEM   OBSERVED TIME   RECORD YEAR NORMAL DEPARTURE LAST
                VALUE   (LST)  VALUE       VALUE  FROM      YEAR
                                                  NORMAL
..................................................................
TEMPERATURE (F)
 YESTERDAY
  MAXIMUM         48    544 PM  MM      MM  52     -4       52
  MINIMUM         37    645 AM  MM      MM  32      5       37
  AVERAGE         43                        42      1       45

PRECIPITATION (IN)
  YESTERDAY        T            MM      MM   0.05  -0.05     0.36
  MONTH TO DATE    1.18                      1.65  -0.47     1.80
  SINCE MAR 1      1.18                      1.65  -0.47     1.80
  SINCE JAN 1      3.58                      3.81  -0.23     2.55

DEGREE DAYS
 HEATING
  YESTERDAY       22                        23     -1       20
  MONTH TO DATE  611                       650    -39      483
  SINCE MAR 1    611                       650    -39      483
  SINCE JUL 1   4506                      5600  -1094     4694

 COOLING
  YESTERDAY        0                         0      0        0
  MONTH TO DATE    0                         0      0        0
  SINCE MAR 1      0                         0      0        0
  SINCE JAN 1      0                         0      0        0
..................................................................


WIND (MPH)
  HIGHEST WIND SPEED    24   HIGHEST WIND DIRECTION    SE (140)
  HIGHEST GUST SPEED    30   HIGHEST GUST DIRECTION    SE (150)
  AVERAGE WIND SPEED    12.9


SKY COVER
  POSSIBLE SUNSHINE  MM
  AVERAGE SKY COVER 0.6


WEATHER CONDITIONS
 THE FOLLOWING WEATHER WAS RECORDED YESTERDAY.
  THUNDERSTORM
  LIGHT RAIN


RELATIVE HUMIDITY (PERCENT)
 HIGHEST    85           100 PM
 LOWEST     50           800 AM
 AVERAGE    68

..........................................................


THE IOWA CITY IA CLIMATE NORMALS FOR TODAY
                         NORMAL    RECORD    YEAR
 MAXIMUM TEMPERATURE (F)   53        MM        MM
 MINIMUM TEMPERATURE (F)   32        MM        MM


SUNRISE AND SUNSET
MARCH 24 2017.........SUNRISE   702 AM CDT   SUNSET   723 PM CDT
MARCH 25 2017.........SUNRISE   701 AM CDT   SUNSET   724 PM CDT


-  INDICATES NEGATIVE NUMBERS.
R  INDICATES RECORD WAS SET OR TIED.
MM INDICATES DATA IS MISSING.
T  INDICATES TRACE AMOUNT.




$$
