000
CDUS43 KDVN 261019
CLIIOW


CLIMATE REPORT
NATIONAL WEATHER SERVICE QUAD CITIES IA IL
418 AM CST WED NOV 26 2014


...................................

...THE IOWA CITY IA CLIMATE SUMMARY FOR NOVEMBER 25 2014...

CLIMATE NORMAL PERIOD 1981 TO 2010
CLIMATE RECORD PERIOD 9999 TO 9999


WEATHER ITEM   OBSERVED TIME   RECORD YEAR NORMAL DEPARTURE LAST
                VALUE   (LST)  VALUE       VALUE  FROM      YEAR
                                                  NORMAL
..................................................................
TEMPERATURE (F)
 YESTERDAY
  MAXIMUM         29    359 PM  MM      MM  42    -13       36
  MINIMUM         16    745 AM  MM      MM  26    -10       22
  AVERAGE         23                        34    -11       29

PRECIPITATION (IN)
  YESTERDAY        T            MM      MM   0.07  -0.07      T
  MONTH TO DATE    1.03                      1.98  -0.95     1.02
  SINCE SEP 1      9.84                      8.24   1.60     6.16
  SINCE JAN 1     37.27                     34.39   2.88    34.42

DEGREE DAYS
 HEATING
  YESTERDAY       42                        31     11       36
  MONTH TO DATE  814                       620    194      680
  SINCE SEP 1   1354                      1137    217     1162
  SINCE JUL 1   1366                      1145    221     1171

 COOLING
  YESTERDAY        0                         0      0        0
  MONTH TO DATE    0                         0      0        0
  SINCE SEP 1     63                        90    -27      196
  SINCE JAN 1    779                       912   -133     1064
..................................................................


WIND (MPH)
  HIGHEST WIND SPEED    22   HIGHEST WIND DIRECTION    NW (300)
  HIGHEST GUST SPEED    27   HIGHEST GUST DIRECTION    NW (300)
  AVERAGE WIND SPEED     8.6


SKY COVER
  POSSIBLE SUNSHINE  MM
  AVERAGE SKY COVER 0.0


WEATHER CONDITIONS
 THE FOLLOWING WEATHER WAS RECORDED YESTERDAY.
  LIGHT SNOW
  FOG


RELATIVE HUMIDITY (PERCENT)
 HIGHEST    92          1000 PM
 LOWEST     69           200 PM
 AVERAGE    81

..........................................................


THE IOWA CITY IA CLIMATE NORMALS FOR TODAY
                         NORMAL    RECORD    YEAR
 MAXIMUM TEMPERATURE (F)   42        MM        MM
 MINIMUM TEMPERATURE (F)   25        MM        MM


SUNRISE AND SUNSET
NOVEMBER 26 2014......SUNRISE   708 AM CST   SUNSET   439 PM CST
NOVEMBER 27 2014......SUNRISE   709 AM CST   SUNSET   438 PM CST


-  INDICATES NEGATIVE NUMBERS.
R  INDICATES RECORD WAS SET OR TIED.
MM INDICATES DATA IS MISSING.
T  INDICATES TRACE AMOUNT.




$$
