000
CDUS41 KCTP 260628
CLIIPT


CLIMATE REPORT
NATIONAL WEATHER SERVICE STATE COLLEGE PA
228 AM EDT SAT JUL 26 2014


...................................

...THE WILLIAMSPORT PA CLIMATE SUMMARY FOR JULY 25 2014...

CLIMATE NORMAL PERIOD 1981 TO 2010
CLIMATE RECORD PERIOD 1895 TO 2014


WEATHER ITEM   OBSERVED TIME   RECORD YEAR NORMAL DEPARTURE LAST
                VALUE   (LST)  VALUE       VALUE  FROM      YEAR
                                                  NORMAL
..................................................................
TEMPERATURE (F)
 YESTERDAY
  MAXIMUM         80    524 PM 100    1934  84     -4       79
  MINIMUM         50    359 AM  48    1953  62    -12       52
  AVERAGE         65                        73     -8       66

PRECIPITATION (IN)
  YESTERDAY        0.00          0.97 2010   0.15  -0.15     0.00
  MONTH TO DATE    3.24                      3.46  -0.22     2.36
  SINCE JUN 1      6.70                      7.38  -0.68     6.53
  SINCE JAN 1     21.45                     22.29  -0.84    19.10

DEGREE DAYS
 HEATING
  YESTERDAY        0                         0      0        0
  MONTH TO DATE    0                         0      0        0
  SINCE JUN 1      8                        37    -29        9
  SINCE JUL 1      0                         0      0        0

 COOLING
  YESTERDAY        0                         8     -8        1
  MONTH TO DATE  207                       197     10      319
  SINCE JUN 1    376                       343     33      479
  SINCE JAN 1    428                       386     42      550
..................................................................


WIND (MPH)
  HIGHEST WIND SPEED    12   HIGHEST WIND DIRECTION     W (250)
  HIGHEST GUST SPEED    16   HIGHEST GUST DIRECTION     W (270)
  AVERAGE WIND SPEED     3.7


SKY COVER
  POSSIBLE SUNSHINE  MM
  AVERAGE SKY COVER 0.0


WEATHER CONDITIONS
 THE FOLLOWING WEATHER WAS RECORDED YESTERDAY.
  NO SIGNIFICANT WEATHER WAS OBSERVED.


RELATIVE HUMIDITY (PERCENT)
 HIGHEST    89           200 AM
 LOWEST     30           400 PM
 AVERAGE    60

..........................................................


THE WILLIAMSPORT PA CLIMATE NORMALS FOR TODAY
                         NORMAL    RECORD    YEAR
 MAXIMUM TEMPERATURE (F)   84        98      1934
 MINIMUM TEMPERATURE (F)   62        48      1920


SUNRISE AND SUNSET
JULY 26 2014..........SUNRISE   557 AM EDT   SUNSET   831 PM EDT
JULY 27 2014..........SUNRISE   558 AM EDT   SUNSET   830 PM EDT


-  INDICATES NEGATIVE NUMBERS.
R  INDICATES RECORD WAS SET OR TIED.
MM INDICATES DATA IS MISSING.
T  INDICATES TRACE AMOUNT.




$$
