000
CDUS41 KCTP 250626
CLIIPT


CLIMATE REPORT
NATIONAL WEATHER SERVICE STATE COLLEGE PA
225 AM EDT TUE APR 25 2017


...................................

...THE WILLIAMSPORT PA CLIMATE SUMMARY FOR APRIL 24 2017...

CLIMATE NORMAL PERIOD 1981 TO 2010
CLIMATE RECORD PERIOD 1895 TO 2017


WEATHER ITEM   OBSERVED TIME   RECORD YEAR NORMAL DEPARTURE LAST
                VALUE   (LST)  VALUE       VALUE  FROM      YEAR
                                                  NORMAL
..................................................................
TEMPERATURE (F)
 YESTERDAY
  MAXIMUM         69    155 PM  96    1925  65      4       70
  MINIMUM         39    535 AM  25    1930  42     -3       33
  AVERAGE         54                        53      1       52

PRECIPITATION (IN)
  YESTERDAY        0.02          2.09 1977   0.10  -0.08     0.00
  MONTH TO DATE    3.52                      2.60   0.92     0.95
  SINCE MAR 1      7.26                      5.57   1.69     2.06
  SINCE JAN 1     12.56                     10.61   1.95     8.48

SNOWFALL (IN)
  YESTERDAY        0.0           2.2  1967   0.0    0.0      0.0
  MONTH TO DATE    T                         1.1   -1.1      1.8
  SINCE MAR 1     22.6                       8.0   14.6      2.0
  SINCE JUL 1     41.1                      36.0    5.1      7.7
  SNOW DEPTH       0

DEGREE DAYS
 HEATING
  YESTERDAY       11                        12     -1       13
  MONTH TO DATE  241                       391   -150      409
  SINCE MAR 1   1099                      1220   -121      991
  SINCE JUL 1   4735                      5687   -952     4634

 COOLING
  YESTERDAY        0                         0      0        0
  MONTH TO DATE    5                         0      5        0
  SINCE MAR 1      5                         0      5        0
  SINCE JAN 1      5                         0      5        0
..................................................................


WIND (MPH)
  HIGHEST WIND SPEED    14   HIGHEST WIND DIRECTION     E (110)
  HIGHEST GUST SPEED    18   HIGHEST GUST DIRECTION     E (110)
  AVERAGE WIND SPEED     3.1


SKY COVER
  POSSIBLE SUNSHINE  MM
  AVERAGE SKY COVER 0.3


WEATHER CONDITIONS
 THE FOLLOWING WEATHER WAS RECORDED YESTERDAY.
  LIGHT RAIN


RELATIVE HUMIDITY (PERCENT)
 HIGHEST    92           500 AM
 LOWEST     26           200 PM
 AVERAGE    59

..........................................................


THE WILLIAMSPORT PA CLIMATE NORMALS FOR TODAY
                         NORMAL    RECORD    YEAR
 MAXIMUM TEMPERATURE (F)   65        93      1925
 MINIMUM TEMPERATURE (F)   42        26      1956


SUNRISE AND SUNSET
APRIL 25 2017.........SUNRISE   613 AM EDT   SUNSET   759 PM EDT
APRIL 26 2017.........SUNRISE   612 AM EDT   SUNSET   800 PM EDT


-  INDICATES NEGATIVE NUMBERS.
R  INDICATES RECORD WAS SET OR TIED.
MM INDICATES DATA IS MISSING.
T  INDICATES TRACE AMOUNT.




$$
