000
CDUS41 KCTP 262116
CLIIPT


CLIMATE REPORT
NATIONAL WEATHER SERVICE STATE COLLEGE PA
516 PM EDT THU MAR 26 2015


...................................

...THE WILLIAMSPORT PA CLIMATE SUMMARY FOR MARCH 26 2015...
VALID TODAY AS OF 0500 PM LOCAL TIME.

CLIMATE NORMAL PERIOD 1981 TO 2010
CLIMATE RECORD PERIOD 1895 TO 2015


WEATHER ITEM   OBSERVED TIME   RECORD YEAR NORMAL DEPARTURE LAST
                VALUE   (LST)  VALUE       VALUE  FROM      YEAR
                                                  NORMAL
..................................................................
TEMPERATURE (F)
 TODAY
  MAXIMUM         50    224 PM  78    1939  52     -2       33
                                      1921
  MINIMUM         30    631 AM  15    1960  32     -2       19
  AVERAGE         40                        42     -2       26

PRECIPITATION (IN)
  TODAY            0.07          1.91 2002   0.10  -0.03      T
  MONTH TO DATE    1.82                      2.42  -0.60     0.73
  SINCE MAR 1      1.82                      2.42  -0.60     0.73
  SINCE JAN 1      4.61                      7.46  -2.85     4.53

SNOWFALL (IN)
  TODAY            0.0           2.5  1933   0.2   -0.2       T
  MONTH TO DATE    7.1                       6.3    0.8      0.1
  SINCE MAR 1      7.1                       6.3    0.8      0.1
  SINCE JUL 1     40.1                      34.3    5.8     45.9
  SNOW DEPTH       0

DEGREE DAYS
 HEATING
  TODAY           25                        23      2       39
  MONTH TO DATE  840                       720    120      879
  SINCE MAR 1    840                       720    120      879
  SINCE JUL 1   5477                      5187    290     5711

 COOLING
  TODAY            0                         0      0        0
  MONTH TO DATE    0                         0      0        0
  SINCE MAR 1      0                         0      0        0
  SINCE JAN 1      0                         0      0        0
..................................................................


WIND (MPH)
  HIGHEST WIND SPEED    15   HIGHEST WIND DIRECTION    NE (60)
  HIGHEST GUST SPEED    17   HIGHEST GUST DIRECTION    NE (60)
  AVERAGE WIND SPEED     3.7


SKY COVER
  POSSIBLE SUNSHINE  MM
  AVERAGE SKY COVER 0.6


WEATHER CONDITIONS
 THE FOLLOWING WEATHER WAS RECORDED TODAY.
  RAIN
  LIGHT RAIN
  FOG
  HAZE


RELATIVE HUMIDITY (PERCENT)
 HIGHEST   100           700 AM
 LOWEST     70          1000 AM
 AVERAGE    85

..........................................................


THE WILLIAMSPORT PA CLIMATE NORMALS FOR TOMORROW
                         NORMAL    RECORD    YEAR
 MAXIMUM TEMPERATURE (F)   52        84      2007
 MINIMUM TEMPERATURE (F)   32        13      2014


SUNRISE AND SUNSET
MARCH 26 2015.........SUNRISE   701 AM EDT   SUNSET   726 PM EDT
MARCH 27 2015.........SUNRISE   700 AM EDT   SUNSET   727 PM EDT


-  INDICATES NEGATIVE NUMBERS.
R  INDICATES RECORD WAS SET OR TIED.
MM INDICATES DATA IS MISSING.
T  INDICATES TRACE AMOUNT.




$$
