000
CDUS41 KCTP 232220
CLIIPT


CLIMATE REPORT
NATIONAL WEATHER SERVICE STATE COLLEGE PA
520 PM EST TUE JAN 23 2018


...................................

...THE WILLIAMSPORT PA CLIMATE SUMMARY FOR JANUARY 23 2018...
VALID TODAY AS OF 0500 PM LOCAL TIME.

CLIMATE NORMAL PERIOD 1981 TO 2010
CLIMATE RECORD PERIOD 1895 TO 2018


WEATHER ITEM   OBSERVED TIME   RECORD YEAR NORMAL DEPARTURE LAST
                VALUE   (LST)  VALUE       VALUE  FROM      YEAR
                                                  NORMAL
..................................................................
TEMPERATURE (F)
 TODAY
  MAXIMUM         51    301 PM  66    1906  34     17       49
  MINIMUM         41    921 AM -11    1970  19     22       33
  AVERAGE         46                        27     19       41

PRECIPITATION (IN)
  TODAY            0.29          0.95 1998   0.09   0.20     0.82
                                      1982
  MONTH TO DATE    3.51                      2.00   1.51     2.91
  SINCE DEC 1      4.70                      4.93  -0.23     5.87
  SINCE JAN 1      3.51                      2.00   1.51     2.91

SNOWFALL (IN)
  TODAY            0.0           9.2  1966   0.3   -0.3      0.1
  MONTH TO DATE    5.8                       7.6   -1.8      1.1
  SINCE DEC 1      9.8                      14.5   -4.7     10.0
  SINCE JUL 1      9.9                      16.3   -6.4     10.1
  SNOW DEPTH       0

DEGREE DAYS
 HEATING
  TODAY           19                        38    -19       24
  MONTH TO DATE  927                       882     45      745
  SINCE DEC 1   1957                      1930     27     1720
  SINCE JUL 1   2941                      3175   -234     2654

 COOLING
  TODAY            0                         0      0        0
  MONTH TO DATE    0                         0      0        0
  SINCE DEC 1      0                         0      0        0
  SINCE JAN 1      0                         0      0        0
..................................................................


WIND (MPH)
  HIGHEST WIND SPEED    29   HIGHEST WIND DIRECTION     W (260)
  HIGHEST GUST SPEED    41   HIGHEST GUST DIRECTION     W (260)
  AVERAGE WIND SPEED     6.1


SKY COVER
  POSSIBLE SUNSHINE  MM
  AVERAGE SKY COVER 0.8


WEATHER CONDITIONS
 THE FOLLOWING WEATHER WAS RECORDED TODAY.
  RAIN
  LIGHT RAIN
  FOG
  FOG W/VISIBILITY <= 1/4 MILE


RELATIVE HUMIDITY (PERCENT)
 HIGHEST   100           800 AM
 LOWEST     59           300 PM
 AVERAGE    80

..........................................................


THE WILLIAMSPORT PA CLIMATE NORMALS FOR TOMORROW
                         NORMAL    RECORD    YEAR
 MAXIMUM TEMPERATURE (F)   34        59      1999
 MINIMUM TEMPERATURE (F)   19        -9      1948
                                             1907


SUNRISE AND SUNSET
JANUARY 23 2018.......SUNRISE   726 AM EST   SUNSET   513 PM EST
JANUARY 24 2018.......SUNRISE   726 AM EST   SUNSET   514 PM EST


-  INDICATES NEGATIVE NUMBERS.
R  INDICATES RECORD WAS SET OR TIED.
MM INDICATES DATA IS MISSING.
T  INDICATES TRACE AMOUNT.




$$
