353
CDUS41 KCTP 232131
CLIIPT


CLIMATE REPORT
NATIONAL WEATHER SERVICE STATE COLLEGE PA
531 PM EDT SAT SEP 23 2017


...................................

...THE WILLIAMSPORT PA CLIMATE SUMMARY FOR SEPTEMBER 23 2017...
VALID TODAY AS OF 0500 PM LOCAL TIME.

CLIMATE NORMAL PERIOD 1981 TO 2010
CLIMATE RECORD PERIOD 1895 TO 2017


WEATHER ITEM   OBSERVED TIME   RECORD YEAR NORMAL DEPARTURE LAST
                VALUE   (LST)  VALUE       VALUE  FROM      YEAR
                                                  NORMAL
..................................................................
TEMPERATURE (F)
 TODAY
  MAXIMUM         91R   410 PM  90    1941  71     20       88
                                      1895
  MINIMUM         54    552 AM  32    1904  50      4       58
  AVERAGE         73                        60     13       73

PRECIPITATION (IN)
  TODAY            0.00          1.56 2003   0.14  -0.14      T
  MONTH TO DATE    1.17                      3.20  -2.03     1.98
  SINCE SEP 1      1.17                      3.20  -2.03     1.98
  SINCE JAN 1     37.20                     30.23   6.97    25.41

DEGREE DAYS
 HEATING
  TODAY            0                         6     -6        0
  MONTH TO DATE   44                        66    -22        2
  SINCE SEP 1     44                        66    -22        2
  SINCE JUL 1     46                        80    -34        2

 COOLING
  TODAY            8                         1      7        8
  MONTH TO DATE   93                        57     36      164
  SINCE SEP 1     93                        57     36      164
  SINCE JAN 1    835                       691    144     1137
..................................................................


WIND (MPH)
  HIGHEST WIND SPEED    10   HIGHEST WIND DIRECTION     W (250)
  HIGHEST GUST SPEED    13   HIGHEST GUST DIRECTION     W (250)
  AVERAGE WIND SPEED     3.7


SKY COVER
  POSSIBLE SUNSHINE  MM
  AVERAGE SKY COVER 0.0


WEATHER CONDITIONS
 THE FOLLOWING WEATHER WAS RECORDED TODAY.
  NO SIGNIFICANT WEATHER WAS OBSERVED.


RELATIVE HUMIDITY (PERCENT)
 HIGHEST    93          1200 AM
 LOWEST     37           300 PM
 AVERAGE    65

..........................................................


THE WILLIAMSPORT PA CLIMATE NORMALS FOR TOMORROW
                         NORMAL    RECORD    YEAR
 MAXIMUM TEMPERATURE (F)   70        90      1961
 MINIMUM TEMPERATURE (F)   50        30      1963


SUNRISE AND SUNSET
SEPTEMBER 23 2017.....SUNRISE   656 AM EDT   SUNSET   703 PM EDT
SEPTEMBER 24 2017.....SUNRISE   657 AM EDT   SUNSET   701 PM EDT


-  INDICATES NEGATIVE NUMBERS.
R  INDICATES RECORD WAS SET OR TIED.
MM INDICATES DATA IS MISSING.
T  INDICATES TRACE AMOUNT.




$$
