000
CDUS41 KCTP 231542
CLIIPT


CLIMATE REPORT
NATIONAL WEATHER SERVICE STATE COLLEGE PA
1042 AM EST THU FEB 23 2017


...................................

...THE WILLIAMSPORT PA CLIMATE SUMMARY FOR FEBRUARY 22 2017...

CLIMATE NORMAL PERIOD 1981 TO 2010
CLIMATE RECORD PERIOD 1895 TO 2017


WEATHER ITEM   OBSERVED TIME   RECORD YEAR NORMAL DEPARTURE LAST
                VALUE   (LST)  VALUE       VALUE  FROM      YEAR
                                                  NORMAL
..................................................................
TEMPERATURE (F)
 YESTERDAY
  MAXIMUM         56    449 PM  66    1974  40     16       51
  MINIMUM         39    559 AM   1    1946  23     16       26
  AVERAGE         48                        31     17       39

PRECIPITATION (IN)
  YESTERDAY        0.00          2.61 1937   0.09  -0.09     0.00
  MONTH TO DATE    1.50                      1.83  -0.33     3.06
  SINCE DEC 1      7.89                      7.46   0.43     8.48
  SINCE JAN 1      4.93                      4.53   0.40     5.12

SNOWFALL (IN)
  YESTERDAY        0.0          23.0  1902   0.4   -0.4      0.0
  MONTH TO DATE    6.2                       7.0   -0.8      4.3
  SINCE DEC 1     18.4                      24.4   -6.0      5.6
  SINCE JUL 1     18.5                      26.2   -7.7      5.6
  SNOW DEPTH       0

DEGREE DAYS
 HEATING
  YESTERDAY       17                        34    -17       26
  MONTH TO DATE  633                       790   -157      738
  SINCE DEC 1   2589                      3024   -435     2538
  SINCE JUL 1   3523                      4269   -746     3465

 COOLING
  YESTERDAY        0                         0      0        0
  MONTH TO DATE    0                         0      0        0
  SINCE DEC 1      0                         0      0        0
  SINCE JAN 1      0                         0      0        0
..................................................................


WIND (MPH)
  HIGHEST WIND SPEED     9   HIGHEST WIND DIRECTION     E (70)
  HIGHEST GUST SPEED    12   HIGHEST GUST DIRECTION     S (160)
  AVERAGE WIND SPEED     3.6


SKY COVER
  POSSIBLE SUNSHINE  MM
  AVERAGE SKY COVER 0.8


WEATHER CONDITIONS
 THE FOLLOWING WEATHER WAS RECORDED YESTERDAY.
  NO SIGNIFICANT WEATHER WAS OBSERVED.


RELATIVE HUMIDITY (PERCENT)
 HIGHEST    76          1100 PM
 LOWEST     47           300 PM
 AVERAGE    62

..........................................................


THE WILLIAMSPORT PA CLIMATE NORMALS FOR TODAY
                         NORMAL    RECORD    YEAR
 MAXIMUM TEMPERATURE (F)   40        70      1985
 MINIMUM TEMPERATURE (F)   23        -6      1972


SUNRISE AND SUNSET
FEBRUARY 23 2017......SUNRISE   651 AM EST   SUNSET   552 PM EST
FEBRUARY 24 2017......SUNRISE   649 AM EST   SUNSET   553 PM EST


-  INDICATES NEGATIVE NUMBERS.
R  INDICATES RECORD WAS SET OR TIED.
MM INDICATES DATA IS MISSING.
T  INDICATES TRACE AMOUNT.




$$
