000
CDUS41 KCTP 170617
CLIIPT


CLIMATE REPORT
NATIONAL WEATHER SERVICE STATE COLLEGE PA
117 AM EST TUE JAN 17 2017


...................................

...THE WILLIAMSPORT PA CLIMATE SUMMARY FOR JANUARY 16 2017...

CLIMATE NORMAL PERIOD 1981 TO 2010
CLIMATE RECORD PERIOD 1895 TO 2017


WEATHER ITEM   OBSERVED TIME   RECORD YEAR NORMAL DEPARTURE LAST
                VALUE   (LST)  VALUE       VALUE  FROM      YEAR
                                                  NORMAL
..................................................................
TEMPERATURE (F)
 YESTERDAY
  MAXIMUM         38    357 PM  61    1995  34      4       43
  MINIMUM         16    642 AM  -6    2009  19     -3       34
  AVERAGE         27                        26      1       39

PRECIPITATION (IN)
  YESTERDAY        T             1.08 1991   0.09  -0.09     0.22
  MONTH TO DATE    1.53                      1.37   0.16     2.06
  SINCE DEC 1      4.49                      4.30   0.19     5.42
  SINCE JAN 1      1.53                      1.37   0.16     2.06

SNOWFALL (IN)
  YESTERDAY        0.0           7.0  1945   0.4   -0.4      0.0
  MONTH TO DATE    1.0                       5.2   -4.2      0.6
  SINCE DEC 1      9.9                      12.1   -2.2      0.6
  SINCE JUL 1     10.0                      13.9   -3.9      0.6
  SNOW DEPTH       0

DEGREE DAYS
 HEATING
  YESTERDAY       38                        39     -1       26
  MONTH TO DATE  570                       613    -43      584
  SINCE DEC 1   1545                      1661   -116     1256
  SINCE JUL 1   2479                      2906   -427     2183

 COOLING
  YESTERDAY        0                         0      0        0
  MONTH TO DATE    0                         0      0        0
  SINCE DEC 1      0                         0      0        0
  SINCE JAN 1      0                         0      0        0
..................................................................


WIND (MPH)
  HIGHEST WIND SPEED     8   HIGHEST WIND DIRECTION     S (180)
  HIGHEST GUST SPEED    10   HIGHEST GUST DIRECTION     S (170)
  AVERAGE WIND SPEED     1.3


SKY COVER
  POSSIBLE SUNSHINE  MM
  AVERAGE SKY COVER 0.4


WEATHER CONDITIONS
 THE FOLLOWING WEATHER WAS RECORDED YESTERDAY.
  LIGHT RAIN


RELATIVE HUMIDITY (PERCENT)
 HIGHEST    88          1200 AM
 LOWEST     54           200 PM
 AVERAGE    71

..........................................................


THE WILLIAMSPORT PA CLIMATE NORMALS FOR TODAY
                         NORMAL    RECORD    YEAR
 MAXIMUM TEMPERATURE (F)   34        61      1990
 MINIMUM TEMPERATURE (F)   19       -13      2009


SUNRISE AND SUNSET
JANUARY 17 2017.......SUNRISE   730 AM EST   SUNSET   506 PM EST
JANUARY 18 2017.......SUNRISE   729 AM EST   SUNSET   507 PM EST


-  INDICATES NEGATIVE NUMBERS.
R  INDICATES RECORD WAS SET OR TIED.
MM INDICATES DATA IS MISSING.
T  INDICATES TRACE AMOUNT.




$$
