000
CDUS41 KCTP 270635
CLIIPT


CLIMATE REPORT
NATIONAL WEATHER SERVICE STATE COLLEGE PA
235 AM EDT THU JUL 27 2017


...................................

...THE WILLIAMSPORT PA CLIMATE SUMMARY FOR JULY 26 2017...

CLIMATE NORMAL PERIOD 1981 TO 2010
CLIMATE RECORD PERIOD 1895 TO 2017


WEATHER ITEM   OBSERVED TIME   RECORD YEAR NORMAL DEPARTURE LAST
                VALUE   (LST)  VALUE       VALUE  FROM      YEAR
                                                  NORMAL
..................................................................
TEMPERATURE (F)
 YESTERDAY
  MAXIMUM         80    445 PM  98    1934  84     -4       95
  MINIMUM         57    559 AM  48    1920  62     -5       70
  AVERAGE         69                        73     -4       83

PRECIPITATION (IN)
  YESTERDAY        0.00          1.19 1988   0.15  -0.15     0.00
  MONTH TO DATE    7.45                      3.61   3.84     1.72
  SINCE JUN 1     11.15                      7.53   3.62     6.17
  SINCE JAN 1     30.27                     22.44   7.83    17.51

DEGREE DAYS
 HEATING
  YESTERDAY        0                         0      0        0
  MONTH TO DATE    0                         0      0        0
  SINCE JUN 1     21                        37    -16        9
  SINCE JUL 1      0                         0      0        0

 COOLING
  YESTERDAY        4                         8     -4       18
  MONTH TO DATE  278                       205     73      309
  SINCE JUN 1    457                       351    106      481
  SINCE JAN 1    507                       394    113      554
..................................................................


WIND (MPH)
  HIGHEST WIND SPEED    12   HIGHEST WIND DIRECTION    SW (220)
  HIGHEST GUST SPEED    16   HIGHEST GUST DIRECTION    SE (150)
  AVERAGE WIND SPEED     2.8


SKY COVER
  POSSIBLE SUNSHINE  MM
  AVERAGE SKY COVER 0.5


WEATHER CONDITIONS
 THE FOLLOWING WEATHER WAS RECORDED YESTERDAY.
  FOG


RELATIVE HUMIDITY (PERCENT)
 HIGHEST   100           500 AM
 LOWEST     52           300 PM
 AVERAGE    76

..........................................................


THE WILLIAMSPORT PA CLIMATE NORMALS FOR TODAY
                         NORMAL    RECORD    YEAR
 MAXIMUM TEMPERATURE (F)   84        98      1955
                                             1949
                                             1941
 MINIMUM TEMPERATURE (F)   62        46      1920


SUNRISE AND SUNSET
JULY 27 2017..........SUNRISE   558 AM EDT   SUNSET   829 PM EDT
JULY 28 2017..........SUNRISE   559 AM EDT   SUNSET   828 PM EDT


-  INDICATES NEGATIVE NUMBERS.
R  INDICATES RECORD WAS SET OR TIED.
MM INDICATES DATA IS MISSING.
T  INDICATES TRACE AMOUNT.




$$
