000
CDUS41 KCTP 200643
CLIIPT


CLIMATE REPORT
NATIONAL WEATHER SERVICE STATE COLLEGE PA
243 AM EDT SUN APR 20 2014


...................................

...THE WILLIAMSPORT PA CLIMATE SUMMARY FOR APRIL 19 2014...

CLIMATE NORMAL PERIOD 1981 TO 2010
CLIMATE RECORD PERIOD 1895 TO 2014


WEATHER ITEM   OBSERVED TIME   RECORD YEAR NORMAL DEPARTURE LAST
                VALUE   (LST)  VALUE       VALUE  FROM      YEAR
                                                  NORMAL
..................................................................
TEMPERATURE (F)
 YESTERDAY
  MAXIMUM         63    304 PM  91    1976  63      0       72
  MINIMUM         33    541 AM  23    1926  40     -7       49
  AVERAGE         48                        51     -3       61

PRECIPITATION (IN)
  YESTERDAY        0.00          1.40 1998   0.10  -0.10     0.74
  MONTH TO DATE    1.92                      2.08  -0.16     2.64
  SINCE MAR 1      4.81                      5.05  -0.24     4.38
  SINCE JAN 1      8.61                     10.09  -1.48     8.84

SNOWFALL (IN)
  YESTERDAY        0.0
  MONTH TO DATE    T
  SINCE MAR 1      0.1
  SINCE JUL 1     45.9
  SNOW DEPTH       0

DEGREE DAYS
 HEATING
  YESTERDAY       17                        14      3        4
  MONTH TO DATE  326                       326      0      281
  SINCE MAR 1   1326                      1155    171     1151
  SINCE JUL 1   6158                      5622    536     5317

 COOLING
  YESTERDAY        0                         0      0        0
  MONTH TO DATE    9                         0      9        8
  SINCE MAR 1      9                         0      9        8
  SINCE JAN 1      9                         0      9        8
..................................................................


WIND (MPH)
  HIGHEST WIND SPEED    15   HIGHEST WIND DIRECTION    NE (30)
  HIGHEST GUST SPEED    22   HIGHEST GUST DIRECTION    NW (300)
  AVERAGE WIND SPEED     5.8


SKY COVER
  POSSIBLE SUNSHINE  MM
  AVERAGE SKY COVER 0.0


WEATHER CONDITIONS
 THE FOLLOWING WEATHER WAS RECORDED YESTERDAY.
  NO SIGNIFICANT WEATHER WAS OBSERVED.


RELATIVE HUMIDITY (PERCENT)
 HIGHEST    89           400 AM
 LOWEST     21           500 PM
 AVERAGE    55

..........................................................


THE WILLIAMSPORT PA CLIMATE NORMALS FOR TODAY
                         NORMAL    RECORD    YEAR
 MAXIMUM TEMPERATURE (F)   63        85      1976
                                             1941
 MINIMUM TEMPERATURE (F)   40        19      1897


SUNRISE AND SUNSET
APRIL 20 2014.........SUNRISE   621 AM EDT   SUNSET   753 PM EDT
APRIL 21 2014.........SUNRISE   619 AM EDT   SUNSET   754 PM EDT


-  INDICATES NEGATIVE NUMBERS.
R  INDICATES RECORD WAS SET OR TIED.
MM INDICATES DATA IS MISSING.
T  INDICATES TRACE AMOUNT.




$$
