000
CDUS43 KEAX 310031
CLIIRK


CLIMATE REPORT
NATIONAL WEATHER SERVICE KANSAS CITY/PLEASANT HILL MO
631 PM CST FRI JAN 30 2015


...................................

...THE KIRKSVILLE MO CLIMATE SUMMARY FOR JANUARY 30 2015...
VALID TODAY AS OF 0600 PM LOCAL TIME.

CLIMATE NORMAL PERIOD 1981 TO 2010
CLIMATE RECORD PERIOD 9999 TO 9999


WEATHER ITEM   OBSERVED TIME   NORMAL DEPARTURE LAST
                VALUE   (LST)  VALUE  FROM      YEAR
                                      NORMAL
......................................................
TEMPERATURE (F)
 TODAY
  MAXIMUM         36    359 PM  36      0       40
  MINIMUM         17    754 AM  17      0       23
  AVERAGE         27            27      0       32

PRECIPITATION (IN)
  TODAY            0.00          0.06  -0.06     0.01
  MONTH TO DATE    0.60          1.20  -0.60     0.75
  SINCE DEC 1      1.50          2.95  -1.45     2.06
  SINCE JAN 1      0.60          1.20  -0.60     0.75

DEGREE DAYS
 HEATING
  TODAY           38            38      0       33
  MONTH TO DATE 1104          1168    -64     1148
  SINCE DEC 1   2074          2290   -216     2372
  SINCE JUL 1   3395          3511   -116     3639

 COOLING
  TODAY            0             0      0        0
  MONTH TO DATE    0             0      0        0
  SINCE DEC 1      0             0      0        0
  SINCE JAN 1      0             0      0        0
......................................................


WIND (MPH)
  HIGHEST WIND SPEED    15   HIGHEST WIND DIRECTION     N (20)
  HIGHEST GUST SPEED    19   HIGHEST GUST DIRECTION     N (20)
  AVERAGE WIND SPEED     5.1


SKY COVER
  AVERAGE SKY COVER 0.1


WEATHER CONDITIONS
 THE FOLLOWING WEATHER WAS RECORDED TODAY.
  NO SIGNIFICANT WEATHER WAS OBSERVED.


RELATIVE HUMIDITY (PERCENT)
 HIGHEST    92           700 AM
 LOWEST     38           300 PM
 AVERAGE    65

..........................................................


THE KIRKSVILLE MO CLIMATE NORMALS FOR TOMORROW
                         NORMAL
 MAXIMUM TEMPERATURE (F)   36
 MINIMUM TEMPERATURE (F)   17


SUNRISE AND SUNSET
JANUARY 30 2015.......SUNRISE   721 AM CST   SUNSET   526 PM CST
JANUARY 31 2015.......SUNRISE   720 AM CST   SUNSET   528 PM CST


-  INDICATES NEGATIVE NUMBERS.
R  INDICATES RECORD WAS SET OR TIED.
MM INDICATES DATA IS MISSING.
T  INDICATES TRACE AMOUNT.




$$
