000
CDUS43 KEAX 240032
CLIIRK


CLIMATE REPORT
NATIONAL WEATHER SERVICE KANSAS CITY/PLEASANT HILL MO
732 PM CDT FRI JUN 23 2017


...................................

...THE KIRKSVILLE MO CLIMATE SUMMARY FOR JUNE 23 2017...
VALID TODAY AS OF 0700 PM LOCAL TIME.

CLIMATE NORMAL PERIOD 1981 TO 2010
CLIMATE RECORD PERIOD 9999 TO 9999


WEATHER ITEM   OBSERVED TIME   NORMAL DEPARTURE LAST
                VALUE   (LST)  VALUE  FROM      YEAR
                                      NORMAL
......................................................
TEMPERATURE (F)
 TODAY
  MAXIMUM         82    252 PM  83     -1       86
  MINIMUM         67    431 AM  62      5       64
  AVERAGE         75            73      2       75

PRECIPITATION (IN)
  TODAY            0.83          0.14   0.69     0.00
  MONTH TO DATE    3.02          3.97  -0.95     1.49
  SINCE JUN 1      3.02          3.97  -0.95     1.49
  SINCE JAN 1     16.44         18.12  -1.68    13.78

DEGREE DAYS
 HEATING
  TODAY            0             0      0        0
  MONTH TO DATE    0            12    -12        0
  SINCE JUN 1      0            12    -12        0
  SINCE JUL 1   4613          5852  -1239     4738

 COOLING
  TODAY           10             8      2       10
  MONTH TO DATE  224           133     91      247
  SINCE JUN 1    224           133     91      247
  SINCE JAN 1    316           195    121      319
......................................................


WIND (MPH)
  HIGHEST WIND SPEED    23   HIGHEST WIND DIRECTION     N (360)
  HIGHEST GUST SPEED    32   HIGHEST GUST DIRECTION     N (10)
  AVERAGE WIND SPEED    11.3


SKY COVER
  AVERAGE SKY COVER 0.1


WEATHER CONDITIONS
 THE FOLLOWING WEATHER WAS RECORDED TODAY.
  THUNDERSTORM
  HEAVY RAIN
  RAIN
  LIGHT RAIN
  FOG


RELATIVE HUMIDITY (PERCENT)
 HIGHEST    93          1200 AM
 LOWEST     34           200 PM
 AVERAGE    64

..........................................................


THE KIRKSVILLE MO CLIMATE NORMALS FOR TOMORROW
                         NORMAL
 MAXIMUM TEMPERATURE (F)   83
 MINIMUM TEMPERATURE (F)   63


SUNRISE AND SUNSET
JUNE 23 2017..........SUNRISE   542 AM CDT   SUNSET   843 PM CDT
JUNE 24 2017..........SUNRISE   542 AM CDT   SUNSET   843 PM CDT


-  INDICATES NEGATIVE NUMBERS.
R  INDICATES RECORD WAS SET OR TIED.
MM INDICATES DATA IS MISSING.
T  INDICATES TRACE AMOUNT.




$$
