000
CDUS43 KEAX 210633
CLIIRK


CLIMATE REPORT
NATIONAL WEATHER SERVICE KANSAS CITY/PLEASANT HILL MO
133 AM CDT SAT OCT 21 2017


...................................

...THE KIRKSVILLE MO CLIMATE SUMMARY FOR OCTOBER 20 2017...

CLIMATE NORMAL PERIOD 1981 TO 2010
CLIMATE RECORD PERIOD 9999 TO 9999


WEATHER ITEM   OBSERVED TIME   NORMAL DEPARTURE LAST
                VALUE   (LST)  VALUE  FROM      YEAR
                                      NORMAL
......................................................
TEMPERATURE (F)
 YESTERDAY
  MAXIMUM         75    135 PM  63     12       56
  MINIMUM         54    641 AM  41     13       40
  AVERAGE         65            52     13       48

PRECIPITATION (IN)
  YESTERDAY        0.00          0.11  -0.11     0.01
  MONTH TO DATE    5.10          2.23   2.87     1.96
  SINCE SEP 1      5.33          6.34  -1.01     4.08
  SINCE JAN 1     29.60         33.75  -4.15    27.22

DEGREE DAYS
 HEATING
  YESTERDAY        0            13    -13       17
  MONTH TO DATE   79           210   -131      106
  SINCE SEP 1    116           310   -194      135
  SINCE JUL 1    117           317   -200      141

 COOLING
  YESTERDAY        0             0      0        0
  MONTH TO DATE   34            10     24       44
  SINCE SEP 1    190            93     97      220
  SINCE JAN 1   1115           937    178     1298
......................................................


WIND (MPH)
  HIGHEST WIND SPEED    21   HIGHEST WIND DIRECTION     S (170)
  HIGHEST GUST SPEED    29   HIGHEST GUST DIRECTION     S (160)
  AVERAGE WIND SPEED    10.6


SKY COVER
  AVERAGE SKY COVER 0.0


WEATHER CONDITIONS
 THE FOLLOWING WEATHER WAS RECORDED YESTERDAY.
  NO SIGNIFICANT WEATHER WAS OBSERVED.


RELATIVE HUMIDITY (PERCENT)
 HIGHEST    86          1200 AM
 LOWEST     53          1200 PM
 AVERAGE    70

..........................................................


THE KIRKSVILLE MO CLIMATE NORMALS FOR TODAY
                         NORMAL
 MAXIMUM TEMPERATURE (F)   62
 MINIMUM TEMPERATURE (F)   41


SUNRISE AND SUNSET
OCTOBER 21 2017.......SUNRISE   727 AM CDT   SUNSET   621 PM CDT
OCTOBER 22 2017.......SUNRISE   729 AM CDT   SUNSET   620 PM CDT


-  INDICATES NEGATIVE NUMBERS.
R  INDICATES RECORD WAS SET OR TIED.
MM INDICATES DATA IS MISSING.
T  INDICATES TRACE AMOUNT.




$$
