000
CDUS43 KEAX 220633
CLIIRK


CLIMATE REPORT
NATIONAL WEATHER SERVICE KANSAS CITY/PLEASANT HILL MO
132 AM CDT MON MAY 22 2017


...................................

...THE KIRKSVILLE MO CLIMATE SUMMARY FOR MAY 21 2017...

CLIMATE NORMAL PERIOD 1981 TO 2010
CLIMATE RECORD PERIOD 9999 TO 9999


WEATHER ITEM   OBSERVED TIME   NORMAL DEPARTURE LAST
                VALUE   (LST)  VALUE  FROM      YEAR
                                      NORMAL
......................................................
TEMPERATURE (F)
 YESTERDAY
  MAXIMUM         65    439 PM  74     -9       74
  MINIMUM         45   1159 PM  53     -8       45
  AVERAGE         55            64     -9       60

PRECIPITATION (IN)
  YESTERDAY        0.00          0.15  -0.15     0.00
  MONTH TO DATE    1.07          3.32  -2.25     3.04
  SINCE MAR 1     10.84          9.71   1.13     8.02
  SINCE JAN 1     12.70         12.51   0.19    10.61

DEGREE DAYS
 HEATING
  YESTERDAY       10             4      6        5
  MONTH TO DATE  113           127    -14      167
  SINCE MAR 1   1041          1284   -243     1028
  SINCE JUL 1   4570          5817  -1247     4735

 COOLING
  YESTERDAY        0             2     -2        0
  MONTH TO DATE   56            28     28        9
  SINCE MAR 1     80            35     45       17
  SINCE JAN 1     80            35     45       17
......................................................


WIND (MPH)
  HIGHEST WIND SPEED    21   HIGHEST WIND DIRECTION     W (280)
  HIGHEST GUST SPEED    27   HIGHEST GUST DIRECTION     W (280)
  AVERAGE WIND SPEED     9.2


SKY COVER
  AVERAGE SKY COVER 0.5


WEATHER CONDITIONS
 THE FOLLOWING WEATHER WAS RECORDED YESTERDAY.
  NO SIGNIFICANT WEATHER WAS OBSERVED.


RELATIVE HUMIDITY (PERCENT)
 HIGHEST   100          1100 PM
 LOWEST     48           500 PM
 AVERAGE    74

..........................................................


THE KIRKSVILLE MO CLIMATE NORMALS FOR TODAY
                         NORMAL
 MAXIMUM TEMPERATURE (F)   74
 MINIMUM TEMPERATURE (F)   54


SUNRISE AND SUNSET
MAY 22 2017...........SUNRISE   549 AM CDT   SUNSET   826 PM CDT
MAY 23 2017...........SUNRISE   548 AM CDT   SUNSET   826 PM CDT


-  INDICATES NEGATIVE NUMBERS.
R  INDICATES RECORD WAS SET OR TIED.
MM INDICATES DATA IS MISSING.
T  INDICATES TRACE AMOUNT.




$$
