000
CDUS43 KEAX 112125
CLIIRK


CLIMATE REPORT
NATIONAL WEATHER SERVICE KANSAS CITY/PLEASANT HILL MO
425 PM CDT FRI JUL 11 2014


...................................

...THE KIRKSVILLE MO CLIMATE SUMMARY FOR JULY 11 2014...
VALID AS OF 0400 PM LOCAL TIME.

CLIMATE NORMAL PERIOD 1981 TO 2010
CLIMATE RECORD PERIOD 9999 TO 9999


WEATHER ITEM   OBSERVED TIME   NORMAL DEPARTURE LAST
                VALUE   (LST)  VALUE  FROM      YEAR
                                      NORMAL
......................................................
TEMPERATURE (F)
 TODAY
  MAXIMUM         84    258 PM  85     -1       84
  MINIMUM         61    521 AM  65     -4       54
  AVERAGE         73            75     -2       69

PRECIPITATION (IN)
  TODAY            0.00          0.15  -0.15     0.00
  MONTH TO DATE    2.04          1.48   0.56      T
  SINCE JUN 1      9.46          6.26   3.20     3.44
  SINCE JAN 1     18.56         20.41  -1.85    27.91

DEGREE DAYS
 HEATING
  TODAY            0             0      0        0
  MONTH TO DATE    4             0      4        0
  SINCE JUN 1     10            16     -6       36
  SINCE JUL 1      4             0      4        0

 COOLING
  TODAY            8            10     -2        4
  MONTH TO DATE   64           104    -40      101
  SINCE JUN 1    311           296     15      308
  SINCE JAN 1    433           358     75      376
......................................................


WIND (MPH)
  HIGHEST WIND SPEED    17   HIGHEST WIND DIRECTION     S (160)
  HIGHEST GUST SPEED    21   HIGHEST GUST DIRECTION     S (170)
  AVERAGE WIND SPEED    10.4


SKY COVER
  AVERAGE SKY COVER 0.1


WEATHER CONDITIONS
 THE FOLLOWING WEATHER WAS RECORDED TODAY.
  NO SIGNIFICANT WEATHER WAS OBSERVED.


RELATIVE HUMIDITY (PERCENT)
 HIGHEST    84          1200 AM
 LOWEST     65           300 PM
 AVERAGE    75

..........................................................


THE KIRKSVILLE MO CLIMATE NORMALS FOR TOMORROW
                         NORMAL
 MAXIMUM TEMPERATURE (F)   85
 MINIMUM TEMPERATURE (F)   65


SUNRISE AND SUNSET
JULY 11 2014..........SUNRISE   551 AM CDT   SUNSET   840 PM CDT
JULY 12 2014..........SUNRISE   551 AM CDT   SUNSET   840 PM CDT


-  INDICATES NEGATIVE NUMBERS.
R  INDICATES RECORD WAS SET OR TIED.
MM INDICATES DATA IS MISSING.
T  INDICATES TRACE AMOUNT.




$$
