000
CDUS43 KEAX 290634
CLIIRK


CLIMATE REPORT
NATIONAL WEATHER SERVICE KANSAS CITY/PLEASANT HILL MO
133 AM CDT MON AUG 29 2016


...................................

...THE KIRKSVILLE MO CLIMATE SUMMARY FOR AUGUST 28 2016...

CLIMATE NORMAL PERIOD 1981 TO 2010
CLIMATE RECORD PERIOD 9999 TO 9999


WEATHER ITEM   OBSERVED TIME   NORMAL DEPARTURE LAST
                VALUE   (LST)  VALUE  FROM      YEAR
                                      NORMAL
......................................................
TEMPERATURE (F)
 YESTERDAY
  MAXIMUM         89   1257 PM  82      7       74
  MINIMUM         67    543 AM  60      7       60
  AVERAGE         78            71      7       67

PRECIPITATION (IN)
  YESTERDAY        0.00          0.13  -0.13     0.01
  MONTH TO DATE    5.78          3.33   2.45     2.43
  SINCE JUN 1      9.49         12.77  -3.28    20.47
  SINCE JAN 1     21.78         26.92  -5.14    31.23

DEGREE DAYS
 HEATING
  YESTERDAY        0             0      0        0
  MONTH TO DATE    0             0      0        8
  SINCE JUN 1      6            17    -11       28
  SINCE JUL 1      6             1      5       13

 COOLING
  YESTERDAY       13             7      6        2
  MONTH TO DATE  293           256     37      204
  SINCE JUN 1    975           761    214      778
  SINCE JAN 1   1047           823    224      846
......................................................


WIND (MPH)
  HIGHEST WIND SPEED    16   HIGHEST WIND DIRECTION     E (110)
  HIGHEST GUST SPEED    21   HIGHEST GUST DIRECTION    SE (120)
  AVERAGE WIND SPEED     4.2


SKY COVER
  AVERAGE SKY COVER 0.1


WEATHER CONDITIONS
 THE FOLLOWING WEATHER WAS RECORDED YESTERDAY.
  THUNDERSTORM
  FOG
  FOG W/VISIBILITY <= 1/4 MILE


RELATIVE HUMIDITY (PERCENT)
 HIGHEST   100           300 AM
 LOWEST     57           300 PM
 AVERAGE    79

..........................................................


THE KIRKSVILLE MO CLIMATE NORMALS FOR TODAY
                         NORMAL
 MAXIMUM TEMPERATURE (F)   82
 MINIMUM TEMPERATURE (F)   60


SUNRISE AND SUNSET
AUGUST 29 2016........SUNRISE   635 AM CDT   SUNSET   746 PM CDT
AUGUST 30 2016........SUNRISE   636 AM CDT   SUNSET   744 PM CDT


-  INDICATES NEGATIVE NUMBERS.
R  INDICATES RECORD WAS SET OR TIED.
MM INDICATES DATA IS MISSING.
T  INDICATES TRACE AMOUNT.




$$
