000
CDUS43 KEAX 240032
CLIIRK


CLIMATE REPORT
NATIONAL WEATHER SERVICE KANSAS CITY/PLEASANT HILL MO
732 PM CDT TUE SEP 23 2014


...................................

...THE KIRKSVILLE MO CLIMATE SUMMARY FOR SEPTEMBER 23 2014...
VALID TODAY AS OF 0700 PM LOCAL TIME.

CLIMATE NORMAL PERIOD 1981 TO 2010
CLIMATE RECORD PERIOD 9999 TO 9999


WEATHER ITEM   OBSERVED TIME   NORMAL DEPARTURE LAST
                VALUE   (LST)  VALUE  FROM      YEAR
                                      NORMAL
......................................................
TEMPERATURE (F)
 TODAY
  MAXIMUM         75    241 PM  73      2       77
  MINIMUM         46    437 AM  50     -4       47
  AVERAGE         61            61      0       62

PRECIPITATION (IN)
  TODAY            0.00          0.13  -0.13     0.00
  MONTH TO DATE   10.07          3.30   6.77     1.33
  SINCE SEP 1     10.07          3.30   6.77     1.33
  SINCE JAN 1     38.16         30.71   7.45    31.22

DEGREE DAYS
 HEATING
  TODAY            4             5     -1        3
  MONTH TO DATE  100            54     46       40
  SINCE SEP 1    100            54     46       40
  SINCE JUL 1    106            61     45       53

 COOLING
  TODAY            0             1     -1        0
  MONTH TO DATE   66            74     -8      171
  SINCE SEP 1     66            74     -8      171
  SINCE JAN 1    932           918     14      981
......................................................


WIND (MPH)
  HIGHEST WIND SPEED    15   HIGHEST WIND DIRECTION    SE (150)
  HIGHEST GUST SPEED    18   HIGHEST GUST DIRECTION     S (180)
  AVERAGE WIND SPEED     7.3


SKY COVER
  AVERAGE SKY COVER 0.0


WEATHER CONDITIONS
 THE FOLLOWING WEATHER WAS RECORDED TODAY.
  HAZE


RELATIVE HUMIDITY (PERCENT)
 HIGHEST    89           700 AM
 LOWEST     47           300 PM
 AVERAGE    68

..........................................................


THE KIRKSVILLE MO CLIMATE NORMALS FOR TOMORROW
                         NORMAL
 MAXIMUM TEMPERATURE (F)   72
 MINIMUM TEMPERATURE (F)   50


SUNRISE AND SUNSET
SEPTEMBER 23 2014.....SUNRISE   659 AM CDT   SUNSET   706 PM CDT
SEPTEMBER 24 2014.....SUNRISE   700 AM CDT   SUNSET   704 PM CDT


-  INDICATES NEGATIVE NUMBERS.
R  INDICATES RECORD WAS SET OR TIED.
MM INDICATES DATA IS MISSING.
T  INDICATES TRACE AMOUNT.




$$
