000
CDUS43 KEAX 300033
CLIIRK


CLIMATE REPORT
NATIONAL WEATHER SERVICE KANSAS CITY/PLEASANT HILL MO
732 PM CDT SUN MAR 29 2015


...................................

...THE KIRKSVILLE MO CLIMATE SUMMARY FOR MARCH 29 2015...
VALID TODAY AS OF 0700 PM LOCAL TIME.

CLIMATE NORMAL PERIOD 1981 TO 2010
CLIMATE RECORD PERIOD 9999 TO 9999


WEATHER ITEM   OBSERVED TIME   NORMAL DEPARTURE LAST
                VALUE   (LST)  VALUE  FROM      YEAR
                                      NORMAL
......................................................
TEMPERATURE (F)
 TODAY
  MAXIMUM         64    410 PM  57      7       55
  MINIMUM         32    306 AM  35     -3       32
  AVERAGE         48            46      2       44

PRECIPITATION (IN)
  TODAY            0.01          0.09  -0.08     0.00
  MONTH TO DATE    0.82          2.40  -1.58     0.95
  SINCE MAR 1      0.82          2.40  -1.58     0.95
  SINCE JAN 1      2.87          5.20  -2.33     4.50

DEGREE DAYS
 HEATING
  TODAY           17            19     -2       21
  MONTH TO DATE  663           716    -53      878
  SINCE MAR 1    663           716    -53      878
  SINCE JUL 1   5342          5249     93     5848

 COOLING
  TODAY            0             0      0        0
  MONTH TO DATE    1             0      1        0
  SINCE MAR 1      1             0      1        0
  SINCE JAN 1      1             0      1        0
......................................................


WIND (MPH)
  HIGHEST WIND SPEED    25   HIGHEST WIND DIRECTION    NW (300)
  HIGHEST GUST SPEED    33   HIGHEST GUST DIRECTION     W (290)
  AVERAGE WIND SPEED    15.7


SKY COVER
  AVERAGE SKY COVER 0.3


WEATHER CONDITIONS
 THE FOLLOWING WEATHER WAS RECORDED TODAY.
  LIGHT RAIN


RELATIVE HUMIDITY (PERCENT)
 HIGHEST    89           400 AM
 LOWEST     47           600 PM
 AVERAGE    68

..........................................................


THE KIRKSVILLE MO CLIMATE NORMALS FOR TOMORROW
                         NORMAL
 MAXIMUM TEMPERATURE (F)   57
 MINIMUM TEMPERATURE (F)   35


SUNRISE AND SUNSET
MARCH 29 2015.........SUNRISE   659 AM CDT   SUNSET   731 PM CDT
MARCH 30 2015.........SUNRISE   658 AM CDT   SUNSET   732 PM CDT


-  INDICATES NEGATIVE NUMBERS.
R  INDICATES RECORD WAS SET OR TIED.
MM INDICATES DATA IS MISSING.
T  INDICATES TRACE AMOUNT.




$$
