000
CDUS43 KBIS 020051
CLIISN


CLIMATE REPORT
NATIONAL WEATHER SERVICE BISMARCK ND
751 PM CDT WED JUL 1 2015


...................................

...THE WILLISTON ND CLIMATE SUMMARY FOR JULY 1 2015...
VALID TODAY AS OF 0700 PM LOCAL TIME.

CLIMATE NORMAL PERIOD 1981 TO 2010
CLIMATE RECORD PERIOD 1894 TO 2015


WEATHER ITEM   OBSERVED TIME   RECORD YEAR NORMAL DEPARTURE LAST
                VALUE   (LST)  VALUE       VALUE  FROM      YEAR
                                                  NORMAL
..................................................................
TEMPERATURE (F)
 TODAY
  MAXIMUM         80    341 PM  98    2003  81     -1       75
  MINIMUM         59    545 AM  42    1995  54      5       48
                                      1951
  AVERAGE         70                        67      3       62

PRECIPITATION (IN)
  TODAY            0.00          4.82 1997   0.09  -0.09     0.05
  MONTH TO DATE    0.00                      0.09  -0.09     0.05
  SINCE JUN 1      1.90                      2.61  -0.71     1.49
  SINCE JAN 1      5.40                      7.22  -1.82     5.58

SNOWFALL (IN)
  TODAY           MM

DEGREE DAYS
 HEATING
  TODAY            0                         2     -2        3
  MONTH TO DATE    0                         2     -2        3
  SINCE JUN 1     54                       122    -68      113
  SINCE JUL 1      0                         2     -2        3

 COOLING
  TODAY            5                         4      1        0
  MONTH TO DATE    5                         4      1        0
  SINCE JUN 1    108                        72     36       28
  SINCE JAN 1    109                        85     24       49
..................................................................


WIND (MPH)
  HIGHEST WIND SPEED    12   HIGHEST WIND DIRECTION     N (350)
  HIGHEST GUST SPEED    15   HIGHEST GUST DIRECTION    NW (320)
  AVERAGE WIND SPEED     5.9


SKY COVER
  POSSIBLE SUNSHINE  MM
  AVERAGE SKY COVER 0.6


WEATHER CONDITIONS
 THE FOLLOWING WEATHER WAS RECORDED TODAY.
  FOG
  HAZE


RELATIVE HUMIDITY (PERCENT)
 HIGHEST    97           200 AM
 LOWEST     48           400 PM
 AVERAGE    73

..........................................................


THE WILLISTON ND CLIMATE NORMALS FOR TOMORROW
                         NORMAL    RECORD    YEAR
 MAXIMUM TEMPERATURE (F)   82        97      1990
                                             1985
                                             1949
 MINIMUM TEMPERATURE (F)   54        38      1968


SUNRISE AND SUNSET
JULY  1 2015..........SUNRISE   558 AM CDT   SUNSET   958 PM CDT
JULY  2 2015..........SUNRISE   559 AM CDT   SUNSET   958 PM CDT


-  INDICATES NEGATIVE NUMBERS.
R  INDICATES RECORD WAS SET OR TIED.
MM INDICATES DATA IS MISSING.
T  INDICATES TRACE AMOUNT.




$$
