000
CDUS43 KBIS 130726
CLIISN


CLIMATE REPORT
NATIONAL WEATHER SERVICE BISMARCK ND
126 AM CST SAT FEB 13 2016


...................................

...THE WILLISTON ND CLIMATE SUMMARY FOR FEBRUARY 12 2016...

CLIMATE NORMAL PERIOD 1981 TO 2010
CLIMATE RECORD PERIOD 1894 TO 2016


WEATHER ITEM   OBSERVED TIME   RECORD YEAR NORMAL DEPARTURE LAST
                VALUE   (LST)  VALUE       VALUE  FROM      YEAR
                                                  NORMAL
..................................................................
TEMPERATURE (F)
 YESTERDAY
  MAXIMUM         20   1227 AM  58    1924  27     -7       32
  MINIMUM         -1    759 AM -33    1936   5     -6       -1
  AVERAGE         10                        16     -6       16

PRECIPITATION (IN)
  YESTERDAY        0.02          0.57 1919   0.02   0.00     0.00
  MONTH TO DATE    0.22                      0.15   0.07     0.24
  SINCE DEC 1      1.15                      1.36  -0.21     0.75
  SINCE JAN 1      0.60                      0.74  -0.14     0.72

SNOWFALL (IN)
  YESTERDAY       MM
  SNOW DEPTH      MM

DEGREE DAYS
 HEATING
  YESTERDAY       55                        49      6       49
  MONTH TO DATE  472                       608   -136      622
  SINCE DEC 1   3301                      3867   -566     3476
  SINCE JUL 1   5051                      6029   -978     5669

 COOLING
  YESTERDAY        0                         0      0        0
  MONTH TO DATE    0                         0      0        0
  SINCE DEC 1      0                         0      0        0
  SINCE JAN 1      0                         0      0        0
..................................................................


WIND (MPH)
  HIGHEST WIND SPEED    18   HIGHEST WIND DIRECTION    NE (30)
  HIGHEST GUST SPEED    23   HIGHEST GUST DIRECTION    NE (30)
  AVERAGE WIND SPEED     9.2


SKY COVER
  POSSIBLE SUNSHINE  MM
  AVERAGE SKY COVER 0.5


WEATHER CONDITIONS
 THE FOLLOWING WEATHER WAS RECORDED YESTERDAY.
  LIGHT SNOW


RELATIVE HUMIDITY (PERCENT)
 HIGHEST    84          1200 AM
 LOWEST     53           100 PM
 AVERAGE    69

..........................................................


THE WILLISTON ND CLIMATE NORMALS FOR TODAY
                         NORMAL    RECORD    YEAR
 MAXIMUM TEMPERATURE (F)   27        48      2006
                                             2005
                                             1984
 MINIMUM TEMPERATURE (F)    6       -29      1936
                                             1909


SUNRISE AND SUNSET
FEBRUARY 13 2016......SUNRISE   805 AM CST   SUNSET   613 PM CST
FEBRUARY 14 2016......SUNRISE   804 AM CST   SUNSET   614 PM CST


-  INDICATES NEGATIVE NUMBERS.
R  INDICATES RECORD WAS SET OR TIED.
MM INDICATES DATA IS MISSING.
T  INDICATES TRACE AMOUNT.




$$
