000
CDUS43 KBIS 300757
CLIISN


CLIMATE REPORT
NATIONAL WEATHER SERVICE BISMARCK ND
256 AM CDT THU MAR 30 2017


...................................

...THE WILLISTON ND CLIMATE SUMMARY FOR MARCH 29 2017...

CLIMATE NORMAL PERIOD 1981 TO 2010
CLIMATE RECORD PERIOD 1894 TO 2017


WEATHER ITEM   OBSERVED TIME   RECORD YEAR NORMAL DEPARTURE LAST
                VALUE   (LST)  VALUE       VALUE  FROM      YEAR
                                                  NORMAL
..................................................................
TEMPERATURE (F)
 YESTERDAY
  MAXIMUM         63    319 PM  71    2010  48     15       52
  MINIMUM         31    149 AM -16    1964  23      8       30
  AVERAGE         47                        36     11       41

PRECIPITATION (IN)
  YESTERDAY        0.00          0.31 1996   0.02  -0.02     0.03
  MONTH TO DATE    0.67                      0.65   0.02     0.12
  SINCE MAR 1      0.67                      0.65   0.02     0.12
  SINCE JAN 1      1.81                      1.63   0.18     1.25

SNOWFALL (IN)
  YESTERDAY       MM
  SNOW DEPTH      MM

DEGREE DAYS
 HEATING
  YESTERDAY       18                        29    -11       24
  MONTH TO DATE 1006                      1049    -43      814
  SINCE MAR 1   1006                      1049    -43      814
  SINCE JUL 1   7028                      7817   -789     6424

 COOLING
  YESTERDAY        0                         0      0        0
  MONTH TO DATE    0                         0      0        0
  SINCE MAR 1      0                         0      0        0
  SINCE JAN 1      0                         0      0        0
..................................................................


WIND (MPH)
  HIGHEST WIND SPEED    21   HIGHEST WIND DIRECTION     W (260)
  HIGHEST GUST SPEED    26   HIGHEST GUST DIRECTION     W (270)
  AVERAGE WIND SPEED     6.3


SKY COVER
  POSSIBLE SUNSHINE  MM
  AVERAGE SKY COVER 0.4


WEATHER CONDITIONS
 THE FOLLOWING WEATHER WAS RECORDED YESTERDAY.
  FOG
  FOG W/VISIBILITY <= 1/4 MILE


RELATIVE HUMIDITY (PERCENT)
 HIGHEST   100          1200 AM
 LOWEST     27           400 PM
 AVERAGE    64

..........................................................


THE WILLISTON ND CLIMATE NORMALS FOR TODAY
                         NORMAL    RECORD    YEAR
 MAXIMUM TEMPERATURE (F)   48        78      1978
 MINIMUM TEMPERATURE (F)   24        -9      1996


SUNRISE AND SUNSET
MARCH 30 2017.........SUNRISE   736 AM CDT   SUNSET   822 PM CDT
MARCH 31 2017.........SUNRISE   734 AM CDT   SUNSET   824 PM CDT


-  INDICATES NEGATIVE NUMBERS.
R  INDICATES RECORD WAS SET OR TIED.
MM INDICATES DATA IS MISSING.
T  INDICATES TRACE AMOUNT.




$$
