000
CDUS43 KBIS 110733
CLIISN


CLIMATE REPORT
NATIONAL WEATHER SERVICE BISMARCK ND
132 AM CST SUN DEC 11 2016


...................................

...THE WILLISTON ND CLIMATE SUMMARY FOR DECEMBER 10 2016...

CLIMATE NORMAL PERIOD 1981 TO 2010
CLIMATE RECORD PERIOD 1894 TO 2016


WEATHER ITEM   OBSERVED TIME   RECORD YEAR NORMAL DEPARTURE LAST
                VALUE   (LST)  VALUE       VALUE  FROM      YEAR
                                                  NORMAL
..................................................................
TEMPERATURE (F)
 YESTERDAY
  MAXIMUM          3    857 PM  54    1987  26    -23       47
  MINIMUM        -17   1212 AM -27    1919   5    -22       30
  AVERAGE         -7                        15    -22       39

PRECIPITATION (IN)
  YESTERDAY        0.23          0.72 2010   0.02   0.21      T
  MONTH TO DATE    0.40                      0.19   0.21     0.02
  SINCE DEC 1      0.40                      0.19   0.21     0.02
  SINCE JAN 1     14.99                     13.94   1.05    11.51

SNOWFALL (IN)
  YESTERDAY       MM
  SNOW DEPTH      MM

DEGREE DAYS
 HEATING
  YESTERDAY       72                        50     22       26
  MONTH TO DATE  539                       481     58      314
  SINCE DEC 1    539                       481     58      314
  SINCE JUL 1   2118                      2643   -525     2064

 COOLING
  YESTERDAY        0                         0      0        0
  MONTH TO DATE    0                         0      0        0
  SINCE DEC 1      0                         0      0        0
  SINCE JAN 1    521                       456     65      612
..................................................................


WIND (MPH)
  HIGHEST WIND SPEED    18   HIGHEST WIND DIRECTION     E (110)
  HIGHEST GUST SPEED    22   HIGHEST GUST DIRECTION    SE (120)
  AVERAGE WIND SPEED     9.0


SKY COVER
  POSSIBLE SUNSHINE  MM
  AVERAGE SKY COVER 0.9


WEATHER CONDITIONS
 THE FOLLOWING WEATHER WAS RECORDED YESTERDAY.
  LIGHT SNOW


RELATIVE HUMIDITY (PERCENT)
 HIGHEST    83           900 AM
 LOWEST     68           600 PM
 AVERAGE    76

..........................................................


THE WILLISTON ND CLIMATE NORMALS FOR TODAY
                         NORMAL    RECORD    YEAR
 MAXIMUM TEMPERATURE (F)   25        57      1939
 MINIMUM TEMPERATURE (F)    4       -24      1902


SUNRISE AND SUNSET
DECEMBER 11 2016......SUNRISE   835 AM CST   SUNSET   501 PM CST
DECEMBER 12 2016......SUNRISE   836 AM CST   SUNSET   501 PM CST


-  INDICATES NEGATIVE NUMBERS.
R  INDICATES RECORD WAS SET OR TIED.
MM INDICATES DATA IS MISSING.
T  INDICATES TRACE AMOUNT.




$$
