000
CDUS43 KBIS 290728
CLIISN


CLIMATE REPORT
NATIONAL WEATHER SERVICE BISMARCK ND
227 AM CDT SUN MAY 29 2016


...................................

...THE WILLISTON ND CLIMATE SUMMARY FOR MAY 28 2016...

CLIMATE NORMAL PERIOD 1981 TO 2010
CLIMATE RECORD PERIOD 1894 TO 2016


WEATHER ITEM   OBSERVED TIME   RECORD YEAR NORMAL DEPARTURE LAST
                VALUE   (LST)  VALUE       VALUE  FROM      YEAR
                                                  NORMAL
..................................................................
TEMPERATURE (F)
 YESTERDAY
  MAXIMUM         71    128 PM  96    1919  71      0       75
  MINIMUM         48   1159 PM  21    1947  45      3       50
  AVERAGE         60                        58      2       63

PRECIPITATION (IN)
  YESTERDAY        0.09          0.69 1982   0.08   0.01      T
  MONTH TO DATE    0.65                      1.69  -1.04     1.82
  SINCE MAR 1      2.78                      3.40  -0.62     2.56
  SINCE JAN 1      3.91                      4.38  -0.47     3.50

SNOWFALL (IN)
  YESTERDAY        0.0
  SNOW DEPTH       0

DEGREE DAYS
 HEATING
  YESTERDAY        5                         8     -3        2
  MONTH TO DATE  244                       327    -83      340
  SINCE MAR 1   1711                      2084   -373     1812
  SINCE JUL 1   7321                      8852  -1531     8328

 COOLING
  YESTERDAY        0                         1     -1        0
  MONTH TO DATE   10                         4      6        1
  SINCE MAR 1     10                         5      5        1
  SINCE JAN 1     10                         5      5        1
..................................................................


WIND (MPH)
  HIGHEST WIND SPEED    14   HIGHEST WIND DIRECTION     W (280)
  HIGHEST GUST SPEED    19   HIGHEST GUST DIRECTION     W (280)
  AVERAGE WIND SPEED     5.6


SKY COVER
  POSSIBLE SUNSHINE  MM
  AVERAGE SKY COVER 0.7


WEATHER CONDITIONS
 THE FOLLOWING WEATHER WAS RECORDED YESTERDAY.
  LIGHT RAIN
  FOG


RELATIVE HUMIDITY (PERCENT)
 HIGHEST    93          1200 AM
 LOWEST     55           200 PM
 AVERAGE    74

..........................................................


THE WILLISTON ND CLIMATE NORMALS FOR TODAY
                         NORMAL    RECORD    YEAR
 MAXIMUM TEMPERATURE (F)   71        99      1988
                                             1934
 MINIMUM TEMPERATURE (F)   45        26      1947


SUNRISE AND SUNSET
MAY 29 2016...........SUNRISE   600 AM CDT   SUNSET   944 PM CDT
MAY 30 2016...........SUNRISE   559 AM CDT   SUNSET   945 PM CDT


-  INDICATES NEGATIVE NUMBERS.
R  INDICATES RECORD WAS SET OR TIED.
MM INDICATES DATA IS MISSING.
T  INDICATES TRACE AMOUNT.




$$
