000
CDUS43 KBIS 240734
CLIISN


CLIMATE REPORT
NATIONAL WEATHER SERVICE BISMARCK ND
133 AM CST WED JAN 24 2018


...................................

...THE WILLISTON ND CLIMATE SUMMARY FOR JANUARY 23 2018...

CLIMATE NORMAL PERIOD 1981 TO 2010
CLIMATE RECORD PERIOD 1894 TO 2018


WEATHER ITEM   OBSERVED TIME   RECORD YEAR NORMAL DEPARTURE LAST
                VALUE   (LST)  VALUE       VALUE  FROM      YEAR
                                                  NORMAL
..................................................................
TEMPERATURE (F)
 YESTERDAY
  MAXIMUM         29    352 PM  55    1944  22      7       28
  MINIMUM          6   1100 PM -40    1935   0      6       20
  AVERAGE         18                        11      7       24

PRECIPITATION (IN)
  YESTERDAY        0.00          0.30 1897   0.02  -0.02      T
  MONTH TO DATE    0.18                      0.47  -0.29     0.40
  SINCE DEC 1      0.72                      1.09  -0.37     1.36
  SINCE JAN 1      0.18                      0.47  -0.29     0.40

DEGREE DAYS
 HEATING
  YESTERDAY       47                        54     -7       41
  MONTH TO DATE 1230                      1252    -22     1350
  SINCE DEC 1   2725                      2837   -112     2859
  SINCE JUL 1   4739                      4999   -260     4438

 COOLING
  YESTERDAY        0                         0      0        0
  MONTH TO DATE    0                         0      0        0
  SINCE DEC 1      0                         0      0        0
  SINCE JAN 1      0                         0      0        0
..................................................................


WIND (MPH)
  HIGHEST WIND SPEED    15   HIGHEST WIND DIRECTION     W (260)
  HIGHEST GUST SPEED    17   HIGHEST GUST DIRECTION     W (250)
  AVERAGE WIND SPEED     7.1


SKY COVER
  POSSIBLE SUNSHINE  MM
  AVERAGE SKY COVER 0.0


WEATHER CONDITIONS
 THE FOLLOWING WEATHER WAS RECORDED YESTERDAY.
  NO SIGNIFICANT WEATHER WAS OBSERVED.


RELATIVE HUMIDITY (PERCENT)
 HIGHEST    92           900 PM
 LOWEST     69           300 PM
 AVERAGE    81

..........................................................


THE WILLISTON ND CLIMATE NORMALS FOR TODAY
                         NORMAL    RECORD    YEAR
 MAXIMUM TEMPERATURE (F)   22        50      1968
                                             1942
 MINIMUM TEMPERATURE (F)    1       -37      1920


SUNRISE AND SUNSET
JANUARY 24 2018.......SUNRISE   832 AM CST   SUNSET   542 PM CST
JANUARY 25 2018.......SUNRISE   831 AM CST   SUNSET   543 PM CST


-  INDICATES NEGATIVE NUMBERS.
R  INDICATES RECORD WAS SET OR TIED.
MM INDICATES DATA IS MISSING.
T  INDICATES TRACE AMOUNT.




$$
