000
CDUS43 KBIS 250035
CLIISN


CLIMATE REPORT
NATIONAL WEATHER SERVICE BISMARCK ND
634 PM CST TUE JAN 24 2017


...................................

...THE WILLISTON ND CLIMATE SUMMARY FOR JANUARY 24 2017...
VALID TODAY AS OF 0600 PM LOCAL TIME.

CLIMATE NORMAL PERIOD 1981 TO 2010
CLIMATE RECORD PERIOD 1894 TO 2017


WEATHER ITEM   OBSERVED TIME   RECORD YEAR NORMAL DEPARTURE LAST
                VALUE   (LST)  VALUE       VALUE  FROM      YEAR
                                                  NORMAL
..................................................................
TEMPERATURE (F)
 TODAY
  MAXIMUM         22    406 AM  50    1968  22      0       28
                                      1942
  MINIMUM         18    559 PM -37    1920   1     17       22
  AVERAGE         20                        12      8       25

PRECIPITATION (IN)
  TODAY            T             0.34 1992   0.01  -0.01      T
  MONTH TO DATE    0.40                      0.48  -0.08     0.38
  SINCE DEC 1      1.36                      1.10   0.26     0.93
  SINCE JAN 1      0.40                      0.48  -0.08     0.38

SNOWFALL (IN)
  TODAY           MM

DEGREE DAYS
 HEATING
  TODAY           45                        54     -9       40
  MONTH TO DATE 1395                      1306     89     1241
  SINCE DEC 1   2904                      2891     13     2585
  SINCE JUL 1   4483                      5053   -570     4335

 COOLING
  TODAY            0                         0      0        0
  MONTH TO DATE    0                         0      0        0
  SINCE DEC 1      0                         0      0        0
  SINCE JAN 1      0                         0      0        0
..................................................................


WIND (MPH)
  HIGHEST WIND SPEED    13   HIGHEST WIND DIRECTION    NW (330)
  HIGHEST GUST SPEED    15   HIGHEST GUST DIRECTION    NW (320)
  AVERAGE WIND SPEED     7.6


SKY COVER
  POSSIBLE SUNSHINE  MM
  AVERAGE SKY COVER 1.0


WEATHER CONDITIONS
 THE FOLLOWING WEATHER WAS RECORDED TODAY.
  LIGHT SNOW


RELATIVE HUMIDITY (PERCENT)
 HIGHEST    92          1200 AM
 LOWEST     73           200 PM
 AVERAGE    83

..........................................................


THE WILLISTON ND CLIMATE NORMALS FOR TOMORROW
                         NORMAL    RECORD    YEAR
 MAXIMUM TEMPERATURE (F)   23        51      2006
 MINIMUM TEMPERATURE (F)    1       -37      1969


SUNRISE AND SUNSET
JANUARY 24 2017.......SUNRISE   832 AM CST   SUNSET   542 PM CST
JANUARY 25 2017.......SUNRISE   831 AM CST   SUNSET   544 PM CST


-  INDICATES NEGATIVE NUMBERS.
R  INDICATES RECORD WAS SET OR TIED.
MM INDICATES DATA IS MISSING.
T  INDICATES TRACE AMOUNT.




$$
