460
CDUS43 KBIS 280725
CLIISN


CLIMATE REPORT
NATIONAL WEATHER SERVICE BISMARCK ND
225 AM CDT SUN MAY 28 2017


...................................

...THE WILLISTON ND CLIMATE SUMMARY FOR MAY 27 2017...

CLIMATE NORMAL PERIOD 1981 TO 2010
CLIMATE RECORD PERIOD 1894 TO 2017


WEATHER ITEM   OBSERVED TIME   RECORD YEAR NORMAL DEPARTURE LAST
                VALUE   (LST)  VALUE       VALUE  FROM      YEAR
                                                  NORMAL
..................................................................
TEMPERATURE (F)
 YESTERDAY
  MAXIMUM         76    601 PM 101    1900  71      5       68
  MINIMUM         47   1110 PM  28    1947  44      3       46
  AVERAGE         62                        58      4       57

PRECIPITATION (IN)
  YESTERDAY        T             1.04 2012   0.07  -0.07      T
  MONTH TO DATE    0.98                      1.61  -0.63     0.56
  SINCE MAR 1      2.33                      3.32  -0.99     2.69
  SINCE JAN 1      3.47                      4.30  -0.83     3.82

SNOWFALL (IN)
  YESTERDAY       MM
  SNOW DEPTH      MM

DEGREE DAYS
 HEATING
  YESTERDAY        3                         8     -5        8
  MONTH TO DATE  218                       319   -101      239
  SINCE MAR 1   1876                      2076   -200     1706
  SINCE JUL 1   7898                      8844   -946     7316

 COOLING
  YESTERDAY        0                         1     -1        0
  MONTH TO DATE   23                         3     20       10
  SINCE MAR 1     23                         4     19       10
  SINCE JAN 1     23                         4     19       10
..................................................................


WIND (MPH)
  HIGHEST WIND SPEED    33   HIGHEST WIND DIRECTION    NW (300)
  HIGHEST GUST SPEED    43   HIGHEST GUST DIRECTION    NW (300)
  AVERAGE WIND SPEED    12.8


SKY COVER
  POSSIBLE SUNSHINE  MM
  AVERAGE SKY COVER 0.3


WEATHER CONDITIONS
 THE FOLLOWING WEATHER WAS RECORDED YESTERDAY.
  NO SIGNIFICANT WEATHER WAS OBSERVED.


RELATIVE HUMIDITY (PERCENT)
 HIGHEST    76           300 AM
 LOWEST     21           600 PM
 AVERAGE    49

..........................................................


THE WILLISTON ND CLIMATE NORMALS FOR TODAY
                         NORMAL    RECORD    YEAR
 MAXIMUM TEMPERATURE (F)   71        96      1919
 MINIMUM TEMPERATURE (F)   45        21      1947


SUNRISE AND SUNSET
MAY 28 2017...........SUNRISE   601 AM CDT   SUNSET   943 PM CDT
MAY 29 2017...........SUNRISE   600 AM CDT   SUNSET   944 PM CDT


-  INDICATES NEGATIVE NUMBERS.
R  INDICATES RECORD WAS SET OR TIED.
MM INDICATES DATA IS MISSING.
T  INDICATES TRACE AMOUNT.




$$
