000
CDUS43 KBIS 200727
CLIISN


CLIMATE REPORT
NATIONAL WEATHER SERVICE BISMARCK ND
227 AM CDT SAT SEP 20 2014


...................................

...THE WILLISTON ND CLIMATE SUMMARY FOR SEPTEMBER 19 2014...

CLIMATE NORMAL PERIOD 1981 TO 2010
CLIMATE RECORD PERIOD 1894 TO 2014


WEATHER ITEM   OBSERVED TIME   RECORD YEAR NORMAL DEPARTURE LAST
                VALUE   (LST)  VALUE       VALUE  FROM      YEAR
                                                  NORMAL
..................................................................
TEMPERATURE (F)
 YESTERDAY
  MAXIMUM         80    155 PM  93    2009  70     10       57
                                      1981
  MINIMUM         50   1141 PM  22    1918  40     10       39
  AVERAGE         65                        55     10       48

PRECIPITATION (IN)
  YESTERDAY        0.00          1.11 1925   0.04  -0.04      T
  MONTH TO DATE    0.39                      0.68  -0.29     1.62
  SINCE SEP 1      0.39                      0.68  -0.29     1.62
  SINCE JAN 1      8.82                     11.80  -2.98    17.51

SNOWFALL (IN)
  YESTERDAY       MM             T    1927   0.0   MM       MM
  MONTH TO DATE    0.0                       0.0    0.0     MM
  SINCE SEP 1      0.0                       0.0    0.0     MM
  SINCE JUL 1      0.0                       0.0    0.0     MM
  SNOW DEPTH      MM

DEGREE DAYS
 HEATING
  YESTERDAY        0                        10    -10       17
  MONTH TO DATE  188                       132     56       34
  SINCE SEP 1    188                       132     56       34
  SINCE JUL 1    245                       203     42       80

 COOLING
  YESTERDAY        0                         0      0        0
  MONTH TO DATE    4                        24    -20       78
  SINCE SEP 1      4                        24    -20       78
  SINCE JAN 1    395                       453    -58      405
..................................................................


WIND (MPH)
  HIGHEST WIND SPEED    29   HIGHEST WIND DIRECTION     W (290)
  HIGHEST GUST SPEED    37   HIGHEST GUST DIRECTION     W (280)
  AVERAGE WIND SPEED    12.7


SKY COVER
  POSSIBLE SUNSHINE  MM
  AVERAGE SKY COVER 0.2


WEATHER CONDITIONS
 THE FOLLOWING WEATHER WAS RECORDED YESTERDAY.
  HAZE


RELATIVE HUMIDITY (PERCENT)
 HIGHEST    83          1100 PM
 LOWEST     33          1100 AM
 AVERAGE    58

..........................................................


THE WILLISTON ND CLIMATE NORMALS FOR TODAY
                         NORMAL    RECORD    YEAR
 MAXIMUM TEMPERATURE (F)   69        90      1922
 MINIMUM TEMPERATURE (F)   40        26      1997


SUNRISE AND SUNSET
SEPTEMBER 20 2014.....SUNRISE   738 AM CDT   SUNSET   756 PM CDT
SEPTEMBER 21 2014.....SUNRISE   740 AM CDT   SUNSET   754 PM CDT


-  INDICATES NEGATIVE NUMBERS.
R  INDICATES RECORD WAS SET OR TIED.
MM INDICATES DATA IS MISSING.
T  INDICATES TRACE AMOUNT.




$$
