000
CDUS43 KBIS 250739
CLIISN


CLIMATE REPORT
NATIONAL WEATHER SERVICE BISMARCK ND
238 AM CDT MON JUL 25 2016


...................................

...THE WILLISTON ND CLIMATE SUMMARY FOR JULY 24 2016...

CLIMATE NORMAL PERIOD 1981 TO 2010
CLIMATE RECORD PERIOD 1894 TO 2016


WEATHER ITEM   OBSERVED TIME   RECORD YEAR NORMAL DEPARTURE LAST
                VALUE   (LST)  VALUE       VALUE  FROM      YEAR
                                                  NORMAL
..................................................................
TEMPERATURE (F)
 YESTERDAY
  MAXIMUM         88    552 PM 107    2007  86      2       93
  MINIMUM         57    555 AM  43    1911  57      0       50
  AVERAGE         73                        71      2       72

PRECIPITATION (IN)
  YESTERDAY        0.00          0.58 1963   0.07  -0.07     0.00
  MONTH TO DATE    2.31                      2.11   0.20     1.00
  SINCE JUN 1      4.15                      4.63  -0.48     2.90
  SINCE JAN 1      9.22                      9.24  -0.02     6.40

SNOWFALL (IN)
  YESTERDAY       MM
  SNOW DEPTH      MM

DEGREE DAYS
 HEATING
  YESTERDAY        0                         0      0        0
  MONTH TO DATE    1                        21    -20        3
  SINCE JUN 1     17                       141   -124       57
  SINCE JUL 1      1                        21    -20        3

 COOLING
  YESTERDAY        8                         7      1        7
  MONTH TO DATE  164                       133     31      194
  SINCE JUN 1    260                       201     59      297
  SINCE JAN 1    270                       214     56      298
..................................................................


WIND (MPH)
  HIGHEST WIND SPEED    15   HIGHEST WIND DIRECTION    NW (300)
  HIGHEST GUST SPEED    20   HIGHEST GUST DIRECTION    NW (320)
  AVERAGE WIND SPEED     7.7


SKY COVER
  POSSIBLE SUNSHINE  MM
  AVERAGE SKY COVER 0.0


WEATHER CONDITIONS
 THE FOLLOWING WEATHER WAS RECORDED YESTERDAY.
  NO SIGNIFICANT WEATHER WAS OBSERVED.


RELATIVE HUMIDITY (PERCENT)
 HIGHEST    80           500 AM
 LOWEST     28           400 PM
 AVERAGE    54

..........................................................


THE WILLISTON ND CLIMATE NORMALS FOR TODAY
                         NORMAL    RECORD    YEAR
 MAXIMUM TEMPERATURE (F)   86       105      1931
 MINIMUM TEMPERATURE (F)   57        44      1911


SUNRISE AND SUNSET
JULY 25 2016..........SUNRISE   622 AM CDT   SUNSET   939 PM CDT
JULY 26 2016..........SUNRISE   623 AM CDT   SUNSET   938 PM CDT


-  INDICATES NEGATIVE NUMBERS.
R  INDICATES RECORD WAS SET OR TIED.
MM INDICATES DATA IS MISSING.
T  INDICATES TRACE AMOUNT.




$$
