000
CDUS43 KBIS 250741
CLIISN


CLIMATE REPORT
NATIONAL WEATHER SERVICE BISMARCK ND
241 AM CDT FRI JUL 25 2014


...................................

...THE WILLISTON ND CLIMATE SUMMARY FOR JULY 24 2014...

CLIMATE NORMAL PERIOD 1981 TO 2010
CLIMATE RECORD PERIOD 1894 TO 2014


WEATHER ITEM   OBSERVED TIME   RECORD YEAR NORMAL DEPARTURE LAST
                VALUE   (LST)  VALUE       VALUE  FROM      YEAR
                                                  NORMAL
..................................................................
TEMPERATURE (F)
 YESTERDAY
  MAXIMUM         87    447 PM 107    2007  86      1       82
  MINIMUM         60   1159 PM  43    1911  57      3       54
  AVERAGE         74                        71      3       68

PRECIPITATION (IN)
  YESTERDAY        0.49          0.58 1963   0.07   0.42     0.09
  MONTH TO DATE    0.56                      2.11  -1.55     1.75
  SINCE JUN 1      2.00                      4.63  -2.63     5.91
  SINCE JAN 1      6.09                      9.24  -3.15    13.72

SNOWFALL (IN)
  YESTERDAY       MM             0.0  2002   0.0   MM       MM
                                      2001
  MONTH TO DATE   MM                         0.0   MM       MM
  SINCE JUN 1      0.0                       0.0    0.0     MM
  SINCE JUL 1     MM                         0.0   MM       MM
  SNOW DEPTH      MM

DEGREE DAYS
 HEATING
  YESTERDAY        0                         0      0        0
  MONTH TO DATE   17                        21     -4        5
  SINCE JUN 1    127                       141    -14      133
  SINCE JUL 1     17                        21     -4        5

 COOLING
  YESTERDAY        9                         7      2        3
  MONTH TO DATE  134                       133      1      124
  SINCE JUN 1    162                       201    -39      151
  SINCE JAN 1    183                       214    -31      159
..................................................................


WIND (MPH)
  HIGHEST WIND SPEED    29   HIGHEST WIND DIRECTION     W (260)
  HIGHEST GUST SPEED    44   HIGHEST GUST DIRECTION     W (250)
  AVERAGE WIND SPEED    12.1


SKY COVER
  POSSIBLE SUNSHINE  MM
  AVERAGE SKY COVER 0.1


WEATHER CONDITIONS
 THE FOLLOWING WEATHER WAS RECORDED YESTERDAY.
  THUNDERSTORM
  HEAVY RAIN
  LIGHT RAIN
  FOG


RELATIVE HUMIDITY (PERCENT)
 HIGHEST    87           700 AM
 LOWEST     48           400 PM
 AVERAGE    68

..........................................................


THE WILLISTON ND CLIMATE NORMALS FOR TODAY
                         NORMAL    RECORD    YEAR
 MAXIMUM TEMPERATURE (F)   86       105      1931
 MINIMUM TEMPERATURE (F)   57        44      1911


SUNRISE AND SUNSET
JULY 25 2014..........SUNRISE   621 AM CDT   SUNSET   940 PM CDT
JULY 26 2014..........SUNRISE   623 AM CDT   SUNSET   939 PM CDT


-  INDICATES NEGATIVE NUMBERS.
R  INDICATES RECORD WAS SET OR TIED.
MM INDICATES DATA IS MISSING.
T  INDICATES TRACE AMOUNT.




$$
