000
CDUS43 KBIS 300727
CLIISN


CLIMATE REPORT
NATIONAL WEATHER SERVICE BISMARCK ND
227 AM CDT WED JUL 30 2014


...................................

...THE WILLISTON ND CLIMATE SUMMARY FOR JULY 29 2014...

CLIMATE NORMAL PERIOD 1981 TO 2010
CLIMATE RECORD PERIOD 1894 TO 2014


WEATHER ITEM   OBSERVED TIME   RECORD YEAR NORMAL DEPARTURE LAST
                VALUE   (LST)  VALUE       VALUE  FROM      YEAR
                                                  NORMAL
..................................................................
TEMPERATURE (F)
 YESTERDAY
  MAXIMUM         86    205 PM 103    1984  86      0       75
  MINIMUM         53    550 AM  40    2004  57     -4       53
                                      1899
  AVERAGE         70                        72     -2       64

PRECIPITATION (IN)
  YESTERDAY        0.00          1.72 1950   0.06  -0.06      T
  MONTH TO DATE    0.56                      2.42  -1.86     1.75
  SINCE JUN 1      2.00                      4.94  -2.94     5.91
  SINCE JAN 1      6.09                      9.55  -3.46    13.72

SNOWFALL (IN)
  YESTERDAY       MM             0.0  2002   0.0   MM       MM
                                      2001
  MONTH TO DATE   MM                         0.0   MM       MM
  SINCE JUN 1      0.0                       0.0    0.0     MM
  SINCE JUL 1     MM                         0.0   MM       MM
  SNOW DEPTH      MM

DEGREE DAYS
 HEATING
  YESTERDAY        0                         0      0        1
  MONTH TO DATE   17                        21     -4       21
  SINCE JUN 1    127                       141    -14      149
  SINCE JUL 1     17                        21     -4       21

 COOLING
  YESTERDAY        5                         7     -2        0
  MONTH TO DATE  148                       168    -20      126
  SINCE JUN 1    176                       236    -60      153
  SINCE JAN 1    197                       249    -52      161
..................................................................


WIND (MPH)
  HIGHEST WIND SPEED    16   HIGHEST WIND DIRECTION     N (360)
  HIGHEST GUST SPEED    20   HIGHEST GUST DIRECTION     N (20)
  AVERAGE WIND SPEED     5.4


SKY COVER
  POSSIBLE SUNSHINE  MM
  AVERAGE SKY COVER 0.0


WEATHER CONDITIONS
 THE FOLLOWING WEATHER WAS RECORDED YESTERDAY.
  FOG
  HAZE


RELATIVE HUMIDITY (PERCENT)
 HIGHEST    93           400 AM
 LOWEST     29           300 PM
 AVERAGE    61

..........................................................


THE WILLISTON ND CLIMATE NORMALS FOR TODAY
                         NORMAL    RECORD    YEAR
 MAXIMUM TEMPERATURE (F)   86       102      2007
                                             2000
 MINIMUM TEMPERATURE (F)   57        39      1903


SUNRISE AND SUNSET
JULY 30 2014..........SUNRISE   628 AM CDT   SUNSET   933 PM CDT
JULY 31 2014..........SUNRISE   629 AM CDT   SUNSET   932 PM CDT


-  INDICATES NEGATIVE NUMBERS.
R  INDICATES RECORD WAS SET OR TIED.
MM INDICATES DATA IS MISSING.
T  INDICATES TRACE AMOUNT.




$$
