000
CDUS43 KBIS 280733
CLIISN


CLIMATE REPORT
NATIONAL WEATHER SERVICE BISMARCK ND
232 AM CDT FRI JUL 28 2017


...................................

...THE WILLISTON ND CLIMATE SUMMARY FOR JULY 27 2017...

CLIMATE NORMAL PERIOD 1981 TO 2010
CLIMATE RECORD PERIOD 1894 TO 2017


WEATHER ITEM   OBSERVED TIME   RECORD YEAR NORMAL DEPARTURE LAST
                VALUE   (LST)  VALUE       VALUE  FROM      YEAR
                                                  NORMAL
..................................................................
TEMPERATURE (F)
 YESTERDAY
  MAXIMUM         79    543 PM 108    1988  86     -7       75
  MINIMUM         66   1150 PM  40    1908  57      9       58
  AVERAGE         73                        72      1       67

PRECIPITATION (IN)
  YESTERDAY        0.34          0.94 2001   0.06   0.28     0.03
  MONTH TO DATE    0.79                      2.29  -1.50     2.34
  SINCE JUN 1      2.08                      4.81  -2.73     4.18
  SINCE JAN 1      5.55                      9.42  -3.87     9.25

DEGREE DAYS
 HEATING
  YESTERDAY        0                         0      0        0
  MONTH TO DATE    0                        21    -21        1
  SINCE JUN 1     31                       141   -110       17
  SINCE JUL 1      0                        21    -21        1

 COOLING
  YESTERDAY        8                         7      1        2
  MONTH TO DATE  323                       154    169      183
  SINCE JUN 1    413                       222    191      279
  SINCE JAN 1    436                       235    201      289
..................................................................


WIND (MPH)
  HIGHEST WIND SPEED    24   HIGHEST WIND DIRECTION    SE (130)
  HIGHEST GUST SPEED    31   HIGHEST GUST DIRECTION    SE (130)
  AVERAGE WIND SPEED     8.5


SKY COVER
  POSSIBLE SUNSHINE  MM
  AVERAGE SKY COVER 0.5


WEATHER CONDITIONS
 THE FOLLOWING WEATHER WAS RECORDED YESTERDAY.
  THUNDERSTORM
  LIGHT RAIN


RELATIVE HUMIDITY (PERCENT)
 HIGHEST    81           900 AM
 LOWEST     46          1200 AM
 AVERAGE    64

..........................................................


THE WILLISTON ND CLIMATE NORMALS FOR TODAY
                         NORMAL    RECORD    YEAR
 MAXIMUM TEMPERATURE (F)   86       104      1975
 MINIMUM TEMPERATURE (F)   57        43      1971


SUNRISE AND SUNSET
JULY 28 2017..........SUNRISE   625 AM CDT   SUNSET   936 PM CDT
JULY 29 2017..........SUNRISE   627 AM CDT   SUNSET   934 PM CDT


-  INDICATES NEGATIVE NUMBERS.
R  INDICATES RECORD WAS SET OR TIED.
MM INDICATES DATA IS MISSING.
T  INDICATES TRACE AMOUNT.




$$
