000
CDUS41 KOKX 060640
CLIISP


CLIMATE REPORT
NATIONAL WEATHER SERVICE NEW YORK NY
139 AM EST TUE DEC 6 2016


...................................

...THE ISLIP NY CLIMATE SUMMARY FOR DECEMBER 5 2016...

CLIMATE NORMAL PERIOD 1981 TO 2010
CLIMATE RECORD PERIOD 1984 TO 2016


WEATHER ITEM   OBSERVED TIME   RECORD YEAR NORMAL DEPARTURE LAST
                VALUE   (LST)  VALUE       VALUE  FROM      YEAR
                                                  NORMAL
..................................................................
TEMPERATURE (F)
 YESTERDAY
  MAXIMUM         51    157 PM  70    2001  46      5       52
  MINIMUM         33   1151 PM  21    2000  31      2       29
                                      1989
                                      1985
  AVERAGE         42                        39      3       41

PRECIPITATION (IN)
  YESTERDAY        0.13          2.27 1993   0.14  -0.01     0.00
  MONTH TO DATE    0.15                      0.70  -0.55     0.29
  SINCE DEC 1      0.15                      0.70  -0.55     0.29
  SINCE JAN 1     31.61                     42.88 -11.27    33.56

SNOWFALL (IN)
  YESTERDAY        0.0           0.9  2005   0.1   -0.1      0.0
  MONTH TO DATE    0.0                       0.4   -0.4      0.0
  SINCE OCT 1      T                         0.9   -0.9      0.0
  SINCE JUL 1      T                         0.9   -0.9      0.0
  SNOW DEPTH       0

DEGREE DAYS
 HEATING
  YESTERDAY       23                        26     -3       24
  MONTH TO DATE  109                       127    -18       94
  SINCE DEC 1    109                       127    -18       94
  SINCE JUL 1    900                      1143   -243      846

 COOLING
  YESTERDAY        0                         0      0        0
  MONTH TO DATE    0                         0      0        0
  SINCE DEC 1      0                         0      0        0
  SINCE JAN 1   1124                       787    337     1069
..................................................................


WIND (MPH)
  HIGHEST WIND SPEED    18   HIGHEST WIND DIRECTION    NW (310)
  HIGHEST GUST SPEED    24   HIGHEST GUST DIRECTION     W (290)
  AVERAGE WIND SPEED     7.3


SKY COVER
  AVERAGE SKY COVER 0.8


WEATHER CONDITIONS
 THE FOLLOWING WEATHER WAS RECORDED YESTERDAY.
  LIGHT RAIN
  FOG


RELATIVE HUMIDITY (PERCENT)
 HIGHEST    96           800 AM
 LOWEST     54           200 PM
 AVERAGE    75

..........................................................


THE ISLIP NY CLIMATE NORMALS FOR TODAY
                         NORMAL    RECORD    YEAR
 MAXIMUM TEMPERATURE (F)   46        67      1998
 MINIMUM TEMPERATURE (F)   31        13      2002


SUNRISE AND SUNSET
DECEMBER  6 2016......SUNRISE   703 AM EST   SUNSET   425 PM EST
DECEMBER  7 2016......SUNRISE   703 AM EST   SUNSET   425 PM EST


-  INDICATES NEGATIVE NUMBERS.
R  INDICATES RECORD WAS SET OR TIED.
MM INDICATES DATA IS MISSING.
T  INDICATES TRACE AMOUNT.




$$
