000
CDCA42 TJSJ 282133
CLIISX


CLIMATE REPORT
NATIONAL WEATHER SERVICE SAN JUAN, PR
533 PM AST SUN DEC 28 2014


...................................

...THE HENRY E. ROHLSEN AIRPORT/USVI CLIMATE SUMMARY FOR DECEMBER 28 2014...
VALID TODAY AS OF 0500 PM LOCAL TIME.

CLIMATE NORMAL PERIOD 1981 TO 2010
CLIMATE RECORD PERIOD 1951 TO 2014


WEATHER ITEM   OBSERVED TIME   RECORD YEAR NORMAL DEPARTURE LAST
                VALUE   (LST)  VALUE       VALUE  FROM      YEAR
                                                  NORMAL
..................................................................
TEMPERATURE (F)
 TODAY
  MAXIMUM         82    156 PM  88    1998  84     -2       86
  MINIMUM         68    426 AM  62    1980  73     -5       73
  AVERAGE         75                        79     -4       80

PRECIPITATION (IN)
  TODAY            0.05          0.84 1982   0.09  -0.04      T
  MONTH TO DATE    5.48                      2.72   2.76     6.46
  SINCE DEC 1      5.48                      2.72   2.76     6.46
  SINCE JAN 1     39.75                     38.42   1.33    44.09

SNOWFALL (IN)
  TODAY            0.0
  MONTH TO DATE    0.0
  SINCE DEC 1      0.0
  SINCE JUL 1      0.0

DEGREE DAYS
 HEATING
  TODAY            0                         0      0        0
  MONTH TO DATE    0                         0      0        0
  SINCE DEC 1      0                         0      0        0
  SINCE JUL 1      0                         0      0        0

 COOLING
  TODAY           10                        14     -4       15
  MONTH TO DATE  368                       397    -29      423
  SINCE DEC 1    368                       397    -29      423
  SINCE JAN 1   5911                      5794    117     5662
..................................................................


WIND (MPH)
  RESULTANT WIND SPEED   4   RESULTANT WIND DIRECTION  NE (50)
  HIGHEST WIND SPEED     7   HIGHEST WIND DIRECTION    NE (60)
  AVERAGE WIND SPEED     5.1


SKY COVER
  AVERAGE SKY COVER 0.7


WEATHER CONDITIONS
 THE FOLLOWING WEATHER WAS RECORDED TODAY.
  FOG


RELATIVE HUMIDITY (PERCENT)
 HIGHEST    94
 LOWEST     69
 AVERAGE    82

..........................................................


THE HENRY E. ROHLSEN AIRPORT/USVI CLIMATE NORMALS FOR TOMORROW
                         NORMAL    RECORD    YEAR
 MAXIMUM TEMPERATURE (F)   84        90      1972
 MINIMUM TEMPERATURE (F)   73        61      1982


SUNRISE AND SUNSET
DECEMBER 28 2014......SUNRISE   648 AM AST   SUNSET   553 PM AST
DECEMBER 29 2014......SUNRISE   649 AM AST   SUNSET   554 PM AST


-  INDICATES NEGATIVE NUMBERS.
R  INDICATES RECORD WAS SET OR TIED.
MM INDICATES DATA IS MISSING.
T  INDICATES TRACE AMOUNT.




$$
