000
CDHW43 PHFO 111245
CLIITO


CLIMATE REPORT
NATIONAL WEATHER SERVICE HONOLULU HI
245 AM HST SUN DEC 11 2016


...................................

...THE HILO HI CLIMATE SUMMARY FOR DECEMBER 10 2016...

CLIMATE NORMAL PERIOD 1981 TO 2010
CLIMATE RECORD PERIOD 1946 TO 2016


WEATHER ITEM   OBSERVED TIME   RECORD YEAR NORMAL DEPARTURE LAST
                VALUE   (LST)  VALUE       VALUE  FROM      YEAR
                                                  NORMAL
..................................................................
TEMPERATURE (F)
 YESTERDAY
  MAXIMUM         77    249 PM  85    1977  80     -3       79
                                      1962
  MINIMUM         69    712 AM  60    1989  65      4       69
                                      1982
                                      1973
  AVERAGE         73                        73      0       74

PRECIPITATION (IN)
  YESTERDAY        0.10          6.21 2002   0.39  -0.29     0.84
  MONTH TO DATE   12.04                      4.03   8.01     1.49
  SINCE DEC 1     12.04                      4.03   8.01     1.49
  SINCE JAN 1    120.04                    119.18   0.86   132.52

SNOWFALL (IN)
  YESTERDAY        0.0
  MONTH TO DATE    0.0
  SINCE DEC 1      0.0
  SINCE JUL 1      0.0
  SNOW DEPTH       0

DEGREE DAYS
 HEATING
  YESTERDAY        0                         0      0        0
  MONTH TO DATE    0                         0      0        0
  SINCE DEC 1      0                         0      0        0
  SINCE JUL 1      0                         0      0        0

 COOLING
  YESTERDAY        8                         7      1        9
  MONTH TO DATE   77                        79     -2      107
  SINCE DEC 1     77                        79     -2      107
  SINCE JAN 1   3838                      3086    752     3777
..................................................................


WIND (MPH)
  HIGHEST WIND SPEED     9   HIGHEST WIND DIRECTION     N (10)
  HIGHEST GUST SPEED    13   HIGHEST GUST DIRECTION     N (20)
  AVERAGE WIND SPEED     2.7


SKY COVER
  POSSIBLE SUNSHINE  MM
  AVERAGE SKY COVER 0.7


WEATHER CONDITIONS
 THE FOLLOWING WEATHER WAS RECORDED YESTERDAY.
  LIGHT RAIN
  FOG


RELATIVE HUMIDITY (PERCENT)
 HIGHEST    93           100 AM
 LOWEST     79           400 PM
 AVERAGE    86

..........................................................


THE HILO HI CLIMATE NORMALS FOR TODAY
                         NORMAL    RECORD    YEAR
 MAXIMUM TEMPERATURE (F)   80        88      1973
 MINIMUM TEMPERATURE (F)   65        58      1989


SUNRISE AND SUNSET
DECEMBER 11 2016......SUNRISE   645 AM HST   SUNSET   543 PM HST
DECEMBER 12 2016......SUNRISE   646 AM HST   SUNSET   543 PM HST


-  INDICATES NEGATIVE NUMBERS.
R  INDICATES RECORD WAS SET OR TIED.
MM INDICATES DATA IS MISSING.
T  INDICATES TRACE AMOUNT.




$$
