000
CDHW43 PHFO 010253
CLIITO


CLIMATE REPORT
NATIONAL WEATHER SERVICE HONOLULU HI
443 PM HST SAT APR 30 2016


...................................

...THE HILO HI CLIMATE SUMMARY FOR APRIL 30 2016...
VALID TODAY AS OF 0400 PM LOCAL TIME.

CLIMATE NORMAL PERIOD 1981 TO 2010
CLIMATE RECORD PERIOD 1946 TO 2016


WEATHER ITEM   OBSERVED TIME   RECORD YEAR NORMAL DEPARTURE LAST
                VALUE   (LST)  VALUE       VALUE  FROM      YEAR
                                                  NORMAL
..................................................................
TEMPERATURE (F)
 TODAY
  MAXIMUM         83    102 PM  86    2010  79      4       82
  MINIMUM         70    611 AM  62    1985  66      4       67
  AVERAGE         77                        73      4       75

PRECIPITATION (IN)
  TODAY            0.17          3.70 1970   0.32  -0.15     0.45
  MONTH TO DATE    9.64                     11.54  -1.90    14.31
  SINCE MAR 1     14.53                     24.97 -10.44    23.23
  SINCE JAN 1     19.10                     43.79 -24.69    31.32

SNOWFALL (IN)
  TODAY            0.0
  MONTH TO DATE    0.0
  SINCE MAR 1      0.0
  SINCE JUL 1      0.0
  SNOW DEPTH       0

DEGREE DAYS
 HEATING
  TODAY            0                         0      0        0
  MONTH TO DATE    0                         0      0        0
  SINCE MAR 1      0                         0      0        0
  SINCE JUL 1      0                         0      0        0

 COOLING
  TODAY           12                         8      4       10
  MONTH TO DATE  317                       216    101      287
  SINCE MAR 1    626                       427    199      528
  SINCE JAN 1   1190                       797    393     1054
..................................................................


WIND (MPH)
  HIGHEST WIND SPEED    17   HIGHEST WIND DIRECTION    SE (120)
  HIGHEST GUST SPEED    22   HIGHEST GUST DIRECTION    SE (120)
  AVERAGE WIND SPEED     8.1


SKY COVER
  POSSIBLE SUNSHINE  MM
  AVERAGE SKY COVER 0.7


WEATHER CONDITIONS
 THE FOLLOWING WEATHER WAS RECORDED TODAY.
  RAIN
  LIGHT RAIN
  FOG
  HAZE


RELATIVE HUMIDITY (PERCENT)
 HIGHEST    90          1200 AM
 LOWEST     58          1100 AM
 AVERAGE    74

..........................................................


THE HILO HI CLIMATE NORMALS FOR TOMORROW
                         NORMAL    RECORD    YEAR
 MAXIMUM TEMPERATURE (F)   79        85      2005
                                             1980
 MINIMUM TEMPERATURE (F)   66        61      1979


SUNRISE AND SUNSET
APRIL 30 2016.........SUNRISE   552 AM HST   SUNSET   643 PM HST
MAY  1 2016...........SUNRISE   551 AM HST   SUNSET   644 PM HST


-  INDICATES NEGATIVE NUMBERS.
R  INDICATES RECORD WAS SET OR TIED.
MM INDICATES DATA IS MISSING.
T  INDICATES TRACE AMOUNT.




$$
