000
CDHW43 PHFO 230238
CLIITO


CLIMATE REPORT
NATIONAL WEATHER SERVICE HONOLULU HI
427 PM HST FRI JUL 22 2016


...................................

...THE HILO HI CLIMATE SUMMARY FOR JULY 22 2016...
VALID TODAY AS OF 0400 PM LOCAL TIME.

CLIMATE NORMAL PERIOD 1981 TO 2010
CLIMATE RECORD PERIOD 1946 TO 2016


WEATHER ITEM   OBSERVED TIME   RECORD YEAR NORMAL DEPARTURE LAST
                VALUE   (LST)  VALUE       VALUE  FROM      YEAR
                                                  NORMAL
..................................................................
TEMPERATURE (F)
 TODAY
  MAXIMUM         MM        MM  88    1986  83     MM       84
  MINIMUM         MM        MM  65    2012  70     MM       73
                                      1955
  AVERAGE         MM                        76     MM       79

PRECIPITATION (IN)
  TODAY            0.11          3.11 1989   0.37  -0.26     0.10
  MONTH TO DATE    4.76                      7.46  -2.70     6.96
  SINCE JUN 1     15.95                     14.83   1.12    12.19
  SINCE JAN 1     40.81                     66.74 -25.93    51.11

SNOWFALL (IN)
  TODAY           MM
  MONTH TO DATE    0.0
  SINCE JUN 1      0.0
  SINCE JUL 1      0.0
  SNOW DEPTH       0

DEGREE DAYS
 HEATING
  TODAY           MM                         0     MM        0
  MONTH TO DATE    0                         0      0        0
  SINCE JUN 1      0                         0      0        0
  SINCE JUL 1      0                         0      0        0

 COOLING
  TODAY           MM                        11     MM       14
  MONTH TO DATE  285                       242     43      292
  SINCE JUN 1    651                       548    103      653
  SINCE JAN 1   2197                      1616    581     1971
..................................................................


WIND (MPH)
  HIGHEST WIND SPEED    15   HIGHEST WIND DIRECTION    NE (30)
  HIGHEST GUST SPEED    21   HIGHEST GUST DIRECTION    NE (30)
  AVERAGE WIND SPEED    10.7


SKY COVER
  POSSIBLE SUNSHINE  MM
  AVERAGE SKY COVER 0.8


WEATHER CONDITIONS
 THE FOLLOWING WEATHER WAS RECORDED TODAY.
  RAIN
  LIGHT RAIN
  FOG


RELATIVE HUMIDITY (PERCENT)
 HIGHEST   100           500 AM
 LOWEST     65           300 PM
 AVERAGE    83

..........................................................


THE HILO HI CLIMATE NORMALS FOR TOMORROW
                         NORMAL    RECORD    YEAR
 MAXIMUM TEMPERATURE (F)   83        90      2004
 MINIMUM TEMPERATURE (F)   70        64      1991
                                             1959


SUNRISE AND SUNSET
JULY 22 2016..........SUNRISE   553 AM HST   SUNSET   700 PM HST
JULY 23 2016..........SUNRISE   553 AM HST   SUNSET   700 PM HST


-  INDICATES NEGATIVE NUMBERS.
R  INDICATES RECORD WAS SET OR TIED.
MM INDICATES DATA IS MISSING.
T  INDICATES TRACE AMOUNT.




$$
