000
CDHW43 PHFO 221245
CLIITO


CLIMATE REPORT
NATIONAL WEATHER SERVICE HONOLULU HI
245 AM HST SUN JAN 22 2017


...................................

...THE HILO HI CLIMATE SUMMARY FOR JANUARY 21 2017...

CLIMATE NORMAL PERIOD 1981 TO 2010
CLIMATE RECORD PERIOD 1946 TO 2017


WEATHER ITEM   OBSERVED TIME   RECORD YEAR NORMAL DEPARTURE LAST
                VALUE   (LST)  VALUE       VALUE  FROM      YEAR
                                                  NORMAL
..................................................................
TEMPERATURE (F)
 YESTERDAY
  MAXIMUM         78    239 PM  87    1968  79     -1       80
  MINIMUM         66    655 AM  54    1980  64      2       66
  AVERAGE         72                        71      1       73

PRECIPITATION (IN)
  YESTERDAY        0.54          2.76 1979   0.33   0.21     0.33
  MONTH TO DATE    1.81                      5.93  -4.12     0.82
  SINCE DEC 1     22.21                     17.50   4.71    14.92
  SINCE JAN 1      1.81                      5.93  -4.12     0.82

SNOWFALL (IN)
  YESTERDAY        0.0
  MONTH TO DATE    0.0
  SINCE DEC 1      0.0
  SINCE JUL 1      0.0
  SNOW DEPTH       0

DEGREE DAYS
 HEATING
  YESTERDAY        0                         0      0        0
  MONTH TO DATE    0                         0      0        0
  SINCE DEC 1      0                         0      0        0
  SINCE JUL 1      0                         0      0        0

 COOLING
  YESTERDAY        7                         6      1        8
  MONTH TO DATE  144                       137      7      184
  SINCE DEC 1    374                       362     12      490
  SINCE JAN 1    144                       137      7      184
..................................................................


WIND (MPH)
  HIGHEST WIND SPEED    21   HIGHEST WIND DIRECTION    NE (50)
  HIGHEST GUST SPEED    29   HIGHEST GUST DIRECTION    NE (30)
  AVERAGE WIND SPEED    12.3


SKY COVER
  POSSIBLE SUNSHINE  MM
  AVERAGE SKY COVER 0.8


WEATHER CONDITIONS
 THE FOLLOWING WEATHER WAS RECORDED YESTERDAY.
  HEAVY RAIN
  LIGHT RAIN
  FOG
  HAZE


RELATIVE HUMIDITY (PERCENT)
 HIGHEST    87           700 AM
 LOWEST     69           100 PM
 AVERAGE    78

..........................................................


THE HILO HI CLIMATE NORMALS FOR TODAY
                         NORMAL    RECORD    YEAR
 MAXIMUM TEMPERATURE (F)   79        86      1998
 MINIMUM TEMPERATURE (F)   64        58      2013


SUNRISE AND SUNSET
JANUARY 22 2017.......SUNRISE   657 AM HST   SUNSET   607 PM HST
JANUARY 23 2017.......SUNRISE   657 AM HST   SUNSET   607 PM HST


-  INDICATES NEGATIVE NUMBERS.
R  INDICATES RECORD WAS SET OR TIED.
MM INDICATES DATA IS MISSING.
T  INDICATES TRACE AMOUNT.




$$
