000
CDHW43 PHFO 230247
CLIITO


CLIMATE REPORT
NATIONAL WEATHER SERVICE HONOLULU HI
437 PM HST TUE APR 22 2014


...................................

...THE HILO HI CLIMATE SUMMARY FOR APRIL 22 2014...
VALID TODAY AS OF 0400 PM LOCAL TIME.

CLIMATE NORMAL PERIOD 1981 TO 2010
CLIMATE RECORD PERIOD 1946 TO 2014


WEATHER ITEM   OBSERVED TIME   RECORD YEAR NORMAL DEPARTURE LAST
                VALUE   (LST)  VALUE       VALUE  FROM      YEAR
                                                  NORMAL
..................................................................
TEMPERATURE (F)
 TODAY
  MAXIMUM         81    241 PM  86    2013  79      2       86
  MINIMUM         67    546 AM  60    1966  66      1       63
                                      1961
  AVERAGE         74                        72      2       75

PRECIPITATION (IN)
  TODAY            0.10          2.68 1974   0.36  -0.26      T
  MONTH TO DATE   10.99                      8.85   2.14     2.11
  SINCE MAR 1     29.72                     22.28   7.44     6.25
  SINCE JAN 1     37.95                     41.10  -3.15    37.75

SNOWFALL (IN)
  TODAY            0.0
  MONTH TO DATE    0.0
  SINCE MAR 1      0.0
  SINCE JUL 1      0.0
  SNOW DEPTH       0

DEGREE DAYS
 HEATING
  TODAY            0                         0      0        0
  MONTH TO DATE    0                         0      0        0
  SINCE MAR 1      0                         0      0        0
  SINCE JUL 1      0                         0      0        0

 COOLING
  TODAY            9                         7      2       10
  MONTH TO DATE  184                       154     30      184
  SINCE MAR 1    420                       365     55      386
  SINCE JAN 1    878                       735    143      758
..................................................................


WIND (MPH)
  HIGHEST WIND SPEED    14   HIGHEST WIND DIRECTION    NE (60)
  HIGHEST GUST SPEED    17   HIGHEST GUST DIRECTION    NE (60)
  AVERAGE WIND SPEED     5.3


SKY COVER
  POSSIBLE SUNSHINE  MM
  AVERAGE SKY COVER 0.8


WEATHER CONDITIONS
 THE FOLLOWING WEATHER WAS RECORDED TODAY.
  LIGHT RAIN
  FOG


RELATIVE HUMIDITY (PERCENT)
 HIGHEST   100           200 AM
 LOWEST     62           300 PM
 AVERAGE    81

..........................................................


THE HILO HI CLIMATE NORMALS FOR TOMORROW
                         NORMAL    RECORD    YEAR
 MAXIMUM TEMPERATURE (F)   79        86      1997
 MINIMUM TEMPERATURE (F)   66        61      1991


SUNRISE AND SUNSET
APRIL 22 2014.........SUNRISE   557 AM HST   SUNSET   640 PM HST
APRIL 23 2014.........SUNRISE   556 AM HST   SUNSET   641 PM HST


-  INDICATES NEGATIVE NUMBERS.
R  INDICATES RECORD WAS SET OR TIED.
MM INDICATES DATA IS MISSING.
T  INDICATES TRACE AMOUNT.




$$
