000
CDHW43 PHFO 240226
CLIITO


CLIMATE REPORT
NATIONAL WEATHER SERVICE HONOLULU HI
426 PM HST TUE JAN 23 2018


...................................

...THE HILO HI CLIMATE SUMMARY FOR JANUARY 23 2018...
VALID TODAY AS OF 0400 PM LOCAL TIME.

CLIMATE NORMAL PERIOD 1981 TO 2010
CLIMATE RECORD PERIOD 1946 TO 2018


WEATHER ITEM   OBSERVED TIME   RECORD YEAR NORMAL DEPARTURE LAST
                VALUE   (LST)  VALUE       VALUE  FROM      YEAR
                                                  NORMAL
..................................................................
TEMPERATURE (F)
 TODAY
  MAXIMUM         73   1107 AM  87    1983  79     -6       76
  MINIMUM         67    257 PM  54    1969  64      3       66
                                      1963
  AVERAGE         70                        71     -1       71

PRECIPITATION (IN)
  TODAY            3.45          5.35 1965   0.34   3.11     0.95
  MONTH TO DATE    9.71                      6.60   3.11     2.82
  SINCE DEC 1     19.61                     18.17   1.44    23.22
  SINCE JAN 1      9.71                      6.60   3.11     2.82

SNOWFALL (IN)
  TODAY            0.0
  MONTH TO DATE    0.0
  SINCE DEC 1      0.0
  SINCE JUL 1      0.0
  SNOW DEPTH      MM

DEGREE DAYS
 HEATING
  TODAY            0                         0      0        0
  MONTH TO DATE    0                         0      0        0
  SINCE DEC 1      0                         0      0        0
  SINCE JUL 1      0                         0      0        0

 COOLING
  TODAY            5                         6     -1        6
  MONTH TO DATE  186                       149     37      156
  SINCE DEC 1    386                       374     12      386
  SINCE JAN 1    186                       149     37      156
..................................................................


WIND (MPH)
  HIGHEST WIND SPEED    15   HIGHEST WIND DIRECTION    SW (220)
  HIGHEST GUST SPEED    19   HIGHEST GUST DIRECTION    SW (220)
  AVERAGE WIND SPEED    MM


SKY COVER
  POSSIBLE SUNSHINE  MM
  AVERAGE SKY COVER  MM


WEATHER CONDITIONS
 THE FOLLOWING WEATHER WAS RECORDED TODAY.
  THUNDERSTORM
  FOG


RELATIVE HUMIDITY (PERCENT)
 HIGHEST    MM
 LOWEST     MM
 AVERAGE    MM

..........................................................


THE HILO HI CLIMATE NORMALS FOR TOMORROW
                         NORMAL    RECORD    YEAR
 MAXIMUM TEMPERATURE (F)   79        89      1967
 MINIMUM TEMPERATURE (F)   64        55      1961


SUNRISE AND SUNSET
JANUARY 23 2018.......SUNRISE   657 AM HST   SUNSET   607 PM HST
JANUARY 24 2018.......SUNRISE   657 AM HST   SUNSET   608 PM HST


-  INDICATES NEGATIVE NUMBERS.
R  INDICATES RECORD WAS SET OR TIED.
MM INDICATES DATA IS MISSING.
T  INDICATES TRACE AMOUNT.




$$
