509
CDHW43 PHFO 091245
CLIITO


CLIMATE REPORT
NATIONAL WEATHER SERVICE HONOLULU HI
245 AM HST TUE FEB 9 2016


...................................

...THE HILO HI CLIMATE SUMMARY FOR FEBRUARY 8 2016...

CLIMATE NORMAL PERIOD 1981 TO 2010
CLIMATE RECORD PERIOD 1946 TO 2016


WEATHER ITEM   OBSERVED TIME   RECORD YEAR NORMAL DEPARTURE LAST
                VALUE   (LST)  VALUE       VALUE  FROM      YEAR
                                                  NORMAL
..................................................................
TEMPERATURE (F)
 YESTERDAY
  MAXIMUM         81    115 PM  85    1996  79      2       82
                                      1980
                                      1950
  MINIMUM         61    607 AM  57    1954  63     -2       62
  AVERAGE         71                        71      0       72

PRECIPITATION (IN)
  YESTERDAY        0.00          3.41 1984   0.34  -0.34     0.00
  MONTH TO DATE    1.05                      2.68  -1.63      T
  SINCE DEC 1     16.44                     23.51  -7.07     8.90
  SINCE JAN 1      2.34                     11.94  -9.60     2.80

SNOWFALL (IN)
  YESTERDAY        0.0
  MONTH TO DATE    0.0
  SINCE DEC 1      0.0
  SINCE JUL 1      0.0
  SNOW DEPTH       0

DEGREE DAYS
 HEATING
  YESTERDAY        0                         0      0        0
  MONTH TO DATE    0                         0      0        0
  SINCE DEC 1      0                         0      0        0
  SINCE JUL 1      0                         0      0        0

 COOLING
  YESTERDAY        6                         6      0        7
  MONTH TO DATE   72                        48     24       76
  SINCE DEC 1    665                       471    194      575
  SINCE JAN 1    359                       246    113      334
..................................................................


WIND (MPH)
  HIGHEST WIND SPEED    16   HIGHEST WIND DIRECTION     N (340)
  HIGHEST GUST SPEED    18   HIGHEST GUST DIRECTION     N (340)
  AVERAGE WIND SPEED     7.6


SKY COVER
  POSSIBLE SUNSHINE  MM
  AVERAGE SKY COVER 0.6


WEATHER CONDITIONS
 THE FOLLOWING WEATHER WAS RECORDED YESTERDAY.
  NO SIGNIFICANT WEATHER WAS OBSERVED.


RELATIVE HUMIDITY (PERCENT)
 HIGHEST    72           600 AM
 LOWEST     39           100 PM
 AVERAGE    56

..........................................................


THE HILO HI CLIMATE NORMALS FOR TODAY
                         NORMAL    RECORD    YEAR
 MAXIMUM TEMPERATURE (F)   79        87      1986
 MINIMUM TEMPERATURE (F)   63        56      1951


SUNRISE AND SUNSET
FEBRUARY  9 2016......SUNRISE   652 AM HST   SUNSET   617 PM HST
FEBRUARY 10 2016......SUNRISE   652 AM HST   SUNSET   617 PM HST


-  INDICATES NEGATIVE NUMBERS.
R  INDICATES RECORD WAS SET OR TIED.
MM INDICATES DATA IS MISSING.
T  INDICATES TRACE AMOUNT.




$$
