000
CDUS43 KGLD 110044
CLIITR

CLIMATE REPORT
NATIONAL WEATHER SERVICE GOODLAND
541 PM MST WED FEB 10 2016
...................................

...THE BURLINGTON CO CLIMATE SUMMARY FOR FEBRUARY 10 2016...
VALID TODAY AS OF 0500 PM LOCAL TIME.

CLIMATE NORMAL PERIOD 1981 TO 2010
CLIMATE RECORD PERIOD 1896 TO 2016


WEATHER ITEM   OBSERVED TIME   RECORD YEAR NORMAL DEPARTURE LAST
                VALUE   (LST)  VALUE       VALUE  FROM      YEAR
                                                  NORMAL
..................................................................
TEMPERATURE (F)
 TODAY
  MAXIMUM         55    247 PM  76    1962  43     12       63
  MINIMUM         29    701 AM -15    1933  18     11       29
  AVERAGE         42                        30     12       46

PRECIPITATION (IN)
  TODAY            0.00                      0.02  -0.02     0.00
  MONTH TO DATE    0.79                      0.12   0.67      T
  SINCE DEC 1      1.06                      0.93   0.13     2.75
  SINCE JAN 1      0.80                      0.50   0.30     0.28

..................................................................

THE BURLINGTON CO CLIMATE NORMALS FOR TOMORROW
                         NORMAL    RECORD    YEAR
 MAXIMUM TEMPERATURE (F)   44        82      1962
 MINIMUM TEMPERATURE (F)   18       -19      1905

-  INDICATES NEGATIVE NUMBERS.
R  INDICATES RECORD WAS SET OR TIED.
MM INDICATES DATA IS MISSING.
T  INDICATES TRACE AMOUNT.

$$
