000
CDUS43 KGLD 010040
CLIITR

CLIMATE REPORT
NATIONAL WEATHER SERVICE GOODLAND
637 PM MDT FRI JUL 31 2015

...................................

...THE BURLINGTON CO CLIMATE SUMMARY FOR JULY 31 2015...
VALID TODAY AS OF 0600 PM LOCAL TIME.

CLIMATE NORMAL PERIOD 1981 TO 2010
CLIMATE RECORD PERIOD 1896 TO 2015


WEATHER ITEM   OBSERVED TIME   RECORD YEAR NORMAL DEPARTURE LAST
                VALUE   (LST)  VALUE       VALUE  FROM      YEAR
                                                  NORMAL
..................................................................
TEMPERATURE (F)
 TODAY
  MAXIMUM         87    336 PM 102    2002  88     -1       81
  MINIMUM         60    530 AM  44    1925  61     -1       53
  AVERAGE         74                        75     -1       67

PRECIPITATION (IN)
  TODAY            0.00                      0.08  -0.08     0.00
  MONTH TO DATE    4.65                      3.13   1.52     2.68
  SINCE JUN 1      7.56                      6.01   1.55     5.04
  SINCE JAN 1     18.58                     11.74   6.84     7.96

..................................................................


THE BURLINGTON CO CLIMATE NORMALS FOR TOMORROW
                         NORMAL    RECORD    YEAR
 MAXIMUM TEMPERATURE (F)   88       106      1938
 MINIMUM TEMPERATURE (F)   61        52      2009


-  INDICATES NEGATIVE NUMBERS.
R  INDICATES RECORD WAS SET OR TIED.
MM INDICATES DATA IS MISSING.
T  INDICATES TRACE AMOUNT.


$$
