000
CDUS44 KJAN 192113
CLIJAN


CLIMATE REPORT
NATIONAL WEATHER SERVICE JACKSON MS
412 PM CDT TUE SEP 19 2017


...................................

...THE JACKSON CLIMATE SUMMARY FOR SEPTEMBER 19 2017...
VALID TODAY AS OF 0400 PM LOCAL TIME.

CLIMATE NORMAL PERIOD 1981 TO 2010
CLIMATE RECORD PERIOD 1896 TO 2017


WEATHER ITEM   OBSERVED TIME   RECORD YEAR NORMAL DEPARTURE LAST
                VALUE   (LST)  VALUE       VALUE  FROM      YEAR
                                                  NORMAL
..................................................................
TEMPERATURE (F)
 TODAY
  MAXIMUM         92    249 PM 105    1925  86      6       93
  MINIMUM         68    548 AM  43    1981  64      4       71
  AVERAGE         80                        75      5       82

PRECIPITATION (IN)
  TODAY            0.03          1.94 1899   0.09  -0.06     0.00
  MONTH TO DATE    0.37                      1.88  -1.51     0.28
  SINCE SEP 1      0.37                      1.88  -1.51     0.28
  SINCE JAN 1     54.26                     39.16  15.10    53.48

SNOWFALL (IN)
  TODAY            0.0           0.0  2002   0.0    0.0      0.0
                                      2001
  MONTH TO DATE    0.0                       0.0    0.0      0.0
  SINCE SEP 1      0.0                       0.0    0.0      0.0
  SINCE JUL 1      0.0                       0.0    0.0      0.0

DEGREE DAYS
 HEATING
  TODAY            0                         0      0        0
  MONTH TO DATE    2                         0      2        0
  SINCE SEP 1      2                         0      2        0
  SINCE JUL 1      2                         0      2        0

 COOLING
  TODAY           15                        10      5       17
  MONTH TO DATE  191                       238    -47      333
  SINCE SEP 1    191                       238    -47      333
  SINCE JAN 1   2116                      2037     79     2407
..................................................................


WIND (MPH)
  HIGHEST WIND SPEED    12   HIGHEST WIND DIRECTION     N (360)
  HIGHEST GUST SPEED    16   HIGHEST GUST DIRECTION     N (350)
  AVERAGE WIND SPEED     3.3


SKY COVER
  POSSIBLE SUNSHINE  MM
  AVERAGE SKY COVER 0.2


WEATHER CONDITIONS
 THE FOLLOWING WEATHER WAS RECORDED TODAY.
  THUNDERSTORM
  LIGHT RAIN
  FOG


RELATIVE HUMIDITY (PERCENT)
 HIGHEST   100          1200 AM
 LOWEST     63          1000 AM
 AVERAGE    82

..........................................................


THE JACKSON CLIMATE NORMALS FOR TOMORROW
                         NORMAL    RECORD    YEAR
 MAXIMUM TEMPERATURE (F)   86       104      1925
 MINIMUM TEMPERATURE (F)   63        44      1938


SUNRISE AND SUNSET
SEPTEMBER 19 2017.....SUNRISE   647 AM CDT   SUNSET   701 PM CDT
SEPTEMBER 20 2017.....SUNRISE   647 AM CDT   SUNSET   659 PM CDT


-  INDICATES NEGATIVE NUMBERS.
R  INDICATES RECORD WAS SET OR TIED.
MM INDICATES DATA IS MISSING.
T  INDICATES TRACE AMOUNT.


&&

AT 4 PM:

THE PEARL RIVER STAGE AT JACKSON WAS 3.7 FEET. THE RIVER HAS
FALLEN 0.1 FEET OVER THE PAST 24 HOURS.

THE MISSISSIPPI RIVER STAGE AT VICKSBURG WAS 13.4 FEET. THE
RIVER HAS FALLEN 0.9 FEET OVER THE PAST 24 HOURS.

THE AIR QUALITY INDEX IN JACKSON WAS 37...WHICH IS GOOD.

$$
