000
CDUS44 KJAN 270722
CLIJAN


CLIMATE REPORT
NATIONAL WEATHER SERVICE JACKSON MS
217 AM CDT THU JUL 27 2017


...................................

...THE JACKSON CLIMATE SUMMARY FOR JULY 26 2017...

CLIMATE NORMAL PERIOD 1981 TO 2010
CLIMATE RECORD PERIOD 1896 TO 2017


WEATHER ITEM   OBSERVED TIME   RECORD YEAR NORMAL DEPARTURE LAST
                VALUE   (LST)  VALUE       VALUE  FROM      YEAR
                                                  NORMAL
..................................................................
TEMPERATURE (F)
 YESTERDAY
  MAXIMUM         94    439 PM 101    1952  92      2       93
  MINIMUM         72    541 AM  58    1911  72      0       74
  AVERAGE         83                        82      1       84

PRECIPITATION (IN)
  YESTERDAY        0.00          5.45 2001   0.16  -0.16     0.07
  MONTH TO DATE    6.68                      4.05   2.63     6.40
  SINCE JUN 1     15.10                      8.17   6.93     9.43
  SINCE JAN 1     46.59                     32.28  14.31    41.88

SNOWFALL (IN)
  YESTERDAY        0.0           0.0  2002   0.0    0.0      0.0
                                      2001
  MONTH TO DATE    0.0                       0.0    0.0      0.0
  SINCE JUN 1      0.0                       0.0    0.0      0.0
  SINCE JUL 1      0.0                       0.0    0.0      0.0

DEGREE DAYS
 HEATING
  YESTERDAY        0                         0      0        0
  MONTH TO DATE    0                         0      0        0
  SINCE JUN 1      0                         0      0        0
  SINCE JUL 1      0                         0      0        0

 COOLING
  YESTERDAY       18                        17      1       19
  MONTH TO DATE  469                       435     34      514
  SINCE JUN 1    850                       857     -7     1030
  SINCE JAN 1   1346                      1215    131     1418
..................................................................


WIND (MPH)
  HIGHEST WIND SPEED     9   HIGHEST WIND DIRECTION     W (290)
  HIGHEST GUST SPEED    12   HIGHEST GUST DIRECTION     W (270)
  AVERAGE WIND SPEED     2.3


SKY COVER
  POSSIBLE SUNSHINE  MM
  AVERAGE SKY COVER 0.2


WEATHER CONDITIONS
 THE FOLLOWING WEATHER WAS RECORDED YESTERDAY.
  NO SIGNIFICANT WEATHER WAS OBSERVED.


RELATIVE HUMIDITY (PERCENT)
 HIGHEST   100           100 AM
 LOWEST     46           400 PM
 AVERAGE    73

..........................................................


THE JACKSON CLIMATE NORMALS FOR TODAY
                         NORMAL    RECORD    YEAR
 MAXIMUM TEMPERATURE (F)   92       103      1952
 MINIMUM TEMPERATURE (F)   72        58      1911


SUNRISE AND SUNSET
JULY 27 2017..........SUNRISE   612 AM CDT   SUNSET   801 PM CDT
JULY 28 2017..........SUNRISE   613 AM CDT   SUNSET   801 PM CDT


-  INDICATES NEGATIVE NUMBERS.
R  INDICATES RECORD WAS SET OR TIED.
MM INDICATES DATA IS MISSING.
T  INDICATES TRACE AMOUNT.

&&

AT 2 AM:

THE PEARL RIVER STAGE AT JACKSON WAS 4.7 FEET. THE RIVER FELL 0.2 FEET
OVER THE PAST 24 HOURS.

THE MISSISSIPPI RIVER STAGE AT VICKSBURG WAS 22.2 FEET. THE RIVER FELL 0.7 FEET OVER
THE PAST 24 HOURS.

$$
