000
CDUS44 KJAN 280638
CLIJAN


CLIMATE REPORT
NATIONAL WEATHER SERVICE JACKSON MS
136 AM CDT THU APR 28 2016


...................................

...THE JACKSON CLIMATE SUMMARY FOR APRIL 27 2016...

CLIMATE NORMAL PERIOD 1981 TO 2010
CLIMATE RECORD PERIOD 1896 TO 2016


WEATHER ITEM   OBSERVED TIME   RECORD YEAR NORMAL DEPARTURE LAST
                VALUE   (LST)  VALUE       VALUE  FROM      YEAR
                                                  NORMAL
..................................................................
TEMPERATURE (F)
 YESTERDAY
  MAXIMUM         79    451 PM  93    1987  79      0       69
  MINIMUM         66   1159 PM  39    1992  56     10       57
  AVERAGE         73                        67      6       63

PRECIPITATION (IN)
  YESTERDAY        0.28          2.74 1921   0.14   0.14      T
  MONTH TO DATE    7.06                      4.56   2.50     3.75
  SINCE MAR 1     19.30                      9.60   9.70    11.02
  SINCE JAN 1     30.90                     19.33  11.57    21.22

SNOWFALL (IN)
  YESTERDAY        0.0           0.0    MM   0.0    0.0      0.0
  MONTH TO DATE    0.0                       0.0    0.0      0.0
  SINCE MAR 1      0.0                       0.1   -0.1      0.3
  SINCE JUL 1      T                         0.8   -0.8      0.3

DEGREE DAYS
 HEATING
  YESTERDAY        0                         2     -2        2
  MONTH TO DATE   45                       104    -59       22
  SINCE MAR 1    189                       382   -193      217
  SINCE JUL 1   1580                      2374   -794     2343

 COOLING
  YESTERDAY        8                         4      4        0
  MONTH TO DATE   68                        68      0      139
  SINCE MAR 1    120                        95     25      176
  SINCE JAN 1    129                       105     24      176
..................................................................


WIND (MPH)
  HIGHEST WIND SPEED    23   HIGHEST WIND DIRECTION     S (170)
  HIGHEST GUST SPEED    28   HIGHEST GUST DIRECTION     S (180)
  AVERAGE WIND SPEED     9.1


SKY COVER
  POSSIBLE SUNSHINE  MM
  AVERAGE SKY COVER 0.5


WEATHER CONDITIONS
 THE FOLLOWING WEATHER WAS RECORDED YESTERDAY.
  THUNDERSTORM
  HEAVY RAIN
  RAIN
  LIGHT RAIN
  FOG


RELATIVE HUMIDITY (PERCENT)
 HIGHEST    93           300 AM
 LOWEST     62           500 PM
 AVERAGE    78

..........................................................


THE JACKSON CLIMATE NORMALS FOR TODAY
                         NORMAL    RECORD    YEAR
 MAXIMUM TEMPERATURE (F)   79        92      1899
 MINIMUM TEMPERATURE (F)   56        38      1992


SUNRISE AND SUNSET
APRIL 28 2016.........SUNRISE   616 AM CDT   SUNSET   740 PM CDT
APRIL 29 2016.........SUNRISE   615 AM CDT   SUNSET   740 PM CDT


-  INDICATES NEGATIVE NUMBERS.
R  INDICATES RECORD WAS SET OR TIED.
MM INDICATES DATA IS MISSING.
T  INDICATES TRACE AMOUNT.

&&

AT 1 AM...

THE PEARL RIVER STAGE AT JACKSON WAS 10.9 FEET. THE RIVER ROSE 4.8
FEET OVER THE PAST 24 HOURS.

THE MISSISSIPPI RIVER STAGE AT VICKSBURG WAS 29.8 FEET. THE RIVER
FELL 1.2 FEET OVER THE PAST 24 HOURS.

$$
