000
CDUS44 KJAN 280712
CLIJAN


CLIMATE REPORT
NATIONAL WEATHER SERVICE JACKSON MS
109 AM CST SAT FEB 28 2015


...................................

...THE JACKSON CLIMATE SUMMARY FOR FEBRUARY 27 2015...

CLIMATE NORMAL PERIOD 1981 TO 2010
CLIMATE RECORD PERIOD 1896 TO 2015


WEATHER ITEM   OBSERVED TIME   RECORD YEAR NORMAL DEPARTURE LAST
                VALUE   (LST)  VALUE       VALUE  FROM      YEAR
                                                  NORMAL
..................................................................
TEMPERATURE (F)
 YESTERDAY
  MAXIMUM         48    451 PM  86    1918  64    -16       52
  MINIMUM         30    726 AM  21    2014  41    -11       21
                                      1934
  AVERAGE         39                        53    -14       37

PRECIPITATION (IN)
  YESTERDAY        0.00          2.11 1913   0.17  -0.17     0.00
  MONTH TO DATE    5.48                      4.60   0.88     5.44
  SINCE DEC 1     14.13                     14.72  -0.59    11.55
  SINCE JAN 1     10.20                      9.57   0.63     7.05

SNOWFALL (IN)
  YESTERDAY        0.0           T    1984   0.0    0.0      0.0
                                      1942
  MONTH TO DATE    T                         0.1   -0.1       T
  SINCE DEC 1      T                         0.7   -0.7      0.8
  SINCE JUL 1      T                         0.7   -0.7      0.8

DEGREE DAYS
 HEATING
  YESTERDAY       26                        13     13       28
  MONTH TO DATE  574                       425    149      463
  SINCE DEC 1   1609                      1569     40     1784
  SINCE JUL 1   2109                      1977    132     2246

 COOLING
  YESTERDAY        0                         0      0        0
  MONTH TO DATE    0                         0      0        6
  SINCE DEC 1      2                        12    -10       18
  SINCE JAN 1      0                         4     -4        6
..................................................................


WIND (MPH)
  HIGHEST WIND SPEED    16   HIGHEST WIND DIRECTION     N (20)
  HIGHEST GUST SPEED    21   HIGHEST GUST DIRECTION    NE (30)
  AVERAGE WIND SPEED    10.0


SKY COVER
  POSSIBLE SUNSHINE  MM
  AVERAGE SKY COVER 0.7


WEATHER CONDITIONS
 THE FOLLOWING WEATHER WAS RECORDED YESTERDAY.
  NO SIGNIFICANT WEATHER WAS OBSERVED.


RELATIVE HUMIDITY (PERCENT)
 HIGHEST    82          1200 AM
 LOWEST     42           300 PM
 AVERAGE    62

..........................................................


THE JACKSON CLIMATE NORMALS FOR TODAY
                         NORMAL    RECORD    YEAR
 MAXIMUM TEMPERATURE (F)   64        87      1918
 MINIMUM TEMPERATURE (F)   42        18      2002


SUNRISE AND SUNSET
FEBRUARY 28 2015......SUNRISE   629 AM CST   SUNSET   557 PM CST
MARCH  1 2015.........SUNRISE   628 AM CST   SUNSET   558 PM CST


-  INDICATES NEGATIVE NUMBERS.
R  INDICATES RECORD WAS SET OR TIED.
MM INDICATES DATA IS MISSING.
T  INDICATES TRACE AMOUNT.

&&

AT 5 AM:

THE PEARL RIVER STAGE AT JACKSON WAS AT 26.5 FEET. THE RIVER HAS REMAINED
STEADY OVER THE LAST 24 HOURS.

THE MISSISSIPPI RIVER STAGE AT VICKSBURG WAS 18.8 FEET. THE RIVER HAS
RISEN 0.9 FEET OVER THE PAST 24 HOURS.

$$
