000
CDUS44 KJAN 312123
CLIJAN


CLIMATE REPORT
NATIONAL WEATHER SERVICE JACKSON MS
422 PM CDT WED AUG 31 2016


...................................

...THE JACKSON CLIMATE SUMMARY FOR AUGUST 31 2016...
VALID TODAY AS OF 0400 PM LOCAL TIME.

CLIMATE NORMAL PERIOD 1981 TO 2010
CLIMATE RECORD PERIOD 1896 TO 2016


WEATHER ITEM   OBSERVED TIME   RECORD YEAR NORMAL DEPARTURE LAST
                VALUE   (LST)  VALUE       VALUE  FROM      YEAR
                                                  NORMAL
..................................................................
TEMPERATURE (F)
 TODAY
  MAXIMUM         95    203 PM 106    2000  91      4       96
  MINIMUM         73    552 AM  57    1946  69      4       70
  AVERAGE         84                        80      4       83

PRECIPITATION (IN)
  TODAY            0.00          0.89 1938   0.11  -0.11     0.00
  MONTH TO DATE    9.42                      4.24   5.18     0.40
  SINCE JUN 1     20.75                     13.17   7.58     8.33
  SINCE JAN 1     53.20                     37.28  15.92    36.61

SNOWFALL (IN)
  TODAY            0.0           0.0  2002   0.0    0.0      0.0
                                      2001
  MONTH TO DATE    0.0                       0.0    0.0      0.0
  SINCE JUN 1      0.0                       0.0    0.0      0.0
  SINCE JUL 1      0.0                       0.0    0.0      0.0

DEGREE DAYS
 HEATING
  TODAY            0                         0      0        0
  MONTH TO DATE    0                         0      0        0
  SINCE JUN 1      0                         0      0        0
  SINCE JUL 1      0                         0      0        0

 COOLING
  TODAY           19                        15      4       18
  MONTH TO DATE  577                       504     73      576
  SINCE JUN 1   1686                      1441    245     1676
  SINCE JAN 1   2074                      1799    275     2129
..................................................................


WIND (MPH)
  HIGHEST WIND SPEED    14   HIGHEST WIND DIRECTION     N (350)
  HIGHEST GUST SPEED    17   HIGHEST GUST DIRECTION    NE (50)
  AVERAGE WIND SPEED     3.3


SKY COVER
  POSSIBLE SUNSHINE  MM
  AVERAGE SKY COVER 0.1


WEATHER CONDITIONS
 THE FOLLOWING WEATHER WAS RECORDED TODAY.
  NO SIGNIFICANT WEATHER WAS OBSERVED.


RELATIVE HUMIDITY (PERCENT)
 HIGHEST    94           100 AM
 LOWEST     46           200 PM
 AVERAGE    70

..........................................................


THE JACKSON CLIMATE NORMALS FOR TOMORROW
                         NORMAL    RECORD    YEAR
 MAXIMUM TEMPERATURE (F)   90       104      2000
 MINIMUM TEMPERATURE (F)   69        52      1903


SUNRISE AND SUNSET
AUGUST 31 2016........SUNRISE   635 AM CDT   SUNSET   725 PM CDT
SEPTEMBER  1 2016.....SUNRISE   636 AM CDT   SUNSET   724 PM CDT


-  INDICATES NEGATIVE NUMBERS.
R  INDICATES RECORD WAS SET OR TIED.
MM INDICATES DATA IS MISSING.
T  INDICATES TRACE AMOUNT.

&&

AT 4 PM:

THE PEARL RIVER STAGE AT JACKSON WAS 3.7 FEET. THE RIVER
HAS REMAINED STEADY OVER THE PAST 24 HOURS.

THE MISSISSIPPI RIVER STAGE AT VICKSBURG WAS 22.4 FEET. THE
RIVER HAS FALLEN 0.4 FEET OVER THE PAST 24 HOURS.

THE AIR QUALITY INDEX AT JACKSON WAS 41...WHICH IS GOOD.


$$
