000
CDUS44 KJAN 060755
CLIJAN

CLIMATE REPORT
NATIONAL WEATHER SERVICE JACKSON MS
150 AM CST TUE DEC 6 2016

...................................

...THE JACKSON CLIMATE SUMMARY FOR DECEMBER 5 2016...

CLIMATE NORMAL PERIOD 1981 TO 2010
CLIMATE RECORD PERIOD 1896 TO 2016


WEATHER ITEM   OBSERVED TIME   RECORD YEAR NORMAL DEPARTURE LAST
                VALUE   (LST)  VALUE       VALUE  FROM      YEAR
                                                  NORMAL
..................................................................
TEMPERATURE (F)
 YESTERDAY
  MAXIMUM         59   1159 PM  82    2013  61     -2       65
  MINIMUM         49    816 AM  21    2006  39     10       33
                                      1935
  AVERAGE         54                        50      4       49

PRECIPITATION (IN)
  YESTERDAY        2.21          2.26 1971   0.17   2.04     0.00
  MONTH TO DATE    2.99                      0.90   2.09     0.45
  SINCE DEC 1      2.99                      0.90   2.09     0.45
  SINCE JAN 1     60.64                     49.89  10.75    53.86

SNOWFALL (IN)
  YESTERDAY        0.0           1.0  1902   0.0    0.0      0.0
  MONTH TO DATE    0.0                       0.0    0.0      0.0
  SINCE DEC 1      0.0                       0.0    0.0      0.0
  SINCE JUL 1      0.0                       0.0    0.0      0.0

DEGREE DAYS
 HEATING
  YESTERDAY       11                        15     -4       16
  MONTH TO DATE   71                        74     -3       73
  SINCE DEC 1     71                        74     -3       73
  SINCE JUL 1    275                       482   -207      265

 COOLING
  YESTERDAY        0                         0      0        0
  MONTH TO DATE    0                         0      0        0
  SINCE DEC 1      0                         0      0        0
  SINCE JAN 1   2799                      2253    546     2746
..................................................................


WIND (MPH)
  HIGHEST WIND SPEED    12   HIGHEST WIND DIRECTION    SE (120)
  HIGHEST GUST SPEED    16   HIGHEST GUST DIRECTION    SE (130)
  AVERAGE WIND SPEED     4.5


SKY COVER
  POSSIBLE SUNSHINE  MM
  AVERAGE SKY COVER 1.0


WEATHER CONDITIONS
 THE FOLLOWING WEATHER WAS RECORDED YESTERDAY.
  THUNDERSTORM
  HEAVY RAIN
  RAIN
  LIGHT RAIN
  FOG


RELATIVE HUMIDITY (PERCENT)
 HIGHEST   100           500 AM
 LOWEST     86          1200 AM
 AVERAGE    93

..........................................................


THE JACKSON CLIMATE NORMALS FOR TODAY
                         NORMAL    RECORD    YEAR
 MAXIMUM TEMPERATURE (F)   60        84      1951
 MINIMUM TEMPERATURE (F)   39        20      1937


SUNRISE AND SUNSET
DECEMBER  6 2016......SUNRISE   648 AM CST   SUNSET   455 PM CST
DECEMBER  7 2016......SUNRISE   649 AM CST   SUNSET   455 PM CST


-  INDICATES NEGATIVE NUMBERS.
R  INDICATES RECORD WAS SET OR TIED.
MM INDICATES DATA IS MISSING.
T  INDICATES TRACE AMOUNT.

&&

AT 1 AM:

THE PEARL RIVER STAGE AT JACKSON WAS 8.0 FEET. THE RIVER ROSE 3.9 FEET
OVER THE PAST 24 HOURS.

THE MISSISSIPPI RIVER STAGE AT VICKSBURG WAS 9.4 FEET. THE RIVER ROSE
1.0 FOOT OVER THE PAST 24 HOURS.

$$
