000
CDUS44 KJAN 242209
CLIJAN


CLIMATE REPORT
NATIONAL WEATHER SERVICE JACKSON MS
407 PM CST FRI NOV 24 2017


...................................

...THE JACKSON CLIMATE SUMMARY FOR NOVEMBER 24 2017...
VALID TODAY AS OF 0400 PM LOCAL TIME.

CLIMATE NORMAL PERIOD 1981 TO 2010
CLIMATE RECORD PERIOD 1896 TO 2017


WEATHER ITEM   OBSERVED TIME   RECORD YEAR NORMAL DEPARTURE LAST
                VALUE   (LST)  VALUE       VALUE  FROM      YEAR
                                                  NORMAL
..................................................................
TEMPERATURE (F)
 TODAY
  MAXIMUM         67    317 PM  86    1921  64      3       70
  MINIMUM         30    654 AM  19    1970  42    -12       41
  AVERAGE         49                        53     -4       56

PRECIPITATION (IN)
  TODAY            0.00          1.89 1986   0.16  -0.16     0.00
  MONTH TO DATE    0.94                      3.66  -2.72     0.81
  SINCE SEP 1      4.19                     10.61  -6.42     1.63
  SINCE JAN 1     58.08                     47.89  10.19    54.83

SNOWFALL (IN)
  TODAY            0.0           0.2  1938   0.0    0.0      0.0
  MONTH TO DATE    0.0                       0.0    0.0      0.0
  SINCE SEP 1      0.0                       0.0    0.0      0.0
  SINCE JUL 1      0.0                       0.0    0.0      0.0

DEGREE DAYS
 HEATING
  TODAY           16                        12      4        9
  MONTH TO DATE  147                       221    -74      134
  SINCE SEP 1    214                       328   -114      149
  SINCE JUL 1    214                       328   -114      149

 COOLING
  TODAY            0                         0      0        0
  MONTH TO DATE   73                        21     52       29
  SINCE SEP 1    612                       453    159      725
  SINCE JAN 1   2537                      2252    285     2799
..................................................................


WIND (MPH)
  HIGHEST WIND SPEED     6   HIGHEST WIND DIRECTION    SW (230)
  HIGHEST GUST SPEED     8   HIGHEST GUST DIRECTION     S (160)
  AVERAGE WIND SPEED     0.6


SKY COVER
  POSSIBLE SUNSHINE  MM
  AVERAGE SKY COVER 0.2


WEATHER CONDITIONS
 THE FOLLOWING WEATHER WAS RECORDED TODAY.
  NO SIGNIFICANT WEATHER WAS OBSERVED.


RELATIVE HUMIDITY (PERCENT)
 HIGHEST    85           300 AM
 LOWEST     22           100 PM
 AVERAGE    54

..........................................................


THE JACKSON CLIMATE NORMALS FOR TOMORROW
                         NORMAL    RECORD    YEAR
 MAXIMUM TEMPERATURE (F)   64        84      1908
 MINIMUM TEMPERATURE (F)   41        18      1950


SUNRISE AND SUNSET
NOVEMBER 24 2017......SUNRISE   638 AM CST   SUNSET   456 PM CST
NOVEMBER 25 2017......SUNRISE   639 AM CST   SUNSET   456 PM CST


-  INDICATES NEGATIVE NUMBERS.
R  INDICATES RECORD WAS SET OR TIED.
MM INDICATES DATA IS MISSING.
T  INDICATES TRACE AMOUNT.

&&

AT 4 PM:

THE PEARL RIVER STAGE AT JACKSON WAS 3.6 FEET. THE RIVER HAS
REMAINED STEADY OVER THE PAST 24 HOURS.

THE MISSISSIPPI RIVER STAGE AT VICKSBURG WAS 17.4 FEET. THE RIVER
HAS FALLEN 1.1 FEET OVER THE PAST 24 HOURS.

THE AIR QUALITY INDEX IN JACKSON WAS 37...WHICH IS GOOD.


$$
