000
CDUS44 KJAN 260635
CLIJAN


CLIMATE REPORT
NATIONAL WEATHER SERVICE JACKSON MS
134 AM CDT FRI MAY 26 2017


...................................

...THE JACKSON CLIMATE SUMMARY FOR MAY 25 2017...

CLIMATE NORMAL PERIOD 1981 TO 2010
CLIMATE RECORD PERIOD 1896 TO 2017


WEATHER ITEM   OBSERVED TIME   RECORD YEAR NORMAL DEPARTURE LAST
                VALUE   (LST)  VALUE       VALUE  FROM      YEAR
                                                  NORMAL
..................................................................
TEMPERATURE (F)
 YESTERDAY
  MAXIMUM         80    439 PM  97    1902  85     -5       89
  MINIMUM         51    446 AM  46    1979  64    -13       67
  AVERAGE         66                        75     -9       78

PRECIPITATION (IN)
  YESTERDAY        0.00          2.70 1948   0.14  -0.14     0.01
  MONTH TO DATE    4.31                      3.52   0.79     1.31
  SINCE MAR 1     19.29                     13.52   5.77    20.80
  SINCE JAN 1     29.50                     23.25   6.25    32.40

SNOWFALL (IN)
  YESTERDAY        0.0           0.0    MM   0.0    0.0      0.0
  MONTH TO DATE    0.0                       0.0    0.0      0.0
  SINCE MAR 1      T                         0.1   -0.1      0.0
  SINCE JUL 1      0.8                       0.8    0.0       T

DEGREE DAYS
 HEATING
  YESTERDAY        0                         0      0        0
  MONTH TO DATE   13                        10      3        7
  SINCE MAR 1    210                       397   -187      196
  SINCE JUL 1   1328                      2389  -1061     1587

 COOLING
  YESTERDAY        1                        10     -9       13
  MONTH TO DATE  151                       176    -25      145
  SINCE MAR 1    375                       284     91      295
  SINCE JAN 1    433                       294    139      304
..................................................................


WIND (MPH)
  HIGHEST WIND SPEED    14   HIGHEST WIND DIRECTION    SW (230)
  HIGHEST GUST SPEED    19   HIGHEST GUST DIRECTION     W (270)
  AVERAGE WIND SPEED     5.8


SKY COVER
  POSSIBLE SUNSHINE  MM
  AVERAGE SKY COVER 0.0


WEATHER CONDITIONS
 THE FOLLOWING WEATHER WAS RECORDED YESTERDAY.
  NO SIGNIFICANT WEATHER WAS OBSERVED.


RELATIVE HUMIDITY (PERCENT)
 HIGHEST   100           200 AM
 LOWEST     42           300 PM
 AVERAGE    71

..........................................................


THE JACKSON CLIMATE NORMALS FOR TODAY
                         NORMAL    RECORD    YEAR
 MAXIMUM TEMPERATURE (F)   86        99      1964
 MINIMUM TEMPERATURE (F)   65        44      1979


SUNRISE AND SUNSET
MAY 26 2017...........SUNRISE   556 AM CDT   SUNSET   759 PM CDT
MAY 27 2017...........SUNRISE   556 AM CDT   SUNSET   800 PM CDT


-  INDICATES NEGATIVE NUMBERS.
R  INDICATES RECORD WAS SET OR TIED.
MM INDICATES DATA IS MISSING.
T  INDICATES TRACE AMOUNT.

&&

AT 1 AM:

THE PEARL RIVER STAGE AT JACKSON WAS 20.1 FEET. THE RIVER ROSE 1.1 FEET
OVER THE PAST 24 HOURS.

THE MISSISSIPPI RIVER STAGE AT VICKSBURG WAS 48.4 FEET. THE RIVER
FELL 0.1 FOOT OVER THE PAST 24 HOURS.

$$
