000
CDUS44 KJAN 240720
CLIJAN


CLIMATE REPORT
NATIONAL WEATHER SERVICE JACKSON MS
216 AM CDT FRI MAR 24 2017


...................................

...THE JACKSON CLIMATE SUMMARY FOR MARCH 23 2017...

CLIMATE NORMAL PERIOD 1981 TO 2010
CLIMATE RECORD PERIOD 1896 TO 2017


WEATHER ITEM   OBSERVED TIME   RECORD YEAR NORMAL DEPARTURE LAST
                VALUE   (LST)  VALUE       VALUE  FROM      YEAR
                                                  NORMAL
..................................................................
TEMPERATURE (F)
 YESTERDAY
  MAXIMUM         85    333 PM  89    1929  70     15       77
                                      1910
  MINIMUM         54    618 AM  26    1914  47      7       50
  AVERAGE         70                        59     11       64

PRECIPITATION (IN)
  YESTERDAY        0.00          2.25 1923   0.17  -0.17     0.00
  MONTH TO DATE    2.22                      3.67  -1.45    10.11
  SINCE MAR 1      2.22                      3.67  -1.45    10.11
  SINCE JAN 1     12.43                     13.40  -0.97    21.71

SNOWFALL (IN)
  YESTERDAY        0.0           0.3  1968   0.0    0.0      0.0
  MONTH TO DATE    0.0                       0.1   -0.1      0.0
  SINCE MAR 1      0.0                       0.1   -0.1      0.0
  SINCE JUL 1      0.8                       0.8    0.0       T

DEGREE DAYS
 HEATING
  YESTERDAY        0                         7     -7        1
  MONTH TO DATE  163                       225    -62      121
  SINCE MAR 1    163                       225    -62      121
  SINCE JUL 1   1281                      2217   -936     1512

 COOLING
  YESTERDAY        5                         1      4        0
  MONTH TO DATE   33                        20     13       39
  SINCE MAR 1     33                        20     13       39
  SINCE JAN 1     91                        30     61       48
..................................................................


WIND (MPH)
  HIGHEST WIND SPEED    22   HIGHEST WIND DIRECTION    SE (150)
  HIGHEST GUST SPEED    26   HIGHEST GUST DIRECTION    SE (150)
  AVERAGE WIND SPEED     7.2


SKY COVER
  POSSIBLE SUNSHINE  MM
  AVERAGE SKY COVER 0.1


WEATHER CONDITIONS
 THE FOLLOWING WEATHER WAS RECORDED YESTERDAY.
  NO SIGNIFICANT WEATHER WAS OBSERVED.


RELATIVE HUMIDITY (PERCENT)
 HIGHEST    72           200 AM
 LOWEST     34           200 PM
 AVERAGE    53

..........................................................


THE JACKSON CLIMATE NORMALS FOR TODAY
                         NORMAL    RECORD    YEAR
 MAXIMUM TEMPERATURE (F)   71        95      1929
 MINIMUM TEMPERATURE (F)   47        22      1968


SUNRISE AND SUNSET
MARCH 24 2017.........SUNRISE   659 AM CDT   SUNSET   715 PM CDT
MARCH 25 2017.........SUNRISE   657 AM CDT   SUNSET   716 PM CDT


-  INDICATES NEGATIVE NUMBERS.
R  INDICATES RECORD WAS SET OR TIED.
MM INDICATES DATA IS MISSING.
T  INDICATES TRACE AMOUNT.


&&

AT 2 AM:

THE PEARL RIVER STAGE AT JACKSON WAS 8.1 FEET. THE RIVER HAS RISEN
0.4 FEET OVER THE PAST 24 HOURS.

THE MISSISSIPPI RIVER STAGE AT VICKSBURG WAS 26.4 FEET. THE RIVER HAS
FALLEN 1.5 FEET OVER THE PAST 24 HOURS.

$$
